[INFO] fetching crate keytokey 0.3.0...
[INFO] testing keytokey-0.3.0 against 1.69.0 for beta-1.70-1
[INFO] extracting crate keytokey 0.3.0 into /workspace/builds/worker-5-tc1/source
[INFO] validating manifest of crates.io crate keytokey 0.3.0 on toolchain 1.69.0
[INFO] running `Command { std: CARGO_HOME="/workspace/cargo-home" RUSTUP_HOME="/workspace/rustup-home" "/workspace/cargo-home/bin/cargo" "+1.69.0" "metadata" "--manifest-path" "Cargo.toml" "--no-deps", kill_on_drop: false }`
[INFO] started tweaking crates.io crate keytokey 0.3.0
[INFO] finished tweaking crates.io crate keytokey 0.3.0
[INFO] tweaked toml for crates.io crate keytokey 0.3.0 written to /workspace/builds/worker-5-tc1/source/Cargo.toml
[INFO] running `Command { std: CARGO_HOME="/workspace/cargo-home" RUSTUP_HOME="/workspace/rustup-home" __CARGO_TEST_CHANNEL_OVERRIDE_DO_NOT_USE_THIS="nightly" "/workspace/cargo-home/bin/cargo" "+1.69.0" "generate-lockfile" "--manifest-path" "Cargo.toml" "-Zno-index-update", kill_on_drop: false }`
[INFO] running `Command { std: CARGO_HOME="/workspace/cargo-home" RUSTUP_HOME="/workspace/rustup-home" "/workspace/cargo-home/bin/cargo" "+1.69.0" "fetch" "--manifest-path" "Cargo.toml", kill_on_drop: false }`
[INFO] [stderr]  Downloading crates ...
[INFO] [stderr]   Downloaded generic-array v0.11.2
[INFO] [stderr]   Downloaded heapless v0.4.4
[INFO] [stderr]   Downloaded smallbitvec v2.5.1
[INFO] [stderr]   Downloaded no-std-compat v0.1.1
[INFO] [stderr]   Downloaded num_enum v0.3.1
[INFO] running `Command { std: "docker" "create" "-v" "/var/lib/crater-agent-workspace/builds/worker-5-tc1/target:/opt/rustwide/target:rw,Z" "-v" "/var/lib/crater-agent-workspace/builds/worker-5-tc1/source:/opt/rustwide/workdir:ro,Z" "-v" "/var/lib/crater-agent-workspace/cargo-home:/opt/rustwide/cargo-home:ro,Z" "-v" "/var/lib/crater-agent-workspace/rustup-home:/opt/rustwide/rustup-home:ro,Z" "-e" "SOURCE_DIR=/opt/rustwide/workdir" "-e" "CARGO_TARGET_DIR=/opt/rustwide/target" "-e" "CARGO_HOME=/opt/rustwide/cargo-home" "-e" "RUSTUP_HOME=/opt/rustwide/rustup-home" "-w" "/opt/rustwide/workdir" "-m" "1610612736" "--user" "0:0" "--network" "none" "ghcr.io/rust-lang/crates-build-env/linux@sha256:5ff2268d62e97bff2cde7d5815dd6ed5b47097566f13b8d0ca110b04b60e07ed" "/opt/rustwide/cargo-home/bin/cargo" "+1.69.0" "metadata" "--no-deps" "--format-version=1", kill_on_drop: false }`
[INFO] [stdout] e0e053f21870357136359c71e4604540ac0d9f36716460eda4cab3723081b885
[INFO] running `Command { std: "docker" "start" "-a" "e0e053f21870357136359c71e4604540ac0d9f36716460eda4cab3723081b885", kill_on_drop: false }`
[INFO] running `Command { std: "docker" "inspect" "e0e053f21870357136359c71e4604540ac0d9f36716460eda4cab3723081b885", kill_on_drop: false }`
[INFO] running `Command { std: "docker" "rm" "-f" "e0e053f21870357136359c71e4604540ac0d9f36716460eda4cab3723081b885", kill_on_drop: false }`
[INFO] [stdout] e0e053f21870357136359c71e4604540ac0d9f36716460eda4cab3723081b885
[INFO] running `Command { std: "docker" "create" "-v" "/var/lib/crater-agent-workspace/builds/worker-5-tc1/target:/opt/rustwide/target:rw,Z" "-v" "/var/lib/crater-agent-workspace/builds/worker-5-tc1/source:/opt/rustwide/workdir:ro,Z" "-v" "/var/lib/crater-agent-workspace/cargo-home:/opt/rustwide/cargo-home:ro,Z" "-v" "/var/lib/crater-agent-workspace/rustup-home:/opt/rustwide/rustup-home:ro,Z" "-e" "SOURCE_DIR=/opt/rustwide/workdir" "-e" "CARGO_TARGET_DIR=/opt/rustwide/target" "-e" "CARGO_INCREMENTAL=0" "-e" "RUST_BACKTRACE=full" "-e" "RUSTFLAGS=--cap-lints=warn" "-e" "RUSTDOCFLAGS=--cap-lints=warn" "-e" "CARGO_HOME=/opt/rustwide/cargo-home" "-e" "RUSTUP_HOME=/opt/rustwide/rustup-home" "-w" "/opt/rustwide/workdir" "-m" "1610612736" "--user" "0:0" "--network" "none" "ghcr.io/rust-lang/crates-build-env/linux@sha256:5ff2268d62e97bff2cde7d5815dd6ed5b47097566f13b8d0ca110b04b60e07ed" "/opt/rustwide/cargo-home/bin/cargo" "+1.69.0" "build" "--frozen" "--message-format=json", kill_on_drop: false }`
[INFO] [stdout] 247431027ec65d567ef00bbe5f2bb83c7c592935d384414447d600b1f4af5185
[INFO] running `Command { std: "docker" "start" "-a" "247431027ec65d567ef00bbe5f2bb83c7c592935d384414447d600b1f4af5185", kill_on_drop: false }`
[INFO] [stderr]    Compiling typenum v1.16.0
[INFO] [stderr]    Compiling version_check v0.9.4
[INFO] [stderr]    Compiling proc-macro2 v0.4.30
[INFO] [stderr]    Compiling unicode-xid v0.1.0
[INFO] [stderr]    Compiling syn v0.15.44
[INFO] [stderr]    Compiling stable_deref_trait v1.2.0
[INFO] [stderr]    Compiling byteorder v1.4.3
[INFO] [stderr]    Compiling heapless v0.4.4
[INFO] [stderr]    Compiling lazy_static v1.4.0
[INFO] [stderr]    Compiling no-std-compat v0.1.1
[INFO] [stderr]    Compiling smallbitvec v2.5.1
[INFO] [stdout] error[E0433]: failed to resolve: could not find `prelude` in `__alloc`
[INFO] [stdout]    --> /opt/rustwide/cargo-home/registry/src/github.com-1ecc6299db9ec823/no-std-compat-0.1.1/src/generated.rs:123:52
[INFO] [stdout]     |
[INFO] [stdout] 123 |         #[cfg(feature = "alloc")] pub use __alloc::prelude::v1::*;
[INFO] [stdout]     |                                                    ^^^^^^^ could not find `prelude` in `__alloc`
[INFO] [stdout] 
[INFO] [stdout] 
[INFO] [stdout] error[E0432]: unresolved import `__core::raw`
[INFO] [stdout]    --> /opt/rustwide/cargo-home/registry/src/github.com-1ecc6299db9ec823/no-std-compat-0.1.1/src/generated.rs:133:21
[INFO] [stdout]     |
[INFO] [stdout] 133 |     pub use __core::raw::*;
[INFO] [stdout]     |                     ^^^ could not find `raw` in `__core`
[INFO] [stdout] 
[INFO] [stdout] 
[INFO] [stdout] error[E0603]: module `raw_vec` is private
[INFO] [stdout]    --> /opt/rustwide/cargo-home/registry/src/github.com-1ecc6299db9ec823/no-std-compat-0.1.1/src/generated.rs:136:48
[INFO] [stdout]     |
[INFO] [stdout] 136 |     #[cfg(feature = "alloc")] pub use __alloc::raw_vec::*;
[INFO] [stdout]     |                                                ^^^^^^^ private module
[INFO] [stdout]     |
[INFO] [stdout] note: the module `raw_vec` is defined here
[INFO] [stdout]    --> /rustc/84c898d65adf2f39a5a98507f1fe0ce10a2b8dbc/library/alloc/src/lib.rs:222:1
[INFO] [stdout] 
[INFO] [stdout] 
[INFO] [stdout] error[E0554]: `#![feature]` may not be used on the stable release channel
[INFO] [stdout]  --> /opt/rustwide/cargo-home/registry/src/github.com-1ecc6299db9ec823/no-std-compat-0.1.1/src/lib.rs:1:51
[INFO] [stdout]   |
[INFO] [stdout] 1 | #![cfg_attr(not(feature = "std"), no_std, feature(fixed_size_array, core_intrinsics, core_panic_info, core_panic, raw, unicode_internals))]
[INFO] [stdout]   |                                                   ^^^^^^^^^^^^^^^^
[INFO] [stdout] 
[INFO] [stdout] 
[INFO] [stdout] error[E0554]: `#![feature]` may not be used on the stable release channel
[INFO] [stdout]  --> /opt/rustwide/cargo-home/registry/src/github.com-1ecc6299db9ec823/no-std-compat-0.1.1/src/lib.rs:1:69
[INFO] [stdout]   |
[INFO] [stdout] 1 | #![cfg_attr(not(feature = "std"), no_std, feature(fixed_size_array, core_intrinsics, core_panic_info, core_panic, raw, unicode_internals))]
[INFO] [stdout]   |                                                                     ^^^^^^^^^^^^^^^
[INFO] [stdout] 
[INFO] [stdout] 
[INFO] [stdout] error[E0554]: `#![feature]` may not be used on the stable release channel
[INFO] [stdout]  --> /opt/rustwide/cargo-home/registry/src/github.com-1ecc6299db9ec823/no-std-compat-0.1.1/src/lib.rs:1:86
[INFO] [stdout]   |
[INFO] [stdout] 1 | #![cfg_attr(not(feature = "std"), no_std, feature(fixed_size_array, core_intrinsics, core_panic_info, core_panic, raw, unicode_internals))]
[INFO] [stdout]   |                                                                                      ^^^^^^^^^^^^^^^
[INFO] [stdout] 
[INFO] [stdout] 
[INFO] [stdout] error[E0554]: `#![feature]` may not be used on the stable release channel
[INFO] [stdout]  --> /opt/rustwide/cargo-home/registry/src/github.com-1ecc6299db9ec823/no-std-compat-0.1.1/src/lib.rs:1:103
[INFO] [stdout]   |
[INFO] [stdout] 1 | #![cfg_attr(not(feature = "std"), no_std, feature(fixed_size_array, core_intrinsics, core_panic_info, core_panic, raw, unicode_internals))]
[INFO] [stdout]   |                                                                                                       ^^^^^^^^^^
[INFO] [stdout] 
[INFO] [stdout] 
[INFO] [stdout] error[E0554]: `#![feature]` may not be used on the stable release channel
[INFO] [stdout]  --> /opt/rustwide/cargo-home/registry/src/github.com-1ecc6299db9ec823/no-std-compat-0.1.1/src/lib.rs:1:115
[INFO] [stdout]   |
[INFO] [stdout] 1 | #![cfg_attr(not(feature = "std"), no_std, feature(fixed_size_array, core_intrinsics, core_panic_info, core_panic, raw, unicode_internals))]
[INFO] [stdout]   |                                                                                                                   ^^^
[INFO] [stdout] 
[INFO] [stdout] 
[INFO] [stdout] error[E0554]: `#![feature]` may not be used on the stable release channel
[INFO] [stdout]  --> /opt/rustwide/cargo-home/registry/src/github.com-1ecc6299db9ec823/no-std-compat-0.1.1/src/lib.rs:1:120
[INFO] [stdout]   |
[INFO] [stdout] 1 | #![cfg_attr(not(feature = "std"), no_std, feature(fixed_size_array, core_intrinsics, core_panic_info, core_panic, raw, unicode_internals))]
[INFO] [stdout]   |                                                                                                                        ^^^^^^^^^^^^^^^^^
[INFO] [stdout] 
[INFO] [stdout] 
[INFO] [stdout] error[E0554]: `#![feature]` may not be used on the stable release channel
[INFO] [stdout]  --> /opt/rustwide/cargo-home/registry/src/github.com-1ecc6299db9ec823/no-std-compat-0.1.1/src/lib.rs:2:67
[INFO] [stdout]   |
[INFO] [stdout] 2 | #![cfg_attr(all(not(feature = "std"), feature = "alloc"), feature(alloc_prelude, raw_vec_internals))]
[INFO] [stdout]   |                                                                   ^^^^^^^^^^^^^
[INFO] [stdout] 
[INFO] [stdout] 
[INFO] [stdout] error[E0554]: `#![feature]` may not be used on the stable release channel
[INFO] [stdout]  --> /opt/rustwide/cargo-home/registry/src/github.com-1ecc6299db9ec823/no-std-compat-0.1.1/src/lib.rs:2:82
[INFO] [stdout]   |
[INFO] [stdout] 2 | #![cfg_attr(all(not(feature = "std"), feature = "alloc"), feature(alloc_prelude, raw_vec_internals))]
[INFO] [stdout]   |                                                                                  ^^^^^^^^^^^^^^^^^
[INFO] [stdout] 
[INFO] [stdout] 
[INFO] [stdout] error[E0635]: unknown feature `fixed_size_array`
[INFO] [stdout]  --> /opt/rustwide/cargo-home/registry/src/github.com-1ecc6299db9ec823/no-std-compat-0.1.1/src/lib.rs:1:51
[INFO] [stdout]   |
[INFO] [stdout] 1 | #![cfg_attr(not(feature = "std"), no_std, feature(fixed_size_array, core_intrinsics, core_panic_info, core_panic, raw, unicode_internals))]
[INFO] [stdout]   |                                                   ^^^^^^^^^^^^^^^^
[INFO] [stdout] 
[INFO] [stdout] 
[INFO] [stdout] error[E0635]: unknown feature `alloc_prelude`
[INFO] [stdout]  --> /opt/rustwide/cargo-home/registry/src/github.com-1ecc6299db9ec823/no-std-compat-0.1.1/src/lib.rs:2:67
[INFO] [stdout]   |
[INFO] [stdout] 2 | #![cfg_attr(all(not(feature = "std"), feature = "alloc"), feature(alloc_prelude, raw_vec_internals))]
[INFO] [stdout]   |                                                                   ^^^^^^^^^^^^^
[INFO] [stdout] 
[INFO] [stdout] 
[INFO] [stdout] error[E0635]: unknown feature `raw`
[INFO] [stdout]  --> /opt/rustwide/cargo-home/registry/src/github.com-1ecc6299db9ec823/no-std-compat-0.1.1/src/lib.rs:1:115
[INFO] [stdout]   |
[INFO] [stdout] 1 | #![cfg_attr(not(feature = "std"), no_std, feature(fixed_size_array, core_intrinsics, core_panic_info, core_panic, raw, unicode_internals))]
[INFO] [stdout]   |                                                                                                                   ^^^
[INFO] [stdout] 
[INFO] [stdout] 
[INFO] [stdout] error: aborting due to 14 previous errors
[INFO] [stdout] 
[INFO] [stdout] 
[INFO] [stdout] Some errors have detailed explanations: E0432, E0433, E0554, E0603, E0635.
[INFO] [stdout] 
[INFO] [stdout] For more information about an error, try `rustc --explain E0432`.
[INFO] [stdout] 
[INFO] [stderr]    Compiling hash32 v0.1.1
[INFO] [stderr] error: could not compile `no-std-compat` due to 15 previous errors
[INFO] [stderr] warning: build failed, waiting for other jobs to finish...
[INFO] running `Command { std: "docker" "inspect" "247431027ec65d567ef00bbe5f2bb83c7c592935d384414447d600b1f4af5185", kill_on_drop: false }`
[INFO] running `Command { std: "docker" "rm" "-f" "247431027ec65d567ef00bbe5f2bb83c7c592935d384414447d600b1f4af5185", kill_on_drop: false }`
[INFO] [stdout] 247431027ec65d567ef00bbe5f2bb83c7c592935d384414447d600b1f4af5185
