[INFO] fetching crate keyauth-obf 1.2.21...
[INFO] testing keyauth-obf-1.2.21 against 1.69.0 for beta-1.70-1
[INFO] extracting crate keyauth-obf 1.2.21 into /workspace/builds/worker-6-tc1/source
[INFO] validating manifest of crates.io crate keyauth-obf 1.2.21 on toolchain 1.69.0
[INFO] running `Command { std: CARGO_HOME="/workspace/cargo-home" RUSTUP_HOME="/workspace/rustup-home" "/workspace/cargo-home/bin/cargo" "+1.69.0" "metadata" "--manifest-path" "Cargo.toml" "--no-deps", kill_on_drop: false }`
[INFO] started tweaking crates.io crate keyauth-obf 1.2.21
[INFO] finished tweaking crates.io crate keyauth-obf 1.2.21
[INFO] tweaked toml for crates.io crate keyauth-obf 1.2.21 written to /workspace/builds/worker-6-tc1/source/Cargo.toml
[INFO] running `Command { std: CARGO_HOME="/workspace/cargo-home" RUSTUP_HOME="/workspace/rustup-home" __CARGO_TEST_CHANNEL_OVERRIDE_DO_NOT_USE_THIS="nightly" "/workspace/cargo-home/bin/cargo" "+1.69.0" "generate-lockfile" "--manifest-path" "Cargo.toml" "-Zno-index-update", kill_on_drop: false }`
[INFO] running `Command { std: CARGO_HOME="/workspace/cargo-home" RUSTUP_HOME="/workspace/rustup-home" "/workspace/cargo-home/bin/cargo" "+1.69.0" "fetch" "--manifest-path" "Cargo.toml", kill_on_drop: false }`
[INFO] [stderr]  Downloading crates ...
[INFO] [stderr]   Downloaded base16 v0.2.1
[INFO] [stderr]   Downloaded hmac-sha256 v1.1.6
[INFO] [stderr]   Downloaded machine_uuid v0.1.0
[INFO] [stderr]   Downloaded goldberg v0.1.0
[INFO] [stderr]   Downloaded jni v0.21.1
[INFO] [stderr]   Downloaded webbrowser v0.8.9
[INFO] [stderr]   Downloaded unroll v0.1.5
[INFO] [stderr]   Downloaded moisture v0.1.0
[INFO] [stderr]   Downloaded debugoff v0.2.2
[INFO] running `Command { std: "docker" "create" "-v" "/var/lib/crater-agent-workspace/builds/worker-6-tc1/target:/opt/rustwide/target:rw,Z" "-v" "/var/lib/crater-agent-workspace/builds/worker-6-tc1/source:/opt/rustwide/workdir:ro,Z" "-v" "/var/lib/crater-agent-workspace/cargo-home:/opt/rustwide/cargo-home:ro,Z" "-v" "/var/lib/crater-agent-workspace/rustup-home:/opt/rustwide/rustup-home:ro,Z" "-e" "SOURCE_DIR=/opt/rustwide/workdir" "-e" "CARGO_TARGET_DIR=/opt/rustwide/target" "-e" "CARGO_HOME=/opt/rustwide/cargo-home" "-e" "RUSTUP_HOME=/opt/rustwide/rustup-home" "-w" "/opt/rustwide/workdir" "-m" "1610612736" "--user" "0:0" "--network" "none" "ghcr.io/rust-lang/crates-build-env/linux@sha256:5ff2268d62e97bff2cde7d5815dd6ed5b47097566f13b8d0ca110b04b60e07ed" "/opt/rustwide/cargo-home/bin/cargo" "+1.69.0" "metadata" "--no-deps" "--format-version=1", kill_on_drop: false }`
[INFO] [stdout] 5a1c0ace5d17171ef4d09a67686b4223b33c2c1233f9750d87cb4a6da15e9904
[INFO] running `Command { std: "docker" "start" "-a" "5a1c0ace5d17171ef4d09a67686b4223b33c2c1233f9750d87cb4a6da15e9904", kill_on_drop: false }`
[INFO] running `Command { std: "docker" "inspect" "5a1c0ace5d17171ef4d09a67686b4223b33c2c1233f9750d87cb4a6da15e9904", kill_on_drop: false }`
[INFO] running `Command { std: "docker" "rm" "-f" "5a1c0ace5d17171ef4d09a67686b4223b33c2c1233f9750d87cb4a6da15e9904", kill_on_drop: false }`
[INFO] [stdout] 5a1c0ace5d17171ef4d09a67686b4223b33c2c1233f9750d87cb4a6da15e9904
[INFO] running `Command { std: "docker" "create" "-v" "/var/lib/crater-agent-workspace/builds/worker-6-tc1/target:/opt/rustwide/target:rw,Z" "-v" "/var/lib/crater-agent-workspace/builds/worker-6-tc1/source:/opt/rustwide/workdir:ro,Z" "-v" "/var/lib/crater-agent-workspace/cargo-home:/opt/rustwide/cargo-home:ro,Z" "-v" "/var/lib/crater-agent-workspace/rustup-home:/opt/rustwide/rustup-home:ro,Z" "-e" "SOURCE_DIR=/opt/rustwide/workdir" "-e" "CARGO_TARGET_DIR=/opt/rustwide/target" "-e" "CARGO_INCREMENTAL=0" "-e" "RUST_BACKTRACE=full" "-e" "RUSTFLAGS=--cap-lints=warn" "-e" "RUSTDOCFLAGS=--cap-lints=warn" "-e" "CARGO_HOME=/opt/rustwide/cargo-home" "-e" "RUSTUP_HOME=/opt/rustwide/rustup-home" "-w" "/opt/rustwide/workdir" "-m" "1610612736" "--user" "0:0" "--network" "none" "ghcr.io/rust-lang/crates-build-env/linux@sha256:5ff2268d62e97bff2cde7d5815dd6ed5b47097566f13b8d0ca110b04b60e07ed" "/opt/rustwide/cargo-home/bin/cargo" "+1.69.0" "build" "--frozen" "--message-format=json", kill_on_drop: false }`
[INFO] [stdout] 60368d51ccd3dc85eaa37f605bf12ebed88acc71f8c23543c04dcdd1b7d4b816
[INFO] running `Command { std: "docker" "start" "-a" "60368d51ccd3dc85eaa37f605bf12ebed88acc71f8c23543c04dcdd1b7d4b816", kill_on_drop: false }`
[INFO] [stderr]    Compiling libc v0.2.142
[INFO] [stderr]    Compiling futures-core v0.3.28
[INFO] [stderr]    Compiling futures-task v0.3.28
[INFO] [stderr]    Compiling futures-util v0.3.28
[INFO] [stderr]    Compiling tokio v1.28.0
[INFO] [stderr]    Compiling tracing-core v0.1.30
[INFO] [stderr]    Compiling syn v1.0.109
[INFO] [stderr]    Compiling mio v0.8.6
[INFO] [stderr]    Compiling http v0.2.9
[INFO] [stderr]    Compiling openssl-sys v0.9.87
[INFO] [stderr]    Compiling futures-sink v0.3.28
[INFO] [stderr]    Compiling tiny-keccak v2.0.2
[INFO] [stderr]    Compiling proc-macro-hack v0.5.20+deprecated
[INFO] [stderr]    Compiling futures-channel v0.3.28
[INFO] [stderr]    Compiling want v0.3.0
[INFO] [stderr]    Compiling httpdate v1.0.2
[INFO] [stderr]    Compiling once_cell v1.17.1
[INFO] [stderr]    Compiling tower-service v0.3.2
[INFO] [stderr]    Compiling tracing v0.1.37
[INFO] [stderr]    Compiling dirs-sys v0.3.7
[INFO] [stderr]    Compiling serde_urlencoded v0.7.1
[INFO] [stderr]    Compiling getrandom v0.2.9
[INFO] [stderr]    Compiling ipnet v2.7.2
[INFO] [stderr]    Compiling dirs v4.0.0
[INFO] [stderr]    Compiling base64 v0.21.0
[INFO] [stderr]    Compiling webbrowser v0.8.9
[INFO] [stderr]    Compiling uuid v1.3.2
[INFO] [stderr]    Compiling machine_uuid v0.1.0
[INFO] [stderr]    Compiling hmac-sha256 v1.1.6
[INFO] [stderr]    Compiling base16 v0.2.1
[INFO] [stderr]    Compiling hex v0.4.3
[INFO] [stderr]    Compiling http-body v0.4.5
[INFO] [stderr]    Compiling openssl v0.10.52
[INFO] [stderr]    Compiling rand_core v0.6.4
[INFO] [stderr]    Compiling const-random-macro v0.1.15
[INFO] [stderr]    Compiling rand_chacha v0.3.1
[INFO] [stderr]    Compiling rand v0.8.5
[INFO] [stderr]    Compiling const-random v0.1.15
[INFO] [stderr]    Compiling moisture v0.1.0
[INFO] [stderr]    Compiling tokio-util v0.7.8
[INFO] [stderr]    Compiling unroll v0.1.5
[INFO] [stderr]    Compiling goldberg v0.1.0
[INFO] [stderr]    Compiling h2 v0.3.18
[INFO] [stderr]    Compiling native-tls v0.2.11
[INFO] [stderr]    Compiling tokio-native-tls v0.3.1
[INFO] [stderr]    Compiling debugoff v0.2.2
[INFO] [stderr]    Compiling hyper v0.14.26
[INFO] [stderr]    Compiling hyper-tls v0.5.0
[INFO] [stderr]    Compiling reqwest v0.11.17
[INFO] [stderr]    Compiling keyauth-obf v1.2.21 (/opt/rustwide/workdir)
[INFO] [stdout] warning: unused import: `debugoff::multi_ptraceme_or_die`
[INFO] [stdout]   --> src/v1_2.rs:15:5
[INFO] [stdout]    |
[INFO] [stdout] 15 | use debugoff::multi_ptraceme_or_die;
[INFO] [stdout]    |     ^^^^^^^^^^^^^^^^^^^^^^^^^^^^^^^
[INFO] [stdout]    |
[INFO] [stdout]    = note: `#[warn(unused_imports)]` on by default
[INFO] [stdout] 
[INFO] [stdout] 
[INFO] [stdout] warning: unused import: `httparse::Header`
[INFO] [stdout]   --> src/v1_2.rs:18:5
[INFO] [stdout]    |
[INFO] [stdout] 18 | use httparse::Header;
[INFO] [stdout]    |     ^^^^^^^^^^^^^^^^
[INFO] [stdout] 
[INFO] [stdout] 
[INFO] [stdout] warning: unused import: `reqwest::Response`
[INFO] [stdout]   --> src/v1_2.rs:21:5
[INFO] [stdout]    |
[INFO] [stdout] 21 | use reqwest::Response;
[INFO] [stdout]    |     ^^^^^^^^^^^^^^^^^
[INFO] [stdout] 
[INFO] [stdout] 
[INFO] [stdout] warning: unused import: `std::collections::HashMap`
[INFO] [stdout]   --> src/v1_2.rs:22:5
[INFO] [stdout]    |
[INFO] [stdout] 22 | use std::collections::HashMap;
[INFO] [stdout]    |     ^^^^^^^^^^^^^^^^^^^^^^^^^
[INFO] [stdout] 
[INFO] [stdout] 
[INFO] [stdout] warning: 4 warnings emitted
[INFO] [stdout] 
[INFO] [stdout] 
[INFO] [stderr]     Finished dev [unoptimized + debuginfo] target(s) in 22.04s
[INFO] running `Command { std: "docker" "inspect" "60368d51ccd3dc85eaa37f605bf12ebed88acc71f8c23543c04dcdd1b7d4b816", kill_on_drop: false }`
[INFO] running `Command { std: "docker" "rm" "-f" "60368d51ccd3dc85eaa37f605bf12ebed88acc71f8c23543c04dcdd1b7d4b816", kill_on_drop: false }`
[INFO] [stdout] 60368d51ccd3dc85eaa37f605bf12ebed88acc71f8c23543c04dcdd1b7d4b816
[INFO] running `Command { std: "docker" "create" "-v" "/var/lib/crater-agent-workspace/builds/worker-6-tc1/target:/opt/rustwide/target:rw,Z" "-v" "/var/lib/crater-agent-workspace/builds/worker-6-tc1/source:/opt/rustwide/workdir:ro,Z" "-v" "/var/lib/crater-agent-workspace/cargo-home:/opt/rustwide/cargo-home:ro,Z" "-v" "/var/lib/crater-agent-workspace/rustup-home:/opt/rustwide/rustup-home:ro,Z" "-e" "SOURCE_DIR=/opt/rustwide/workdir" "-e" "CARGO_TARGET_DIR=/opt/rustwide/target" "-e" "CARGO_INCREMENTAL=0" "-e" "RUST_BACKTRACE=full" "-e" "RUSTFLAGS=--cap-lints=warn" "-e" "RUSTDOCFLAGS=--cap-lints=warn" "-e" "CARGO_HOME=/opt/rustwide/cargo-home" "-e" "RUSTUP_HOME=/opt/rustwide/rustup-home" "-w" "/opt/rustwide/workdir" "-m" "1610612736" "--user" "0:0" "--network" "none" "ghcr.io/rust-lang/crates-build-env/linux@sha256:5ff2268d62e97bff2cde7d5815dd6ed5b47097566f13b8d0ca110b04b60e07ed" "/opt/rustwide/cargo-home/bin/cargo" "+1.69.0" "test" "--frozen" "--no-run" "--message-format=json", kill_on_drop: false }`
[INFO] [stdout] 18cf8a2cec6816dc87d745a7279482fed05e02d8968f6efd1766c830a4fdcecd
[INFO] running `Command { std: "docker" "start" "-a" "18cf8a2cec6816dc87d745a7279482fed05e02d8968f6efd1766c830a4fdcecd", kill_on_drop: false }`
[INFO] [stderr]    Compiling keyauth-obf v1.2.21 (/opt/rustwide/workdir)
[INFO] [stdout] warning: unused import: `debugoff::multi_ptraceme_or_die`
[INFO] [stdout]   --> src/v1_2.rs:15:5
[INFO] [stdout]    |
[INFO] [stdout] 15 | use debugoff::multi_ptraceme_or_die;
[INFO] [stdout]    |     ^^^^^^^^^^^^^^^^^^^^^^^^^^^^^^^
[INFO] [stdout]    |
[INFO] [stdout]    = note: `#[warn(unused_imports)]` on by default
[INFO] [stdout] 
[INFO] [stdout] 
[INFO] [stdout] warning: unused import: `httparse::Header`
[INFO] [stdout]   --> src/v1_2.rs:18:5
[INFO] [stdout]    |
[INFO] [stdout] 18 | use httparse::Header;
[INFO] [stdout]    |     ^^^^^^^^^^^^^^^^
[INFO] [stdout] 
[INFO] [stdout] 
[INFO] [stdout] warning: unused import: `reqwest::Response`
[INFO] [stdout]   --> src/v1_2.rs:21:5
[INFO] [stdout]    |
[INFO] [stdout] 21 | use reqwest::Response;
[INFO] [stdout]    |     ^^^^^^^^^^^^^^^^^
[INFO] [stdout] 
[INFO] [stdout] 
[INFO] [stdout] warning: unused import: `std::collections::HashMap`
[INFO] [stdout]   --> src/v1_2.rs:22:5
[INFO] [stdout]    |
[INFO] [stdout] 22 | use std::collections::HashMap;
[INFO] [stdout]    |     ^^^^^^^^^^^^^^^^^^^^^^^^^
[INFO] [stdout] 
[INFO] [stdout] 
[INFO] [stdout] warning: 4 warnings emitted
[INFO] [stdout] 
[INFO] [stdout] 
[INFO] [stdout] warning: unused import: `debugoff::multi_ptraceme_or_die`
[INFO] [stdout]   --> src/v1_2.rs:15:5
[INFO] [stdout]    |
[INFO] [stdout] 15 | use debugoff::multi_ptraceme_or_die;
[INFO] [stdout]    |     ^^^^^^^^^^^^^^^^^^^^^^^^^^^^^^^
[INFO] [stdout]    |
[INFO] [stdout]    = note: `#[warn(unused_imports)]` on by default
[INFO] [stdout] 
[INFO] [stdout] 
[INFO] [stdout] warning: unused import: `httparse::Header`
[INFO] [stdout]   --> src/v1_2.rs:18:5
[INFO] [stdout]    |
[INFO] [stdout] 18 | use httparse::Header;
[INFO] [stdout]    |     ^^^^^^^^^^^^^^^^
[INFO] [stdout] 
[INFO] [stdout] 
[INFO] [stdout] warning: unused import: `reqwest::Response`
[INFO] [stdout]   --> src/v1_2.rs:21:5
[INFO] [stdout]    |
[INFO] [stdout] 21 | use reqwest::Response;
[INFO] [stdout]    |     ^^^^^^^^^^^^^^^^^
[INFO] [stdout] 
[INFO] [stdout] 
[INFO] [stdout] warning: unused import: `std::collections::HashMap`
[INFO] [stdout]   --> src/v1_2.rs:22:5
[INFO] [stdout]    |
[INFO] [stdout] 22 | use std::collections::HashMap;
[INFO] [stdout]    |     ^^^^^^^^^^^^^^^^^^^^^^^^^
[INFO] [stdout] 
[INFO] [stdout] 
[INFO] [stdout] warning: 4 warnings emitted
[INFO] [stdout] 
[INFO] [stdout] 
[INFO] [stderr]     Finished test [unoptimized + debuginfo] target(s) in 2.08s
[INFO] running `Command { std: "docker" "inspect" "18cf8a2cec6816dc87d745a7279482fed05e02d8968f6efd1766c830a4fdcecd", kill_on_drop: false }`
[INFO] running `Command { std: "docker" "rm" "-f" "18cf8a2cec6816dc87d745a7279482fed05e02d8968f6efd1766c830a4fdcecd", kill_on_drop: false }`
[INFO] [stdout] 18cf8a2cec6816dc87d745a7279482fed05e02d8968f6efd1766c830a4fdcecd
[INFO] running `Command { std: "docker" "create" "-v" "/var/lib/crater-agent-workspace/builds/worker-6-tc1/target:/opt/rustwide/target:rw,Z" "-v" "/var/lib/crater-agent-workspace/builds/worker-6-tc1/source:/opt/rustwide/workdir:ro,Z" "-v" "/var/lib/crater-agent-workspace/cargo-home:/opt/rustwide/cargo-home:ro,Z" "-v" "/var/lib/crater-agent-workspace/rustup-home:/opt/rustwide/rustup-home:ro,Z" "-e" "SOURCE_DIR=/opt/rustwide/workdir" "-e" "CARGO_TARGET_DIR=/opt/rustwide/target" "-e" "CARGO_INCREMENTAL=0" "-e" "RUST_BACKTRACE=full" "-e" "RUSTFLAGS=--cap-lints=warn" "-e" "RUSTDOCFLAGS=--cap-lints=warn" "-e" "CARGO_HOME=/opt/rustwide/cargo-home" "-e" "RUSTUP_HOME=/opt/rustwide/rustup-home" "-w" "/opt/rustwide/workdir" "-m" "1610612736" "--user" "0:0" "--network" "none" "ghcr.io/rust-lang/crates-build-env/linux@sha256:5ff2268d62e97bff2cde7d5815dd6ed5b47097566f13b8d0ca110b04b60e07ed" "/opt/rustwide/cargo-home/bin/cargo" "+1.69.0" "test" "--frozen", kill_on_drop: false }`
[INFO] [stdout] 35900a79e9fa5f463b29c56fd0fdab6b1729c020e4016c966dd8c3330d223432
[INFO] running `Command { std: "docker" "start" "-a" "35900a79e9fa5f463b29c56fd0fdab6b1729c020e4016c966dd8c3330d223432", kill_on_drop: false }`
[INFO] [stderr] warning: unused import: `debugoff::multi_ptraceme_or_die`
[INFO] [stderr]   --> src/v1_2.rs:15:5
[INFO] [stderr]    |
[INFO] [stderr] 15 | use debugoff::multi_ptraceme_or_die;
[INFO] [stderr]    |     ^^^^^^^^^^^^^^^^^^^^^^^^^^^^^^^
[INFO] [stderr]    |
[INFO] [stderr]    = note: `#[warn(unused_imports)]` on by default
[INFO] [stderr] 
[INFO] [stderr] warning: unused import: `httparse::Header`
[INFO] [stderr]   --> src/v1_2.rs:18:5
[INFO] [stderr]    |
[INFO] [stderr] 18 | use httparse::Header;
[INFO] [stderr]    |     ^^^^^^^^^^^^^^^^
[INFO] [stderr] 
[INFO] [stderr] warning: unused import: `reqwest::Response`
[INFO] [stderr]   --> src/v1_2.rs:21:5
[INFO] [stderr]    |
[INFO] [stderr] 21 | use reqwest::Response;
[INFO] [stderr]    |     ^^^^^^^^^^^^^^^^^
[INFO] [stderr] 
[INFO] [stderr] warning: unused import: `std::collections::HashMap`
[INFO] [stderr]   --> src/v1_2.rs:22:5
[INFO] [stderr]    |
[INFO] [stderr] 22 | use std::collections::HashMap;
[INFO] [stderr]    |     ^^^^^^^^^^^^^^^^^^^^^^^^^
[INFO] [stderr] 
[INFO] [stderr] warning: `keyauth-obf` (lib) generated 4 warnings (run `cargo fix --lib -p keyauth-obf` to apply 4 suggestions)
[INFO] [stderr] warning: `keyauth-obf` (lib test) generated 4 warnings (4 duplicates)
[INFO] [stderr]     Finished test [unoptimized + debuginfo] target(s) in 0.13s
[INFO] [stderr]      Running unittests src/lib.rs (/opt/rustwide/target/debug/deps/keyauth_obf-5a4879ec79fbf357)
[INFO] [stdout] 
[INFO] [stdout] running 0 tests
[INFO] [stdout] 
[INFO] [stdout] test result: ok. 0 passed; 0 failed; 0 ignored; 0 measured; 0 filtered out; finished in 0.00s
[INFO] [stdout] 
[INFO] [stderr]    Doc-tests keyauth-obf
[INFO] [stdout] 
[INFO] [stdout] running 2 tests
[INFO] [stdout] test src/v1_2.rs - v1_2 (line 4) ... FAILED
[INFO] [stdout] test src/lib.rs - (line 14) ... FAILED
[INFO] [stderr] error: doctest failed, to rerun pass `--doc`
[INFO] [stdout] 
[INFO] [stdout] failures:
[INFO] [stdout] 
[INFO] [stdout] ---- src/v1_2.rs - v1_2 (line 4) stdout ----
[INFO] [stdout] error[E0433]: failed to resolve: use of undeclared crate or module `keyauth`
[INFO] [stdout]  --> src/v1_2.rs:5:16
[INFO] [stdout]   |
[INFO] [stdout] 3 | let mut auth = keyauth::v1_2::KeyauthApi::new("application name", "ownerid", "application secret", "application version", "api url"); // ...
[INFO] [stdout]   |                ^^^^^^^ use of undeclared crate or module `keyauth`
[INFO] [stdout]   |
[INFO] [stdout] help: consider importing this struct
[INFO] [stdout]   |
[INFO] [stdout] 2 | use keyauth_obf::v1_2::KeyauthApi;
[INFO] [stdout]   |
[INFO] [stdout] help: if you import `KeyauthApi`, refer to it directly
[INFO] [stdout]   |
[INFO] [stdout] 3 - let mut auth = keyauth::v1_2::KeyauthApi::new("application name", "ownerid", "application secret", "application version", "api url"); // if you dont have a custom domain for api use "https://keyauth.win/api/1.2/"
[INFO] [stdout] 3 + let mut auth = KeyauthApi::new("application name", "ownerid", "application secret", "application version", "api url"); // if you dont have a custom domain for api use "https://keyauth.win/api/1.2/"
[INFO] [stdout]   |
[INFO] [stdout] 
[INFO] [stdout] error: aborting due to previous error
[INFO] [stdout] 
[INFO] [stdout] For more information about this error, try `rustc --explain E0433`.
[INFO] [stdout] Couldn't compile the test.
[INFO] [stdout] ---- src/lib.rs - (line 14) stdout ----
[INFO] [stdout] error[E0433]: failed to resolve: use of undeclared crate or module `keyauth`
[INFO] [stdout]  --> src/lib.rs:15:16
[INFO] [stdout]   |
[INFO] [stdout] 3 | let mut auth = keyauth::v1_2::KeyauthApi::new("application name", "ownerid", "application secret", "application version", "api url"); // ...
[INFO] [stdout]   |                ^^^^^^^ use of undeclared crate or module `keyauth`
[INFO] [stdout]   |
[INFO] [stdout] help: consider importing this struct
[INFO] [stdout]   |
[INFO] [stdout] 2 | use keyauth_obf::v1_2::KeyauthApi;
[INFO] [stdout]   |
[INFO] [stdout] help: if you import `KeyauthApi`, refer to it directly
[INFO] [stdout]   |
[INFO] [stdout] 3 - let mut auth = keyauth::v1_2::KeyauthApi::new("application name", "ownerid", "application secret", "application version", "api url"); // if you dont have a custom domain for api use "https://keyauth.win/api/1.2/"
[INFO] [stdout] 3 + let mut auth = KeyauthApi::new("application name", "ownerid", "application secret", "application version", "api url"); // if you dont have a custom domain for api use "https://keyauth.win/api/1.2/"
[INFO] [stdout]   |
[INFO] [stdout] 
[INFO] [stdout] error: aborting due to previous error
[INFO] [stdout] 
[INFO] [stdout] For more information about this error, try `rustc --explain E0433`.
[INFO] [stdout] Couldn't compile the test.
[INFO] [stdout] 
[INFO] [stdout] failures:
[INFO] [stdout]     src/lib.rs - (line 14)
[INFO] [stdout]     src/v1_2.rs - v1_2 (line 4)
[INFO] [stdout] 
[INFO] [stdout] test result: FAILED. 0 passed; 2 failed; 0 ignored; 0 measured; 0 filtered out; finished in 0.12s
[INFO] [stdout] 
[INFO] running `Command { std: "docker" "inspect" "35900a79e9fa5f463b29c56fd0fdab6b1729c020e4016c966dd8c3330d223432", kill_on_drop: false }`
[INFO] running `Command { std: "docker" "rm" "-f" "35900a79e9fa5f463b29c56fd0fdab6b1729c020e4016c966dd8c3330d223432", kill_on_drop: false }`
[INFO] [stdout] 35900a79e9fa5f463b29c56fd0fdab6b1729c020e4016c966dd8c3330d223432
