[INFO] fetching crate keclc-file 0.2.0...
[INFO] testing keclc-file-0.2.0 against 1.69.0 for beta-1.70-1
[INFO] extracting crate keclc-file 0.2.0 into /workspace/builds/worker-1-tc1/source
[INFO] validating manifest of crates.io crate keclc-file 0.2.0 on toolchain 1.69.0
[INFO] running `Command { std: CARGO_HOME="/workspace/cargo-home" RUSTUP_HOME="/workspace/rustup-home" "/workspace/cargo-home/bin/cargo" "+1.69.0" "metadata" "--manifest-path" "Cargo.toml" "--no-deps", kill_on_drop: false }`
[INFO] started tweaking crates.io crate keclc-file 0.2.0
[INFO] finished tweaking crates.io crate keclc-file 0.2.0
[INFO] tweaked toml for crates.io crate keclc-file 0.2.0 written to /workspace/builds/worker-1-tc1/source/Cargo.toml
[INFO] running `Command { std: CARGO_HOME="/workspace/cargo-home" RUSTUP_HOME="/workspace/rustup-home" __CARGO_TEST_CHANNEL_OVERRIDE_DO_NOT_USE_THIS="nightly" "/workspace/cargo-home/bin/cargo" "+1.69.0" "generate-lockfile" "--manifest-path" "Cargo.toml" "-Zno-index-update", kill_on_drop: false }`
[INFO] running `Command { std: CARGO_HOME="/workspace/cargo-home" RUSTUP_HOME="/workspace/rustup-home" "/workspace/cargo-home/bin/cargo" "+1.69.0" "fetch" "--manifest-path" "Cargo.toml", kill_on_drop: false }`
[INFO] [stderr]  Downloading crates ...
[INFO] [stderr]   Downloaded kayrx-macro v0.2.1
[INFO] [stderr]   Downloaded webpki-roots v0.17.0
[INFO] [stderr]   Downloaded rustls v0.16.0
[INFO] [stderr]   Downloaded eternal-macro v0.2.1
[INFO] [stderr]   Downloaded kayrx v0.6.2
[INFO] [stderr]   Downloaded kayrx-macro v0.3.0
[INFO] [stderr]   Downloaded eternal v0.3.2
[INFO] [stderr]   Downloaded kayrx v0.7.7
[INFO] running `Command { std: "docker" "create" "-v" "/var/lib/crater-agent-workspace/builds/worker-1-tc1/target:/opt/rustwide/target:rw,Z" "-v" "/var/lib/crater-agent-workspace/builds/worker-1-tc1/source:/opt/rustwide/workdir:ro,Z" "-v" "/var/lib/crater-agent-workspace/cargo-home:/opt/rustwide/cargo-home:ro,Z" "-v" "/var/lib/crater-agent-workspace/rustup-home:/opt/rustwide/rustup-home:ro,Z" "-e" "SOURCE_DIR=/opt/rustwide/workdir" "-e" "CARGO_TARGET_DIR=/opt/rustwide/target" "-e" "CARGO_HOME=/opt/rustwide/cargo-home" "-e" "RUSTUP_HOME=/opt/rustwide/rustup-home" "-w" "/opt/rustwide/workdir" "-m" "1610612736" "--user" "0:0" "--network" "none" "ghcr.io/rust-lang/crates-build-env/linux@sha256:5ff2268d62e97bff2cde7d5815dd6ed5b47097566f13b8d0ca110b04b60e07ed" "/opt/rustwide/cargo-home/bin/cargo" "+1.69.0" "metadata" "--no-deps" "--format-version=1", kill_on_drop: false }`
[INFO] [stdout] 43ca6f28966e1e04c151719853a3ee8bcbfebb1f39a6be77b2bded88175dabfa
[INFO] running `Command { std: "docker" "start" "-a" "43ca6f28966e1e04c151719853a3ee8bcbfebb1f39a6be77b2bded88175dabfa", kill_on_drop: false }`
[INFO] running `Command { std: "docker" "inspect" "43ca6f28966e1e04c151719853a3ee8bcbfebb1f39a6be77b2bded88175dabfa", kill_on_drop: false }`
[INFO] running `Command { std: "docker" "rm" "-f" "43ca6f28966e1e04c151719853a3ee8bcbfebb1f39a6be77b2bded88175dabfa", kill_on_drop: false }`
[INFO] [stdout] 43ca6f28966e1e04c151719853a3ee8bcbfebb1f39a6be77b2bded88175dabfa
[INFO] running `Command { std: "docker" "create" "-v" "/var/lib/crater-agent-workspace/builds/worker-1-tc1/target:/opt/rustwide/target:rw,Z" "-v" "/var/lib/crater-agent-workspace/builds/worker-1-tc1/source:/opt/rustwide/workdir:ro,Z" "-v" "/var/lib/crater-agent-workspace/cargo-home:/opt/rustwide/cargo-home:ro,Z" "-v" "/var/lib/crater-agent-workspace/rustup-home:/opt/rustwide/rustup-home:ro,Z" "-e" "SOURCE_DIR=/opt/rustwide/workdir" "-e" "CARGO_TARGET_DIR=/opt/rustwide/target" "-e" "CARGO_INCREMENTAL=0" "-e" "RUST_BACKTRACE=full" "-e" "RUSTFLAGS=--cap-lints=warn" "-e" "RUSTDOCFLAGS=--cap-lints=warn" "-e" "CARGO_HOME=/opt/rustwide/cargo-home" "-e" "RUSTUP_HOME=/opt/rustwide/rustup-home" "-w" "/opt/rustwide/workdir" "-m" "1610612736" "--user" "0:0" "--network" "none" "ghcr.io/rust-lang/crates-build-env/linux@sha256:5ff2268d62e97bff2cde7d5815dd6ed5b47097566f13b8d0ca110b04b60e07ed" "/opt/rustwide/cargo-home/bin/cargo" "+1.69.0" "build" "--frozen" "--message-format=json", kill_on_drop: false }`
[INFO] [stdout] 1cd19d3468a9f6690094cab6edb2ffd12d840f27a2f89a2421a2c025d9b60121
[INFO] running `Command { std: "docker" "start" "-a" "1cd19d3468a9f6690094cab6edb2ffd12d840f27a2f89a2421a2c025d9b60121", kill_on_drop: false }`
[INFO] [stderr]    Compiling libc v0.2.142
[INFO] [stderr]    Compiling log v0.4.17
[INFO] [stderr]    Compiling futures-task v0.3.28
[INFO] [stderr]    Compiling futures-channel v0.3.28
[INFO] [stderr]    Compiling ring v0.16.20
[INFO] [stderr]    Compiling futures-util v0.3.28
[INFO] [stderr]    Compiling futures-sink v0.3.28
[INFO] [stderr]    Compiling syn v1.0.109
[INFO] [stderr]    Compiling syn v2.0.15
[INFO] [stderr]    Compiling futures-io v0.3.28
[INFO] [stderr]    Compiling untrusted v0.7.1
[INFO] [stderr]    Compiling nom v4.2.3
[INFO] [stderr]    Compiling num-traits v0.2.15
[INFO] [stderr]    Compiling brotli-sys v0.3.2
[INFO] [stderr]    Compiling num-integer v0.1.45
[INFO] [stderr]    Compiling bytes v0.5.6
[INFO] [stderr]    Compiling pin-project-lite v0.1.12
[INFO] [stderr]    Compiling pin-project-internal v0.4.30
[INFO] [stderr]    Compiling match_cfg v0.1.0
[INFO] [stderr]    Compiling linked-hash-map v0.5.6
[INFO] [stderr]    Compiling convert_case v0.4.0
[INFO] [stderr]    Compiling v_htmlescape v0.4.5
[INFO] [stderr]    Compiling lru-cache v0.1.2
[INFO] [stderr]    Compiling sha1_smol v1.0.0
[INFO] [stderr]    Compiling fxhash v0.2.1
[INFO] [stderr]    Compiling copyless v0.1.5
[INFO] [stderr]    Compiling language-tags v0.2.2
[INFO] [stderr]    Compiling arc-swap v0.4.8
[INFO] [stderr]    Compiling sha1 v0.6.1
[INFO] [stderr]    Compiling iovec v0.1.4
[INFO] [stderr]    Compiling getrandom v0.1.16
[INFO] [stderr]    Compiling net2 v0.2.38
[INFO] [stderr]    Compiling backtrace v0.3.67
[INFO] [stderr]    Compiling hostname v0.3.1
[INFO] [stderr]    Compiling socket2 v0.3.19
[INFO] [stderr]    Compiling time v0.1.45
[INFO] [stderr]    Compiling parking_lot_core v0.7.3
[INFO] [stderr]    Compiling signal-hook-registry v1.4.1
[INFO] [stderr]    Compiling rand_core v0.5.1
[INFO] [stderr]    Compiling resolv-conf v0.6.3
[INFO] [stderr]    Compiling num_cpus v1.15.0
[INFO] [stderr]    Compiling mio v0.6.23
[INFO] [stderr]    Compiling rand_chacha v0.2.2
[INFO] [stderr]    Compiling parking_lot v0.10.2
[INFO] [stderr]    Compiling rand v0.7.3
[INFO] [stderr]    Compiling chrono v0.4.24
[INFO] [stderr]    Compiling tokio v0.2.25
[INFO] [stderr]    Compiling mio-uds v0.6.8
[INFO] [stderr]    Compiling futures-macro v0.3.28
[INFO] [stderr]    Compiling serde_derive v1.0.160
[INFO] [stderr]    Compiling async-trait v0.1.68
[INFO] [stderr]    Compiling synstructure v0.12.6
[INFO] [stderr]    Compiling webpki v0.21.4
[INFO] [stderr]    Compiling sct v0.6.1
[INFO] [stderr]    Compiling rustls v0.16.0
[INFO] [stderr]    Compiling webpki-roots v0.17.0
[INFO] [stderr]    Compiling failure_derive v0.1.8
[INFO] [stderr]    Compiling enum-as-inner v0.3.4
[INFO] [stderr]    Compiling v_escape_derive v0.5.6
[INFO] [stderr]    Compiling derive_more v0.99.17
[INFO] [stderr]    Compiling kayrx-macro v0.3.0
[INFO] [stderr]    Compiling failure v0.1.8
[INFO] [stderr]    Compiling v_escape v0.7.4
[INFO] [stderr]    Compiling brotli2 v0.3.2
[INFO] [stderr]    Compiling pin-project v0.4.30
[INFO] [stderr]    Compiling serde v1.0.160
[INFO] [stderr]    Compiling futures-executor v0.3.28
[INFO] [stderr]    Compiling futures v0.3.28
[INFO] [stderr]    Compiling trust-dns-proto v0.18.0-alpha.2
[INFO] [stderr]    Compiling trust-dns-resolver v0.18.0-alpha.2
[INFO] [stderr]    Compiling serde_urlencoded v0.6.1
[INFO] [stderr]    Compiling serde_json v1.0.96
[INFO] [stderr]    Compiling kayrx v0.7.7
[INFO] [stderr]    Compiling keclc-file v0.2.0 (/opt/rustwide/workdir)
[INFO] [stdout] warning: variant `IsNotDirectory` is never constructed
[INFO] [stdout]   --> src/error.rs:10:5
[INFO] [stdout]    |
[INFO] [stdout] 7  | pub enum FilesError {
[INFO] [stdout]    |          ---------- variant in this enum
[INFO] [stdout] ...
[INFO] [stdout] 10 |     IsNotDirectory,
[INFO] [stdout]    |     ^^^^^^^^^^^^^^
[INFO] [stdout]    |
[INFO] [stdout]    = note: `FilesError` has a derived impl for the trait `Debug`, but this is intentionally ignored during dead code analysis
[INFO] [stdout]    = note: `#[warn(dead_code)]` on by default
[INFO] [stdout] 
[INFO] [stdout] 
[INFO] [stdout] warning: 1 warning emitted
[INFO] [stdout] 
[INFO] [stdout] 
[INFO] [stderr]     Finished dev [unoptimized + debuginfo] target(s) in 31.31s
[INFO] [stderr] warning: the following packages contain code that will be rejected by a future version of Rust: nom v4.2.3
[INFO] [stderr] note: to see what the problems were, use the option `--future-incompat-report`, or run `cargo report future-incompatibilities --id 2`
[INFO] running `Command { std: "docker" "inspect" "1cd19d3468a9f6690094cab6edb2ffd12d840f27a2f89a2421a2c025d9b60121", kill_on_drop: false }`
[INFO] running `Command { std: "docker" "rm" "-f" "1cd19d3468a9f6690094cab6edb2ffd12d840f27a2f89a2421a2c025d9b60121", kill_on_drop: false }`
[INFO] [stdout] 1cd19d3468a9f6690094cab6edb2ffd12d840f27a2f89a2421a2c025d9b60121
[INFO] running `Command { std: "docker" "create" "-v" "/var/lib/crater-agent-workspace/builds/worker-1-tc1/target:/opt/rustwide/target:rw,Z" "-v" "/var/lib/crater-agent-workspace/builds/worker-1-tc1/source:/opt/rustwide/workdir:ro,Z" "-v" "/var/lib/crater-agent-workspace/cargo-home:/opt/rustwide/cargo-home:ro,Z" "-v" "/var/lib/crater-agent-workspace/rustup-home:/opt/rustwide/rustup-home:ro,Z" "-e" "SOURCE_DIR=/opt/rustwide/workdir" "-e" "CARGO_TARGET_DIR=/opt/rustwide/target" "-e" "CARGO_INCREMENTAL=0" "-e" "RUST_BACKTRACE=full" "-e" "RUSTFLAGS=--cap-lints=warn" "-e" "RUSTDOCFLAGS=--cap-lints=warn" "-e" "CARGO_HOME=/opt/rustwide/cargo-home" "-e" "RUSTUP_HOME=/opt/rustwide/rustup-home" "-w" "/opt/rustwide/workdir" "-m" "1610612736" "--user" "0:0" "--network" "none" "ghcr.io/rust-lang/crates-build-env/linux@sha256:5ff2268d62e97bff2cde7d5815dd6ed5b47097566f13b8d0ca110b04b60e07ed" "/opt/rustwide/cargo-home/bin/cargo" "+1.69.0" "test" "--frozen" "--no-run" "--message-format=json", kill_on_drop: false }`
[INFO] [stdout] 70dc8ec03ec71100359b874a4dcb8751d67a23f506665df6ae2b9754172bd1e0
[INFO] running `Command { std: "docker" "start" "-a" "70dc8ec03ec71100359b874a4dcb8751d67a23f506665df6ae2b9754172bd1e0", kill_on_drop: false }`
[INFO] [stderr]    Compiling kayrx-macro v0.2.1
[INFO] [stderr]    Compiling eternal-macro v0.2.1
[INFO] [stdout] warning: variant `IsNotDirectory` is never constructed
[INFO] [stdout]   --> src/error.rs:10:5
[INFO] [stdout]    |
[INFO] [stdout] 7  | pub enum FilesError {
[INFO] [stdout]    |          ---------- variant in this enum
[INFO] [stdout] ...
[INFO] [stdout] 10 |     IsNotDirectory,
[INFO] [stdout]    |     ^^^^^^^^^^^^^^
[INFO] [stdout]    |
[INFO] [stdout]    = note: `FilesError` has a derived impl for the trait `Debug`, but this is intentionally ignored during dead code analysis
[INFO] [stdout]    = note: `#[warn(dead_code)]` on by default
[INFO] [stdout] 
[INFO] [stdout] 
[INFO] [stdout] warning: 1 warning emitted
[INFO] [stdout] 
[INFO] [stdout] 
[INFO] [stderr]    Compiling kayrx v0.6.2
[INFO] [stderr]    Compiling eternal v0.3.2
[INFO] [stderr]    Compiling keclc-file v0.2.0 (/opt/rustwide/workdir)
[INFO] [stdout] error[E0464]: multiple candidates for `rlib` dependency `kayrx` found
[INFO] [stdout]   --> src/lib.rs:15:5
[INFO] [stdout]    |
[INFO] [stdout] 15 | use kayrx::service::boxed::{self, BoxService, BoxServiceFactory};
[INFO] [stdout]    |     ^^^^^
[INFO] [stdout]    |
[INFO] [stdout]    = note: candidate #1: /opt/rustwide/target/debug/deps/libkayrx-f47686cb27851aef.rlib
[INFO] [stdout]    = note: candidate #2: /opt/rustwide/target/debug/deps/libkayrx-1d9a6eb2b24876c0.rlib
[INFO] [stdout] 
[INFO] [stdout] 
[INFO] [stdout] error[E0464]: multiple candidates for `rlib` dependency `kayrx` found
[INFO] [stdout]   --> src/lib.rs:16:5
[INFO] [stdout]    |
[INFO] [stdout] 16 | use kayrx::service::{IntoServiceFactory, Service, ServiceFactory};
[INFO] [stdout]    |     ^^^^^
[INFO] [stdout]    |
[INFO] [stdout]    = note: candidate #1: /opt/rustwide/target/debug/deps/libkayrx-f47686cb27851aef.rlib
[INFO] [stdout]    = note: candidate #2: /opt/rustwide/target/debug/deps/libkayrx-1d9a6eb2b24876c0.rlib
[INFO] [stdout] 
[INFO] [stdout] 
[INFO] [stdout] error[E0464]: multiple candidates for `rlib` dependency `kayrx` found
[INFO] [stdout]   --> src/lib.rs:17:5
[INFO] [stdout]    |
[INFO] [stdout] 17 | use kayrx::web::dev::{
[INFO] [stdout]    |     ^^^^^
[INFO] [stdout]    |
[INFO] [stdout]    = note: candidate #1: /opt/rustwide/target/debug/deps/libkayrx-f47686cb27851aef.rlib
[INFO] [stdout]    = note: candidate #2: /opt/rustwide/target/debug/deps/libkayrx-1d9a6eb2b24876c0.rlib
[INFO] [stdout] 
[INFO] [stdout] 
[INFO] [stdout] error[E0464]: multiple candidates for `rlib` dependency `kayrx` found
[INFO] [stdout]   --> src/lib.rs:21:5
[INFO] [stdout]    |
[INFO] [stdout] 21 | use kayrx::web::error::{BlockingError, Error, ErrorInternalServerError};
[INFO] [stdout]    |     ^^^^^
[INFO] [stdout]    |
[INFO] [stdout]    = note: candidate #1: /opt/rustwide/target/debug/deps/libkayrx-f47686cb27851aef.rlib
[INFO] [stdout]    = note: candidate #2: /opt/rustwide/target/debug/deps/libkayrx-1d9a6eb2b24876c0.rlib
[INFO] [stdout] 
[INFO] [stdout] 
[INFO] [stdout] error[E0464]: multiple candidates for `rlib` dependency `kayrx` found
[INFO] [stdout]   --> src/lib.rs:22:5
[INFO] [stdout]    |
[INFO] [stdout] 22 | use kayrx::web::guard::Guard;
[INFO] [stdout]    |     ^^^^^
[INFO] [stdout]    |
[INFO] [stdout]    = note: candidate #1: /opt/rustwide/target/debug/deps/libkayrx-f47686cb27851aef.rlib
[INFO] [stdout]    = note: candidate #2: /opt/rustwide/target/debug/deps/libkayrx-1d9a6eb2b24876c0.rlib
[INFO] [stdout] 
[INFO] [stdout] 
[INFO] [stdout] error[E0464]: multiple candidates for `rlib` dependency `kayrx` found
[INFO] [stdout]   --> src/lib.rs:23:5
[INFO] [stdout]    |
[INFO] [stdout] 23 | use kayrx::http::header::{self, DispositionType};
[INFO] [stdout]    |     ^^^^^
[INFO] [stdout]    |
[INFO] [stdout]    = note: candidate #1: /opt/rustwide/target/debug/deps/libkayrx-f47686cb27851aef.rlib
[INFO] [stdout]    = note: candidate #2: /opt/rustwide/target/debug/deps/libkayrx-1d9a6eb2b24876c0.rlib
[INFO] [stdout] 
[INFO] [stdout] 
[INFO] [stdout] error[E0464]: multiple candidates for `rlib` dependency `kayrx` found
[INFO] [stdout]   --> src/lib.rs:24:5
[INFO] [stdout]    |
[INFO] [stdout] 24 | use kayrx::http::Method;
[INFO] [stdout]    |     ^^^^^
[INFO] [stdout]    |
[INFO] [stdout]    = note: candidate #1: /opt/rustwide/target/debug/deps/libkayrx-f47686cb27851aef.rlib
[INFO] [stdout]    = note: candidate #2: /opt/rustwide/target/debug/deps/libkayrx-1d9a6eb2b24876c0.rlib
[INFO] [stdout] 
[INFO] [stdout] 
[INFO] [stdout] error[E0464]: multiple candidates for `rlib` dependency `kayrx` found
[INFO] [stdout]   --> src/lib.rs:25:5
[INFO] [stdout]    |
[INFO] [stdout] 25 | use kayrx::web::{web, FromRequest, HttpRequest, HttpResponse};
[INFO] [stdout]    |     ^^^^^
[INFO] [stdout]    |
[INFO] [stdout]    = note: candidate #1: /opt/rustwide/target/debug/deps/libkayrx-f47686cb27851aef.rlib
[INFO] [stdout]    = note: candidate #2: /opt/rustwide/target/debug/deps/libkayrx-1d9a6eb2b24876c0.rlib
[INFO] [stdout] 
[INFO] [stdout] 
[INFO] [stdout] error[E0464]: multiple candidates for `rlib` dependency `kayrx` found
[INFO] [stdout]  --> src/error.rs:1:5
[INFO] [stdout]   |
[INFO] [stdout] 1 | use kayrx::web::{HttpResponse, ResponseError};
[INFO] [stdout]   |     ^^^^^
[INFO] [stdout]   |
[INFO] [stdout]   = note: candidate #1: /opt/rustwide/target/debug/deps/libkayrx-f47686cb27851aef.rlib
[INFO] [stdout]   = note: candidate #2: /opt/rustwide/target/debug/deps/libkayrx-1d9a6eb2b24876c0.rlib
[INFO] [stdout] 
[INFO] [stdout] 
[INFO] [stdout] error[E0464]: multiple candidates for `rlib` dependency `kayrx` found
[INFO] [stdout]  --> src/error.rs:2:5
[INFO] [stdout]   |
[INFO] [stdout] 2 | use kayrx::http::StatusCode;
[INFO] [stdout]   |     ^^^^^
[INFO] [stdout]   |
[INFO] [stdout]   = note: candidate #1: /opt/rustwide/target/debug/deps/libkayrx-f47686cb27851aef.rlib
[INFO] [stdout]   = note: candidate #2: /opt/rustwide/target/debug/deps/libkayrx-1d9a6eb2b24876c0.rlib
[INFO] [stdout] 
[INFO] [stdout] 
[INFO] [stdout] error[E0464]: multiple candidates for `rlib` dependency `kayrx` found
[INFO] [stdout]   --> src/named.rs:13:5
[INFO] [stdout]    |
[INFO] [stdout] 13 | use kayrx::http::body::SizedStream;
[INFO] [stdout]    |     ^^^^^
[INFO] [stdout]    |
[INFO] [stdout]    = note: candidate #1: /opt/rustwide/target/debug/deps/libkayrx-f47686cb27851aef.rlib
[INFO] [stdout]    = note: candidate #2: /opt/rustwide/target/debug/deps/libkayrx-1d9a6eb2b24876c0.rlib
[INFO] [stdout] 
[INFO] [stdout] 
[INFO] [stdout] error[E0464]: multiple candidates for `rlib` dependency `kayrx` found
[INFO] [stdout]   --> src/named.rs:14:5
[INFO] [stdout]    |
[INFO] [stdout] 14 | use kayrx::web::dev::BodyEncoding;
[INFO] [stdout]    |     ^^^^^
[INFO] [stdout]    |
[INFO] [stdout]    = note: candidate #1: /opt/rustwide/target/debug/deps/libkayrx-f47686cb27851aef.rlib
[INFO] [stdout]    = note: candidate #2: /opt/rustwide/target/debug/deps/libkayrx-1d9a6eb2b24876c0.rlib
[INFO] [stdout] 
[INFO] [stdout] 
[INFO] [stdout] error[E0464]: multiple candidates for `rlib` dependency `kayrx` found
[INFO] [stdout]   --> src/named.rs:15:5
[INFO] [stdout]    |
[INFO] [stdout] 15 | use kayrx::http::header::{
[INFO] [stdout]    |     ^^^^^
[INFO] [stdout]    |
[INFO] [stdout]    = note: candidate #1: /opt/rustwide/target/debug/deps/libkayrx-f47686cb27851aef.rlib
[INFO] [stdout]    = note: candidate #2: /opt/rustwide/target/debug/deps/libkayrx-1d9a6eb2b24876c0.rlib
[INFO] [stdout] 
[INFO] [stdout] 
[INFO] [stdout] error[E0464]: multiple candidates for `rlib` dependency `kayrx` found
[INFO] [stdout]   --> src/named.rs:18:5
[INFO] [stdout]    |
[INFO] [stdout] 18 | use kayrx::http::{ContentEncoding, StatusCode};
[INFO] [stdout]    |     ^^^^^
[INFO] [stdout]    |
[INFO] [stdout]    = note: candidate #1: /opt/rustwide/target/debug/deps/libkayrx-f47686cb27851aef.rlib
[INFO] [stdout]    = note: candidate #2: /opt/rustwide/target/debug/deps/libkayrx-1d9a6eb2b24876c0.rlib
[INFO] [stdout] 
[INFO] [stdout] 
[INFO] [stdout] error[E0464]: multiple candidates for `rlib` dependency `kayrx` found
[INFO] [stdout]   --> src/named.rs:19:5
[INFO] [stdout]    |
[INFO] [stdout] 19 | use kayrx::web::{Error, HttpMessage, HttpRequest, HttpResponse, Responder};
[INFO] [stdout]    |     ^^^^^
[INFO] [stdout]    |
[INFO] [stdout]    = note: candidate #1: /opt/rustwide/target/debug/deps/libkayrx-f47686cb27851aef.rlib
[INFO] [stdout]    = note: candidate #2: /opt/rustwide/target/debug/deps/libkayrx-1d9a6eb2b24876c0.rlib
[INFO] [stdout] 
[INFO] [stdout] 
[INFO] [stdout] error[E0464]: multiple candidates for `rlib` dependency `kayrx` found
[INFO] [stdout]    --> src/lib.rs:649:9
[INFO] [stdout]     |
[INFO] [stdout] 649 |     use kayrx::web::guard;
[INFO] [stdout]     |         ^^^^^
[INFO] [stdout]     |
[INFO] [stdout]     = note: candidate #1: /opt/rustwide/target/debug/deps/libkayrx-f47686cb27851aef.rlib
[INFO] [stdout]     = note: candidate #2: /opt/rustwide/target/debug/deps/libkayrx-1d9a6eb2b24876c0.rlib
[INFO] [stdout] 
[INFO] [stdout] 
[INFO] [stdout] error[E0464]: multiple candidates for `rlib` dependency `kayrx` found
[INFO] [stdout]    --> src/lib.rs:650:9
[INFO] [stdout]     |
[INFO] [stdout] 650 |     use kayrx::http::header::{
[INFO] [stdout]     |         ^^^^^
[INFO] [stdout]     |
[INFO] [stdout]     = note: candidate #1: /opt/rustwide/target/debug/deps/libkayrx-f47686cb27851aef.rlib
[INFO] [stdout]     = note: candidate #2: /opt/rustwide/target/debug/deps/libkayrx-1d9a6eb2b24876c0.rlib
[INFO] [stdout] 
[INFO] [stdout] 
[INFO] [stdout] error[E0464]: multiple candidates for `rlib` dependency `kayrx` found
[INFO] [stdout]    --> src/lib.rs:653:9
[INFO] [stdout]     |
[INFO] [stdout] 653 |     use kayrx::http::{Method, StatusCode};
[INFO] [stdout]     |         ^^^^^
[INFO] [stdout]     |
[INFO] [stdout]     = note: candidate #1: /opt/rustwide/target/debug/deps/libkayrx-f47686cb27851aef.rlib
[INFO] [stdout]     = note: candidate #2: /opt/rustwide/target/debug/deps/libkayrx-1d9a6eb2b24876c0.rlib
[INFO] [stdout] 
[INFO] [stdout] 
[INFO] [stdout] error[E0464]: multiple candidates for `rlib` dependency `kayrx` found
[INFO] [stdout]    --> src/lib.rs:654:9
[INFO] [stdout]     |
[INFO] [stdout] 654 |     use kayrx::web::middleware::Compress;
[INFO] [stdout]     |         ^^^^^
[INFO] [stdout]     |
[INFO] [stdout]     = note: candidate #1: /opt/rustwide/target/debug/deps/libkayrx-f47686cb27851aef.rlib
[INFO] [stdout]     = note: candidate #2: /opt/rustwide/target/debug/deps/libkayrx-1d9a6eb2b24876c0.rlib
[INFO] [stdout] 
[INFO] [stdout] 
[INFO] [stdout] error[E0464]: multiple candidates for `rlib` dependency `kayrx` found
[INFO] [stdout]    --> src/lib.rs:655:9
[INFO] [stdout]     |
[INFO] [stdout] 655 |     use kayrx::web::test::{self, TestRequest};
[INFO] [stdout]     |         ^^^^^
[INFO] [stdout]     |
[INFO] [stdout]     = note: candidate #1: /opt/rustwide/target/debug/deps/libkayrx-f47686cb27851aef.rlib
[INFO] [stdout]     = note: candidate #2: /opt/rustwide/target/debug/deps/libkayrx-1d9a6eb2b24876c0.rlib
[INFO] [stdout] 
[INFO] [stdout] 
[INFO] [stdout] error[E0464]: multiple candidates for `rlib` dependency `kayrx` found
[INFO] [stdout]    --> src/lib.rs:656:9
[INFO] [stdout]     |
[INFO] [stdout] 656 |     use kayrx::web::{App, Responder};
[INFO] [stdout]     |         ^^^^^
[INFO] [stdout]     |
[INFO] [stdout]     = note: candidate #1: /opt/rustwide/target/debug/deps/libkayrx-f47686cb27851aef.rlib
[INFO] [stdout]     = note: candidate #2: /opt/rustwide/target/debug/deps/libkayrx-1d9a6eb2b24876c0.rlib
[INFO] [stdout] 
[INFO] [stdout] 
[INFO] [stdout] error[E0464]: multiple candidates for `rlib` dependency `kayrx` found
[INFO] [stdout]    --> src/lib.rs:658:7
[INFO] [stdout]     |
[INFO] [stdout] 658 |     #[kayrx::test]
[INFO] [stdout]     |       ^^^^^
[INFO] [stdout]     |
[INFO] [stdout]     = note: candidate #1: /opt/rustwide/target/debug/deps/libkayrx-f47686cb27851aef.rlib
[INFO] [stdout]     = note: candidate #2: /opt/rustwide/target/debug/deps/libkayrx-1d9a6eb2b24876c0.rlib
[INFO] [stdout] 
[INFO] [stdout] 
[INFO] [stdout] error: cannot determine resolution for the attribute macro `kayrx::test`
[INFO] [stdout]    --> src/lib.rs:658:7
[INFO] [stdout]     |
[INFO] [stdout] 658 |     #[kayrx::test]
[INFO] [stdout]     |       ^^^^^^^^^^^
[INFO] [stdout]     |
[INFO] [stdout]     = note: import resolution is stuck, try simplifying macro imports
[INFO] [stdout] 
[INFO] [stdout] 
[INFO] [stdout] error[E0464]: multiple candidates for `rlib` dependency `kayrx` found
[INFO] [stdout]    --> src/lib.rs:670:7
[INFO] [stdout]     |
[INFO] [stdout] 670 |     #[kayrx::test]
[INFO] [stdout]     |       ^^^^^
[INFO] [stdout]     |
[INFO] [stdout]     = note: candidate #1: /opt/rustwide/target/debug/deps/libkayrx-f47686cb27851aef.rlib
[INFO] [stdout]     = note: candidate #2: /opt/rustwide/target/debug/deps/libkayrx-1d9a6eb2b24876c0.rlib
[INFO] [stdout] 
[INFO] [stdout] 
[INFO] [stdout] error: cannot determine resolution for the attribute macro `kayrx::test`
[INFO] [stdout]    --> src/lib.rs:670:7
[INFO] [stdout]     |
[INFO] [stdout] 670 |     #[kayrx::test]
[INFO] [stdout]     |       ^^^^^^^^^^^
[INFO] [stdout]     |
[INFO] [stdout]     = note: import resolution is stuck, try simplifying macro imports
[INFO] [stdout] 
[INFO] [stdout] 
[INFO] [stdout] error[E0464]: multiple candidates for `rlib` dependency `kayrx` found
[INFO] [stdout]    --> src/lib.rs:683:7
[INFO] [stdout]     |
[INFO] [stdout] 683 |     #[kayrx::test]
[INFO] [stdout]     |       ^^^^^
[INFO] [stdout]     |
[INFO] [stdout]     = note: candidate #1: /opt/rustwide/target/debug/deps/libkayrx-f47686cb27851aef.rlib
[INFO] [stdout]     = note: candidate #2: /opt/rustwide/target/debug/deps/libkayrx-1d9a6eb2b24876c0.rlib
[INFO] [stdout] 
[INFO] [stdout] 
[INFO] [stdout] error: cannot determine resolution for the attribute macro `kayrx::test`
[INFO] [stdout]    --> src/lib.rs:683:7
[INFO] [stdout]     |
[INFO] [stdout] 683 |     #[kayrx::test]
[INFO] [stdout]     |       ^^^^^^^^^^^
[INFO] [stdout]     |
[INFO] [stdout]     = note: import resolution is stuck, try simplifying macro imports
[INFO] [stdout] 
[INFO] [stdout] 
[INFO] [stdout] error[E0464]: multiple candidates for `rlib` dependency `kayrx` found
[INFO] [stdout]    --> src/lib.rs:697:7
[INFO] [stdout]     |
[INFO] [stdout] 697 |     #[kayrx::test]
[INFO] [stdout]     |       ^^^^^
[INFO] [stdout]     |
[INFO] [stdout]     = note: candidate #1: /opt/rustwide/target/debug/deps/libkayrx-f47686cb27851aef.rlib
[INFO] [stdout]     = note: candidate #2: /opt/rustwide/target/debug/deps/libkayrx-1d9a6eb2b24876c0.rlib
[INFO] [stdout] 
[INFO] [stdout] 
[INFO] [stdout] error: cannot determine resolution for the attribute macro `kayrx::test`
[INFO] [stdout]    --> src/lib.rs:697:7
[INFO] [stdout]     |
[INFO] [stdout] 697 |     #[kayrx::test]
[INFO] [stdout]     |       ^^^^^^^^^^^
[INFO] [stdout]     |
[INFO] [stdout]     = note: import resolution is stuck, try simplifying macro imports
[INFO] [stdout] 
[INFO] [stdout] 
[INFO] [stdout] error[E0464]: multiple candidates for `rlib` dependency `kayrx` found
[INFO] [stdout]    --> src/lib.rs:721:7
[INFO] [stdout]     |
[INFO] [stdout] 721 |     #[kayrx::test]
[INFO] [stdout]     |       ^^^^^
[INFO] [stdout]     |
[INFO] [stdout]     = note: candidate #1: /opt/rustwide/target/debug/deps/libkayrx-f47686cb27851aef.rlib
[INFO] [stdout]     = note: candidate #2: /opt/rustwide/target/debug/deps/libkayrx-1d9a6eb2b24876c0.rlib
[INFO] [stdout] 
[INFO] [stdout] 
[INFO] [stdout] error: cannot determine resolution for the attribute macro `kayrx::test`
[INFO] [stdout]    --> src/lib.rs:721:7
[INFO] [stdout]     |
[INFO] [stdout] 721 |     #[kayrx::test]
[INFO] [stdout]     |       ^^^^^^^^^^^
[INFO] [stdout]     |
[INFO] [stdout]     = note: import resolution is stuck, try simplifying macro imports
[INFO] [stdout] 
[INFO] [stdout] 
[INFO] [stdout] error[E0464]: multiple candidates for `rlib` dependency `kayrx` found
[INFO] [stdout]    --> src/lib.rs:748:7
[INFO] [stdout]     |
[INFO] [stdout] 748 |     #[kayrx::test]
[INFO] [stdout]     |       ^^^^^
[INFO] [stdout]     |
[INFO] [stdout]     = note: candidate #1: /opt/rustwide/target/debug/deps/libkayrx-f47686cb27851aef.rlib
[INFO] [stdout]     = note: candidate #2: /opt/rustwide/target/debug/deps/libkayrx-1d9a6eb2b24876c0.rlib
[INFO] [stdout] 
[INFO] [stdout] 
[INFO] [stdout] error: cannot determine resolution for the attribute macro `kayrx::test`
[INFO] [stdout]    --> src/lib.rs:748:7
[INFO] [stdout]     |
[INFO] [stdout] 748 |     #[kayrx::test]
[INFO] [stdout]     |       ^^^^^^^^^^^
[INFO] [stdout]     |
[INFO] [stdout]     = note: import resolution is stuck, try simplifying macro imports
[INFO] [stdout] 
[INFO] [stdout] 
[INFO] [stdout] error[E0464]: multiple candidates for `rlib` dependency `kayrx` found
[INFO] [stdout]    --> src/lib.rs:773:7
[INFO] [stdout]     |
[INFO] [stdout] 773 |     #[kayrx::test]
[INFO] [stdout]     |       ^^^^^
[INFO] [stdout]     |
[INFO] [stdout]     = note: candidate #1: /opt/rustwide/target/debug/deps/libkayrx-f47686cb27851aef.rlib
[INFO] [stdout]     = note: candidate #2: /opt/rustwide/target/debug/deps/libkayrx-1d9a6eb2b24876c0.rlib
[INFO] [stdout] 
[INFO] [stdout] 
[INFO] [stdout] error: cannot determine resolution for the attribute macro `kayrx::test`
[INFO] [stdout]    --> src/lib.rs:773:7
[INFO] [stdout]     |
[INFO] [stdout] 773 |     #[kayrx::test]
[INFO] [stdout]     |       ^^^^^^^^^^^
[INFO] [stdout]     |
[INFO] [stdout]     = note: import resolution is stuck, try simplifying macro imports
[INFO] [stdout] 
[INFO] [stdout] 
[INFO] [stdout] error[E0464]: multiple candidates for `rlib` dependency `kayrx` found
[INFO] [stdout]    --> src/lib.rs:798:7
[INFO] [stdout]     |
[INFO] [stdout] 798 |     #[kayrx::test]
[INFO] [stdout]     |       ^^^^^
[INFO] [stdout]     |
[INFO] [stdout]     = note: candidate #1: /opt/rustwide/target/debug/deps/libkayrx-f47686cb27851aef.rlib
[INFO] [stdout]     = note: candidate #2: /opt/rustwide/target/debug/deps/libkayrx-1d9a6eb2b24876c0.rlib
[INFO] [stdout] 
[INFO] [stdout] 
[INFO] [stdout] error: cannot determine resolution for the attribute macro `kayrx::test`
[INFO] [stdout]    --> src/lib.rs:798:7
[INFO] [stdout]     |
[INFO] [stdout] 798 |     #[kayrx::test]
[INFO] [stdout]     |       ^^^^^^^^^^^
[INFO] [stdout]     |
[INFO] [stdout]     = note: import resolution is stuck, try simplifying macro imports
[INFO] [stdout] 
[INFO] [stdout] 
[INFO] [stdout] error[E0464]: multiple candidates for `rlib` dependency `kayrx` found
[INFO] [stdout]    --> src/lib.rs:821:7
[INFO] [stdout]     |
[INFO] [stdout] 821 |     #[kayrx::test]
[INFO] [stdout]     |       ^^^^^
[INFO] [stdout]     |
[INFO] [stdout]     = note: candidate #1: /opt/rustwide/target/debug/deps/libkayrx-f47686cb27851aef.rlib
[INFO] [stdout]     = note: candidate #2: /opt/rustwide/target/debug/deps/libkayrx-1d9a6eb2b24876c0.rlib
[INFO] [stdout] 
[INFO] [stdout] 
[INFO] [stdout] error: cannot determine resolution for the attribute macro `kayrx::test`
[INFO] [stdout]    --> src/lib.rs:821:7
[INFO] [stdout]     |
[INFO] [stdout] 821 |     #[kayrx::test]
[INFO] [stdout]     |       ^^^^^^^^^^^
[INFO] [stdout]     |
[INFO] [stdout]     = note: import resolution is stuck, try simplifying macro imports
[INFO] [stdout] 
[INFO] [stdout] 
[INFO] [stdout] error[E0464]: multiple candidates for `rlib` dependency `kayrx` found
[INFO] [stdout]    --> src/lib.rs:850:7
[INFO] [stdout]     |
[INFO] [stdout] 850 |     #[kayrx::test]
[INFO] [stdout]     |       ^^^^^
[INFO] [stdout]     |
[INFO] [stdout]     = note: candidate #1: /opt/rustwide/target/debug/deps/libkayrx-f47686cb27851aef.rlib
[INFO] [stdout]     = note: candidate #2: /opt/rustwide/target/debug/deps/libkayrx-1d9a6eb2b24876c0.rlib
[INFO] [stdout] 
[INFO] [stdout] 
[INFO] [stdout] error: cannot determine resolution for the attribute macro `kayrx::test`
[INFO] [stdout]    --> src/lib.rs:850:7
[INFO] [stdout]     |
[INFO] [stdout] 850 |     #[kayrx::test]
[INFO] [stdout]     |       ^^^^^^^^^^^
[INFO] [stdout]     |
[INFO] [stdout]     = note: import resolution is stuck, try simplifying macro imports
[INFO] [stdout] 
[INFO] [stdout] 
[INFO] [stdout] error[E0464]: multiple candidates for `rlib` dependency `kayrx` found
[INFO] [stdout]    --> src/lib.rs:873:7
[INFO] [stdout]     |
[INFO] [stdout] 873 |     #[kayrx::test]
[INFO] [stdout]     |       ^^^^^
[INFO] [stdout]     |
[INFO] [stdout]     = note: candidate #1: /opt/rustwide/target/debug/deps/libkayrx-f47686cb27851aef.rlib
[INFO] [stdout]     = note: candidate #2: /opt/rustwide/target/debug/deps/libkayrx-1d9a6eb2b24876c0.rlib
[INFO] [stdout] 
[INFO] [stdout] 
[INFO] [stdout] error: cannot determine resolution for the attribute macro `kayrx::test`
[INFO] [stdout]    --> src/lib.rs:873:7
[INFO] [stdout]     |
[INFO] [stdout] 873 |     #[kayrx::test]
[INFO] [stdout]     |       ^^^^^^^^^^^
[INFO] [stdout]     |
[INFO] [stdout]     = note: import resolution is stuck, try simplifying macro imports
[INFO] [stdout] 
[INFO] [stdout] 
[INFO] [stdout] error[E0464]: multiple candidates for `rlib` dependency `kayrx` found
[INFO] [stdout]    --> src/lib.rs:899:7
[INFO] [stdout]     |
[INFO] [stdout] 899 |     #[kayrx::test]
[INFO] [stdout]     |       ^^^^^
[INFO] [stdout]     |
[INFO] [stdout]     = note: candidate #1: /opt/rustwide/target/debug/deps/libkayrx-f47686cb27851aef.rlib
[INFO] [stdout]     = note: candidate #2: /opt/rustwide/target/debug/deps/libkayrx-1d9a6eb2b24876c0.rlib
[INFO] [stdout] 
[INFO] [stdout] 
[INFO] [stdout] error: cannot determine resolution for the attribute macro `kayrx::test`
[INFO] [stdout]    --> src/lib.rs:899:7
[INFO] [stdout]     |
[INFO] [stdout] 899 |     #[kayrx::test]
[INFO] [stdout]     |       ^^^^^^^^^^^
[INFO] [stdout]     |
[INFO] [stdout]     = note: import resolution is stuck, try simplifying macro imports
[INFO] [stdout] 
[INFO] [stdout] 
[INFO] [stdout] error[E0464]: multiple candidates for `rlib` dependency `kayrx` found
[INFO] [stdout]    --> src/lib.rs:928:7
[INFO] [stdout]     |
[INFO] [stdout] 928 |     #[kayrx::test]
[INFO] [stdout]     |       ^^^^^
[INFO] [stdout]     |
[INFO] [stdout]     = note: candidate #1: /opt/rustwide/target/debug/deps/libkayrx-f47686cb27851aef.rlib
[INFO] [stdout]     = note: candidate #2: /opt/rustwide/target/debug/deps/libkayrx-1d9a6eb2b24876c0.rlib
[INFO] [stdout] 
[INFO] [stdout] 
[INFO] [stdout] error: cannot determine resolution for the attribute macro `kayrx::test`
[INFO] [stdout]    --> src/lib.rs:928:7
[INFO] [stdout]     |
[INFO] [stdout] 928 |     #[kayrx::test]
[INFO] [stdout]     |       ^^^^^^^^^^^
[INFO] [stdout]     |
[INFO] [stdout]     = note: import resolution is stuck, try simplifying macro imports
[INFO] [stdout] 
[INFO] [stdout] 
[INFO] [stdout] error[E0464]: multiple candidates for `rlib` dependency `kayrx` found
[INFO] [stdout]    --> src/lib.rs:953:7
[INFO] [stdout]     |
[INFO] [stdout] 953 |     #[kayrx::test]
[INFO] [stdout]     |       ^^^^^
[INFO] [stdout]     |
[INFO] [stdout]     = note: candidate #1: /opt/rustwide/target/debug/deps/libkayrx-f47686cb27851aef.rlib
[INFO] [stdout]     = note: candidate #2: /opt/rustwide/target/debug/deps/libkayrx-1d9a6eb2b24876c0.rlib
[INFO] [stdout] 
[INFO] [stdout] 
[INFO] [stdout] error: cannot determine resolution for the attribute macro `kayrx::test`
[INFO] [stdout]    --> src/lib.rs:953:7
[INFO] [stdout]     |
[INFO] [stdout] 953 |     #[kayrx::test]
[INFO] [stdout]     |       ^^^^^^^^^^^
[INFO] [stdout]     |
[INFO] [stdout]     = note: import resolution is stuck, try simplifying macro imports
[INFO] [stdout] 
[INFO] [stdout] 
[INFO] [stdout] error[E0464]: multiple candidates for `rlib` dependency `kayrx` found
[INFO] [stdout]    --> src/lib.rs:993:7
[INFO] [stdout]     |
[INFO] [stdout] 993 |     #[kayrx::test]
[INFO] [stdout]     |       ^^^^^
[INFO] [stdout]     |
[INFO] [stdout]     = note: candidate #1: /opt/rustwide/target/debug/deps/libkayrx-f47686cb27851aef.rlib
[INFO] [stdout]     = note: candidate #2: /opt/rustwide/target/debug/deps/libkayrx-1d9a6eb2b24876c0.rlib
[INFO] [stdout] 
[INFO] [stdout] 
[INFO] [stdout] error: cannot determine resolution for the attribute macro `kayrx::test`
[INFO] [stdout]    --> src/lib.rs:993:7
[INFO] [stdout]     |
[INFO] [stdout] 993 |     #[kayrx::test]
[INFO] [stdout]     |       ^^^^^^^^^^^
[INFO] [stdout]     |
[INFO] [stdout]     = note: import resolution is stuck, try simplifying macro imports
[INFO] [stdout] 
[INFO] [stdout] 
[INFO] [stdout] error[E0464]: multiple candidates for `rlib` dependency `kayrx` found
[INFO] [stdout]     --> src/lib.rs:1062:7
[INFO] [stdout]      |
[INFO] [stdout] 1062 |     #[kayrx::test]
[INFO] [stdout]      |       ^^^^^
[INFO] [stdout]      |
[INFO] [stdout]      = note: candidate #1: /opt/rustwide/target/debug/deps/libkayrx-f47686cb27851aef.rlib
[INFO] [stdout]      = note: candidate #2: /opt/rustwide/target/debug/deps/libkayrx-1d9a6eb2b24876c0.rlib
[INFO] [stdout] 
[INFO] [stdout] 
[INFO] [stdout] error: cannot determine resolution for the attribute macro `kayrx::test`
[INFO] [stdout]     --> src/lib.rs:1062:7
[INFO] [stdout]      |
[INFO] [stdout] 1062 |     #[kayrx::test]
[INFO] [stdout]      |       ^^^^^^^^^^^
[INFO] [stdout]      |
[INFO] [stdout]      = note: import resolution is stuck, try simplifying macro imports
[INFO] [stdout] 
[INFO] [stdout] 
[INFO] [stdout] error[E0464]: multiple candidates for `rlib` dependency `kayrx` found
[INFO] [stdout]     --> src/lib.rs:1086:7
[INFO] [stdout]      |
[INFO] [stdout] 1086 |     #[kayrx::test]
[INFO] [stdout]      |       ^^^^^
[INFO] [stdout]      |
[INFO] [stdout]      = note: candidate #1: /opt/rustwide/target/debug/deps/libkayrx-f47686cb27851aef.rlib
[INFO] [stdout]      = note: candidate #2: /opt/rustwide/target/debug/deps/libkayrx-1d9a6eb2b24876c0.rlib
[INFO] [stdout] 
[INFO] [stdout] 
[INFO] [stdout] error: cannot determine resolution for the attribute macro `kayrx::test`
[INFO] [stdout]     --> src/lib.rs:1086:7
[INFO] [stdout]      |
[INFO] [stdout] 1086 |     #[kayrx::test]
[INFO] [stdout]      |       ^^^^^^^^^^^
[INFO] [stdout]      |
[INFO] [stdout]      = note: import resolution is stuck, try simplifying macro imports
[INFO] [stdout] 
[INFO] [stdout] 
[INFO] [stdout] error[E0464]: multiple candidates for `rlib` dependency `kayrx` found
[INFO] [stdout]     --> src/lib.rs:1103:7
[INFO] [stdout]      |
[INFO] [stdout] 1103 |     #[kayrx::test]
[INFO] [stdout]      |       ^^^^^
[INFO] [stdout]      |
[INFO] [stdout]      = note: candidate #1: /opt/rustwide/target/debug/deps/libkayrx-f47686cb27851aef.rlib
[INFO] [stdout]      = note: candidate #2: /opt/rustwide/target/debug/deps/libkayrx-1d9a6eb2b24876c0.rlib
[INFO] [stdout] 
[INFO] [stdout] 
[INFO] [stdout] error: cannot determine resolution for the attribute macro `kayrx::test`
[INFO] [stdout]     --> src/lib.rs:1103:7
[INFO] [stdout]      |
[INFO] [stdout] 1103 |     #[kayrx::test]
[INFO] [stdout]      |       ^^^^^^^^^^^
[INFO] [stdout]      |
[INFO] [stdout]      = note: import resolution is stuck, try simplifying macro imports
[INFO] [stdout] 
[INFO] [stdout] 
[INFO] [stdout] error[E0464]: multiple candidates for `rlib` dependency `kayrx` found
[INFO] [stdout]     --> src/lib.rs:1124:7
[INFO] [stdout]      |
[INFO] [stdout] 1124 |     #[kayrx::test]
[INFO] [stdout]      |       ^^^^^
[INFO] [stdout]      |
[INFO] [stdout]      = note: candidate #1: /opt/rustwide/target/debug/deps/libkayrx-f47686cb27851aef.rlib
[INFO] [stdout]      = note: candidate #2: /opt/rustwide/target/debug/deps/libkayrx-1d9a6eb2b24876c0.rlib
[INFO] [stdout] 
[INFO] [stdout] 
[INFO] [stdout] error: cannot determine resolution for the attribute macro `kayrx::test`
[INFO] [stdout]     --> src/lib.rs:1124:7
[INFO] [stdout]      |
[INFO] [stdout] 1124 |     #[kayrx::test]
[INFO] [stdout]      |       ^^^^^^^^^^^
[INFO] [stdout]      |
[INFO] [stdout]      = note: import resolution is stuck, try simplifying macro imports
[INFO] [stdout] 
[INFO] [stdout] 
[INFO] [stdout] error[E0464]: multiple candidates for `rlib` dependency `kayrx` found
[INFO] [stdout]     --> src/lib.rs:1140:7
[INFO] [stdout]      |
[INFO] [stdout] 1140 |     #[kayrx::test]
[INFO] [stdout]      |       ^^^^^
[INFO] [stdout]      |
[INFO] [stdout]      = note: candidate #1: /opt/rustwide/target/debug/deps/libkayrx-f47686cb27851aef.rlib
[INFO] [stdout]      = note: candidate #2: /opt/rustwide/target/debug/deps/libkayrx-1d9a6eb2b24876c0.rlib
[INFO] [stdout] 
[INFO] [stdout] 
[INFO] [stdout] error: cannot determine resolution for the attribute macro `kayrx::test`
[INFO] [stdout]     --> src/lib.rs:1140:7
[INFO] [stdout]      |
[INFO] [stdout] 1140 |     #[kayrx::test]
[INFO] [stdout]      |       ^^^^^^^^^^^
[INFO] [stdout]      |
[INFO] [stdout]      = note: import resolution is stuck, try simplifying macro imports
[INFO] [stdout] 
[INFO] [stdout] 
[INFO] [stdout] error[E0464]: multiple candidates for `rlib` dependency `kayrx` found
[INFO] [stdout]     --> src/lib.rs:1162:7
[INFO] [stdout]      |
[INFO] [stdout] 1162 |     #[kayrx::test]
[INFO] [stdout]      |       ^^^^^
[INFO] [stdout]      |
[INFO] [stdout]      = note: candidate #1: /opt/rustwide/target/debug/deps/libkayrx-f47686cb27851aef.rlib
[INFO] [stdout]      = note: candidate #2: /opt/rustwide/target/debug/deps/libkayrx-1d9a6eb2b24876c0.rlib
[INFO] [stdout] 
[INFO] [stdout] 
[INFO] [stdout] error: cannot determine resolution for the attribute macro `kayrx::test`
[INFO] [stdout]     --> src/lib.rs:1162:7
[INFO] [stdout]      |
[INFO] [stdout] 1162 |     #[kayrx::test]
[INFO] [stdout]      |       ^^^^^^^^^^^
[INFO] [stdout]      |
[INFO] [stdout]      = note: import resolution is stuck, try simplifying macro imports
[INFO] [stdout] 
[INFO] [stdout] 
[INFO] [stdout] error[E0464]: multiple candidates for `rlib` dependency `kayrx` found
[INFO] [stdout]     --> src/lib.rs:1191:7
[INFO] [stdout]      |
[INFO] [stdout] 1191 |     #[kayrx::test]
[INFO] [stdout]      |       ^^^^^
[INFO] [stdout]      |
[INFO] [stdout]      = note: candidate #1: /opt/rustwide/target/debug/deps/libkayrx-f47686cb27851aef.rlib
[INFO] [stdout]      = note: candidate #2: /opt/rustwide/target/debug/deps/libkayrx-1d9a6eb2b24876c0.rlib
[INFO] [stdout] 
[INFO] [stdout] 
[INFO] [stdout] error: cannot determine resolution for the attribute macro `kayrx::test`
[INFO] [stdout]     --> src/lib.rs:1191:7
[INFO] [stdout]      |
[INFO] [stdout] 1191 |     #[kayrx::test]
[INFO] [stdout]      |       ^^^^^^^^^^^
[INFO] [stdout]      |
[INFO] [stdout]      = note: import resolution is stuck, try simplifying macro imports
[INFO] [stdout] 
[INFO] [stdout] 
[INFO] [stdout] error[E0464]: multiple candidates for `rlib` dependency `kayrx` found
[INFO] [stdout]     --> src/lib.rs:1199:7
[INFO] [stdout]      |
[INFO] [stdout] 1199 |     #[kayrx::test]
[INFO] [stdout]      |       ^^^^^
[INFO] [stdout]      |
[INFO] [stdout]      = note: candidate #1: /opt/rustwide/target/debug/deps/libkayrx-f47686cb27851aef.rlib
[INFO] [stdout]      = note: candidate #2: /opt/rustwide/target/debug/deps/libkayrx-1d9a6eb2b24876c0.rlib
[INFO] [stdout] 
[INFO] [stdout] 
[INFO] [stdout] error: cannot determine resolution for the attribute macro `kayrx::test`
[INFO] [stdout]     --> src/lib.rs:1199:7
[INFO] [stdout]      |
[INFO] [stdout] 1199 |     #[kayrx::test]
[INFO] [stdout]      |       ^^^^^^^^^^^
[INFO] [stdout]      |
[INFO] [stdout]      = note: import resolution is stuck, try simplifying macro imports
[INFO] [stdout] 
[INFO] [stdout] 
[INFO] [stdout] error[E0464]: multiple candidates for `rlib` dependency `kayrx` found
[INFO] [stdout]     --> src/lib.rs:1231:7
[INFO] [stdout]      |
[INFO] [stdout] 1231 |     #[kayrx::test]
[INFO] [stdout]      |       ^^^^^
[INFO] [stdout]      |
[INFO] [stdout]      = note: candidate #1: /opt/rustwide/target/debug/deps/libkayrx-f47686cb27851aef.rlib
[INFO] [stdout]      = note: candidate #2: /opt/rustwide/target/debug/deps/libkayrx-1d9a6eb2b24876c0.rlib
[INFO] [stdout] 
[INFO] [stdout] 
[INFO] [stdout] error: cannot determine resolution for the attribute macro `kayrx::test`
[INFO] [stdout]     --> src/lib.rs:1231:7
[INFO] [stdout]      |
[INFO] [stdout] 1231 |     #[kayrx::test]
[INFO] [stdout]      |       ^^^^^^^^^^^
[INFO] [stdout]      |
[INFO] [stdout]      = note: import resolution is stuck, try simplifying macro imports
[INFO] [stdout] 
[INFO] [stdout] 
[INFO] [stdout] error[E0464]: multiple candidates for `rlib` dependency `kayrx` found
[INFO] [stdout]     --> src/lib.rs:1261:7
[INFO] [stdout]      |
[INFO] [stdout] 1261 |     #[kayrx::test]
[INFO] [stdout]      |       ^^^^^
[INFO] [stdout]      |
[INFO] [stdout]      = note: candidate #1: /opt/rustwide/target/debug/deps/libkayrx-f47686cb27851aef.rlib
[INFO] [stdout]      = note: candidate #2: /opt/rustwide/target/debug/deps/libkayrx-1d9a6eb2b24876c0.rlib
[INFO] [stdout] 
[INFO] [stdout] 
[INFO] [stdout] error: cannot determine resolution for the attribute macro `kayrx::test`
[INFO] [stdout]     --> src/lib.rs:1261:7
[INFO] [stdout]      |
[INFO] [stdout] 1261 |     #[kayrx::test]
[INFO] [stdout]      |       ^^^^^^^^^^^
[INFO] [stdout]      |
[INFO] [stdout]      = note: import resolution is stuck, try simplifying macro imports
[INFO] [stdout] 
[INFO] [stdout] 
[INFO] [stdout] error[E0464]: multiple candidates for `rlib` dependency `kayrx` found
[INFO] [stdout]     --> src/lib.rs:1267:7
[INFO] [stdout]      |
[INFO] [stdout] 1267 |     #[kayrx::test]
[INFO] [stdout]      |       ^^^^^
[INFO] [stdout]      |
[INFO] [stdout]      = note: candidate #1: /opt/rustwide/target/debug/deps/libkayrx-f47686cb27851aef.rlib
[INFO] [stdout]      = note: candidate #2: /opt/rustwide/target/debug/deps/libkayrx-1d9a6eb2b24876c0.rlib
[INFO] [stdout] 
[INFO] [stdout] 
[INFO] [stdout] error: cannot determine resolution for the attribute macro `kayrx::test`
[INFO] [stdout]     --> src/lib.rs:1267:7
[INFO] [stdout]      |
[INFO] [stdout] 1267 |     #[kayrx::test]
[INFO] [stdout]      |       ^^^^^^^^^^^
[INFO] [stdout]      |
[INFO] [stdout]      = note: import resolution is stuck, try simplifying macro imports
[INFO] [stdout] 
[INFO] [stdout] 
[INFO] [stdout] error[E0464]: multiple candidates for `rlib` dependency `kayrx` found
[INFO] [stdout]     --> src/lib.rs:1398:7
[INFO] [stdout]      |
[INFO] [stdout] 1398 |     #[kayrx::test]
[INFO] [stdout]      |       ^^^^^
[INFO] [stdout]      |
[INFO] [stdout]      = note: candidate #1: /opt/rustwide/target/debug/deps/libkayrx-f47686cb27851aef.rlib
[INFO] [stdout]      = note: candidate #2: /opt/rustwide/target/debug/deps/libkayrx-1d9a6eb2b24876c0.rlib
[INFO] [stdout] 
[INFO] [stdout] 
[INFO] [stdout] error: cannot determine resolution for the attribute macro `kayrx::test`
[INFO] [stdout]     --> src/lib.rs:1398:7
[INFO] [stdout]      |
[INFO] [stdout] 1398 |     #[kayrx::test]
[INFO] [stdout]      |       ^^^^^^^^^^^
[INFO] [stdout]      |
[INFO] [stdout]      = note: import resolution is stuck, try simplifying macro imports
[INFO] [stdout] 
[INFO] [stdout] 
[INFO] [stdout] error[E0464]: multiple candidates for `rlib` dependency `kayrx` found
[INFO] [stdout]    --> src/lib.rs:513:17
[INFO] [stdout]     |
[INFO] [stdout] 513 |                 kayrx::web::HttpResponse::MethodNotAllowed()
[INFO] [stdout]     |                 ^^^^^
[INFO] [stdout]     |
[INFO] [stdout]     = note: candidate #1: /opt/rustwide/target/debug/deps/libkayrx-f47686cb27851aef.rlib
[INFO] [stdout]     = note: candidate #2: /opt/rustwide/target/debug/deps/libkayrx-1d9a6eb2b24876c0.rlib
[INFO] [stdout] 
[INFO] [stdout] 
[INFO] [stdout] error: aborting due to 76 previous errors
[INFO] [stdout] 
[INFO] [stdout] 
[INFO] [stdout] For more information about this error, try `rustc --explain E0464`.
[INFO] [stdout] 
[INFO] [stderr] error: could not compile `keclc-file` due to 77 previous errors
[INFO] running `Command { std: "docker" "inspect" "70dc8ec03ec71100359b874a4dcb8751d67a23f506665df6ae2b9754172bd1e0", kill_on_drop: false }`
[INFO] running `Command { std: "docker" "rm" "-f" "70dc8ec03ec71100359b874a4dcb8751d67a23f506665df6ae2b9754172bd1e0", kill_on_drop: false }`
[INFO] [stdout] 70dc8ec03ec71100359b874a4dcb8751d67a23f506665df6ae2b9754172bd1e0
