[INFO] fetching crate kconfig 0.1.0...
[INFO] testing kconfig-0.1.0 against 1.69.0 for beta-1.70-1
[INFO] extracting crate kconfig 0.1.0 into /workspace/builds/worker-0-tc1/source
[INFO] validating manifest of crates.io crate kconfig 0.1.0 on toolchain 1.69.0
[INFO] running `Command { std: CARGO_HOME="/workspace/cargo-home" RUSTUP_HOME="/workspace/rustup-home" "/workspace/cargo-home/bin/cargo" "+1.69.0" "metadata" "--manifest-path" "Cargo.toml" "--no-deps", kill_on_drop: false }`
[INFO] started tweaking crates.io crate kconfig 0.1.0
[INFO] finished tweaking crates.io crate kconfig 0.1.0
[INFO] tweaked toml for crates.io crate kconfig 0.1.0 written to /workspace/builds/worker-0-tc1/source/Cargo.toml
[INFO] running `Command { std: CARGO_HOME="/workspace/cargo-home" RUSTUP_HOME="/workspace/rustup-home" __CARGO_TEST_CHANNEL_OVERRIDE_DO_NOT_USE_THIS="nightly" "/workspace/cargo-home/bin/cargo" "+1.69.0" "generate-lockfile" "--manifest-path" "Cargo.toml" "-Zno-index-update", kill_on_drop: false }`
[INFO] running `Command { std: CARGO_HOME="/workspace/cargo-home" RUSTUP_HOME="/workspace/rustup-home" "/workspace/cargo-home/bin/cargo" "+1.69.0" "fetch" "--manifest-path" "Cargo.toml", kill_on_drop: false }`
[INFO] [stderr]  Downloading crates ...
[INFO] [stderr]   Downloaded kconfig_impl v0.0.1
[INFO] [stderr]   Downloaded roxmltree v0.14.1
[INFO] [stderr]   Downloaded kconfig_compiler v0.0.1
[INFO] [stderr]   Downloaded kde_frameworks v0.2.0
[INFO] running `Command { std: "docker" "create" "-v" "/var/lib/crater-agent-workspace/builds/worker-0-tc1/target:/opt/rustwide/target:rw,Z" "-v" "/var/lib/crater-agent-workspace/builds/worker-0-tc1/source:/opt/rustwide/workdir:ro,Z" "-v" "/var/lib/crater-agent-workspace/cargo-home:/opt/rustwide/cargo-home:ro,Z" "-v" "/var/lib/crater-agent-workspace/rustup-home:/opt/rustwide/rustup-home:ro,Z" "-e" "SOURCE_DIR=/opt/rustwide/workdir" "-e" "CARGO_TARGET_DIR=/opt/rustwide/target" "-e" "CARGO_HOME=/opt/rustwide/cargo-home" "-e" "RUSTUP_HOME=/opt/rustwide/rustup-home" "-w" "/opt/rustwide/workdir" "-m" "1610612736" "--user" "0:0" "--network" "none" "ghcr.io/rust-lang/crates-build-env/linux@sha256:5ff2268d62e97bff2cde7d5815dd6ed5b47097566f13b8d0ca110b04b60e07ed" "/opt/rustwide/cargo-home/bin/cargo" "+1.69.0" "metadata" "--no-deps" "--format-version=1", kill_on_drop: false }`
[INFO] [stdout] b03ca255851941ae9de471a7bfef6611522869c966cc498652b42f84042f7d00
[INFO] running `Command { std: "docker" "start" "-a" "b03ca255851941ae9de471a7bfef6611522869c966cc498652b42f84042f7d00", kill_on_drop: false }`
[INFO] running `Command { std: "docker" "inspect" "b03ca255851941ae9de471a7bfef6611522869c966cc498652b42f84042f7d00", kill_on_drop: false }`
[INFO] running `Command { std: "docker" "rm" "-f" "b03ca255851941ae9de471a7bfef6611522869c966cc498652b42f84042f7d00", kill_on_drop: false }`
[INFO] [stdout] b03ca255851941ae9de471a7bfef6611522869c966cc498652b42f84042f7d00
[INFO] running `Command { std: "docker" "create" "-v" "/var/lib/crater-agent-workspace/builds/worker-0-tc1/target:/opt/rustwide/target:rw,Z" "-v" "/var/lib/crater-agent-workspace/builds/worker-0-tc1/source:/opt/rustwide/workdir:ro,Z" "-v" "/var/lib/crater-agent-workspace/cargo-home:/opt/rustwide/cargo-home:ro,Z" "-v" "/var/lib/crater-agent-workspace/rustup-home:/opt/rustwide/rustup-home:ro,Z" "-e" "SOURCE_DIR=/opt/rustwide/workdir" "-e" "CARGO_TARGET_DIR=/opt/rustwide/target" "-e" "CARGO_INCREMENTAL=0" "-e" "RUST_BACKTRACE=full" "-e" "RUSTFLAGS=--cap-lints=warn" "-e" "RUSTDOCFLAGS=--cap-lints=warn" "-e" "CARGO_HOME=/opt/rustwide/cargo-home" "-e" "RUSTUP_HOME=/opt/rustwide/rustup-home" "-w" "/opt/rustwide/workdir" "-m" "1610612736" "--user" "0:0" "--network" "none" "ghcr.io/rust-lang/crates-build-env/linux@sha256:5ff2268d62e97bff2cde7d5815dd6ed5b47097566f13b8d0ca110b04b60e07ed" "/opt/rustwide/cargo-home/bin/cargo" "+1.69.0" "build" "--frozen" "--message-format=json", kill_on_drop: false }`
[INFO] [stdout] 80d9d040c73a0372ad9d1370b88863f42ed0863780a9fdccc3a4c2da469c5f54
[INFO] running `Command { std: "docker" "start" "-a" "80d9d040c73a0372ad9d1370b88863f42ed0863780a9fdccc3a4c2da469c5f54", kill_on_drop: false }`
[INFO] [stderr]    Compiling memchr v2.5.0
[INFO] [stderr]    Compiling semver v1.0.17
[INFO] [stderr]    Compiling regex-syntax v0.7.1
[INFO] [stderr]    Compiling cc v1.0.79
[INFO] [stderr]    Compiling unicode-xid v0.2.4
[INFO] [stderr]    Compiling byteorder v1.4.3
[INFO] [stderr]    Compiling syn v2.0.15
[INFO] [stderr]    Compiling aho-corasick v1.0.1
[INFO] [stderr]    Compiling aho-corasick v0.7.20
[INFO] [stderr]    Compiling kde_frameworks v0.2.0
[INFO] [stderr]    Compiling regex v1.8.1
[INFO] [stderr]    Compiling cpp_common v0.5.8
[INFO] [stderr]    Compiling cpp_build v0.5.8
[INFO] [stderr]    Compiling qttypes v0.2.8
[INFO] [stderr]    Compiling cpp_macros v0.5.8
[INFO] [stderr]    Compiling kconfig v0.1.0 (/opt/rustwide/workdir)
[INFO] [stderr]    Compiling cpp v0.5.8
[INFO] [stderr] warning: src/kconfig.rs: In function 'QString __cpp_closure_2785011782761807581_impl()':
[INFO] [stderr] warning: src/kconfig.rs:97:1: warning: no return statement in function returning non-void [-Wreturn-type]
[INFO] [stderr] warning:    97 |     }
[INFO] [stderr] warning:       | ^
[INFO] [stdout] warning: variable does not need to be mutable
[INFO] [stdout]   --> src/ksharedconfig.rs:81:13
[INFO] [stdout]    |
[INFO] [stdout] 81 |         let mut file: QString = file.into();
[INFO] [stdout]    |             ----^^^^
[INFO] [stdout]    |             |
[INFO] [stdout]    |             help: remove this `mut`
[INFO] [stdout]    |
[INFO] [stdout]    = note: `#[warn(unused_mut)]` on by default
[INFO] [stdout] 
[INFO] [stdout] 
[INFO] [stdout] warning: variable does not need to be mutable
[INFO] [stdout]    --> src/ksharedconfig.rs:109:13
[INFO] [stdout]     |
[INFO] [stdout] 109 |         let mut file: QString = file.into();
[INFO] [stdout]     |             ----^^^^
[INFO] [stdout]     |             |
[INFO] [stdout]     |             help: remove this `mut`
[INFO] [stdout] 
[INFO] [stdout] 
[INFO] [stdout] warning: 2 warnings emitted
[INFO] [stdout] 
[INFO] [stdout] 
[INFO] [stderr]     Finished dev [unoptimized + debuginfo] target(s) in 22.80s
[INFO] running `Command { std: "docker" "inspect" "80d9d040c73a0372ad9d1370b88863f42ed0863780a9fdccc3a4c2da469c5f54", kill_on_drop: false }`
[INFO] running `Command { std: "docker" "rm" "-f" "80d9d040c73a0372ad9d1370b88863f42ed0863780a9fdccc3a4c2da469c5f54", kill_on_drop: false }`
[INFO] [stdout] 80d9d040c73a0372ad9d1370b88863f42ed0863780a9fdccc3a4c2da469c5f54
[INFO] running `Command { std: "docker" "create" "-v" "/var/lib/crater-agent-workspace/builds/worker-0-tc1/target:/opt/rustwide/target:rw,Z" "-v" "/var/lib/crater-agent-workspace/builds/worker-0-tc1/source:/opt/rustwide/workdir:ro,Z" "-v" "/var/lib/crater-agent-workspace/cargo-home:/opt/rustwide/cargo-home:ro,Z" "-v" "/var/lib/crater-agent-workspace/rustup-home:/opt/rustwide/rustup-home:ro,Z" "-e" "SOURCE_DIR=/opt/rustwide/workdir" "-e" "CARGO_TARGET_DIR=/opt/rustwide/target" "-e" "CARGO_INCREMENTAL=0" "-e" "RUST_BACKTRACE=full" "-e" "RUSTFLAGS=--cap-lints=warn" "-e" "RUSTDOCFLAGS=--cap-lints=warn" "-e" "CARGO_HOME=/opt/rustwide/cargo-home" "-e" "RUSTUP_HOME=/opt/rustwide/rustup-home" "-w" "/opt/rustwide/workdir" "-m" "1610612736" "--user" "0:0" "--network" "none" "ghcr.io/rust-lang/crates-build-env/linux@sha256:5ff2268d62e97bff2cde7d5815dd6ed5b47097566f13b8d0ca110b04b60e07ed" "/opt/rustwide/cargo-home/bin/cargo" "+1.69.0" "test" "--frozen" "--no-run" "--message-format=json", kill_on_drop: false }`
[INFO] [stdout] 07b5b08046ca6764bd094758113ae9bad6ec68d1224e93644f9540084bb7d4a4
[INFO] running `Command { std: "docker" "start" "-a" "07b5b08046ca6764bd094758113ae9bad6ec68d1224e93644f9540084bb7d4a4", kill_on_drop: false }`
[INFO] [stderr]    Compiling log v0.4.17
[INFO] [stderr]    Compiling syn v1.0.109
[INFO] [stderr]    Compiling libc v0.2.142
[INFO] [stderr]    Compiling aho-corasick v0.7.20
[INFO] [stderr]    Compiling humantime v2.1.0
[INFO] [stderr]    Compiling regex v1.8.1
[INFO] [stderr]    Compiling termcolor v1.2.0
[INFO] [stderr]    Compiling cpp_macros v0.5.8
[INFO] [stderr]    Compiling atty v0.2.14
[INFO] [stderr]    Compiling cpp_build v0.5.8
[INFO] [stderr]    Compiling env_logger v0.9.3
[INFO] [stderr]    Compiling cpp v0.5.8
[INFO] [stderr]    Compiling qttypes v0.2.8
[INFO] [stderr]    Compiling kconfig v0.1.0 (/opt/rustwide/workdir)
[INFO] [stderr]    Compiling qmetaobject v0.2.7
[INFO] [stderr]    Compiling qmetaobject_impl v0.2.7
[INFO] [stderr] warning: src/kconfig.rs: In function 'QString __cpp_closure_2785011782761807581_impl()':
[INFO] [stderr] warning: src/kconfig.rs:97:1: warning: no return statement in function returning non-void [-Wreturn-type]
[INFO] [stderr] warning:    97 |     }
[INFO] [stderr] warning:       | ^
[INFO] [stdout] warning: variable does not need to be mutable
[INFO] [stdout]   --> src/ksharedconfig.rs:81:13
[INFO] [stdout]    |
[INFO] [stdout] 81 |         let mut file: QString = file.into();
[INFO] [stdout]    |             ----^^^^
[INFO] [stdout]    |             |
[INFO] [stdout]    |             help: remove this `mut`
[INFO] [stdout]    |
[INFO] [stdout]    = note: `#[warn(unused_mut)]` on by default
[INFO] [stdout] 
[INFO] [stdout] 
[INFO] [stdout] warning: variable does not need to be mutable
[INFO] [stdout]    --> src/ksharedconfig.rs:109:13
[INFO] [stdout]     |
[INFO] [stdout] 109 |         let mut file: QString = file.into();
[INFO] [stdout]     |             ----^^^^
[INFO] [stdout]     |             |
[INFO] [stdout]     |             help: remove this `mut`
[INFO] [stdout] 
[INFO] [stdout] 
[INFO] [stdout] warning: 2 warnings emitted
[INFO] [stdout] 
[INFO] [stdout] 
[INFO] [stdout] warning: unused import: `std::thread`
[INFO] [stdout]  --> tests/kconfigxt.rs:1:5
[INFO] [stdout]   |
[INFO] [stdout] 1 | use std::thread;
[INFO] [stdout]   |     ^^^^^^^^^^^
[INFO] [stdout]   |
[INFO] [stdout]   = note: `#[warn(unused_imports)]` on by default
[INFO] [stdout] 
[INFO] [stdout] 
[INFO] [stdout] error[E0599]: the function or associated item `from_qvariant` exists for struct `QStringList`, but its trait bounds were not satisfied
[INFO] [stdout]    --> tests/base_tests.rs:111:29
[INFO] [stdout]     |
[INFO] [stdout] 111 |       let list = QStringList::from_qvariant(
[INFO] [stdout]     |                               ^^^^^^^^^^^^^ function or associated item cannot be called on `QStringList` due to unsatisfied trait bounds
[INFO] [stdout]     |
[INFO] [stdout]    ::: /opt/rustwide/cargo-home/registry/src/github.com-1ecc6299db9ec823/qttypes-0.2.8/src/qtcore/qlist/qstringlist.rs:9:1
[INFO] [stdout]     |
[INFO] [stdout] 9   | / cpp_class!(
[INFO] [stdout] 10  | |     /// Wrapper around [`QStringList`][class] class.
[INFO] [stdout] 11  | |     ///
[INFO] [stdout] 12  | |     /// [class]: https://doc.qt.io/qt-5/qstringlist.html
[INFO] [stdout] 13  | |     #[derive(Default, Clone, PartialEq, Eq)]
[INFO] [stdout] 14  | |     pub unsafe struct QStringList as "QStringList"
[INFO] [stdout] 15  | | );
[INFO] [stdout]     | | -
[INFO] [stdout]     | | |
[INFO] [stdout]     | |_doesn't satisfy `QStringList: QGadget`
[INFO] [stdout]     |   doesn't satisfy `QStringList: QMetaType`
[INFO] [stdout]     |
[INFO] [stdout]     = note: the following trait bounds were not satisfied:
[INFO] [stdout]             `QStringList: QGadget`
[INFO] [stdout]             which is required by `QStringList: QMetaType`
[INFO] [stdout]             `&QStringList: QGadget`
[INFO] [stdout]             which is required by `&QStringList: QMetaType`
[INFO] [stdout]             `&QStringList: Default`
[INFO] [stdout]             which is required by `&QStringList: QMetaType`
[INFO] [stdout]             `&mut QStringList: QGadget`
[INFO] [stdout]             which is required by `&mut QStringList: QMetaType`
[INFO] [stdout]             `&mut QStringList: Clone`
[INFO] [stdout]             which is required by `&mut QStringList: QMetaType`
[INFO] [stdout]             `&mut QStringList: Default`
[INFO] [stdout]             which is required by `&mut QStringList: QMetaType`
[INFO] [stdout] 
[INFO] [stdout] 
[INFO] [stdout] error[E0277]: the trait bound `QVariant: From<QStringList>` is not satisfied
[INFO] [stdout]    --> tests/base_tests.rs:113:65
[INFO] [stdout]     |
[INFO] [stdout] 113 |             .read_qvariant_entry("List", QStringList::default().into())
[INFO] [stdout]     |                                                                 ^^^^ the trait `From<QStringList>` is not implemented for `QVariant`
[INFO] [stdout]     |
[INFO] [stdout]     = help: the following other types implement trait `From<T>`:
[INFO] [stdout]               <QVariant as From<&'a T>>
[INFO] [stdout]               <QVariant as From<QByteArray>>
[INFO] [stdout]               <QVariant as From<QDate>>
[INFO] [stdout]               <QVariant as From<QDateTime>>
[INFO] [stdout]               <QVariant as From<QObjectPinned<'pin, T>>>
[INFO] [stdout]               <QVariant as From<QString>>
[INFO] [stdout]               <QVariant as From<QTime>>
[INFO] [stdout]               <QVariant as From<QUrl>>
[INFO] [stdout]             and 8 others
[INFO] [stdout]     = note: required for `QStringList` to implement `Into<QVariant>`
[INFO] [stdout] 
[INFO] [stdout] 
[INFO] [stdout] error[E0277]: the trait bound `QVariant: From<QStringList>` is not satisfied
[INFO] [stdout]    --> tests/base_tests.rs:114:47
[INFO] [stdout]     |
[INFO] [stdout] 114 |             .unwrap_or(QStringList::default().into()),
[INFO] [stdout]     |                                               ^^^^ the trait `From<QStringList>` is not implemented for `QVariant`
[INFO] [stdout]     |
[INFO] [stdout]     = help: the following other types implement trait `From<T>`:
[INFO] [stdout]               <QVariant as From<&'a T>>
[INFO] [stdout]               <QVariant as From<QByteArray>>
[INFO] [stdout]               <QVariant as From<QDate>>
[INFO] [stdout]               <QVariant as From<QDateTime>>
[INFO] [stdout]               <QVariant as From<QObjectPinned<'pin, T>>>
[INFO] [stdout]               <QVariant as From<QString>>
[INFO] [stdout]               <QVariant as From<QTime>>
[INFO] [stdout]               <QVariant as From<QUrl>>
[INFO] [stdout]             and 8 others
[INFO] [stdout]     = note: required for `QStringList` to implement `Into<QVariant>`
[INFO] [stdout] 
[INFO] [stdout] 
[INFO] [stdout] error[E0599]: no method named `is_null` found for struct `QVariant` in the current scope
[INFO] [stdout]   --> tests/kconfiggroup_tests.rs:56:33
[INFO] [stdout]    |
[INFO] [stdout] 56 |     assert!(QVariant::default().is_null());
[INFO] [stdout]    |                                 ^^^^^^^ method not found in `QVariant`
[INFO] [stdout] 
[INFO] [stdout] 
[INFO] [stdout] error: aborting due to 3 previous errors
[INFO] [stdout] 
[INFO] [stdout] 
[INFO] [stdout] Some errors have detailed explanations: E0277, E0599.
[INFO] [stdout] 
[INFO] [stdout] For more information about an error, try `rustc --explain E0277`.
[INFO] [stdout] 
[INFO] [stdout] error: aborting due to previous error
[INFO] [stdout] 
[INFO] [stdout] 
[INFO] [stderr] The following warnings were emitted during compilation:
[INFO] [stderr] 
[INFO] [stderr] warning: src/kconfig.rs: In function 'QString __cpp_closure_2785011782761807581_impl()':
[INFO] [stderr] warning: src/kconfig.rs:97:1: warning: no return statement in function returning non-void [-Wreturn-type]
[INFO] [stderr] warning:    97 |     }
[INFO] [stderr] warning:       | ^
[INFO] [stderr] 
[INFO] [stderr] error: could not compile `kconfig` due to 4 previous errors
[INFO] [stderr] warning: build failed, waiting for other jobs to finish...
[INFO] [stdout] For more information about this error, try `rustc --explain E0599`.
[INFO] [stdout] 
[INFO] [stderr] The following warnings were emitted during compilation:
[INFO] [stderr] 
[INFO] [stderr] warning: src/kconfig.rs: In function 'QString __cpp_closure_2785011782761807581_impl()':
[INFO] [stderr] warning: src/kconfig.rs:97:1: warning: no return statement in function returning non-void [-Wreturn-type]
[INFO] [stderr] warning:    97 |     }
[INFO] [stderr] warning:       | ^
[INFO] [stderr] 
[INFO] [stderr] error: could not compile `kconfig` due to 2 previous errors
[INFO] [stdout] warning: 1 warning emitted
[INFO] [stdout] 
[INFO] [stdout] 
[INFO] [stdout] warning: variable does not need to be mutable
[INFO] [stdout]   --> src/ksharedconfig.rs:81:13
[INFO] [stdout]    |
[INFO] [stdout] 81 |         let mut file: QString = file.into();
[INFO] [stdout]    |             ----^^^^
[INFO] [stdout]    |             |
[INFO] [stdout]    |             help: remove this `mut`
[INFO] [stdout]    |
[INFO] [stdout]    = note: `#[warn(unused_mut)]` on by default
[INFO] [stdout] 
[INFO] [stdout] 
[INFO] [stdout] warning: variable does not need to be mutable
[INFO] [stdout]    --> src/ksharedconfig.rs:109:13
[INFO] [stdout]     |
[INFO] [stdout] 109 |         let mut file: QString = file.into();
[INFO] [stdout]     |             ----^^^^
[INFO] [stdout]     |             |
[INFO] [stdout]     |             help: remove this `mut`
[INFO] [stdout] 
[INFO] [stdout] 
[INFO] [stdout] warning: 2 warnings emitted
[INFO] [stdout] 
[INFO] [stdout] 
[INFO] running `Command { std: "docker" "inspect" "07b5b08046ca6764bd094758113ae9bad6ec68d1224e93644f9540084bb7d4a4", kill_on_drop: false }`
[INFO] running `Command { std: "docker" "rm" "-f" "07b5b08046ca6764bd094758113ae9bad6ec68d1224e93644f9540084bb7d4a4", kill_on_drop: false }`
[INFO] [stdout] 07b5b08046ca6764bd094758113ae9bad6ec68d1224e93644f9540084bb7d4a4
