[INFO] fetching crate kcapi 0.1.6...
[INFO] testing kcapi-0.1.6 against 1.69.0 for beta-1.70-1
[INFO] extracting crate kcapi 0.1.6 into /workspace/builds/worker-6-tc1/source
[INFO] validating manifest of crates.io crate kcapi 0.1.6 on toolchain 1.69.0
[INFO] running `Command { std: CARGO_HOME="/workspace/cargo-home" RUSTUP_HOME="/workspace/rustup-home" "/workspace/cargo-home/bin/cargo" "+1.69.0" "metadata" "--manifest-path" "Cargo.toml" "--no-deps", kill_on_drop: false }`
[INFO] started tweaking crates.io crate kcapi 0.1.6
[INFO] finished tweaking crates.io crate kcapi 0.1.6
[INFO] tweaked toml for crates.io crate kcapi 0.1.6 written to /workspace/builds/worker-6-tc1/source/Cargo.toml
[INFO] running `Command { std: CARGO_HOME="/workspace/cargo-home" RUSTUP_HOME="/workspace/rustup-home" __CARGO_TEST_CHANNEL_OVERRIDE_DO_NOT_USE_THIS="nightly" "/workspace/cargo-home/bin/cargo" "+1.69.0" "generate-lockfile" "--manifest-path" "Cargo.toml" "-Zno-index-update", kill_on_drop: false }`
[INFO] running `Command { std: CARGO_HOME="/workspace/cargo-home" RUSTUP_HOME="/workspace/rustup-home" "/workspace/cargo-home/bin/cargo" "+1.69.0" "fetch" "--manifest-path" "Cargo.toml", kill_on_drop: false }`
[INFO] [stderr]  Downloading crates ...
[INFO] [stderr]   Downloaded autotools v0.2.6
[INFO] [stderr]   Downloaded clang-sys v0.29.3
[INFO] [stderr]   Downloaded bindgen v0.53.3
[INFO] [stderr]   Downloaded kcapi-sys v1.4.1
[INFO] running `Command { std: "docker" "create" "-v" "/var/lib/crater-agent-workspace/builds/worker-6-tc1/target:/opt/rustwide/target:rw,Z" "-v" "/var/lib/crater-agent-workspace/builds/worker-6-tc1/source:/opt/rustwide/workdir:ro,Z" "-v" "/var/lib/crater-agent-workspace/cargo-home:/opt/rustwide/cargo-home:ro,Z" "-v" "/var/lib/crater-agent-workspace/rustup-home:/opt/rustwide/rustup-home:ro,Z" "-e" "SOURCE_DIR=/opt/rustwide/workdir" "-e" "CARGO_TARGET_DIR=/opt/rustwide/target" "-e" "CARGO_HOME=/opt/rustwide/cargo-home" "-e" "RUSTUP_HOME=/opt/rustwide/rustup-home" "-w" "/opt/rustwide/workdir" "-m" "1610612736" "--user" "0:0" "--network" "none" "ghcr.io/rust-lang/crates-build-env/linux@sha256:5ff2268d62e97bff2cde7d5815dd6ed5b47097566f13b8d0ca110b04b60e07ed" "/opt/rustwide/cargo-home/bin/cargo" "+1.69.0" "metadata" "--no-deps" "--format-version=1", kill_on_drop: false }`
[INFO] [stdout] 61015325501e8bb80d6bf63f08252e753d029f6dbeab03ff9508f9cd7a36f238
[INFO] running `Command { std: "docker" "start" "-a" "61015325501e8bb80d6bf63f08252e753d029f6dbeab03ff9508f9cd7a36f238", kill_on_drop: false }`
[INFO] running `Command { std: "docker" "inspect" "61015325501e8bb80d6bf63f08252e753d029f6dbeab03ff9508f9cd7a36f238", kill_on_drop: false }`
[INFO] running `Command { std: "docker" "rm" "-f" "61015325501e8bb80d6bf63f08252e753d029f6dbeab03ff9508f9cd7a36f238", kill_on_drop: false }`
[INFO] [stdout] 61015325501e8bb80d6bf63f08252e753d029f6dbeab03ff9508f9cd7a36f238
[INFO] running `Command { std: "docker" "create" "-v" "/var/lib/crater-agent-workspace/builds/worker-6-tc1/target:/opt/rustwide/target:rw,Z" "-v" "/var/lib/crater-agent-workspace/builds/worker-6-tc1/source:/opt/rustwide/workdir:ro,Z" "-v" "/var/lib/crater-agent-workspace/cargo-home:/opt/rustwide/cargo-home:ro,Z" "-v" "/var/lib/crater-agent-workspace/rustup-home:/opt/rustwide/rustup-home:ro,Z" "-e" "SOURCE_DIR=/opt/rustwide/workdir" "-e" "CARGO_TARGET_DIR=/opt/rustwide/target" "-e" "CARGO_INCREMENTAL=0" "-e" "RUST_BACKTRACE=full" "-e" "RUSTFLAGS=--cap-lints=warn" "-e" "RUSTDOCFLAGS=--cap-lints=warn" "-e" "CARGO_HOME=/opt/rustwide/cargo-home" "-e" "RUSTUP_HOME=/opt/rustwide/rustup-home" "-w" "/opt/rustwide/workdir" "-m" "1610612736" "--user" "0:0" "--network" "none" "ghcr.io/rust-lang/crates-build-env/linux@sha256:5ff2268d62e97bff2cde7d5815dd6ed5b47097566f13b8d0ca110b04b60e07ed" "/opt/rustwide/cargo-home/bin/cargo" "+1.69.0" "build" "--frozen" "--message-format=json", kill_on_drop: false }`
[INFO] [stdout] 66842c6a91fa98f67ba2273798392ddc1bb37df021ca58592ce06fda2fbcc921
[INFO] running `Command { std: "docker" "start" "-a" "66842c6a91fa98f67ba2273798392ddc1bb37df021ca58592ce06fda2fbcc921", kill_on_drop: false }`
[INFO] [stderr]    Compiling memchr v2.5.0
[INFO] [stderr]    Compiling glob v0.3.1
[INFO] [stderr]    Compiling proc-macro2 v1.0.56
[INFO] [stderr]    Compiling log v0.4.17
[INFO] [stderr]    Compiling unicode-width v0.1.10
[INFO] [stderr]    Compiling quote v1.0.26
[INFO] [stderr]    Compiling quick-error v1.2.3
[INFO] [stderr]    Compiling cfg-if v1.0.0
[INFO] [stderr]    Compiling regex-syntax v0.7.1
[INFO] [stderr]    Compiling strsim v0.8.0
[INFO] [stderr]    Compiling bindgen v0.53.3
[INFO] [stderr]    Compiling bitflags v1.3.2
[INFO] [stderr]    Compiling libloading v0.5.2
[INFO] [stderr]    Compiling nom v5.1.3
[INFO] [stderr]    Compiling termcolor v1.2.0
[INFO] [stderr]    Compiling atty v0.2.14
[INFO] [stderr]    Compiling textwrap v0.11.0
[INFO] [stderr]    Compiling humantime v1.3.0
[INFO] [stderr]    Compiling ansi_term v0.12.1
[INFO] [stderr]    Compiling vec_map v0.8.2
[INFO] [stderr]    Compiling which v3.1.1
[INFO] [stderr]    Compiling clap v2.34.0
[INFO] [stderr]    Compiling lazy_static v1.4.0
[INFO] [stderr]    Compiling shlex v0.1.1
[INFO] [stderr]    Compiling peeking_take_while v0.1.2
[INFO] [stderr]    Compiling rustc-hash v1.1.0
[INFO] [stderr]    Compiling cfg-if v0.1.10
[INFO] [stderr]    Compiling lazycell v1.3.0
[INFO] [stderr]    Compiling autotools v0.2.6
[INFO] [stderr]    Compiling fs_extra v1.3.0
[INFO] [stderr]    Compiling clang-sys v0.29.3
[INFO] [stderr]    Compiling aho-corasick v1.0.1
[INFO] [stderr]    Compiling regex v1.8.1
[INFO] [stderr]    Compiling cexpr v0.4.0
[INFO] [stderr]    Compiling env_logger v0.7.1
[INFO] [stderr]    Compiling kcapi-sys v1.4.1
[INFO] [stderr]    Compiling kcapi v0.1.6 (/opt/rustwide/workdir)
[INFO] [stderr]     Finished dev [unoptimized + debuginfo] target(s) in 16.87s
[INFO] running `Command { std: "docker" "inspect" "66842c6a91fa98f67ba2273798392ddc1bb37df021ca58592ce06fda2fbcc921", kill_on_drop: false }`
[INFO] running `Command { std: "docker" "rm" "-f" "66842c6a91fa98f67ba2273798392ddc1bb37df021ca58592ce06fda2fbcc921", kill_on_drop: false }`
[INFO] [stdout] 66842c6a91fa98f67ba2273798392ddc1bb37df021ca58592ce06fda2fbcc921
[INFO] running `Command { std: "docker" "create" "-v" "/var/lib/crater-agent-workspace/builds/worker-6-tc1/target:/opt/rustwide/target:rw,Z" "-v" "/var/lib/crater-agent-workspace/builds/worker-6-tc1/source:/opt/rustwide/workdir:ro,Z" "-v" "/var/lib/crater-agent-workspace/cargo-home:/opt/rustwide/cargo-home:ro,Z" "-v" "/var/lib/crater-agent-workspace/rustup-home:/opt/rustwide/rustup-home:ro,Z" "-e" "SOURCE_DIR=/opt/rustwide/workdir" "-e" "CARGO_TARGET_DIR=/opt/rustwide/target" "-e" "CARGO_INCREMENTAL=0" "-e" "RUST_BACKTRACE=full" "-e" "RUSTFLAGS=--cap-lints=warn" "-e" "RUSTDOCFLAGS=--cap-lints=warn" "-e" "CARGO_HOME=/opt/rustwide/cargo-home" "-e" "RUSTUP_HOME=/opt/rustwide/rustup-home" "-w" "/opt/rustwide/workdir" "-m" "1610612736" "--user" "0:0" "--network" "none" "ghcr.io/rust-lang/crates-build-env/linux@sha256:5ff2268d62e97bff2cde7d5815dd6ed5b47097566f13b8d0ca110b04b60e07ed" "/opt/rustwide/cargo-home/bin/cargo" "+1.69.0" "test" "--frozen" "--no-run" "--message-format=json", kill_on_drop: false }`
[INFO] [stdout] 7f05f782d5d1a4773609a975b80d2aaeb5fe749d0682ce19ba487c6ce546d11a
[INFO] running `Command { std: "docker" "start" "-a" "7f05f782d5d1a4773609a975b80d2aaeb5fe749d0682ce19ba487c6ce546d11a", kill_on_drop: false }`
[INFO] [stderr]    Compiling kcapi-sys v1.4.1
[INFO] [stderr]    Compiling kcapi v0.1.6 (/opt/rustwide/workdir)
[INFO] [stderr]     Finished test [unoptimized + debuginfo] target(s) in 13.48s
[INFO] running `Command { std: "docker" "inspect" "7f05f782d5d1a4773609a975b80d2aaeb5fe749d0682ce19ba487c6ce546d11a", kill_on_drop: false }`
[INFO] running `Command { std: "docker" "rm" "-f" "7f05f782d5d1a4773609a975b80d2aaeb5fe749d0682ce19ba487c6ce546d11a", kill_on_drop: false }`
[INFO] [stdout] 7f05f782d5d1a4773609a975b80d2aaeb5fe749d0682ce19ba487c6ce546d11a
[INFO] running `Command { std: "docker" "create" "-v" "/var/lib/crater-agent-workspace/builds/worker-6-tc1/target:/opt/rustwide/target:rw,Z" "-v" "/var/lib/crater-agent-workspace/builds/worker-6-tc1/source:/opt/rustwide/workdir:ro,Z" "-v" "/var/lib/crater-agent-workspace/cargo-home:/opt/rustwide/cargo-home:ro,Z" "-v" "/var/lib/crater-agent-workspace/rustup-home:/opt/rustwide/rustup-home:ro,Z" "-e" "SOURCE_DIR=/opt/rustwide/workdir" "-e" "CARGO_TARGET_DIR=/opt/rustwide/target" "-e" "CARGO_INCREMENTAL=0" "-e" "RUST_BACKTRACE=full" "-e" "RUSTFLAGS=--cap-lints=warn" "-e" "RUSTDOCFLAGS=--cap-lints=warn" "-e" "CARGO_HOME=/opt/rustwide/cargo-home" "-e" "RUSTUP_HOME=/opt/rustwide/rustup-home" "-w" "/opt/rustwide/workdir" "-m" "1610612736" "--user" "0:0" "--network" "none" "ghcr.io/rust-lang/crates-build-env/linux@sha256:5ff2268d62e97bff2cde7d5815dd6ed5b47097566f13b8d0ca110b04b60e07ed" "/opt/rustwide/cargo-home/bin/cargo" "+1.69.0" "test" "--frozen", kill_on_drop: false }`
[INFO] [stdout] 0ea3d4171a48abe7a0e4334a89bc4f99bcea06173948f0b679fec84bc376bcce
[INFO] running `Command { std: "docker" "start" "-a" "0ea3d4171a48abe7a0e4334a89bc4f99bcea06173948f0b679fec84bc376bcce", kill_on_drop: false }`
[INFO] [stderr]    Compiling kcapi-sys v1.4.1
[INFO] [stderr]    Compiling kcapi v0.1.6 (/opt/rustwide/workdir)
[INFO] [stderr]     Finished test [unoptimized + debuginfo] target(s) in 10.09s
[INFO] [stderr]      Running unittests src/lib.rs (/opt/rustwide/target/debug/deps/kcapi-020a3d8f0905824e)
[INFO] [stdout] 
[INFO] [stdout] running 75 tests
[INFO] [stdout] test test::test_akcipher::tests::test_akcipher_decrypt ... ignored
[INFO] [stdout] test test::test_akcipher::tests::test_akcipher_encrypt ... ignored
[INFO] [stdout] test test::test_akcipher::tests::test_akcipher_sign ... ignored
[INFO] [stdout] test test::test_akcipher::tests::test_akcipher_verify ... ignored
[INFO] [stdout] test test::test_akcipher::tests::test_akcipher_verify_digest_fail ... ignored
[INFO] [stdout] test test::test_akcipher::tests::test_akcipher_verify_key_fail ... ignored
[INFO] [stdout] test test::test_akcipher::tests::test_akcipher_verify_sig_fail ... ignored
[INFO] [stdout] test test::test_aead::tests::test_encrypt_fail_small_iv ... ok
[INFO] [stdout] test test::test_aead::tests::test_decrypt_fail_invalid_tag ... ok
[INFO] [stdout] test test::test_aead::tests::test_decrypt_fail_invalid_ct ... ok
[INFO] [stdout] test test::test_aead::tests::test_encrypt ... ok
[INFO] [stdout] test test::test_aead::tests::test_decrypt ... ok
[INFO] [stdout] test test::test_aead::tests::test_decrypt_fail_small_iv ... ok
[INFO] [stdout] test test::test_md::tests::test_md_digest_oneshot ... ok
[INFO] [stdout] test test::test_aead::tests::test_decrypt_fail_invalid_taglen ... ok
[INFO] [stdout] test test::test_md::tests::test_md_digest ... ok
[INFO] [stdout] test test::test_aead::tests::test_decrypt_fail_invalid_key ... ok
[INFO] [stdout] test test::test_md::tests::test_md_hmac_sha256 ... ok
[INFO] [stdout] test test::test_md::tests::test_md_hmac_sha1 ... ok
[INFO] [stdout] test test::test_aead::tests::test_encrypt_fail_invalid_taglen ... ok
[INFO] [stdout] test test::test_kdf::tests::test_hkdf ... ok
[INFO] [stdout] test test::test_md::tests::test_md_sha1 ... ok
[INFO] [stdout] test test::test_md::tests::test_md_hmac_sha224 ... ok
[INFO] [stdout] test test::test_md::tests::test_md_keyed_digest_oneshot ... ok
[INFO] [stdout] test test::test_md::tests::test_md_keyed_digest ... ok
[INFO] [stdout] test test::test_rng::tests::test_rng_cavp ... ignored
[INFO] [stdout] test test::test_md::tests::test_md_sha224 ... ok
[INFO] [stdout] test test::test_md::tests::test_md_sha384 ... ok
[INFO] [stdout] test test::test_md::tests::test_md_sha256 ... ok
[INFO] [stdout] test test::test_md::tests::test_md_sha512 ... ok
[INFO] [stdout] test test::test_rng::tests::test_rng_generate_unseeded ... ok
[INFO] [stdout] test test::test_md::tests::test_md_hmac_sha512 ... ok
[INFO] [stdout] test test::test_rng::tests::test_rng_kat ... ignored
[INFO] [stdout] test test::test_rng::tests::test_rng_setentropy ... ignored
[INFO] [stdout] test test::test_rng::tests::test_rng_seedsize ... ok
[INFO] [stdout] test test::test_skcipher::tests::test_aes_cbc_invalid_key ... ok
[INFO] [stdout] test test::test_skcipher::tests::test_aes_ctr_invalid_key ... ok
[INFO] [stdout] test test::test_md::tests::test_md_hmac_sha384 ... ok
[INFO] [stdout] test test::test_rng::tests::test_rng_continuous ... FAILED
[INFO] [stdout] test test::test_skcipher::tests::test_alg_encrypt_xts256 ... ok
[INFO] [stdout] test test::test_skcipher::tests::test_alg_decrypt_xts256 ... ok
[INFO] [stdout] test test::test_skcipher::tests::test_alg_encrypt ... ok
[INFO] [stdout] test test::test_skcipher::tests::test_alg_decrypt ... ok
[INFO] [stdout] test test::test_skcipher::tests::test_dec_aes128_cbc ... ok
[INFO] [stdout] test test::test_skcipher::tests::test_dec_aes256_cbc ... ok
[INFO] [stdout] test test::test_skcipher::tests::test_dec_aes256_ctr ... ok
[INFO] [stdout] test test::test_skcipher::tests::test_dec_aes128_ctr ... ok
[INFO] [stdout] test test::test_skcipher::tests::test_dec_aes_cbc_invalid_ct ... ok
[INFO] [stdout] test test::test_skcipher::tests::test_dec_aes_ctr_invalid_ct ... ok
[INFO] [stdout] test test::test_skcipher::tests::test_dec_aes192_cbc ... ok
[INFO] [stdout] test test::test_skcipher::tests::test_dec_aes192_ctr ... ok
[INFO] [stdout] test test::test_skcipher::tests::test_enc_aes128_cbc ... ok
[INFO] [stdout] test test::test_skcipher::tests::test_dec_aes_ecb ... ok
[INFO] [stdout] test test::test_skcipher::tests::test_enc_aes256_cbc ... ok
[INFO] [stdout] test test::test_skcipher::tests::test_enc_aes192_cbc ... ok
[INFO] [stdout] test test::test_skcipher::tests::test_enc_aes256_ctr ... ok
[INFO] [stdout] test test::test_skcipher::tests::test_enc_aes_ecb ... ok
[INFO] [stdout] test test::test_skcipher::tests::test_enc_aes_ctr_invalid_pt ... ok
[INFO] [stdout] test test::test_skcipher::tests::test_stream_dec ... ok
[INFO] [stdout] test test::test_skcipher::tests::test_stream_enc ... ok
[INFO] [stdout] test test::test_skcipher::tests::test_enc_aes192_ctr ... ok
[INFO] [stdout] test test::test_skcipher::tests::test_enc_aes128_ctr ... ok
[INFO] [stdout] test test::test_skcipher::tests::test_enc_aes_cbc_invalid_pt ... ok
[INFO] [stdout] test test::test_rng::tests::test_rng_generate ... ok
[INFO] [stdout] test test::test_skcipher::tests::test_encrypt_aio ... ok
[INFO] [stdout] test test::test_skcipher::tests::test_decrypt_aio ... ok
[INFO] [stdout] test test::test_kdf::tests::test_pbkdf_200_bit_key ... ok
[INFO] [stdout] test test::test_kdf::tests::test_ctr_kdf ... ok
[INFO] [stdout] test test::test_kdf::tests::test_pbkdf_one_loop ... ok
[INFO] [stdout] test test::test_kdf::tests::test_dpi_kdf ... ok
[INFO] [stdout] test test::test_kdf::tests::test_fb_kdf ... ok
[INFO] [stdout] test test::test_kdf::tests::test_pbkdf_two_loops ... ok
[INFO] [stdout] test test::test_kdf::tests::test_pbkdf_4k_loops ... ok
[INFO] [stdout] test test::test_kdf::tests::test_pbkdf_128_bit_key ... ok
[INFO] [stdout] test test::test_kdf::tests::test_pbkdf_multiloop ... ok
[INFO] [stdout] 
[INFO] [stdout] failures:
[INFO] [stdout] 
[INFO] [stdout] ---- test::test_rng::tests::test_rng_continuous stdout ----
[INFO] [stdout] thread 'test::test_rng::tests::test_rng_continuous' panicked at 'Failed to obtain 1024 bytes from the stdrng (-2)', src/test/test_rng.rs:42:23
[INFO] [stdout] stack backtrace:
[INFO] [stdout]    0:     0x5615c7cdb37a - std::backtrace_rs::backtrace::libunwind::trace::ha9053a9a07ca49cb
[INFO] [stdout]                                at /rustc/84c898d65adf2f39a5a98507f1fe0ce10a2b8dbc/library/std/src/../../backtrace/src/backtrace/libunwind.rs:93:5
[INFO] [stdout]    1:     0x5615c7cdb37a - std::backtrace_rs::backtrace::trace_unsynchronized::h9c2852a457ad564e
[INFO] [stdout]                                at /rustc/84c898d65adf2f39a5a98507f1fe0ce10a2b8dbc/library/std/src/../../backtrace/src/backtrace/mod.rs:66:5
[INFO] [stdout]    2:     0x5615c7cdb37a - std::sys_common::backtrace::_print_fmt::h457936fbfaa0070f
[INFO] [stdout]                                at /rustc/84c898d65adf2f39a5a98507f1fe0ce10a2b8dbc/library/std/src/sys_common/backtrace.rs:65:5
[INFO] [stdout]    3:     0x5615c7cdb37a - <std::sys_common::backtrace::_print::DisplayBacktrace as core::fmt::Display>::fmt::h5779d7bf7f70cb0c
[INFO] [stdout]                                at /rustc/84c898d65adf2f39a5a98507f1fe0ce10a2b8dbc/library/std/src/sys_common/backtrace.rs:44:22
[INFO] [stdout]    4:     0x5615c7cfea0e - core::fmt::write::h5a4baaff1bcd3eb5
[INFO] [stdout]                                at /rustc/84c898d65adf2f39a5a98507f1fe0ce10a2b8dbc/library/core/src/fmt/mod.rs:1232:17
[INFO] [stdout]    5:     0x5615c7cd87f5 - std::io::Write::write_fmt::h478f79c628ef31d1
[INFO] [stdout]                                at /rustc/84c898d65adf2f39a5a98507f1fe0ce10a2b8dbc/library/std/src/io/mod.rs:1684:15
[INFO] [stdout]    6:     0x5615c7cdb145 - std::sys_common::backtrace::_print::h5fcdc36060f177e8
[INFO] [stdout]                                at /rustc/84c898d65adf2f39a5a98507f1fe0ce10a2b8dbc/library/std/src/sys_common/backtrace.rs:47:5
[INFO] [stdout]    7:     0x5615c7cdb145 - std::sys_common::backtrace::print::h54ca9458b876c8bf
[INFO] [stdout]                                at /rustc/84c898d65adf2f39a5a98507f1fe0ce10a2b8dbc/library/std/src/sys_common/backtrace.rs:34:9
[INFO] [stdout]    8:     0x5615c7cdcf0f - std::panicking::default_hook::{{closure}}::hbe471161c7664ed6
[INFO] [stdout]                                at /rustc/84c898d65adf2f39a5a98507f1fe0ce10a2b8dbc/library/std/src/panicking.rs:271:22
[INFO] [stdout]    9:     0x5615c7cdcbcf - std::panicking::default_hook::ha3500da57aa4ac4f
[INFO] [stdout]                                at /rustc/84c898d65adf2f39a5a98507f1fe0ce10a2b8dbc/library/std/src/panicking.rs:287:9
[INFO] [stdout]   10:     0x5615c7caf8e7 - <alloc::boxed::Box<F,A> as core::ops::function::Fn<Args>>::call::hdf1b89dd137ece34
[INFO] [stdout]                                at /rustc/84c898d65adf2f39a5a98507f1fe0ce10a2b8dbc/library/alloc/src/boxed.rs:2001:9
[INFO] [stdout]   11:     0x5615c7caf8e7 - test::test_main::{{closure}}::h9081a79f20e75698
[INFO] [stdout]                                at /rustc/84c898d65adf2f39a5a98507f1fe0ce10a2b8dbc/library/test/src/lib.rs:135:21
[INFO] [stdout]   12:     0x5615c7cdd63d - <alloc::boxed::Box<F,A> as core::ops::function::Fn<Args>>::call::h6507bddc3eebb4a5
[INFO] [stdout]                                at /rustc/84c898d65adf2f39a5a98507f1fe0ce10a2b8dbc/library/alloc/src/boxed.rs:2001:9
[INFO] [stdout]   13:     0x5615c7cdd63d - std::panicking::rust_panic_with_hook::h50c09d000dc561d2
[INFO] [stdout]                                at /rustc/84c898d65adf2f39a5a98507f1fe0ce10a2b8dbc/library/std/src/panicking.rs:696:13
[INFO] [stdout]   14:     0x5615c7cdd3b9 - std::panicking::begin_panic_handler::{{closure}}::h9e2b2176e00e0d9c
[INFO] [stdout]                                at /rustc/84c898d65adf2f39a5a98507f1fe0ce10a2b8dbc/library/std/src/panicking.rs:583:13
[INFO] [stdout]   15:     0x5615c7cdb7e6 - std::sys_common::backtrace::__rust_end_short_backtrace::h5739b8e512c09d02
[INFO] [stdout]                                at /rustc/84c898d65adf2f39a5a98507f1fe0ce10a2b8dbc/library/std/src/sys_common/backtrace.rs:150:18
[INFO] [stdout]   16:     0x5615c7cdd0c2 - rust_begin_unwind
[INFO] [stdout]                                at /rustc/84c898d65adf2f39a5a98507f1fe0ce10a2b8dbc/library/std/src/panicking.rs:579:5
[INFO] [stdout]   17:     0x5615c7c46d53 - core::panicking::panic_fmt::hf33a1475b4dc5c3e
[INFO] [stdout]                                at /rustc/84c898d65adf2f39a5a98507f1fe0ce10a2b8dbc/library/core/src/panicking.rs:64:14
[INFO] [stdout]   18:     0x5615c7c71c6c - core::panicking::panic_display::hbb800f828d15d848
[INFO] [stdout]                                at /rustc/84c898d65adf2f39a5a98507f1fe0ce10a2b8dbc/library/core/src/panicking.rs:147:5
[INFO] [stdout]   19:     0x5615c7c76afa - kcapi::test::test_rng::tests::test_rng_continuous::hc4d78429f5979205
[INFO] [stdout]                                at /opt/rustwide/workdir/src/test/test_rng.rs:42:23
[INFO] [stdout]   20:     0x5615c7c76a17 - kcapi::test::test_rng::tests::test_rng_continuous::{{closure}}::h02596a6e23f3e952
[INFO] [stdout]                                at /opt/rustwide/workdir/src/test/test_rng.rs:39:30
[INFO] [stdout]   21:     0x5615c7c6e245 - core::ops::function::FnOnce::call_once::h77438d2b36add2d5
[INFO] [stdout]                                at /rustc/84c898d65adf2f39a5a98507f1fe0ce10a2b8dbc/library/core/src/ops/function.rs:250:5
[INFO] [stdout]   22:     0x5615c7cb4ccf - core::ops::function::FnOnce::call_once::h7d969581be7d0075
[INFO] [stdout]                                at /rustc/84c898d65adf2f39a5a98507f1fe0ce10a2b8dbc/library/core/src/ops/function.rs:250:5
[INFO] [stdout]   23:     0x5615c7cb4ccf - test::__rust_begin_short_backtrace::hca25a52684e56655
[INFO] [stdout]                                at /rustc/84c898d65adf2f39a5a98507f1fe0ce10a2b8dbc/library/test/src/lib.rs:656:18
[INFO] [stdout]   24:     0x5615c7c862ec - test::run_test::{{closure}}::ha8ac744c4af1a4bb
[INFO] [stdout]                                at /rustc/84c898d65adf2f39a5a98507f1fe0ce10a2b8dbc/library/test/src/lib.rs:647:30
[INFO] [stdout]   25:     0x5615c7c862ec - core::ops::function::FnOnce::call_once{{vtable.shim}}::h7b411a9ed45bdecf
[INFO] [stdout]                                at /rustc/84c898d65adf2f39a5a98507f1fe0ce10a2b8dbc/library/core/src/ops/function.rs:250:5
[INFO] [stdout]   26:     0x5615c7cb3c96 - <alloc::boxed::Box<F,A> as core::ops::function::FnOnce<Args>>::call_once::hd05328869a8ed200
[INFO] [stdout]                                at /rustc/84c898d65adf2f39a5a98507f1fe0ce10a2b8dbc/library/alloc/src/boxed.rs:1987:9
[INFO] [stdout]   27:     0x5615c7cb3c96 - <core::panic::unwind_safe::AssertUnwindSafe<F> as core::ops::function::FnOnce<()>>::call_once::h0c601ce20bd5b2be
[INFO] [stdout]                                at /rustc/84c898d65adf2f39a5a98507f1fe0ce10a2b8dbc/library/core/src/panic/unwind_safe.rs:271:9
[INFO] [stdout]   28:     0x5615c7cb3c96 - std::panicking::try::do_call::ha4be5c164fe30854
[INFO] [stdout]                                at /rustc/84c898d65adf2f39a5a98507f1fe0ce10a2b8dbc/library/std/src/panicking.rs:487:40
[INFO] [stdout]   29:     0x5615c7cb3c96 - std::panicking::try::h604546f3609af05f
[INFO] [stdout]                                at /rustc/84c898d65adf2f39a5a98507f1fe0ce10a2b8dbc/library/std/src/panicking.rs:451:19
[INFO] [stdout]   30:     0x5615c7cb3c96 - std::panic::catch_unwind::h5bfa8afe44c9c2f9
[INFO] [stdout]                                at /rustc/84c898d65adf2f39a5a98507f1fe0ce10a2b8dbc/library/std/src/panic.rs:140:14
[INFO] [stdout]   31:     0x5615c7cb3c96 - test::run_test_in_process::hd50dee55dd63e6aa
[INFO] [stdout]                                at /rustc/84c898d65adf2f39a5a98507f1fe0ce10a2b8dbc/library/test/src/lib.rs:679:27
[INFO] [stdout]   32:     0x5615c7cb3c96 - test::run_test::run_test_inner::{{closure}}::h4aa0f433aa85cea8
[INFO] [stdout]                                at /rustc/84c898d65adf2f39a5a98507f1fe0ce10a2b8dbc/library/test/src/lib.rs:573:39
[INFO] [stdout]   33:     0x5615c7c80961 - test::run_test::run_test_inner::{{closure}}::had56431adf24b4d6
[INFO] [stdout]                                at /rustc/84c898d65adf2f39a5a98507f1fe0ce10a2b8dbc/library/test/src/lib.rs:600:37
[INFO] [stdout]   34:     0x5615c7c80961 - std::sys_common::backtrace::__rust_begin_short_backtrace::ha8d9890e0c73bf13
[INFO] [stdout]                                at /rustc/84c898d65adf2f39a5a98507f1fe0ce10a2b8dbc/library/std/src/sys_common/backtrace.rs:134:18
[INFO] [stdout]   35:     0x5615c7c8637b - std::thread::Builder::spawn_unchecked_::{{closure}}::{{closure}}::h251832bcb4a95327
[INFO] [stdout]                                at /rustc/84c898d65adf2f39a5a98507f1fe0ce10a2b8dbc/library/std/src/thread/mod.rs:560:17
[INFO] [stdout]   36:     0x5615c7c8637b - <core::panic::unwind_safe::AssertUnwindSafe<F> as core::ops::function::FnOnce<()>>::call_once::h8fdff598fa414831
[INFO] [stdout]                                at /rustc/84c898d65adf2f39a5a98507f1fe0ce10a2b8dbc/library/core/src/panic/unwind_safe.rs:271:9
[INFO] [stdout]   37:     0x5615c7c8637b - std::panicking::try::do_call::h455dd2f7764a950f
[INFO] [stdout]                                at /rustc/84c898d65adf2f39a5a98507f1fe0ce10a2b8dbc/library/std/src/panicking.rs:487:40
[INFO] [stdout]   38:     0x5615c7c8637b - std::panicking::try::had6f23b7b73ae72a
[INFO] [stdout]                                at /rustc/84c898d65adf2f39a5a98507f1fe0ce10a2b8dbc/library/std/src/panicking.rs:451:19
[INFO] [stdout]   39:     0x5615c7c8637b - std::panic::catch_unwind::ha6a5ca3915b4dad0
[INFO] [stdout]                                at /rustc/84c898d65adf2f39a5a98507f1fe0ce10a2b8dbc/library/std/src/panic.rs:140:14
[INFO] [stdout]   40:     0x5615c7c8637b - std::thread::Builder::spawn_unchecked_::{{closure}}::h883b72ef75da6231
[INFO] [stdout]                                at /rustc/84c898d65adf2f39a5a98507f1fe0ce10a2b8dbc/library/std/src/thread/mod.rs:559:30
[INFO] [stdout]   41:     0x5615c7c8637b - core::ops::function::FnOnce::call_once{{vtable.shim}}::hb7dff73dc8bd2ccb
[INFO] [stdout]                                at /rustc/84c898d65adf2f39a5a98507f1fe0ce10a2b8dbc/library/core/src/ops/function.rs:250:5
[INFO] [stdout]   42:     0x5615c7ce19a3 - <alloc::boxed::Box<F,A> as core::ops::function::FnOnce<Args>>::call_once::h39990b24eedef2ab
[INFO] [stdout]                                at /rustc/84c898d65adf2f39a5a98507f1fe0ce10a2b8dbc/library/alloc/src/boxed.rs:1987:9
[INFO] [stdout]   43:     0x5615c7ce19a3 - <alloc::boxed::Box<F,A> as core::ops::function::FnOnce<Args>>::call_once::h01a027258444143b
[INFO] [stdout]                                at /rustc/84c898d65adf2f39a5a98507f1fe0ce10a2b8dbc/library/alloc/src/boxed.rs:1987:9
[INFO] [stdout]   44:     0x5615c7ce19a3 - std::sys::unix::thread::Thread::new::thread_start::ha4f1cdd9c25884ba
[INFO] [stdout]                                at /rustc/84c898d65adf2f39a5a98507f1fe0ce10a2b8dbc/library/std/src/sys/unix/thread.rs:108:17
[INFO] [stdout]   45:     0x7f04463b3b43 - <unknown>
[INFO] [stdout]   46:     0x7f0446444bb4 - __clone
[INFO] [stdout]   47:                0x0 - <unknown>
[INFO] [stdout] 
[INFO] [stdout] 
[INFO] [stdout] failures:
[INFO] [stdout]     test::test_rng::tests::test_rng_continuous
[INFO] [stdout] 
[INFO] [stdout] test result: FAILED. 64 passed; 1 failed; 10 ignored; 0 measured; 0 filtered out; finished in 32.79s
[INFO] [stdout] 
[INFO] [stderr] error: test failed, to rerun pass `--lib`
[INFO] running `Command { std: "docker" "inspect" "0ea3d4171a48abe7a0e4334a89bc4f99bcea06173948f0b679fec84bc376bcce", kill_on_drop: false }`
[INFO] running `Command { std: "docker" "rm" "-f" "0ea3d4171a48abe7a0e4334a89bc4f99bcea06173948f0b679fec84bc376bcce", kill_on_drop: false }`
[INFO] [stdout] 0ea3d4171a48abe7a0e4334a89bc4f99bcea06173948f0b679fec84bc376bcce
