[INFO] fetching crate kas-text 0.6.0...
[INFO] testing kas-text-0.6.0 against 1.69.0 for beta-1.70-1
[INFO] extracting crate kas-text 0.6.0 into /workspace/builds/worker-0-tc1/source
[INFO] validating manifest of crates.io crate kas-text 0.6.0 on toolchain 1.69.0
[INFO] running `Command { std: CARGO_HOME="/workspace/cargo-home" RUSTUP_HOME="/workspace/rustup-home" "/workspace/cargo-home/bin/cargo" "+1.69.0" "metadata" "--manifest-path" "Cargo.toml" "--no-deps", kill_on_drop: false }`
[INFO] started tweaking crates.io crate kas-text 0.6.0
[INFO] finished tweaking crates.io crate kas-text 0.6.0
[INFO] tweaked toml for crates.io crate kas-text 0.6.0 written to /workspace/builds/worker-0-tc1/source/Cargo.toml
[INFO] running `Command { std: CARGO_HOME="/workspace/cargo-home" RUSTUP_HOME="/workspace/rustup-home" __CARGO_TEST_CHANNEL_OVERRIDE_DO_NOT_USE_THIS="nightly" "/workspace/cargo-home/bin/cargo" "+1.69.0" "generate-lockfile" "--manifest-path" "Cargo.toml" "-Zno-index-update", kill_on_drop: false }`
[INFO] running `Command { std: CARGO_HOME="/workspace/cargo-home" RUSTUP_HOME="/workspace/rustup-home" "/workspace/cargo-home/bin/cargo" "+1.69.0" "fetch" "--manifest-path" "Cargo.toml", kill_on_drop: false }`
[INFO] [stderr]  Downloading crates ...
[INFO] [stderr]   Downloaded easy-cast v0.5.2
[INFO] [stderr]   Downloaded fontdb v0.10.0
[INFO] [stderr]   Downloaded unicode-ccc v0.1.2
[INFO] [stderr]   Downloaded unicode-bidi-mirroring v0.1.0
[INFO] [stderr]   Downloaded unicode-general-category v0.6.0
[INFO] [stderr]   Downloaded harfbuzz_rs v2.0.1
[INFO] [stderr]   Downloaded rustybuzz v0.6.0
[INFO] [stderr]   Downloaded harfbuzz-sys v0.5.0
[INFO] running `Command { std: "docker" "create" "-v" "/var/lib/crater-agent-workspace/builds/worker-0-tc1/target:/opt/rustwide/target:rw,Z" "-v" "/var/lib/crater-agent-workspace/builds/worker-0-tc1/source:/opt/rustwide/workdir:ro,Z" "-v" "/var/lib/crater-agent-workspace/cargo-home:/opt/rustwide/cargo-home:ro,Z" "-v" "/var/lib/crater-agent-workspace/rustup-home:/opt/rustwide/rustup-home:ro,Z" "-e" "SOURCE_DIR=/opt/rustwide/workdir" "-e" "CARGO_TARGET_DIR=/opt/rustwide/target" "-e" "CARGO_HOME=/opt/rustwide/cargo-home" "-e" "RUSTUP_HOME=/opt/rustwide/rustup-home" "-w" "/opt/rustwide/workdir" "-m" "1610612736" "--user" "0:0" "--network" "none" "ghcr.io/rust-lang/crates-build-env/linux@sha256:5ff2268d62e97bff2cde7d5815dd6ed5b47097566f13b8d0ca110b04b60e07ed" "/opt/rustwide/cargo-home/bin/cargo" "+1.69.0" "metadata" "--no-deps" "--format-version=1", kill_on_drop: false }`
[INFO] [stdout] 46c2ebbfc372824bdb8bf361a0d1842396c77c05e6a1b564d7b522670ad540e8
[INFO] running `Command { std: "docker" "start" "-a" "46c2ebbfc372824bdb8bf361a0d1842396c77c05e6a1b564d7b522670ad540e8", kill_on_drop: false }`
[INFO] running `Command { std: "docker" "inspect" "46c2ebbfc372824bdb8bf361a0d1842396c77c05e6a1b564d7b522670ad540e8", kill_on_drop: false }`
[INFO] running `Command { std: "docker" "rm" "-f" "46c2ebbfc372824bdb8bf361a0d1842396c77c05e6a1b564d7b522670ad540e8", kill_on_drop: false }`
[INFO] [stdout] 46c2ebbfc372824bdb8bf361a0d1842396c77c05e6a1b564d7b522670ad540e8
[INFO] running `Command { std: "docker" "create" "-v" "/var/lib/crater-agent-workspace/builds/worker-0-tc1/target:/opt/rustwide/target:rw,Z" "-v" "/var/lib/crater-agent-workspace/builds/worker-0-tc1/source:/opt/rustwide/workdir:ro,Z" "-v" "/var/lib/crater-agent-workspace/cargo-home:/opt/rustwide/cargo-home:ro,Z" "-v" "/var/lib/crater-agent-workspace/rustup-home:/opt/rustwide/rustup-home:ro,Z" "-e" "SOURCE_DIR=/opt/rustwide/workdir" "-e" "CARGO_TARGET_DIR=/opt/rustwide/target" "-e" "CARGO_INCREMENTAL=0" "-e" "RUST_BACKTRACE=full" "-e" "RUSTFLAGS=--cap-lints=warn" "-e" "RUSTDOCFLAGS=--cap-lints=warn" "-e" "CARGO_HOME=/opt/rustwide/cargo-home" "-e" "RUSTUP_HOME=/opt/rustwide/rustup-home" "-w" "/opt/rustwide/workdir" "-m" "1610612736" "--user" "0:0" "--network" "none" "ghcr.io/rust-lang/crates-build-env/linux@sha256:5ff2268d62e97bff2cde7d5815dd6ed5b47097566f13b8d0ca110b04b60e07ed" "/opt/rustwide/cargo-home/bin/cargo" "+1.69.0" "build" "--frozen" "--message-format=json", kill_on_drop: false }`
[INFO] [stdout] af7668a0345264734f3d57792102f28f7ec70468b89660cba7b03b3a111f29c7
[INFO] running `Command { std: "docker" "start" "-a" "af7668a0345264734f3d57792102f28f7ec70468b89660cba7b03b3a111f29c7", kill_on_drop: false }`
[INFO] [stderr]     Blocking waiting for file lock on package cache
[INFO] [stderr]    Compiling ttf-parser v0.17.1
[INFO] [stderr]    Compiling easy-cast v0.5.2
[INFO] [stderr]    Compiling unicode-bidi-mirroring v0.1.0
[INFO] [stderr]    Compiling memmap2 v0.5.10
[INFO] [stderr]    Compiling thiserror-impl v1.0.40
[INFO] [stderr]    Compiling thiserror v1.0.40
[INFO] [stderr]    Compiling fontdb v0.10.0
[INFO] [stderr]    Compiling kas-text v0.6.0 (/opt/rustwide/workdir)
[INFO] [stderr]     Finished dev [unoptimized + debuginfo] target(s) in 4.95s
[INFO] running `Command { std: "docker" "inspect" "af7668a0345264734f3d57792102f28f7ec70468b89660cba7b03b3a111f29c7", kill_on_drop: false }`
[INFO] running `Command { std: "docker" "rm" "-f" "af7668a0345264734f3d57792102f28f7ec70468b89660cba7b03b3a111f29c7", kill_on_drop: false }`
[INFO] [stdout] af7668a0345264734f3d57792102f28f7ec70468b89660cba7b03b3a111f29c7
[INFO] running `Command { std: "docker" "create" "-v" "/var/lib/crater-agent-workspace/builds/worker-0-tc1/target:/opt/rustwide/target:rw,Z" "-v" "/var/lib/crater-agent-workspace/builds/worker-0-tc1/source:/opt/rustwide/workdir:ro,Z" "-v" "/var/lib/crater-agent-workspace/cargo-home:/opt/rustwide/cargo-home:ro,Z" "-v" "/var/lib/crater-agent-workspace/rustup-home:/opt/rustwide/rustup-home:ro,Z" "-e" "SOURCE_DIR=/opt/rustwide/workdir" "-e" "CARGO_TARGET_DIR=/opt/rustwide/target" "-e" "CARGO_INCREMENTAL=0" "-e" "RUST_BACKTRACE=full" "-e" "RUSTFLAGS=--cap-lints=warn" "-e" "RUSTDOCFLAGS=--cap-lints=warn" "-e" "CARGO_HOME=/opt/rustwide/cargo-home" "-e" "RUSTUP_HOME=/opt/rustwide/rustup-home" "-w" "/opt/rustwide/workdir" "-m" "1610612736" "--user" "0:0" "--network" "none" "ghcr.io/rust-lang/crates-build-env/linux@sha256:5ff2268d62e97bff2cde7d5815dd6ed5b47097566f13b8d0ca110b04b60e07ed" "/opt/rustwide/cargo-home/bin/cargo" "+1.69.0" "test" "--frozen" "--no-run" "--message-format=json", kill_on_drop: false }`
[INFO] [stdout] c2000b3cdf56bf2c1a8a1037fdedf25a19cfbc0fe24da07c80dbce874b6d738f
[INFO] running `Command { std: "docker" "start" "-a" "c2000b3cdf56bf2c1a8a1037fdedf25a19cfbc0fe24da07c80dbce874b6d738f", kill_on_drop: false }`
[INFO] [stderr]    Compiling kas-text v0.6.0 (/opt/rustwide/workdir)
[INFO] [stderr]     Finished test [unoptimized + debuginfo] target(s) in 1.33s
[INFO] running `Command { std: "docker" "inspect" "c2000b3cdf56bf2c1a8a1037fdedf25a19cfbc0fe24da07c80dbce874b6d738f", kill_on_drop: false }`
[INFO] running `Command { std: "docker" "rm" "-f" "c2000b3cdf56bf2c1a8a1037fdedf25a19cfbc0fe24da07c80dbce874b6d738f", kill_on_drop: false }`
[INFO] [stdout] c2000b3cdf56bf2c1a8a1037fdedf25a19cfbc0fe24da07c80dbce874b6d738f
[INFO] running `Command { std: "docker" "create" "-v" "/var/lib/crater-agent-workspace/builds/worker-0-tc1/target:/opt/rustwide/target:rw,Z" "-v" "/var/lib/crater-agent-workspace/builds/worker-0-tc1/source:/opt/rustwide/workdir:ro,Z" "-v" "/var/lib/crater-agent-workspace/cargo-home:/opt/rustwide/cargo-home:ro,Z" "-v" "/var/lib/crater-agent-workspace/rustup-home:/opt/rustwide/rustup-home:ro,Z" "-e" "SOURCE_DIR=/opt/rustwide/workdir" "-e" "CARGO_TARGET_DIR=/opt/rustwide/target" "-e" "CARGO_INCREMENTAL=0" "-e" "RUST_BACKTRACE=full" "-e" "RUSTFLAGS=--cap-lints=warn" "-e" "RUSTDOCFLAGS=--cap-lints=warn" "-e" "CARGO_HOME=/opt/rustwide/cargo-home" "-e" "RUSTUP_HOME=/opt/rustwide/rustup-home" "-w" "/opt/rustwide/workdir" "-m" "1610612736" "--user" "0:0" "--network" "none" "ghcr.io/rust-lang/crates-build-env/linux@sha256:5ff2268d62e97bff2cde7d5815dd6ed5b47097566f13b8d0ca110b04b60e07ed" "/opt/rustwide/cargo-home/bin/cargo" "+1.69.0" "test" "--frozen", kill_on_drop: false }`
[INFO] [stdout] dd1cbaa691640b2b94b13574065056567658da2961ced96d8e755ec5947c9665
[INFO] running `Command { std: "docker" "start" "-a" "dd1cbaa691640b2b94b13574065056567658da2961ced96d8e755ec5947c9665", kill_on_drop: false }`
[INFO] [stderr]     Finished test [unoptimized + debuginfo] target(s) in 0.02s
[INFO] [stderr]      Running unittests src/lib.rs (/opt/rustwide/target/debug/deps/kas_text-f8d77837ba15afc7)
[INFO] [stdout] 
[INFO] [stdout] running 2 tests
[INFO] [stdout] test display::size_of_elts ... ok
[INFO] [stdout] test env::size ... ok
[INFO] [stdout] 
[INFO] [stdout] test result: ok. 2 passed; 0 failed; 0 ignored; 0 measured; 0 filtered out; finished in 0.00s
[INFO] [stdout] 
[INFO] [stderr]    Doc-tests kas-text
[INFO] [stdout] 
[INFO] [stdout] running 2 tests
[INFO] [stdout] test src/display/glyph_pos.rs - display::glyph_pos::TextDisplay::glyphs (line 253) - compile ... FAILED
[INFO] [stderr] error: doctest failed, to rerun pass `--doc`
[INFO] [stdout] test src/fonts/mod.rs - fonts (line 18) ... ok
[INFO] [stdout] 
[INFO] [stdout] failures:
[INFO] [stdout] 
[INFO] [stdout] ---- src/display/glyph_pos.rs - display::glyph_pos::TextDisplay::glyphs (line 253) stdout ----
[INFO] [stdout] error[E0599]: no method named `num_glyphs` found for struct `Text` in the current scope
[INFO] [stdout]  --> src/display/glyph_pos.rs:259:42
[INFO] [stdout]   |
[INFO] [stdout] 9 | let mut glyphs = Vec::with_capacity(text.num_glyphs());
[INFO] [stdout]   |                                          ^^^^^^^^^^ method not found in `Text<&str>`
[INFO] [stdout] 
[INFO] [stdout] error: aborting due to previous error
[INFO] [stdout] 
[INFO] [stdout] For more information about this error, try `rustc --explain E0599`.
[INFO] [stdout] Couldn't compile the test.
[INFO] [stdout] 
[INFO] [stdout] failures:
[INFO] [stdout]     src/display/glyph_pos.rs - display::glyph_pos::TextDisplay::glyphs (line 253)
[INFO] [stdout] 
[INFO] [stdout] test result: FAILED. 1 passed; 1 failed; 0 ignored; 0 measured; 0 filtered out; finished in 0.64s
[INFO] [stdout] 
[INFO] running `Command { std: "docker" "inspect" "dd1cbaa691640b2b94b13574065056567658da2961ced96d8e755ec5947c9665", kill_on_drop: false }`
[INFO] running `Command { std: "docker" "rm" "-f" "dd1cbaa691640b2b94b13574065056567658da2961ced96d8e755ec5947c9665", kill_on_drop: false }`
[INFO] [stdout] dd1cbaa691640b2b94b13574065056567658da2961ced96d8e755ec5947c9665
