[INFO] fetching crate jwt_hmac 0.2.0...
[INFO] testing jwt_hmac-0.2.0 against 1.69.0 for beta-1.70-1
[INFO] extracting crate jwt_hmac 0.2.0 into /workspace/builds/worker-1-tc1/source
[INFO] validating manifest of crates.io crate jwt_hmac 0.2.0 on toolchain 1.69.0
[INFO] running `Command { std: CARGO_HOME="/workspace/cargo-home" RUSTUP_HOME="/workspace/rustup-home" "/workspace/cargo-home/bin/cargo" "+1.69.0" "metadata" "--manifest-path" "Cargo.toml" "--no-deps", kill_on_drop: false }`
[INFO] started tweaking crates.io crate jwt_hmac 0.2.0
[INFO] finished tweaking crates.io crate jwt_hmac 0.2.0
[INFO] tweaked toml for crates.io crate jwt_hmac 0.2.0 written to /workspace/builds/worker-1-tc1/source/Cargo.toml
[INFO] running `Command { std: CARGO_HOME="/workspace/cargo-home" RUSTUP_HOME="/workspace/rustup-home" __CARGO_TEST_CHANNEL_OVERRIDE_DO_NOT_USE_THIS="nightly" "/workspace/cargo-home/bin/cargo" "+1.69.0" "generate-lockfile" "--manifest-path" "Cargo.toml" "-Zno-index-update", kill_on_drop: false }`
[INFO] running `Command { std: CARGO_HOME="/workspace/cargo-home" RUSTUP_HOME="/workspace/rustup-home" "/workspace/cargo-home/bin/cargo" "+1.69.0" "fetch" "--manifest-path" "Cargo.toml", kill_on_drop: false }`
[INFO] [stderr]  Downloading crates ...
[INFO] [stderr]   Downloaded base64-url v1.4.13
[INFO] running `Command { std: "docker" "create" "-v" "/var/lib/crater-agent-workspace/builds/worker-1-tc1/target:/opt/rustwide/target:rw,Z" "-v" "/var/lib/crater-agent-workspace/builds/worker-1-tc1/source:/opt/rustwide/workdir:ro,Z" "-v" "/var/lib/crater-agent-workspace/cargo-home:/opt/rustwide/cargo-home:ro,Z" "-v" "/var/lib/crater-agent-workspace/rustup-home:/opt/rustwide/rustup-home:ro,Z" "-e" "SOURCE_DIR=/opt/rustwide/workdir" "-e" "CARGO_TARGET_DIR=/opt/rustwide/target" "-e" "CARGO_HOME=/opt/rustwide/cargo-home" "-e" "RUSTUP_HOME=/opt/rustwide/rustup-home" "-w" "/opt/rustwide/workdir" "-m" "1610612736" "--user" "0:0" "--network" "none" "ghcr.io/rust-lang/crates-build-env/linux@sha256:5ff2268d62e97bff2cde7d5815dd6ed5b47097566f13b8d0ca110b04b60e07ed" "/opt/rustwide/cargo-home/bin/cargo" "+1.69.0" "metadata" "--no-deps" "--format-version=1", kill_on_drop: false }`
[INFO] [stdout] 6442fc614ac27ff5a1101b258c4c441144f0febb1c5d7ab0c87ae302c75e0ded
[INFO] running `Command { std: "docker" "start" "-a" "6442fc614ac27ff5a1101b258c4c441144f0febb1c5d7ab0c87ae302c75e0ded", kill_on_drop: false }`
[INFO] running `Command { std: "docker" "inspect" "6442fc614ac27ff5a1101b258c4c441144f0febb1c5d7ab0c87ae302c75e0ded", kill_on_drop: false }`
[INFO] running `Command { std: "docker" "rm" "-f" "6442fc614ac27ff5a1101b258c4c441144f0febb1c5d7ab0c87ae302c75e0ded", kill_on_drop: false }`
[INFO] [stdout] 6442fc614ac27ff5a1101b258c4c441144f0febb1c5d7ab0c87ae302c75e0ded
[INFO] running `Command { std: "docker" "create" "-v" "/var/lib/crater-agent-workspace/builds/worker-1-tc1/target:/opt/rustwide/target:rw,Z" "-v" "/var/lib/crater-agent-workspace/builds/worker-1-tc1/source:/opt/rustwide/workdir:ro,Z" "-v" "/var/lib/crater-agent-workspace/cargo-home:/opt/rustwide/cargo-home:ro,Z" "-v" "/var/lib/crater-agent-workspace/rustup-home:/opt/rustwide/rustup-home:ro,Z" "-e" "SOURCE_DIR=/opt/rustwide/workdir" "-e" "CARGO_TARGET_DIR=/opt/rustwide/target" "-e" "CARGO_INCREMENTAL=0" "-e" "RUST_BACKTRACE=full" "-e" "RUSTFLAGS=--cap-lints=warn" "-e" "RUSTDOCFLAGS=--cap-lints=warn" "-e" "CARGO_HOME=/opt/rustwide/cargo-home" "-e" "RUSTUP_HOME=/opt/rustwide/rustup-home" "-w" "/opt/rustwide/workdir" "-m" "1610612736" "--user" "0:0" "--network" "none" "ghcr.io/rust-lang/crates-build-env/linux@sha256:5ff2268d62e97bff2cde7d5815dd6ed5b47097566f13b8d0ca110b04b60e07ed" "/opt/rustwide/cargo-home/bin/cargo" "+1.69.0" "build" "--frozen" "--message-format=json", kill_on_drop: false }`
[INFO] [stdout] 5e2e285554bfd5644525d093079978cda9c304226c7801834eae7a318f6f1e5f
[INFO] running `Command { std: "docker" "start" "-a" "5e2e285554bfd5644525d093079978cda9c304226c7801834eae7a318f6f1e5f", kill_on_drop: false }`
[INFO] [stderr]    Compiling subtle v2.4.1
[INFO] [stderr]    Compiling cpufeatures v0.2.7
[INFO] [stderr]    Compiling base64-url v1.4.13
[INFO] [stderr]    Compiling block-buffer v0.10.4
[INFO] [stderr]    Compiling crypto-common v0.1.6
[INFO] [stderr]    Compiling serde v1.0.160
[INFO] [stderr]    Compiling digest v0.10.6
[INFO] [stderr]    Compiling sha2 v0.10.6
[INFO] [stderr]    Compiling hmac v0.12.1
[INFO] [stderr]    Compiling serde_json v1.0.96
[INFO] [stderr]    Compiling jwt_hmac v0.2.0 (/opt/rustwide/workdir)
[INFO] [stderr]     Finished dev [unoptimized + debuginfo] target(s) in 4.25s
[INFO] running `Command { std: "docker" "inspect" "5e2e285554bfd5644525d093079978cda9c304226c7801834eae7a318f6f1e5f", kill_on_drop: false }`
[INFO] running `Command { std: "docker" "rm" "-f" "5e2e285554bfd5644525d093079978cda9c304226c7801834eae7a318f6f1e5f", kill_on_drop: false }`
[INFO] [stdout] 5e2e285554bfd5644525d093079978cda9c304226c7801834eae7a318f6f1e5f
[INFO] running `Command { std: "docker" "create" "-v" "/var/lib/crater-agent-workspace/builds/worker-1-tc1/target:/opt/rustwide/target:rw,Z" "-v" "/var/lib/crater-agent-workspace/builds/worker-1-tc1/source:/opt/rustwide/workdir:ro,Z" "-v" "/var/lib/crater-agent-workspace/cargo-home:/opt/rustwide/cargo-home:ro,Z" "-v" "/var/lib/crater-agent-workspace/rustup-home:/opt/rustwide/rustup-home:ro,Z" "-e" "SOURCE_DIR=/opt/rustwide/workdir" "-e" "CARGO_TARGET_DIR=/opt/rustwide/target" "-e" "CARGO_INCREMENTAL=0" "-e" "RUST_BACKTRACE=full" "-e" "RUSTFLAGS=--cap-lints=warn" "-e" "RUSTDOCFLAGS=--cap-lints=warn" "-e" "CARGO_HOME=/opt/rustwide/cargo-home" "-e" "RUSTUP_HOME=/opt/rustwide/rustup-home" "-w" "/opt/rustwide/workdir" "-m" "1610612736" "--user" "0:0" "--network" "none" "ghcr.io/rust-lang/crates-build-env/linux@sha256:5ff2268d62e97bff2cde7d5815dd6ed5b47097566f13b8d0ca110b04b60e07ed" "/opt/rustwide/cargo-home/bin/cargo" "+1.69.0" "test" "--frozen" "--no-run" "--message-format=json", kill_on_drop: false }`
[INFO] [stdout] c7ad04468e684e4babd29869dc5ebe5b95a0c741bb52bcf4031df000e86ada01
[INFO] running `Command { std: "docker" "start" "-a" "c7ad04468e684e4babd29869dc5ebe5b95a0c741bb52bcf4031df000e86ada01", kill_on_drop: false }`
[INFO] [stderr]    Compiling jwt_hmac v0.2.0 (/opt/rustwide/workdir)
[INFO] [stderr]     Finished test [unoptimized + debuginfo] target(s) in 0.50s
[INFO] running `Command { std: "docker" "inspect" "c7ad04468e684e4babd29869dc5ebe5b95a0c741bb52bcf4031df000e86ada01", kill_on_drop: false }`
[INFO] running `Command { std: "docker" "rm" "-f" "c7ad04468e684e4babd29869dc5ebe5b95a0c741bb52bcf4031df000e86ada01", kill_on_drop: false }`
[INFO] [stdout] c7ad04468e684e4babd29869dc5ebe5b95a0c741bb52bcf4031df000e86ada01
[INFO] running `Command { std: "docker" "create" "-v" "/var/lib/crater-agent-workspace/builds/worker-1-tc1/target:/opt/rustwide/target:rw,Z" "-v" "/var/lib/crater-agent-workspace/builds/worker-1-tc1/source:/opt/rustwide/workdir:ro,Z" "-v" "/var/lib/crater-agent-workspace/cargo-home:/opt/rustwide/cargo-home:ro,Z" "-v" "/var/lib/crater-agent-workspace/rustup-home:/opt/rustwide/rustup-home:ro,Z" "-e" "SOURCE_DIR=/opt/rustwide/workdir" "-e" "CARGO_TARGET_DIR=/opt/rustwide/target" "-e" "CARGO_INCREMENTAL=0" "-e" "RUST_BACKTRACE=full" "-e" "RUSTFLAGS=--cap-lints=warn" "-e" "RUSTDOCFLAGS=--cap-lints=warn" "-e" "CARGO_HOME=/opt/rustwide/cargo-home" "-e" "RUSTUP_HOME=/opt/rustwide/rustup-home" "-w" "/opt/rustwide/workdir" "-m" "1610612736" "--user" "0:0" "--network" "none" "ghcr.io/rust-lang/crates-build-env/linux@sha256:5ff2268d62e97bff2cde7d5815dd6ed5b47097566f13b8d0ca110b04b60e07ed" "/opt/rustwide/cargo-home/bin/cargo" "+1.69.0" "test" "--frozen", kill_on_drop: false }`
[INFO] [stdout] 3b7a99ca4f2bfcefe8e7f96b9b3377d6250f94842d1340eb753591cd6e1090ef
[INFO] running `Command { std: "docker" "start" "-a" "3b7a99ca4f2bfcefe8e7f96b9b3377d6250f94842d1340eb753591cd6e1090ef", kill_on_drop: false }`
[INFO] [stderr]     Finished test [unoptimized + debuginfo] target(s) in 0.02s
[INFO] [stderr]      Running unittests src/lib.rs (/opt/rustwide/target/debug/deps/jwt_hmac-ea86a465f00fc040)
[INFO] [stdout] 
[INFO] [stdout] running 3 tests
[INFO] [stdout] test tests::can_create ... ok
[INFO] [stdout] test tests::recognizes_bad_checksum ... ok
[INFO] [stdout] test tests::can_parse ... ok
[INFO] [stdout] 
[INFO] [stdout] test result: ok. 3 passed; 0 failed; 0 ignored; 0 measured; 0 filtered out; finished in 0.00s
[INFO] [stdout] 
[INFO] [stderr]    Doc-tests jwt_hmac
[INFO] [stdout] 
[INFO] [stdout] running 2 tests
[INFO] [stdout] test src/lib.rs - create (line 138) ... FAILED
[INFO] [stdout] test src/lib.rs - parse (line 91) ... FAILED
[INFO] [stdout] 
[INFO] [stdout] failures:
[INFO] [stdout] 
[INFO] [stdout] ---- src/lib.rs - create (line 138) stdout ----
[INFO] [stdout] error[E0254]: the name `jwt_hmac` is defined multiple times
[INFO] [stdout]  --> src/lib.rs:139:5
[INFO] [stdout]   |
[INFO] [stdout] 2 | extern crate r#jwt_hmac;
[INFO] [stdout]   | ------------------------ previous import of the extern crate `jwt_hmac` here
[INFO] [stdout] 3 | use jwt_hmac;
[INFO] [stdout]   |     ^^^^^^^^ `jwt_hmac` reimported here
[INFO] [stdout]   |
[INFO] [stdout]   = note: `jwt_hmac` must be defined only once in the type namespace of this module
[INFO] [stdout] 
[INFO] [stdout] error: aborting due to previous error
[INFO] [stdout] 
[INFO] [stdout] For more information about this error, try `rustc --explain E0254`.
[INFO] [stdout] Couldn't compile the test.
[INFO] [stdout] ---- src/lib.rs - parse (line 91) stdout ----
[INFO] [stdout] error[E0254]: the name `jwt_hmac` is defined multiple times
[INFO] [stdout]  --> src/lib.rs:92:5
[INFO] [stdout]   |
[INFO] [stdout] 2 | extern crate r#jwt_hmac;
[INFO] [stdout]   | ------------------------ previous import of the extern crate `jwt_hmac` here
[INFO] [stdout] 3 | use jwt_hmac;
[INFO] [stdout]   |     ^^^^^^^^ `jwt_hmac` reimported here
[INFO] [stdout]   |
[INFO] [stdout]   = note: `jwt_hmac` must be defined only once in the type namespace of this module
[INFO] [stdout] 
[INFO] [stdout] error: aborting due to previous error
[INFO] [stdout] 
[INFO] [stdout] For more information about this error, try `rustc --explain E0254`.
[INFO] [stdout] Couldn't compile the test.
[INFO] [stdout] 
[INFO] [stdout] failures:
[INFO] [stdout]     src/lib.rs - create (line 138)
[INFO] [stdout]     src/lib.rs - parse (line 91)
[INFO] [stdout] 
[INFO] [stdout] test result: FAILED. 0 passed; 2 failed; 0 ignored; 0 measured; 0 filtered out; finished in 0.04s
[INFO] [stdout] 
[INFO] [stderr] error: doctest failed, to rerun pass `--doc`
[INFO] running `Command { std: "docker" "inspect" "3b7a99ca4f2bfcefe8e7f96b9b3377d6250f94842d1340eb753591cd6e1090ef", kill_on_drop: false }`
[INFO] running `Command { std: "docker" "rm" "-f" "3b7a99ca4f2bfcefe8e7f96b9b3377d6250f94842d1340eb753591cd6e1090ef", kill_on_drop: false }`
[INFO] [stdout] 3b7a99ca4f2bfcefe8e7f96b9b3377d6250f94842d1340eb753591cd6e1090ef
