[INFO] fetching crate jwt-compact-preview 0.4.0...
[INFO] testing jwt-compact-preview-0.4.0 against 1.69.0 for beta-1.70-1
[INFO] extracting crate jwt-compact-preview 0.4.0 into /workspace/builds/worker-4-tc1/source
[INFO] validating manifest of crates.io crate jwt-compact-preview 0.4.0 on toolchain 1.69.0
[INFO] running `Command { std: CARGO_HOME="/workspace/cargo-home" RUSTUP_HOME="/workspace/rustup-home" "/workspace/cargo-home/bin/cargo" "+1.69.0" "metadata" "--manifest-path" "Cargo.toml" "--no-deps", kill_on_drop: false }`
[INFO] started tweaking crates.io crate jwt-compact-preview 0.4.0
[INFO] finished tweaking crates.io crate jwt-compact-preview 0.4.0
[INFO] tweaked toml for crates.io crate jwt-compact-preview 0.4.0 written to /workspace/builds/worker-4-tc1/source/Cargo.toml
[INFO] running `Command { std: CARGO_HOME="/workspace/cargo-home" RUSTUP_HOME="/workspace/rustup-home" __CARGO_TEST_CHANNEL_OVERRIDE_DO_NOT_USE_THIS="nightly" "/workspace/cargo-home/bin/cargo" "+1.69.0" "generate-lockfile" "--manifest-path" "Cargo.toml" "-Zno-index-update", kill_on_drop: false }`
[INFO] running `Command { std: CARGO_HOME="/workspace/cargo-home" RUSTUP_HOME="/workspace/rustup-home" "/workspace/cargo-home/bin/cargo" "+1.69.0" "fetch" "--manifest-path" "Cargo.toml", kill_on_drop: false }`
[INFO] [stderr]  Downloading crates ...
[INFO] [stderr]   Downloaded exonum-crypto v1.0.0
[INFO] [stderr]   Downloaded iana-time-zone v0.1.50
[INFO] [stderr]   Downloaded hex-buffer-serde v0.2.2
[INFO] [stderr]   Downloaded protoc-rust v2.28.0
[INFO] [stderr]   Downloaded exonum-build v1.0.1
[INFO] [stderr]   Downloaded cc v1.0.41
[INFO] [stderr]   Downloaded secp256k1 v0.17.2
[INFO] [stderr]   Downloaded exonum_libsodium-sys v0.0.23
[INFO] [stderr]   Downloaded ed25519-compact v0.1.11
[INFO] [stderr]   Downloaded secp256k1-sys v0.1.2
[INFO] [stderr]   Downloaded chrono-wasi v0.4.11
[INFO] [stderr]   Downloaded exonum_sodiumoxide v0.0.23
[INFO] running `Command { std: "docker" "create" "-v" "/var/lib/crater-agent-workspace/builds/worker-4-tc1/target:/opt/rustwide/target:rw,Z" "-v" "/var/lib/crater-agent-workspace/builds/worker-4-tc1/source:/opt/rustwide/workdir:ro,Z" "-v" "/var/lib/crater-agent-workspace/cargo-home:/opt/rustwide/cargo-home:ro,Z" "-v" "/var/lib/crater-agent-workspace/rustup-home:/opt/rustwide/rustup-home:ro,Z" "-e" "SOURCE_DIR=/opt/rustwide/workdir" "-e" "CARGO_TARGET_DIR=/opt/rustwide/target" "-e" "CARGO_HOME=/opt/rustwide/cargo-home" "-e" "RUSTUP_HOME=/opt/rustwide/rustup-home" "-w" "/opt/rustwide/workdir" "-m" "1610612736" "--user" "0:0" "--network" "none" "ghcr.io/rust-lang/crates-build-env/linux@sha256:5ff2268d62e97bff2cde7d5815dd6ed5b47097566f13b8d0ca110b04b60e07ed" "/opt/rustwide/cargo-home/bin/cargo" "+1.69.0" "metadata" "--no-deps" "--format-version=1", kill_on_drop: false }`
[INFO] [stdout] 1697263efb40902a7b24c8520fa99ceab426ae06486567c107dd4af0a80aa5a5
[INFO] running `Command { std: "docker" "start" "-a" "1697263efb40902a7b24c8520fa99ceab426ae06486567c107dd4af0a80aa5a5", kill_on_drop: false }`
[INFO] running `Command { std: "docker" "inspect" "1697263efb40902a7b24c8520fa99ceab426ae06486567c107dd4af0a80aa5a5", kill_on_drop: false }`
[INFO] running `Command { std: "docker" "rm" "-f" "1697263efb40902a7b24c8520fa99ceab426ae06486567c107dd4af0a80aa5a5", kill_on_drop: false }`
[INFO] [stdout] 1697263efb40902a7b24c8520fa99ceab426ae06486567c107dd4af0a80aa5a5
[INFO] running `Command { std: "docker" "create" "-v" "/var/lib/crater-agent-workspace/builds/worker-4-tc1/target:/opt/rustwide/target:rw,Z" "-v" "/var/lib/crater-agent-workspace/builds/worker-4-tc1/source:/opt/rustwide/workdir:ro,Z" "-v" "/var/lib/crater-agent-workspace/cargo-home:/opt/rustwide/cargo-home:ro,Z" "-v" "/var/lib/crater-agent-workspace/rustup-home:/opt/rustwide/rustup-home:ro,Z" "-e" "SOURCE_DIR=/opt/rustwide/workdir" "-e" "CARGO_TARGET_DIR=/opt/rustwide/target" "-e" "CARGO_INCREMENTAL=0" "-e" "RUST_BACKTRACE=full" "-e" "RUSTFLAGS=--cap-lints=warn" "-e" "RUSTDOCFLAGS=--cap-lints=warn" "-e" "CARGO_HOME=/opt/rustwide/cargo-home" "-e" "RUSTUP_HOME=/opt/rustwide/rustup-home" "-w" "/opt/rustwide/workdir" "-m" "1610612736" "--user" "0:0" "--network" "none" "ghcr.io/rust-lang/crates-build-env/linux@sha256:5ff2268d62e97bff2cde7d5815dd6ed5b47097566f13b8d0ca110b04b60e07ed" "/opt/rustwide/cargo-home/bin/cargo" "+1.69.0" "build" "--frozen" "--message-format=json", kill_on_drop: false }`
[INFO] [stdout] d2c58645a0e562a52be14b24d8b7a68f1cc8954eb5aeb4eac750148a364227ad
[INFO] running `Command { std: "docker" "start" "-a" "d2c58645a0e562a52be14b24d8b7a68f1cc8954eb5aeb4eac750148a364227ad", kill_on_drop: false }`
[INFO] [stderr]    Compiling proc-macro2 v1.0.56
[INFO] [stderr]    Compiling unicode-ident v1.0.8
[INFO] [stderr]    Compiling quote v1.0.26
[INFO] [stderr]    Compiling libc v0.2.142
[INFO] [stderr]    Compiling num-traits v0.2.15
[INFO] [stderr]    Compiling typenum v1.16.0
[INFO] [stderr]    Compiling generic-array v0.14.7
[INFO] [stderr]    Compiling num-integer v0.1.45
[INFO] [stderr]    Compiling getrandom v0.1.16
[INFO] [stderr]    Compiling serde_derive v1.0.160
[INFO] [stderr]    Compiling serde v1.0.160
[INFO] [stderr]    Compiling autocfg v0.1.8
[INFO] [stderr]    Compiling num-bigint v0.2.6
[INFO] [stderr]    Compiling num-iter v0.1.43
[INFO] [stderr]    Compiling ppv-lite86 v0.2.17
[INFO] [stderr]    Compiling libm v0.2.6
[INFO] [stderr]    Compiling num-bigint-dig v0.6.1
[INFO] [stderr]    Compiling spin v0.5.2
[INFO] [stderr]    Compiling time v0.1.45
[INFO] [stderr]    Compiling rand_core v0.5.1
[INFO] [stderr]    Compiling iana-time-zone v0.1.50
[INFO] [stderr]    Compiling thiserror v1.0.40
[INFO] [stderr]    Compiling syn v2.0.15
[INFO] [stderr]    Compiling rand_chacha v0.2.2
[INFO] [stderr]    Compiling regex-syntax v0.7.1
[INFO] [stderr]    Compiling subtle v2.5.0
[INFO] [stderr]    Compiling rand v0.7.3
[INFO] [stderr]    Compiling digest v0.9.0
[INFO] [stderr]    Compiling block-buffer v0.9.0
[INFO] [stderr]    Compiling lazy_static v1.4.0
[INFO] [stderr]    Compiling smallvec v1.10.0
[INFO] [stderr]    Compiling anyhow v1.0.71
[INFO] [stderr]    Compiling once_cell v1.17.1
[INFO] [stderr]    Compiling opaque-debug v0.3.0
[INFO] [stderr]    Compiling chrono v0.4.24
[INFO] [stderr]    Compiling serde_json v1.0.96
[INFO] [stderr]    Compiling base64 v0.13.1
[INFO] [stderr]    Compiling regex v1.8.1
[INFO] [stderr]    Compiling byteorder v1.4.3
[INFO] [stderr]    Compiling cpufeatures v0.2.7
[INFO] [stderr]    Compiling sha2 v0.9.9
[INFO] [stderr]    Compiling crypto-mac v0.8.0
[INFO] [stderr]    Compiling getrandom v0.2.9
[INFO] [stderr]    Compiling pem v0.8.3
[INFO] [stderr]    Compiling simple_asn1 v0.4.1
[INFO] [stderr]    Compiling ryu v1.0.13
[INFO] [stderr]    Compiling itoa v1.0.6
[INFO] [stderr]    Compiling half v1.8.2
[INFO] [stderr]    Compiling ed25519-compact v0.1.11
[INFO] [stderr]    Compiling hmac v0.8.1
[INFO] [stderr]    Compiling base64 v0.12.3
[INFO] [stderr]    Compiling zeroize_derive v1.4.2
[INFO] [stderr]    Compiling thiserror-impl v1.0.40
[INFO] [stderr]    Compiling zeroize v1.3.0
[INFO] [stderr]    Compiling serde_cbor v0.11.2
[INFO] [stderr]    Compiling rsa v0.3.0
[INFO] [stderr]    Compiling jwt-compact-preview v0.4.0 (/opt/rustwide/workdir)
[INFO] [stdout] warning: use of deprecated method `chrono::TimeZone::timestamp`: use `timestamp_opt()` instead
[INFO] [stdout]    --> src/claims.rs:176:20
[INFO] [stdout]     |
[INFO] [stdout] 176 |             Ok(Utc.timestamp(value, 0))
[INFO] [stdout]     |                    ^^^^^^^^^
[INFO] [stdout]     |
[INFO] [stdout]     = note: `#[warn(deprecated)]` on by default
[INFO] [stdout] 
[INFO] [stdout] 
[INFO] [stdout] warning: use of deprecated method `chrono::TimeZone::timestamp`: use `timestamp_opt()` instead
[INFO] [stdout]    --> src/claims.rs:184:20
[INFO] [stdout]     |
[INFO] [stdout] 184 |             Ok(Utc.timestamp(value, 0))
[INFO] [stdout]     |                    ^^^^^^^^^
[INFO] [stdout] 
[INFO] [stdout] 
[INFO] [stdout] warning: 2 warnings emitted
[INFO] [stdout] 
[INFO] [stdout] 
[INFO] [stderr]     Finished dev [unoptimized + debuginfo] target(s) in 31.97s
[INFO] running `Command { std: "docker" "inspect" "d2c58645a0e562a52be14b24d8b7a68f1cc8954eb5aeb4eac750148a364227ad", kill_on_drop: false }`
[INFO] running `Command { std: "docker" "rm" "-f" "d2c58645a0e562a52be14b24d8b7a68f1cc8954eb5aeb4eac750148a364227ad", kill_on_drop: false }`
[INFO] [stdout] d2c58645a0e562a52be14b24d8b7a68f1cc8954eb5aeb4eac750148a364227ad
[INFO] running `Command { std: "docker" "create" "-v" "/var/lib/crater-agent-workspace/builds/worker-4-tc1/target:/opt/rustwide/target:rw,Z" "-v" "/var/lib/crater-agent-workspace/builds/worker-4-tc1/source:/opt/rustwide/workdir:ro,Z" "-v" "/var/lib/crater-agent-workspace/cargo-home:/opt/rustwide/cargo-home:ro,Z" "-v" "/var/lib/crater-agent-workspace/rustup-home:/opt/rustwide/rustup-home:ro,Z" "-e" "SOURCE_DIR=/opt/rustwide/workdir" "-e" "CARGO_TARGET_DIR=/opt/rustwide/target" "-e" "CARGO_INCREMENTAL=0" "-e" "RUST_BACKTRACE=full" "-e" "RUSTFLAGS=--cap-lints=warn" "-e" "RUSTDOCFLAGS=--cap-lints=warn" "-e" "CARGO_HOME=/opt/rustwide/cargo-home" "-e" "RUSTUP_HOME=/opt/rustwide/rustup-home" "-w" "/opt/rustwide/workdir" "-m" "1610612736" "--user" "0:0" "--network" "none" "ghcr.io/rust-lang/crates-build-env/linux@sha256:5ff2268d62e97bff2cde7d5815dd6ed5b47097566f13b8d0ca110b04b60e07ed" "/opt/rustwide/cargo-home/bin/cargo" "+1.69.0" "test" "--frozen" "--no-run" "--message-format=json", kill_on_drop: false }`
[INFO] [stdout] 09274d3d59d67c4fa52c62d6c47ea0d5f14db0e6420a47238d5fb6086b5a7de3
[INFO] running `Command { std: "docker" "start" "-a" "09274d3d59d67c4fa52c62d6c47ea0d5f14db0e6420a47238d5fb6086b5a7de3", kill_on_drop: false }`
[INFO] [stderr]    Compiling assert_matches v1.5.0
[INFO] [stderr]    Compiling hex-buffer-serde v0.2.2
[INFO] [stdout] warning: use of deprecated method `chrono::TimeZone::timestamp`: use `timestamp_opt()` instead
[INFO] [stdout]    --> src/claims.rs:176:20
[INFO] [stdout]     |
[INFO] [stdout] 176 |             Ok(Utc.timestamp(value, 0))
[INFO] [stdout]     |                    ^^^^^^^^^
[INFO] [stdout]     |
[INFO] [stdout]     = note: `#[warn(deprecated)]` on by default
[INFO] [stdout] 
[INFO] [stdout] 
[INFO] [stdout] warning: use of deprecated method `chrono::TimeZone::timestamp`: use `timestamp_opt()` instead
[INFO] [stdout]    --> src/claims.rs:184:20
[INFO] [stdout]     |
[INFO] [stdout] 184 |             Ok(Utc.timestamp(value, 0))
[INFO] [stdout]     |                    ^^^^^^^^^
[INFO] [stdout] 
[INFO] [stdout] 
[INFO] [stdout] warning: 2 warnings emitted
[INFO] [stdout] 
[INFO] [stdout] 
[INFO] [stderr]    Compiling jwt-compact-preview v0.4.0 (/opt/rustwide/workdir)
[INFO] [stdout] warning: use of deprecated method `chrono::TimeZone::timestamp`: use `timestamp_opt()` instead
[INFO] [stdout]    --> src/claims.rs:176:20
[INFO] [stdout]     |
[INFO] [stdout] 176 |             Ok(Utc.timestamp(value, 0))
[INFO] [stdout]     |                    ^^^^^^^^^
[INFO] [stdout]     |
[INFO] [stdout]     = note: `#[warn(deprecated)]` on by default
[INFO] [stdout] 
[INFO] [stdout] 
[INFO] [stdout] warning: use of deprecated method `chrono::TimeZone::timestamp`: use `timestamp_opt()` instead
[INFO] [stdout]    --> src/claims.rs:184:20
[INFO] [stdout]     |
[INFO] [stdout] 184 |             Ok(Utc.timestamp(value, 0))
[INFO] [stdout]     |                    ^^^^^^^^^
[INFO] [stdout] 
[INFO] [stdout] 
[INFO] [stdout] warning: 2 warnings emitted
[INFO] [stdout] 
[INFO] [stdout] 
[INFO] [stderr]     Finished test [unoptimized + debuginfo] target(s) in 4.19s
[INFO] running `Command { std: "docker" "inspect" "09274d3d59d67c4fa52c62d6c47ea0d5f14db0e6420a47238d5fb6086b5a7de3", kill_on_drop: false }`
[INFO] running `Command { std: "docker" "rm" "-f" "09274d3d59d67c4fa52c62d6c47ea0d5f14db0e6420a47238d5fb6086b5a7de3", kill_on_drop: false }`
[INFO] [stdout] 09274d3d59d67c4fa52c62d6c47ea0d5f14db0e6420a47238d5fb6086b5a7de3
[INFO] running `Command { std: "docker" "create" "-v" "/var/lib/crater-agent-workspace/builds/worker-4-tc1/target:/opt/rustwide/target:rw,Z" "-v" "/var/lib/crater-agent-workspace/builds/worker-4-tc1/source:/opt/rustwide/workdir:ro,Z" "-v" "/var/lib/crater-agent-workspace/cargo-home:/opt/rustwide/cargo-home:ro,Z" "-v" "/var/lib/crater-agent-workspace/rustup-home:/opt/rustwide/rustup-home:ro,Z" "-e" "SOURCE_DIR=/opt/rustwide/workdir" "-e" "CARGO_TARGET_DIR=/opt/rustwide/target" "-e" "CARGO_INCREMENTAL=0" "-e" "RUST_BACKTRACE=full" "-e" "RUSTFLAGS=--cap-lints=warn" "-e" "RUSTDOCFLAGS=--cap-lints=warn" "-e" "CARGO_HOME=/opt/rustwide/cargo-home" "-e" "RUSTUP_HOME=/opt/rustwide/rustup-home" "-w" "/opt/rustwide/workdir" "-m" "1610612736" "--user" "0:0" "--network" "none" "ghcr.io/rust-lang/crates-build-env/linux@sha256:5ff2268d62e97bff2cde7d5815dd6ed5b47097566f13b8d0ca110b04b60e07ed" "/opt/rustwide/cargo-home/bin/cargo" "+1.69.0" "test" "--frozen", kill_on_drop: false }`
[INFO] [stdout] e8913a34342bb5bf94f257b76fc6830dad4ba3c40a3ce247872779ac09e341ae
[INFO] running `Command { std: "docker" "start" "-a" "e8913a34342bb5bf94f257b76fc6830dad4ba3c40a3ce247872779ac09e341ae", kill_on_drop: false }`
[INFO] [stderr] warning: use of deprecated method `chrono::TimeZone::timestamp`: use `timestamp_opt()` instead
[INFO] [stderr]    --> src/claims.rs:176:20
[INFO] [stderr]     |
[INFO] [stderr] 176 |             Ok(Utc.timestamp(value, 0))
[INFO] [stderr]     |                    ^^^^^^^^^
[INFO] [stderr]     |
[INFO] [stderr]     = note: `#[warn(deprecated)]` on by default
[INFO] [stderr] 
[INFO] [stderr] warning: use of deprecated method `chrono::TimeZone::timestamp`: use `timestamp_opt()` instead
[INFO] [stderr]    --> src/claims.rs:184:20
[INFO] [stderr]     |
[INFO] [stderr] 184 |             Ok(Utc.timestamp(value, 0))
[INFO] [stderr]     |                    ^^^^^^^^^
[INFO] [stderr] 
[INFO] [stderr] warning: `jwt-compact-preview` (lib) generated 2 warnings
[INFO] [stderr] warning: `jwt-compact-preview` (lib test) generated 2 warnings (2 duplicates)
[INFO] [stderr]     Finished test [unoptimized + debuginfo] target(s) in 0.14s
[INFO] [stderr]      Running unittests src/lib.rs (/opt/rustwide/target/debug/deps/jwt_compact_preview-6d83c9f05ae6e993)
[INFO] [stdout] 
[INFO] [stdout] running 8 tests
[INFO] [stdout] test claims::tests::empty_claims_can_be_serialized ... ok
[INFO] [stdout] test claims::tests::expired_claim ... ok
[INFO] [stdout] test claims::tests::immature_claim ... ok
[INFO] [stdout] test tests::base64_error_during_parsing ... ok
[INFO] [stdout] test tests::invalid_token_structure ... ok
[INFO] [stdout] test tests::malformed_header ... ok
[INFO] [stderr]      Running tests/algorithms.rs (/opt/rustwide/target/debug/deps/algorithms-af136a533890adc4)
[INFO] [stdout] test tests::unsupported_content_type ... ok
[INFO] [stdout] test tests::malformed_json_claims ... ok
[INFO] [stdout] 
[INFO] [stdout] test result: ok. 8 passed; 0 failed; 0 ignored; 0 measured; 0 filtered out; finished in 0.02s
[INFO] [stdout] 
[INFO] [stdout] 
[INFO] [stdout] running 15 tests
[INFO] [stdout] test hs256_reference ... ok
[INFO] [stdout] test hs384_reference ... ok
[INFO] [stdout] test ed25519_reference ... ok
[INFO] [stdout] test compact_token_hs256 ... ok
[INFO] [stdout] test hs512_reference ... ok
[INFO] [stdout] test hs256_algorithm ... ok
[INFO] [stdout] test hs384_algorithm ... ok
[INFO] [stdout] test hs512_algorithm ... ok
[INFO] [stdout] test ed25519_algorithm ... ok
[INFO] [stdout] test ps256_algorithm has been running for over 60 seconds
[INFO] [stdout] test ps384_algorithm has been running for over 60 seconds
[INFO] [stdout] test ps512_algorithm has been running for over 60 seconds
[INFO] [stdout] test rs256_algorithm has been running for over 60 seconds
[INFO] [stdout] test rs384_algorithm has been running for over 60 seconds
[INFO] [stdout] test rs512_algorithm has been running for over 60 seconds
[INFO] [stdout] test ps512_algorithm ... ok
[INFO] [stdout] test rs512_algorithm ... ok
[INFO] [stdout] test ps256_algorithm ... ok
[INFO] [stdout] test ps384_algorithm ... ok
[INFO] [stdout] test rs384_algorithm ... ok
[INFO] [stdout] test rs256_algorithm ... ok
[INFO] [stdout] 
[INFO] [stdout] test result: ok. 15 passed; 0 failed; 0 ignored; 0 measured; 0 filtered out; finished in 91.50s
[INFO] [stdout] 
[INFO] [stderr]    Doc-tests jwt-compact-preview
[INFO] [stdout] 
[INFO] [stdout] running 4 tests
[INFO] [stdout] test src/lib.rs - (line 64) ... FAILED
[INFO] [stdout] test src/lib.rs - Renamed (line 217) ... FAILED
[INFO] [stdout] test src/lib.rs - SignedToken (line 523) ... FAILED
[INFO] [stdout] test src/lib.rs - (line 114) ... FAILED
[INFO] [stdout] 
[INFO] [stdout] failures:
[INFO] [stdout] 
[INFO] [stdout] ---- src/lib.rs - (line 64) stdout ----
[INFO] [stdout] error[E0433]: failed to resolve: use of undeclared crate or module `jwt_compact`
[INFO] [stdout]  --> src/lib.rs:66:5
[INFO] [stdout]   |
[INFO] [stdout] 3 | use jwt_compact::{prelude::*, alg::{Hs256, Hs256Key}};
[INFO] [stdout]   |     ^^^^^^^^^^^ use of undeclared crate or module `jwt_compact`
[INFO] [stdout] 
[INFO] [stdout] error[E0432]: unresolved imports `jwt_compact::alg::Hs256`, `jwt_compact::alg::Hs256Key`
[INFO] [stdout]  --> src/lib.rs:66:37
[INFO] [stdout]   |
[INFO] [stdout] 3 | use jwt_compact::{prelude::*, alg::{Hs256, Hs256Key}};
[INFO] [stdout]   |                                     ^^^^^  ^^^^^^^^
[INFO] [stdout] 
[INFO] [stdout] error[E0422]: cannot find struct, variant or union type `Header` in this scope
[INFO] [stdout]   --> src/lib.rs:83:14
[INFO] [stdout]    |
[INFO] [stdout] 20 | let header = Header {
[INFO] [stdout]    |              ^^^^^^ not found in this scope
[INFO] [stdout]    |
[INFO] [stdout] help: consider importing one of these items
[INFO] [stdout]    |
[INFO] [stdout] 2  | use jwt_compact_preview::CreationError::Header;
[INFO] [stdout]    |
[INFO] [stdout] 2  | use jwt_compact_preview::Header;
[INFO] [stdout]    |
[INFO] [stdout] 
[INFO] [stdout] error[E0433]: failed to resolve: use of undeclared type `Claims`
[INFO] [stdout]   --> src/lib.rs:87:14
[INFO] [stdout]    |
[INFO] [stdout] 24 | let claims = Claims::new(CustomClaims { subject: "alice".to_owned() })
[INFO] [stdout]    |              ^^^^^^ use of undeclared type `Claims`
[INFO] [stdout]    |
[INFO] [stdout] help: consider importing this struct
[INFO] [stdout]    |
[INFO] [stdout] 2  | use jwt_compact_preview::Claims;
[INFO] [stdout]    |
[INFO] [stdout] 
[INFO] [stdout] error[E0433]: failed to resolve: use of undeclared type `UntrustedToken`
[INFO] [stdout]   --> src/lib.rs:94:13
[INFO] [stdout]    |
[INFO] [stdout] 31 | let token = UntrustedToken::try_from(token_string.as_str())?;
[INFO] [stdout]    |             ^^^^^^^^^^^^^^ use of undeclared type `UntrustedToken`
[INFO] [stdout]    |
[INFO] [stdout] help: consider importing this struct
[INFO] [stdout]    |
[INFO] [stdout] 2  | use jwt_compact_preview::UntrustedToken;
[INFO] [stdout]    |
[INFO] [stdout] 
[INFO] [stdout] error[E0412]: cannot find type `Token` in this scope
[INFO] [stdout]   --> src/lib.rs:99:12
[INFO] [stdout]    |
[INFO] [stdout] 36 | let token: Token<CustomClaims> = Hs256.validate_integrity(&token, &key)?;
[INFO] [stdout]    |            ^^^^^ not found in this scope
[INFO] [stdout]    |
[INFO] [stdout] help: consider importing this struct
[INFO] [stdout]    |
[INFO] [stdout] 2  | use jwt_compact_preview::Token;
[INFO] [stdout]    |
[INFO] [stdout] 
[INFO] [stdout] error[E0433]: failed to resolve: use of undeclared type `TimeOptions`
[INFO] [stdout]   --> src/lib.rs:103:26
[INFO] [stdout]    |
[INFO] [stdout] 40 |     .validate_expiration(TimeOptions::default())?
[INFO] [stdout]    |                          ^^^^^^^^^^^ use of undeclared type `TimeOptions`
[INFO] [stdout]    |
[INFO] [stdout] help: consider importing this struct
[INFO] [stdout]    |
[INFO] [stdout] 2  | use jwt_compact_preview::TimeOptions;
[INFO] [stdout]    |
[INFO] [stdout] 
[INFO] [stdout] error[E0433]: failed to resolve: use of undeclared type `TimeOptions`
[INFO] [stdout]   --> src/lib.rs:104:24
[INFO] [stdout]    |
[INFO] [stdout] 41 |     .validate_maturity(TimeOptions::default())?;
[INFO] [stdout]    |                        ^^^^^^^^^^^ use of undeclared type `TimeOptions`
[INFO] [stdout]    |
[INFO] [stdout] help: consider importing this struct
[INFO] [stdout]    |
[INFO] [stdout] 2  | use jwt_compact_preview::TimeOptions;
[INFO] [stdout]    |
[INFO] [stdout] 
[INFO] [stdout] error: aborting due to 8 previous errors
[INFO] [stdout] 
[INFO] [stdout] Some errors have detailed explanations: E0412, E0422, E0432, E0433.
[INFO] [stdout] For more information about an error, try `rustc --explain E0412`.
[INFO] [stdout] Couldn't compile the test.
[INFO] [stdout] ---- src/lib.rs - Renamed (line 217) stdout ----
[INFO] [stdout] error[E0433]: failed to resolve: use of undeclared crate or module `jwt_compact`
[INFO] [stdout]  --> src/lib.rs:218:5
[INFO] [stdout]   |
[INFO] [stdout] 3 | use jwt_compact::{alg::{Hs256, Hs256Key}, prelude::*, Empty, Renamed};
[INFO] [stdout]   |     ^^^^^^^^^^^ use of undeclared crate or module `jwt_compact`
[INFO] [stdout] 
[INFO] [stdout] error[E0432]: unresolved imports `jwt_compact::alg::Hs256`, `jwt_compact::alg::Hs256Key`, `jwt_compact`
[INFO] [stdout]  --> src/lib.rs:218:5
[INFO] [stdout]   |
[INFO] [stdout] 3 | use jwt_compact::{alg::{Hs256, Hs256Key}, prelude::*, Empty, Renamed};
[INFO] [stdout]   |     ^^^^^^^^^^^         ^^^^^  ^^^^^^^^
[INFO] [stdout]   |     |
[INFO] [stdout]   |     use of undeclared crate or module `jwt_compact`
[INFO] [stdout] 
[INFO] [stdout] error[E0433]: failed to resolve: use of undeclared type `Header`
[INFO] [stdout]  --> src/lib.rs:223:30
[INFO] [stdout]   |
[INFO] [stdout] 8 | let token_string = alg.token(Header::default(), &Claims::empty(), &key).unwrap();
[INFO] [stdout]   |                              ^^^^^^ use of undeclared type `Header`
[INFO] [stdout]   |
[INFO] [stdout] help: consider importing this struct
[INFO] [stdout]   |
[INFO] [stdout] 2 | use jwt_compact_preview::Header;
[INFO] [stdout]   |
[INFO] [stdout] 
[INFO] [stdout] error[E0433]: failed to resolve: use of undeclared type `Claims`
[INFO] [stdout]  --> src/lib.rs:223:50
[INFO] [stdout]   |
[INFO] [stdout] 8 | let token_string = alg.token(Header::default(), &Claims::empty(), &key).unwrap();
[INFO] [stdout]   |                                                  ^^^^^^ use of undeclared type `Claims`
[INFO] [stdout]   |
[INFO] [stdout] help: consider importing this struct
[INFO] [stdout]   |
[INFO] [stdout] 2 | use jwt_compact_preview::Claims;
[INFO] [stdout]   |
[INFO] [stdout] 
[INFO] [stdout] error[E0433]: failed to resolve: use of undeclared type `UntrustedToken`
[INFO] [stdout]   --> src/lib.rs:225:13
[INFO] [stdout]    |
[INFO] [stdout] 10 | let token = UntrustedToken::try_from(token_string.as_str()).unwrap();
[INFO] [stdout]    |             ^^^^^^^^^^^^^^ use of undeclared type `UntrustedToken`
[INFO] [stdout]    |
[INFO] [stdout] help: consider importing this struct
[INFO] [stdout]    |
[INFO] [stdout] 2  | use jwt_compact_preview::UntrustedToken;
[INFO] [stdout]    |
[INFO] [stdout] 
[INFO] [stdout] error: aborting due to 5 previous errors
[INFO] [stdout] 
[INFO] [stdout] Some errors have detailed explanations: E0432, E0433.
[INFO] [stdout] For more information about an error, try `rustc --explain E0432`.
[INFO] [stdout] Couldn't compile the test.
[INFO] [stdout] ---- src/lib.rs - SignedToken (line 523) stdout ----
[INFO] [stdout] error[E0433]: failed to resolve: use of undeclared crate or module `jwt_compact`
[INFO] [stdout]  --> src/lib.rs:524:5
[INFO] [stdout]   |
[INFO] [stdout] 2 | use jwt_compact::{alg::{Hs256, Hs256Key}, prelude::*};
[INFO] [stdout]   |     ^^^^^^^^^^^ use of undeclared crate or module `jwt_compact`
[INFO] [stdout] 
[INFO] [stdout] error[E0432]: unresolved imports `jwt_compact::alg::Hs256`, `jwt_compact::alg::Hs256Key`
[INFO] [stdout]  --> src/lib.rs:524:25
[INFO] [stdout]   |
[INFO] [stdout] 2 | use jwt_compact::{alg::{Hs256, Hs256Key}, prelude::*};
[INFO] [stdout]   |                         ^^^^^  ^^^^^^^^
[INFO] [stdout] 
[INFO] [stdout] error[E0433]: failed to resolve: use of undeclared type `Claims`
[INFO] [stdout]   --> src/lib.rs:537:14
[INFO] [stdout]    |
[INFO] [stdout] 15 | let claims = Claims::new(MyClaims {}).set_duration_and_issuance(Duration::days(7));
[INFO] [stdout]    |              ^^^^^^ use of undeclared type `Claims`
[INFO] [stdout]    |
[INFO] [stdout] help: a struct with a similar name exists
[INFO] [stdout]    |
[INFO] [stdout] 15 | let claims = MyClaims::new(MyClaims {}).set_duration_and_issuance(Duration::days(7));
[INFO] [stdout]    |              ~~~~~~~~
[INFO] [stdout] help: consider importing this struct
[INFO] [stdout]    |
[INFO] [stdout] 2  | use jwt_compact_preview::Claims;
[INFO] [stdout]    |
[INFO] [stdout] 
[INFO] [stdout] error[E0433]: failed to resolve: use of undeclared type `Header`
[INFO] [stdout]   --> src/lib.rs:539:15
[INFO] [stdout]    |
[INFO] [stdout] 17 |   Hs256.token(Header::default(), &claims, &key)?;
[INFO] [stdout]    |               ^^^^^^ use of undeclared type `Header`
[INFO] [stdout]    |
[INFO] [stdout] help: consider importing this struct
[INFO] [stdout]    |
[INFO] [stdout] 2  | use jwt_compact_preview::Header;
[INFO] [stdout]    |
[INFO] [stdout] 
[INFO] [stdout] error[E0433]: failed to resolve: use of undeclared type `UntrustedToken`
[INFO] [stdout]   --> src/lib.rs:540:13
[INFO] [stdout]    |
[INFO] [stdout] 18 | let token = UntrustedToken::try_from(token_string.as_str())?;
[INFO] [stdout]    |             ^^^^^^^^^^^^^^ use of undeclared type `UntrustedToken`
[INFO] [stdout]    |
[INFO] [stdout] help: consider importing this struct
[INFO] [stdout]    |
[INFO] [stdout] 2  | use jwt_compact_preview::UntrustedToken;
[INFO] [stdout]    |
[INFO] [stdout] 
[INFO] [stdout] error[E0433]: failed to resolve: use of undeclared type `TimeOptions`
[INFO] [stdout]   --> src/lib.rs:547:28
[INFO] [stdout]    |
[INFO] [stdout] 25 | claims.validate_expiration(TimeOptions::default())?;
[INFO] [stdout]    |                            ^^^^^^^^^^^ use of undeclared type `TimeOptions`
[INFO] [stdout]    |
[INFO] [stdout] help: consider importing this struct
[INFO] [stdout]    |
[INFO] [stdout] 2  | use jwt_compact_preview::TimeOptions;
[INFO] [stdout]    |
[INFO] [stdout] 
[INFO] [stdout] error: aborting due to 6 previous errors
[INFO] [stdout] 
[INFO] [stdout] Some errors have detailed explanations: E0432, E0433.
[INFO] [stdout] For more information about an error, try `rustc --explain E0432`.
[INFO] [stdout] Couldn't compile the test.
[INFO] [stdout] ---- src/lib.rs - (line 114) stdout ----
[INFO] [stdout] error[E0433]: failed to resolve: use of undeclared crate or module `jwt_compact`
[INFO] [stdout]  --> src/lib.rs:117:5
[INFO] [stdout]   |
[INFO] [stdout] 4 | use jwt_compact::{prelude::*, alg::{Hs256, Hs256Key}};
[INFO] [stdout]   |     ^^^^^^^^^^^ use of undeclared crate or module `jwt_compact`
[INFO] [stdout] 
[INFO] [stdout] error[E0432]: unresolved imports `jwt_compact::alg::Hs256`, `jwt_compact::alg::Hs256Key`
[INFO] [stdout]  --> src/lib.rs:117:37
[INFO] [stdout]   |
[INFO] [stdout] 4 | use jwt_compact::{prelude::*, alg::{Hs256, Hs256Key}};
[INFO] [stdout]   |                                     ^^^^^  ^^^^^^^^
[INFO] [stdout] 
[INFO] [stdout] error[E0433]: failed to resolve: use of undeclared type `Claims`
[INFO] [stdout]   --> src/lib.rs:133:14
[INFO] [stdout]    |
[INFO] [stdout] 20 | let claims = Claims::new(CustomClaims { subject: [111; 32] })
[INFO] [stdout]    |              ^^^^^^ use of undeclared type `Claims`
[INFO] [stdout]    |
[INFO] [stdout] help: consider importing this struct
[INFO] [stdout]    |
[INFO] [stdout] 2  | use jwt_compact_preview::Claims;
[INFO] [stdout]    |
[INFO] [stdout] 
[INFO] [stdout] error[E0433]: failed to resolve: use of undeclared type `Header`
[INFO] [stdout]   --> src/lib.rs:135:25
[INFO] [stdout]    |
[INFO] [stdout] 22 | let token = Hs256.token(Header::default(), &claims, &key)?;
[INFO] [stdout]    |                         ^^^^^^ use of undeclared type `Header`
[INFO] [stdout]    |
[INFO] [stdout] help: consider importing this struct
[INFO] [stdout]    |
[INFO] [stdout] 2  | use jwt_compact_preview::Header;
[INFO] [stdout]    |
[INFO] [stdout] 
[INFO] [stdout] error[E0433]: failed to resolve: use of undeclared type `Header`
[INFO] [stdout]   --> src/lib.rs:137:41
[INFO] [stdout]    |
[INFO] [stdout] 24 | let compact_token = Hs256.compact_token(Header::default(), &claims, &key)?;
[INFO] [stdout]    |                                         ^^^^^^ use of undeclared type `Header`
[INFO] [stdout]    |
[INFO] [stdout] help: consider importing this struct
[INFO] [stdout]    |
[INFO] [stdout] 2  | use jwt_compact_preview::Header;
[INFO] [stdout]    |
[INFO] [stdout] 
[INFO] [stdout] error[E0433]: failed to resolve: use of undeclared type `UntrustedToken`
[INFO] [stdout]   --> src/lib.rs:142:13
[INFO] [stdout]    |
[INFO] [stdout] 29 | let token = UntrustedToken::try_from(compact_token.as_str())?;
[INFO] [stdout]    |             ^^^^^^^^^^^^^^ use of undeclared type `UntrustedToken`
[INFO] [stdout]    |
[INFO] [stdout] help: consider importing this struct
[INFO] [stdout]    |
[INFO] [stdout] 2  | use jwt_compact_preview::UntrustedToken;
[INFO] [stdout]    |
[INFO] [stdout] 
[INFO] [stdout] error[E0412]: cannot find type `Token` in this scope
[INFO] [stdout]   --> src/lib.rs:143:12
[INFO] [stdout]    |
[INFO] [stdout] 30 | let token: Token<CustomClaims> = Hs256.validate_integrity(&token, &key)?;
[INFO] [stdout]    |            ^^^^^ not found in this scope
[INFO] [stdout]    |
[INFO] [stdout] help: consider importing this struct
[INFO] [stdout]    |
[INFO] [stdout] 2  | use jwt_compact_preview::Token;
[INFO] [stdout]    |
[INFO] [stdout] 
[INFO] [stdout] error[E0433]: failed to resolve: use of undeclared type `TimeOptions`
[INFO] [stdout]   --> src/lib.rs:144:36
[INFO] [stdout]    |
[INFO] [stdout] 31 | token.claims().validate_expiration(TimeOptions::default())?;
[INFO] [stdout]    |                                    ^^^^^^^^^^^ use of undeclared type `TimeOptions`
[INFO] [stdout]    |
[INFO] [stdout] help: consider importing this struct
[INFO] [stdout]    |
[INFO] [stdout] 2  | use jwt_compact_preview::TimeOptions;
[INFO] [stdout]    |
[INFO] [stdout] 
[INFO] [stdout] error: aborting due to 8 previous errors
[INFO] [stdout] 
[INFO] [stdout] Some errors have detailed explanations: E0412, E0432, E0433.
[INFO] [stdout] For more information about an error, try `rustc --explain E0412`.
[INFO] [stdout] Couldn't compile the test.
[INFO] [stdout] 
[INFO] [stdout] failures:
[INFO] [stdout]     src/lib.rs - (line 114)
[INFO] [stdout]     src/lib.rs - (line 64)
[INFO] [stdout]     src/lib.rs - Renamed (line 217)
[INFO] [stdout]     src/lib.rs - SignedToken (line 523)
[INFO] [stdout] 
[INFO] [stdout] test result: FAILED. 0 passed; 4 failed; 0 ignored; 0 measured; 0 filtered out; finished in 0.24s
[INFO] [stdout] 
[INFO] [stderr] error: doctest failed, to rerun pass `--doc`
[INFO] running `Command { std: "docker" "inspect" "e8913a34342bb5bf94f257b76fc6830dad4ba3c40a3ce247872779ac09e341ae", kill_on_drop: false }`
[INFO] running `Command { std: "docker" "rm" "-f" "e8913a34342bb5bf94f257b76fc6830dad4ba3c40a3ce247872779ac09e341ae", kill_on_drop: false }`
[INFO] [stdout] e8913a34342bb5bf94f257b76fc6830dad4ba3c40a3ce247872779ac09e341ae
