[INFO] fetching crate juniper_rocket_multipart_handler 0.1.0...
[INFO] testing juniper_rocket_multipart_handler-0.1.0 against 1.69.0 for beta-1.70-1
[INFO] extracting crate juniper_rocket_multipart_handler 0.1.0 into /workspace/builds/worker-7-tc1/source
[INFO] validating manifest of crates.io crate juniper_rocket_multipart_handler 0.1.0 on toolchain 1.69.0
[INFO] running `Command { std: CARGO_HOME="/workspace/cargo-home" RUSTUP_HOME="/workspace/rustup-home" "/workspace/cargo-home/bin/cargo" "+1.69.0" "metadata" "--manifest-path" "Cargo.toml" "--no-deps", kill_on_drop: false }`
[INFO] started tweaking crates.io crate juniper_rocket_multipart_handler 0.1.0
[INFO] finished tweaking crates.io crate juniper_rocket_multipart_handler 0.1.0
[INFO] tweaked toml for crates.io crate juniper_rocket_multipart_handler 0.1.0 written to /workspace/builds/worker-7-tc1/source/Cargo.toml
[INFO] running `Command { std: CARGO_HOME="/workspace/cargo-home" RUSTUP_HOME="/workspace/rustup-home" __CARGO_TEST_CHANNEL_OVERRIDE_DO_NOT_USE_THIS="nightly" "/workspace/cargo-home/bin/cargo" "+1.69.0" "generate-lockfile" "--manifest-path" "Cargo.toml" "-Zno-index-update", kill_on_drop: false }`
[INFO] running `Command { std: CARGO_HOME="/workspace/cargo-home" RUSTUP_HOME="/workspace/rustup-home" "/workspace/cargo-home/bin/cargo" "+1.69.0" "fetch" "--manifest-path" "Cargo.toml", kill_on_drop: false }`
[INFO] [stderr]  Downloading crates ...
[INFO] [stderr]   Downloaded graphql-parser v0.3.0
[INFO] [stderr]   Downloaded derive_utils v0.11.2
[INFO] [stderr]   Downloaded futures-enum v0.1.17
[INFO] [stderr]   Downloaded ubyte v0.10.3
[INFO] [stderr]   Downloaded state v0.5.3
[INFO] [stderr]   Downloaded rocket v0.5.0-rc.2
[INFO] [stderr]   Downloaded juniper v0.15.11
[INFO] [stderr]   Downloaded devise v0.4.1
[INFO] [stderr]   Downloaded binascii v0.1.4
[INFO] [stderr]   Downloaded devise_core v0.4.1
[INFO] [stderr]   Downloaded devise_codegen v0.4.1
[INFO] [stderr]   Downloaded bson v1.2.4
[INFO] [stderr]   Downloaded juniper_codegen v0.15.9
[INFO] [stderr]   Downloaded inlinable_string v0.1.15
[INFO] [stderr]   Downloaded rocket_codegen v0.5.0-rc.3
[INFO] [stderr]   Downloaded rocket_http v0.5.0-rc.3
[INFO] [stderr]   Downloaded proc-macro2-diagnostics v0.10.0
[INFO] [stderr]   Downloaded pear_codegen v0.2.4
[INFO] [stderr]   Downloaded pear v0.2.4
[INFO] [stderr]   Downloaded stable-pattern v0.1.0
[INFO] [stderr]   Downloaded juniper_rocket v0.8.2
[INFO] running `Command { std: "docker" "create" "-v" "/var/lib/crater-agent-workspace/builds/worker-7-tc1/target:/opt/rustwide/target:rw,Z" "-v" "/var/lib/crater-agent-workspace/builds/worker-7-tc1/source:/opt/rustwide/workdir:ro,Z" "-v" "/var/lib/crater-agent-workspace/cargo-home:/opt/rustwide/cargo-home:ro,Z" "-v" "/var/lib/crater-agent-workspace/rustup-home:/opt/rustwide/rustup-home:ro,Z" "-e" "SOURCE_DIR=/opt/rustwide/workdir" "-e" "CARGO_TARGET_DIR=/opt/rustwide/target" "-e" "CARGO_HOME=/opt/rustwide/cargo-home" "-e" "RUSTUP_HOME=/opt/rustwide/rustup-home" "-w" "/opt/rustwide/workdir" "-m" "1610612736" "--user" "0:0" "--network" "none" "ghcr.io/rust-lang/crates-build-env/linux@sha256:5ff2268d62e97bff2cde7d5815dd6ed5b47097566f13b8d0ca110b04b60e07ed" "/opt/rustwide/cargo-home/bin/cargo" "+1.69.0" "metadata" "--no-deps" "--format-version=1", kill_on_drop: false }`
[INFO] [stdout] 7388d7b30a451c4a4d5ab117a8eeeeda596d75f06be71fe242a58a2451e2008c
[INFO] running `Command { std: "docker" "start" "-a" "7388d7b30a451c4a4d5ab117a8eeeeda596d75f06be71fe242a58a2451e2008c", kill_on_drop: false }`
[INFO] running `Command { std: "docker" "inspect" "7388d7b30a451c4a4d5ab117a8eeeeda596d75f06be71fe242a58a2451e2008c", kill_on_drop: false }`
[INFO] running `Command { std: "docker" "rm" "-f" "7388d7b30a451c4a4d5ab117a8eeeeda596d75f06be71fe242a58a2451e2008c", kill_on_drop: false }`
[INFO] [stdout] 7388d7b30a451c4a4d5ab117a8eeeeda596d75f06be71fe242a58a2451e2008c
[INFO] running `Command { std: "docker" "create" "-v" "/var/lib/crater-agent-workspace/builds/worker-7-tc1/target:/opt/rustwide/target:rw,Z" "-v" "/var/lib/crater-agent-workspace/builds/worker-7-tc1/source:/opt/rustwide/workdir:ro,Z" "-v" "/var/lib/crater-agent-workspace/cargo-home:/opt/rustwide/cargo-home:ro,Z" "-v" "/var/lib/crater-agent-workspace/rustup-home:/opt/rustwide/rustup-home:ro,Z" "-e" "SOURCE_DIR=/opt/rustwide/workdir" "-e" "CARGO_TARGET_DIR=/opt/rustwide/target" "-e" "CARGO_INCREMENTAL=0" "-e" "RUST_BACKTRACE=full" "-e" "RUSTFLAGS=--cap-lints=warn" "-e" "RUSTDOCFLAGS=--cap-lints=warn" "-e" "CARGO_HOME=/opt/rustwide/cargo-home" "-e" "RUSTUP_HOME=/opt/rustwide/rustup-home" "-w" "/opt/rustwide/workdir" "-m" "1610612736" "--user" "0:0" "--network" "none" "ghcr.io/rust-lang/crates-build-env/linux@sha256:5ff2268d62e97bff2cde7d5815dd6ed5b47097566f13b8d0ca110b04b60e07ed" "/opt/rustwide/cargo-home/bin/cargo" "+1.69.0" "build" "--frozen" "--message-format=json", kill_on_drop: false }`
[INFO] [stdout] 016c77b7a7832a711780160e8fac808f147ef0cdb72fd79eba43d46601de40ac
[INFO] running `Command { std: "docker" "start" "-a" "016c77b7a7832a711780160e8fac808f147ef0cdb72fd79eba43d46601de40ac", kill_on_drop: false }`
[INFO] [stderr]     Blocking waiting for file lock on package cache
[INFO] [stderr]    Compiling version_check v0.9.4
[INFO] [stderr]    Compiling libc v0.2.142
[INFO] [stderr]    Compiling pin-project-lite v0.2.9
[INFO] [stderr]    Compiling serde_derive v1.0.160
[INFO] [stderr]    Compiling futures-channel v0.3.28
[INFO] [stderr]    Compiling futures-core v0.3.28
[INFO] [stderr]    Compiling serde v1.0.160
[INFO] [stderr]    Compiling syn v2.0.15
[INFO] [stderr]    Compiling memchr v2.5.0
[INFO] [stderr]    Compiling pin-utils v0.1.0
[INFO] [stderr]    Compiling bytes v1.4.0
[INFO] [stderr]    Compiling proc-macro2-diagnostics v0.10.0
[INFO] [stderr]    Compiling log v0.4.17
[INFO] [stderr]    Compiling slab v0.4.8
[INFO] [stderr]    Compiling futures-task v0.3.28
[INFO] [stderr]    Compiling yansi v0.5.1
[INFO] [stderr]    Compiling fnv v1.0.7
[INFO] [stderr]    Compiling futures-sink v0.3.28
[INFO] [stderr]    Compiling hashbrown v0.12.3
[INFO] [stderr]    Compiling tracing-core v0.1.30
[INFO] [stderr]    Compiling futures-util v0.3.28
[INFO] [stderr]    Compiling tracing v0.1.37
[INFO] [stderr]    Compiling http v0.2.9
[INFO] [stderr]    Compiling indexmap v1.9.3
[INFO] [stderr]    Compiling tokio v1.28.0
[INFO] [stderr]    Compiling futures-io v0.3.28
[INFO] [stderr]    Compiling httparse v1.8.0
[INFO] [stderr]    Compiling percent-encoding v2.2.0
[INFO] [stderr]    Compiling try-lock v0.2.4
[INFO] [stderr]    Compiling num_cpus v1.15.0
[INFO] [stderr]    Compiling socket2 v0.4.9
[INFO] [stderr]    Compiling signal-hook-registry v1.4.1
[INFO] [stderr]    Compiling mio v0.8.6
[INFO] [stderr]    Compiling syn v1.0.109
[INFO] [stderr]    Compiling getrandom v0.1.16
[INFO] [stderr]    Compiling time-core v0.1.0
[INFO] [stderr]    Compiling either v1.8.1
[INFO] [stderr]    Compiling time-macros v0.2.8
[INFO] [stderr]    Compiling http-body v0.4.5
[INFO] [stderr]    Compiling cookie v0.17.0
[INFO] [stderr]    Compiling num-traits v0.2.15
[INFO] [stderr]    Compiling inlinable_string v0.1.15
[INFO] [stderr]    Compiling ref-cast v1.0.16
[INFO] [stderr]    Compiling tower-service v0.3.2
[INFO] [stderr]    Compiling httpdate v1.0.2
[INFO] [stderr]    Compiling getrandom v0.2.9
[INFO] [stderr]    Compiling proc-macro-error-attr v1.0.4
[INFO] [stderr]    Compiling uncased v0.9.7
[INFO] [stderr]    Compiling num-integer v0.1.45
[INFO] [stderr]    Compiling io-lifetimes v1.0.10
[INFO] [stderr]    Compiling tinyvec_macros v0.1.1
[INFO] [stderr]    Compiling bitflags v2.2.1
[INFO] [stderr]    Compiling tinyvec v1.6.0
[INFO] [stderr]    Compiling devise_core v0.4.1
[INFO] [stderr]    Compiling time v0.3.20
[INFO] [stderr]    Compiling rand_core v0.5.1
[INFO] [stderr]    Compiling want v0.3.0
[INFO] [stderr]    Compiling proc-macro-error v1.0.4
[INFO] [stderr]    Compiling state v0.5.3
[INFO] [stderr]    Compiling void v1.0.2
[INFO] [stderr]    Compiling thiserror v1.0.40
[INFO] [stderr]    Compiling rustix v0.37.18
[INFO] [stderr]    Compiling futures-macro v0.3.28
[INFO] [stderr]    Compiling tokio-macros v2.1.0
[INFO] [stderr]    Compiling pear_codegen v0.2.4
[INFO] [stderr]    Compiling ref-cast-impl v1.0.16
[INFO] [stderr]    Compiling async-trait v0.1.68
[INFO] [stderr]    Compiling pear v0.2.4
[INFO] [stderr]    Compiling serde_json v1.0.96
[INFO] [stderr]    Compiling hyper v0.14.26
[INFO] [stderr]    Compiling stable-pattern v0.1.0
[INFO] [stderr]    Compiling unreachable v1.0.0
[INFO] [stderr]    Compiling devise_codegen v0.4.1
[INFO] [stderr]    Compiling thiserror-impl v1.0.40
[INFO] [stderr]    Compiling futures v0.3.28
[INFO] [stderr]    Compiling rand_chacha v0.2.2
[INFO] [stderr]    Compiling unicode-normalization v0.1.22
[INFO] [stderr]    Compiling futures-executor v0.3.28
[INFO] [stderr]    Compiling rand_core v0.6.4
[INFO] [stderr]    Compiling time v0.1.45
[INFO] [stderr]    Compiling smartstring v1.0.1
[INFO] [stderr]    Compiling multer v2.1.0
[INFO] [stderr]    Compiling figment v0.10.8
[INFO] [stderr]    Compiling atomic v0.5.1
[INFO] [stderr]    Compiling iana-time-zone v0.1.56
[INFO] [stderr]    Compiling ascii v0.9.3
[INFO] [stderr]    Compiling linux-raw-sys v0.3.6
[INFO] [stderr]    Compiling unicode-bidi v0.3.13
[INFO] [stderr]    Compiling byteorder v1.4.3
[INFO] [stderr]    Compiling tokio-util v0.7.8
[INFO] [stderr]    Compiling combine v3.8.1
[INFO] [stderr]    Compiling idna v0.3.0
[INFO] [stderr]    Compiling rocket_http v0.5.0-rc.3
[INFO] [stderr]    Compiling chrono v0.4.24
[INFO] [stderr]    Compiling rand_chacha v0.3.1
[INFO] [stderr]    Compiling rand v0.7.3
[INFO] [stderr]    Compiling toml v0.5.11
[INFO] [stderr]    Compiling h2 v0.3.18
[INFO] [stderr]    Compiling devise v0.4.1
[INFO] [stderr]    Compiling parking_lot_core v0.9.7
[INFO] [stderr]    Compiling derive_utils v0.11.2
[INFO] [stderr]    Compiling async-stream-impl v0.3.5
[INFO] [stderr]    Compiling form_urlencoded v1.1.0
[INFO] [stderr]    Compiling rocket v0.5.0-rc.2
[INFO] [stderr]    Compiling encoding_rs v0.8.32
[INFO] [stderr]    Compiling mime v0.3.17
[INFO] [stderr]    Compiling fastrand v1.9.0
[INFO] [stderr]    Compiling uuid v0.8.2
[INFO] [stderr]    Compiling base64 v0.13.1
[INFO] [stderr]    Compiling static_assertions v1.1.0
[INFO] [stderr]    Compiling spin v0.9.8
[INFO] [stderr]    Compiling glob v0.3.1
[INFO] [stderr]    Compiling hex v0.4.3
[INFO] [stderr]    Compiling linked-hash-map v0.5.6
[INFO] [stderr]    Compiling tempfile v3.5.0
[INFO] [stderr]    Compiling async-stream v0.3.5
[INFO] [stderr]    Compiling bson v1.2.4
[INFO] [stderr]    Compiling graphql-parser v0.3.0
[INFO] [stderr]    Compiling url v2.3.1
[INFO] [stderr]    Compiling futures-enum v0.1.17
[INFO] [stderr]    Compiling rocket_codegen v0.5.0-rc.3
[INFO] [stderr]    Compiling parking_lot v0.12.1
[INFO] [stderr]    Compiling ubyte v0.10.3
[INFO] [stderr]    Compiling rand v0.8.5
[INFO] [stderr]    Compiling juniper_codegen v0.15.9
[INFO] [stderr]    Compiling tokio-stream v0.1.14
[INFO] [stderr]    Compiling atty v0.2.14
[INFO] [stderr]    Compiling binascii v0.1.4
[INFO] [stderr]    Compiling uuid v1.3.2
[INFO] [stderr]    Compiling juniper v0.15.11
[INFO] [stderr]    Compiling juniper_rocket v0.8.2
[INFO] [stderr]    Compiling juniper_rocket_multipart_handler v0.1.0 (/opt/rustwide/workdir)
[INFO] [stderr]     Finished dev [unoptimized + debuginfo] target(s) in 1m 43s
[INFO] running `Command { std: "docker" "inspect" "016c77b7a7832a711780160e8fac808f147ef0cdb72fd79eba43d46601de40ac", kill_on_drop: false }`
[INFO] running `Command { std: "docker" "rm" "-f" "016c77b7a7832a711780160e8fac808f147ef0cdb72fd79eba43d46601de40ac", kill_on_drop: false }`
[INFO] [stdout] 016c77b7a7832a711780160e8fac808f147ef0cdb72fd79eba43d46601de40ac
[INFO] running `Command { std: "docker" "create" "-v" "/var/lib/crater-agent-workspace/builds/worker-7-tc1/target:/opt/rustwide/target:rw,Z" "-v" "/var/lib/crater-agent-workspace/builds/worker-7-tc1/source:/opt/rustwide/workdir:ro,Z" "-v" "/var/lib/crater-agent-workspace/cargo-home:/opt/rustwide/cargo-home:ro,Z" "-v" "/var/lib/crater-agent-workspace/rustup-home:/opt/rustwide/rustup-home:ro,Z" "-e" "SOURCE_DIR=/opt/rustwide/workdir" "-e" "CARGO_TARGET_DIR=/opt/rustwide/target" "-e" "CARGO_INCREMENTAL=0" "-e" "RUST_BACKTRACE=full" "-e" "RUSTFLAGS=--cap-lints=warn" "-e" "RUSTDOCFLAGS=--cap-lints=warn" "-e" "CARGO_HOME=/opt/rustwide/cargo-home" "-e" "RUSTUP_HOME=/opt/rustwide/rustup-home" "-w" "/opt/rustwide/workdir" "-m" "1610612736" "--user" "0:0" "--network" "none" "ghcr.io/rust-lang/crates-build-env/linux@sha256:5ff2268d62e97bff2cde7d5815dd6ed5b47097566f13b8d0ca110b04b60e07ed" "/opt/rustwide/cargo-home/bin/cargo" "+1.69.0" "test" "--frozen" "--no-run" "--message-format=json", kill_on_drop: false }`
[INFO] [stdout] 28a4cc4b7c4cc14e4b30ba0b9c3b08714e607937743b8acc74984f0dea8c5268
[INFO] running `Command { std: "docker" "start" "-a" "28a4cc4b7c4cc14e4b30ba0b9c3b08714e607937743b8acc74984f0dea8c5268", kill_on_drop: false }`
[INFO] [stderr]    Compiling juniper_rocket_multipart_handler v0.1.0 (/opt/rustwide/workdir)
[INFO] [stderr]     Finished test [unoptimized + debuginfo] target(s) in 3.81s
[INFO] running `Command { std: "docker" "inspect" "28a4cc4b7c4cc14e4b30ba0b9c3b08714e607937743b8acc74984f0dea8c5268", kill_on_drop: false }`
[INFO] running `Command { std: "docker" "rm" "-f" "28a4cc4b7c4cc14e4b30ba0b9c3b08714e607937743b8acc74984f0dea8c5268", kill_on_drop: false }`
[INFO] [stdout] 28a4cc4b7c4cc14e4b30ba0b9c3b08714e607937743b8acc74984f0dea8c5268
[INFO] running `Command { std: "docker" "create" "-v" "/var/lib/crater-agent-workspace/builds/worker-7-tc1/target:/opt/rustwide/target:rw,Z" "-v" "/var/lib/crater-agent-workspace/builds/worker-7-tc1/source:/opt/rustwide/workdir:ro,Z" "-v" "/var/lib/crater-agent-workspace/cargo-home:/opt/rustwide/cargo-home:ro,Z" "-v" "/var/lib/crater-agent-workspace/rustup-home:/opt/rustwide/rustup-home:ro,Z" "-e" "SOURCE_DIR=/opt/rustwide/workdir" "-e" "CARGO_TARGET_DIR=/opt/rustwide/target" "-e" "CARGO_INCREMENTAL=0" "-e" "RUST_BACKTRACE=full" "-e" "RUSTFLAGS=--cap-lints=warn" "-e" "RUSTDOCFLAGS=--cap-lints=warn" "-e" "CARGO_HOME=/opt/rustwide/cargo-home" "-e" "RUSTUP_HOME=/opt/rustwide/rustup-home" "-w" "/opt/rustwide/workdir" "-m" "1610612736" "--user" "0:0" "--network" "none" "ghcr.io/rust-lang/crates-build-env/linux@sha256:5ff2268d62e97bff2cde7d5815dd6ed5b47097566f13b8d0ca110b04b60e07ed" "/opt/rustwide/cargo-home/bin/cargo" "+1.69.0" "test" "--frozen", kill_on_drop: false }`
[INFO] [stdout] 2ae08f6c64d9175ef1933ae79d6670cb227f0c4cd7aa47b9174c584162564687
[INFO] running `Command { std: "docker" "start" "-a" "2ae08f6c64d9175ef1933ae79d6670cb227f0c4cd7aa47b9174c584162564687", kill_on_drop: false }`
[INFO] [stderr]     Finished test [unoptimized + debuginfo] target(s) in 1.68s
[INFO] [stderr]      Running unittests src/lib.rs (/opt/rustwide/target/debug/deps/juniper_rocket_multipart_handler-973b5946a87f42cf)
[INFO] [stdout] 
[INFO] [stdout] running 0 tests
[INFO] [stdout] 
[INFO] [stdout] test result: ok. 0 passed; 0 failed; 0 ignored; 0 measured; 0 filtered out; finished in 0.00s
[INFO] [stdout] 
[INFO] [stderr]    Doc-tests juniper_rocket_multipart_handler
[INFO] [stdout] 
[INFO] [stdout] running 3 tests
[INFO] [stdout] test src/graphql_upload_wrapper.rs - graphql_upload_wrapper::GraphQLUploadWrapper (line 83) ... FAILED
[INFO] [stdout] test src/graphql_upload_wrapper.rs - graphql_upload_wrapper::GraphQLUploadWrapper (line 66) ... FAILED
[INFO] [stdout] test src/graphql_upload_wrapper.rs - graphql_upload_wrapper::GraphQLUploadWrapper (line 92) ... FAILED
[INFO] [stdout] 
[INFO] [stdout] failures:
[INFO] [stdout] 
[INFO] [stdout] ---- src/graphql_upload_wrapper.rs - graphql_upload_wrapper::GraphQLUploadWrapper (line 83) stdout ----
[INFO] [stdout] error[E0412]: cannot find type `HashMap` in this scope
[INFO] [stdout]  --> src/graphql_upload_wrapper.rs:85:17
[INFO] [stdout]   |
[INFO] [stdout] 4 |   files: Option<HashMap<String, TempFile>>
[INFO] [stdout]   |                 ^^^^^^^ not found in this scope
[INFO] [stdout]   |
[INFO] [stdout] help: consider importing this struct
[INFO] [stdout]   |
[INFO] [stdout] 2 | use std::collections::HashMap;
[INFO] [stdout]   |
[INFO] [stdout] 
[INFO] [stdout] error[E0412]: cannot find type `TempFile` in this scope
[INFO] [stdout]  --> src/graphql_upload_wrapper.rs:85:33
[INFO] [stdout]   |
[INFO] [stdout] 4 |   files: Option<HashMap<String, TempFile>>
[INFO] [stdout]   |                                 ^^^^^^^^ not found in this scope
[INFO] [stdout]   |
[INFO] [stdout] help: consider importing one of these items
[INFO] [stdout]   |
[INFO] [stdout] 2 | use juniper_rocket_multipart_handler::temp_file::TempFile;
[INFO] [stdout]   |
[INFO] [stdout] 2 | use rocket::fs::TempFile;
[INFO] [stdout]   |
[INFO] [stdout] 
[INFO] [stdout] error: aborting due to 2 previous errors
[INFO] [stdout] 
[INFO] [stdout] For more information about this error, try `rustc --explain E0412`.
[INFO] [stdout] Couldn't compile the test.
[INFO] [stdout] ---- src/graphql_upload_wrapper.rs - graphql_upload_wrapper::GraphQLUploadWrapper (line 66) stdout ----
[INFO] [stdout] error[E0412]: cannot find type `GraphQLUploadWrapper` in this scope
[INFO] [stdout]  --> src/graphql_upload_wrapper.rs:69:13
[INFO] [stdout]   |
[INFO] [stdout] 5 |    request: GraphQLUploadWrapper,
[INFO] [stdout]   |             ^^^^^^^^^^^^^^^^^^^^ not found in this scope
[INFO] [stdout]   |
[INFO] [stdout] help: consider importing this struct
[INFO] [stdout]   |
[INFO] [stdout] 2 | use juniper_rocket_multipart_handler::graphql_upload_wrapper::GraphQLUploadWrapper;
[INFO] [stdout]   |
[INFO] [stdout] 
[INFO] [stdout] error[E0412]: cannot find type `State` in this scope
[INFO] [stdout]  --> src/graphql_upload_wrapper.rs:70:13
[INFO] [stdout]   |
[INFO] [stdout] 6 |    schema: &State<Schema>,
[INFO] [stdout]   |             ^^^^^ not found in this scope
[INFO] [stdout]   |
[INFO] [stdout] help: consider importing one of these items
[INFO] [stdout]   |
[INFO] [stdout] 2 | use rocket::State;
[INFO] [stdout]   |
[INFO] [stdout] 2 | use serde_json::ser::State;
[INFO] [stdout]   |
[INFO] [stdout] 
[INFO] [stdout] error[E0412]: cannot find type `Schema` in this scope
[INFO] [stdout]  --> src/graphql_upload_wrapper.rs:70:19
[INFO] [stdout]   |
[INFO] [stdout] 6 |    schema: &State<Schema>,
[INFO] [stdout]   |                   ^^^^^^ not found in this scope
[INFO] [stdout]   |
[INFO] [stdout] help: you might be missing a type parameter
[INFO] [stdout]   |
[INFO] [stdout] 4 | pub async fn upload<'r, Schema>(
[INFO] [stdout]   |                       ++++++++
[INFO] [stdout] 
[INFO] [stdout] error[E0412]: cannot find type `GraphQLResponse` in this scope
[INFO] [stdout]  --> src/graphql_upload_wrapper.rs:71:6
[INFO] [stdout]   |
[INFO] [stdout] 7 | ) -> GraphQLResponse {
[INFO] [stdout]   |      ^^^^^^^^^^^^^^^ not found in this scope
[INFO] [stdout]   |
[INFO] [stdout] help: consider importing one of these items
[INFO] [stdout]   |
[INFO] [stdout] 2 | use juniper::http::GraphQLResponse;
[INFO] [stdout]   |
[INFO] [stdout] 2 | use juniper_rocket::GraphQLResponse;
[INFO] [stdout]   |
[INFO] [stdout] 
[INFO] [stdout] error[E0425]: cannot find value `Context` in this scope
[INFO] [stdout]  --> src/graphql_upload_wrapper.rs:72:41
[INFO] [stdout]   |
[INFO] [stdout] 8 |   request.operations.execute(&*schema, &Context).await
[INFO] [stdout]   |                                         ^^^^^^^ not found in this scope
[INFO] [stdout] 
[INFO] [stdout] error[E0412]: cannot find type `Schema` in this scope
[INFO] [stdout]  --> src/graphql_upload_wrapper.rs:70:19
[INFO] [stdout]   |
[INFO] [stdout] 6 |    schema: &State<Schema>,
[INFO] [stdout]   |                   ^^^^^^ not found in this scope
[INFO] [stdout] 
[INFO] [stdout] error: aborting due to 6 previous errors
[INFO] [stdout] 
[INFO] [stdout] Some errors have detailed explanations: E0412, E0425.
[INFO] [stdout] For more information about an error, try `rustc --explain E0412`.
[INFO] [stdout] Couldn't compile the test.
[INFO] [stdout] ---- src/graphql_upload_wrapper.rs - graphql_upload_wrapper::GraphQLUploadWrapper (line 92) stdout ----
[INFO] [stdout] error[E0412]: cannot find type `HashMap` in this scope
[INFO] [stdout]  --> src/graphql_upload_wrapper.rs:93:27
[INFO] [stdout]   |
[INFO] [stdout] 3 | struct Ctx{ files: Option<HashMap<String, TempFile>> };
[INFO] [stdout]   |                           ^^^^^^^ not found in this scope
[INFO] [stdout]   |
[INFO] [stdout] help: consider importing this struct
[INFO] [stdout]   |
[INFO] [stdout] 2 | use std::collections::HashMap;
[INFO] [stdout]   |
[INFO] [stdout] 
[INFO] [stdout] error[E0412]: cannot find type `TempFile` in this scope
[INFO] [stdout]  --> src/graphql_upload_wrapper.rs:93:43
[INFO] [stdout]   |
[INFO] [stdout] 3 | struct Ctx{ files: Option<HashMap<String, TempFile>> };
[INFO] [stdout]   |                                           ^^^^^^^^ not found in this scope
[INFO] [stdout]   |
[INFO] [stdout] help: consider importing one of these items
[INFO] [stdout]   |
[INFO] [stdout] 2 | use juniper_rocket_multipart_handler::temp_file::TempFile;
[INFO] [stdout]   |
[INFO] [stdout] 2 | use rocket::fs::TempFile;
[INFO] [stdout]   |
[INFO] [stdout] 
[INFO] [stdout] error[E0412]: cannot find type `GraphQLUploadWrapper` in this scope
[INFO] [stdout]  --> src/graphql_upload_wrapper.rs:98:13
[INFO] [stdout]   |
[INFO] [stdout] 8 |    request: GraphQLUploadWrapper,
[INFO] [stdout]   |             ^^^^^^^^^^^^^^^^^^^^ not found in this scope
[INFO] [stdout]   |
[INFO] [stdout] help: consider importing this struct
[INFO] [stdout]   |
[INFO] [stdout] 2 | use juniper_rocket_multipart_handler::graphql_upload_wrapper::GraphQLUploadWrapper;
[INFO] [stdout]   |
[INFO] [stdout] 
[INFO] [stdout] error[E0412]: cannot find type `State` in this scope
[INFO] [stdout]  --> src/graphql_upload_wrapper.rs:99:13
[INFO] [stdout]   |
[INFO] [stdout] 9 |    schema: &State<Schema>,
[INFO] [stdout]   |             ^^^^^ not found in this scope
[INFO] [stdout]   |
[INFO] [stdout] help: consider importing one of these items
[INFO] [stdout]   |
[INFO] [stdout] 2 | use rocket::State;
[INFO] [stdout]   |
[INFO] [stdout] 2 | use serde_json::ser::State;
[INFO] [stdout]   |
[INFO] [stdout] 
[INFO] [stdout] error[E0412]: cannot find type `Schema` in this scope
[INFO] [stdout]  --> src/graphql_upload_wrapper.rs:99:19
[INFO] [stdout]   |
[INFO] [stdout] 9 |    schema: &State<Schema>,
[INFO] [stdout]   |                   ^^^^^^ not found in this scope
[INFO] [stdout]   |
[INFO] [stdout] help: you might be missing a type parameter
[INFO] [stdout]   |
[INFO] [stdout] 7 | pub async fn upload<'r, Schema>(
[INFO] [stdout]   |                       ++++++++
[INFO] [stdout] 
[INFO] [stdout] error[E0412]: cannot find type `GraphQLResponse` in this scope
[INFO] [stdout]   --> src/graphql_upload_wrapper.rs:100:6
[INFO] [stdout]    |
[INFO] [stdout] 10 | ) -> GraphQLResponse {
[INFO] [stdout]    |      ^^^^^^^^^^^^^^^ not found in this scope
[INFO] [stdout]    |
[INFO] [stdout] help: consider importing one of these items
[INFO] [stdout]    |
[INFO] [stdout] 2  | use juniper::http::GraphQLResponse;
[INFO] [stdout]    |
[INFO] [stdout] 2  | use juniper_rocket::GraphQLResponse;
[INFO] [stdout]    |
[INFO] [stdout] 
[INFO] [stdout] error[E0412]: cannot find type `Schema` in this scope
[INFO] [stdout]  --> src/graphql_upload_wrapper.rs:99:19
[INFO] [stdout]   |
[INFO] [stdout] 9 |    schema: &State<Schema>,
[INFO] [stdout]   |                   ^^^^^^ not found in this scope
[INFO] [stdout] 
[INFO] [stdout] error: aborting due to 7 previous errors
[INFO] [stdout] 
[INFO] [stdout] For more information about this error, try `rustc --explain E0412`.
[INFO] [stdout] Couldn't compile the test.
[INFO] [stdout] 
[INFO] [stdout] failures:
[INFO] [stdout]     src/graphql_upload_wrapper.rs - graphql_upload_wrapper::GraphQLUploadWrapper (line 66)
[INFO] [stdout]     src/graphql_upload_wrapper.rs - graphql_upload_wrapper::GraphQLUploadWrapper (line 83)
[INFO] [stdout]     src/graphql_upload_wrapper.rs - graphql_upload_wrapper::GraphQLUploadWrapper (line 92)
[INFO] [stdout] 
[INFO] [stdout] test result: FAILED. 0 passed; 3 failed; 0 ignored; 0 measured; 0 filtered out; finished in 0.22s
[INFO] [stdout] 
[INFO] [stderr] error: doctest failed, to rerun pass `--doc`
[INFO] running `Command { std: "docker" "inspect" "2ae08f6c64d9175ef1933ae79d6670cb227f0c4cd7aa47b9174c584162564687", kill_on_drop: false }`
[INFO] running `Command { std: "docker" "rm" "-f" "2ae08f6c64d9175ef1933ae79d6670cb227f0c4cd7aa47b9174c584162564687", kill_on_drop: false }`
[INFO] [stdout] 2ae08f6c64d9175ef1933ae79d6670cb227f0c4cd7aa47b9174c584162564687
