[INFO] fetching crate juniper-compose 0.0.3...
[INFO] testing juniper-compose-0.0.3 against 1.69.0 for beta-1.70-1
[INFO] extracting crate juniper-compose 0.0.3 into /workspace/builds/worker-2-tc1/source
[INFO] validating manifest of crates.io crate juniper-compose 0.0.3 on toolchain 1.69.0
[INFO] running `Command { std: CARGO_HOME="/workspace/cargo-home" RUSTUP_HOME="/workspace/rustup-home" "/workspace/cargo-home/bin/cargo" "+1.69.0" "metadata" "--manifest-path" "Cargo.toml" "--no-deps", kill_on_drop: false }`
[INFO] started tweaking crates.io crate juniper-compose 0.0.3
[INFO] finished tweaking crates.io crate juniper-compose 0.0.3
[INFO] tweaked toml for crates.io crate juniper-compose 0.0.3 written to /workspace/builds/worker-2-tc1/source/Cargo.toml
[INFO] running `Command { std: CARGO_HOME="/workspace/cargo-home" RUSTUP_HOME="/workspace/rustup-home" __CARGO_TEST_CHANNEL_OVERRIDE_DO_NOT_USE_THIS="nightly" "/workspace/cargo-home/bin/cargo" "+1.69.0" "generate-lockfile" "--manifest-path" "Cargo.toml" "-Zno-index-update", kill_on_drop: false }`
[INFO] running `Command { std: CARGO_HOME="/workspace/cargo-home" RUSTUP_HOME="/workspace/rustup-home" "/workspace/cargo-home/bin/cargo" "+1.69.0" "fetch" "--manifest-path" "Cargo.toml", kill_on_drop: false }`
[INFO] [stderr]     Blocking waiting for file lock on package cache
[INFO] [stderr]  Downloading crates ...
[INFO] [stderr]   Downloaded derive_utils v0.11.2
[INFO] [stderr]   Downloaded graphql-parser v0.3.0
[INFO] [stderr]   Downloaded bson v1.2.4
[INFO] [stderr]   Downloaded juniper v0.15.11
[INFO] [stderr]   Downloaded futures-enum v0.1.17
[INFO] [stderr]   Downloaded juniper-compose-macros v0.0.3
[INFO] [stderr]   Downloaded juniper_codegen v0.15.9
[INFO] running `Command { std: "docker" "create" "-v" "/var/lib/crater-agent-workspace/builds/worker-2-tc1/target:/opt/rustwide/target:rw,Z" "-v" "/var/lib/crater-agent-workspace/builds/worker-2-tc1/source:/opt/rustwide/workdir:ro,Z" "-v" "/var/lib/crater-agent-workspace/cargo-home:/opt/rustwide/cargo-home:ro,Z" "-v" "/var/lib/crater-agent-workspace/rustup-home:/opt/rustwide/rustup-home:ro,Z" "-e" "SOURCE_DIR=/opt/rustwide/workdir" "-e" "CARGO_TARGET_DIR=/opt/rustwide/target" "-e" "CARGO_HOME=/opt/rustwide/cargo-home" "-e" "RUSTUP_HOME=/opt/rustwide/rustup-home" "-w" "/opt/rustwide/workdir" "-m" "1610612736" "--user" "0:0" "--network" "none" "ghcr.io/rust-lang/crates-build-env/linux@sha256:5ff2268d62e97bff2cde7d5815dd6ed5b47097566f13b8d0ca110b04b60e07ed" "/opt/rustwide/cargo-home/bin/cargo" "+1.69.0" "metadata" "--no-deps" "--format-version=1", kill_on_drop: false }`
[INFO] [stdout] 5563ab293ec0a0cd7523585fbff9750717969beb0f1334c714fdb746093a8e82
[INFO] running `Command { std: "docker" "start" "-a" "5563ab293ec0a0cd7523585fbff9750717969beb0f1334c714fdb746093a8e82", kill_on_drop: false }`
[INFO] running `Command { std: "docker" "inspect" "5563ab293ec0a0cd7523585fbff9750717969beb0f1334c714fdb746093a8e82", kill_on_drop: false }`
[INFO] running `Command { std: "docker" "rm" "-f" "5563ab293ec0a0cd7523585fbff9750717969beb0f1334c714fdb746093a8e82", kill_on_drop: false }`
[INFO] [stdout] 5563ab293ec0a0cd7523585fbff9750717969beb0f1334c714fdb746093a8e82
[INFO] running `Command { std: "docker" "create" "-v" "/var/lib/crater-agent-workspace/builds/worker-2-tc1/target:/opt/rustwide/target:rw,Z" "-v" "/var/lib/crater-agent-workspace/builds/worker-2-tc1/source:/opt/rustwide/workdir:ro,Z" "-v" "/var/lib/crater-agent-workspace/cargo-home:/opt/rustwide/cargo-home:ro,Z" "-v" "/var/lib/crater-agent-workspace/rustup-home:/opt/rustwide/rustup-home:ro,Z" "-e" "SOURCE_DIR=/opt/rustwide/workdir" "-e" "CARGO_TARGET_DIR=/opt/rustwide/target" "-e" "CARGO_INCREMENTAL=0" "-e" "RUST_BACKTRACE=full" "-e" "RUSTFLAGS=--cap-lints=warn" "-e" "RUSTDOCFLAGS=--cap-lints=warn" "-e" "CARGO_HOME=/opt/rustwide/cargo-home" "-e" "RUSTUP_HOME=/opt/rustwide/rustup-home" "-w" "/opt/rustwide/workdir" "-m" "1610612736" "--user" "0:0" "--network" "none" "ghcr.io/rust-lang/crates-build-env/linux@sha256:5ff2268d62e97bff2cde7d5815dd6ed5b47097566f13b8d0ca110b04b60e07ed" "/opt/rustwide/cargo-home/bin/cargo" "+1.69.0" "build" "--frozen" "--message-format=json", kill_on_drop: false }`
[INFO] [stdout] fcb3d28c15f68200212aa9b923726e993103203ace65fafeb434f467508070b0
[INFO] running `Command { std: "docker" "start" "-a" "fcb3d28c15f68200212aa9b923726e993103203ace65fafeb434f467508070b0", kill_on_drop: false }`
[INFO] [stderr]    Compiling syn v1.0.109
[INFO] [stderr]    Compiling getrandom v0.1.16
[INFO] [stderr]    Compiling futures-core v0.3.28
[INFO] [stderr]    Compiling tinyvec_macros v0.1.1
[INFO] [stderr]    Compiling memchr v2.5.0
[INFO] [stderr]    Compiling futures-task v0.3.28
[INFO] [stderr]    Compiling ppv-lite86 v0.2.17
[INFO] [stderr]    Compiling indexmap v1.9.3
[INFO] [stderr]    Compiling proc-macro-error-attr v1.0.4
[INFO] [stderr]    Compiling proc-macro-error v1.0.4
[INFO] [stderr]    Compiling futures-util v0.3.28
[INFO] [stderr]    Compiling futures-channel v0.3.28
[INFO] [stderr]    Compiling syn v2.0.15
[INFO] [stderr]    Compiling futures-sink v0.3.28
[INFO] [stderr]    Compiling serde_json v1.0.96
[INFO] [stderr]    Compiling hashbrown v0.12.3
[INFO] [stderr]    Compiling tinyvec v1.6.0
[INFO] [stderr]    Compiling void v1.0.2
[INFO] [stderr]    Compiling unreachable v1.0.0
[INFO] [stderr]    Compiling smartstring v1.0.1
[INFO] [stderr]    Compiling async-trait v0.1.68
[INFO] [stderr]    Compiling byteorder v1.4.3
[INFO] [stderr]    Compiling ascii v0.9.3
[INFO] [stderr]    Compiling percent-encoding v2.2.0
[INFO] [stderr]    Compiling either v1.8.1
[INFO] [stderr]    Compiling unicode-bidi v0.3.13
[INFO] [stderr]    Compiling rand_core v0.5.1
[INFO] [stderr]    Compiling form_urlencoded v1.1.0
[INFO] [stderr]    Compiling base64 v0.13.1
[INFO] [stderr]    Compiling rand_chacha v0.2.2
[INFO] [stderr]    Compiling linked-hash-map v0.5.6
[INFO] [stderr]    Compiling uuid v0.8.2
[INFO] [stderr]    Compiling static_assertions v1.1.0
[INFO] [stderr]    Compiling futures-io v0.3.28
[INFO] [stderr]    Compiling combine v3.8.1
[INFO] [stderr]    Compiling hex v0.4.3
[INFO] [stderr]    Compiling heck v0.4.1
[INFO] [stderr]    Compiling rand v0.7.3
[INFO] [stderr]    Compiling unicode-normalization v0.1.22
[INFO] [stderr]    Compiling idna v0.3.0
[INFO] [stderr]    Compiling url v2.3.1
[INFO] [stderr]    Compiling futures v0.3.28
[INFO] [stderr]    Compiling serde_derive v1.0.160
[INFO] [stderr]    Compiling thiserror-impl v1.0.40
[INFO] [stderr]    Compiling derive_utils v0.11.2
[INFO] [stderr]    Compiling thiserror v1.0.40
[INFO] [stderr]    Compiling juniper_codegen v0.15.9
[INFO] [stderr]    Compiling futures-enum v0.1.17
[INFO] [stderr]    Compiling juniper-compose-macros v0.0.3
[INFO] [stderr]    Compiling graphql-parser v0.3.0
[INFO] [stderr]    Compiling serde v1.0.160
[INFO] [stderr]    Compiling bson v1.2.4
[INFO] [stderr]    Compiling juniper v0.15.11
[INFO] [stderr]    Compiling juniper-compose v0.0.3 (/opt/rustwide/workdir)
[INFO] [stderr]     Finished dev [unoptimized + debuginfo] target(s) in 12.78s
[INFO] running `Command { std: "docker" "inspect" "fcb3d28c15f68200212aa9b923726e993103203ace65fafeb434f467508070b0", kill_on_drop: false }`
[INFO] running `Command { std: "docker" "rm" "-f" "fcb3d28c15f68200212aa9b923726e993103203ace65fafeb434f467508070b0", kill_on_drop: false }`
[INFO] [stdout] fcb3d28c15f68200212aa9b923726e993103203ace65fafeb434f467508070b0
[INFO] running `Command { std: "docker" "create" "-v" "/var/lib/crater-agent-workspace/builds/worker-2-tc1/target:/opt/rustwide/target:rw,Z" "-v" "/var/lib/crater-agent-workspace/builds/worker-2-tc1/source:/opt/rustwide/workdir:ro,Z" "-v" "/var/lib/crater-agent-workspace/cargo-home:/opt/rustwide/cargo-home:ro,Z" "-v" "/var/lib/crater-agent-workspace/rustup-home:/opt/rustwide/rustup-home:ro,Z" "-e" "SOURCE_DIR=/opt/rustwide/workdir" "-e" "CARGO_TARGET_DIR=/opt/rustwide/target" "-e" "CARGO_INCREMENTAL=0" "-e" "RUST_BACKTRACE=full" "-e" "RUSTFLAGS=--cap-lints=warn" "-e" "RUSTDOCFLAGS=--cap-lints=warn" "-e" "CARGO_HOME=/opt/rustwide/cargo-home" "-e" "RUSTUP_HOME=/opt/rustwide/rustup-home" "-w" "/opt/rustwide/workdir" "-m" "1610612736" "--user" "0:0" "--network" "none" "ghcr.io/rust-lang/crates-build-env/linux@sha256:5ff2268d62e97bff2cde7d5815dd6ed5b47097566f13b8d0ca110b04b60e07ed" "/opt/rustwide/cargo-home/bin/cargo" "+1.69.0" "test" "--frozen" "--no-run" "--message-format=json", kill_on_drop: false }`
[INFO] [stdout] ac25e4476090b900342e9543ba23118471687d6a79fd327984df7555c6c4de78
[INFO] running `Command { std: "docker" "start" "-a" "ac25e4476090b900342e9543ba23118471687d6a79fd327984df7555c6c4de78", kill_on_drop: false }`
[INFO] [stderr]    Compiling juniper-compose v0.0.3 (/opt/rustwide/workdir)
[INFO] [stderr]     Finished test [unoptimized + debuginfo] target(s) in 0.26s
[INFO] running `Command { std: "docker" "inspect" "ac25e4476090b900342e9543ba23118471687d6a79fd327984df7555c6c4de78", kill_on_drop: false }`
[INFO] running `Command { std: "docker" "rm" "-f" "ac25e4476090b900342e9543ba23118471687d6a79fd327984df7555c6c4de78", kill_on_drop: false }`
[INFO] [stdout] ac25e4476090b900342e9543ba23118471687d6a79fd327984df7555c6c4de78
[INFO] running `Command { std: "docker" "create" "-v" "/var/lib/crater-agent-workspace/builds/worker-2-tc1/target:/opt/rustwide/target:rw,Z" "-v" "/var/lib/crater-agent-workspace/builds/worker-2-tc1/source:/opt/rustwide/workdir:ro,Z" "-v" "/var/lib/crater-agent-workspace/cargo-home:/opt/rustwide/cargo-home:ro,Z" "-v" "/var/lib/crater-agent-workspace/rustup-home:/opt/rustwide/rustup-home:ro,Z" "-e" "SOURCE_DIR=/opt/rustwide/workdir" "-e" "CARGO_TARGET_DIR=/opt/rustwide/target" "-e" "CARGO_INCREMENTAL=0" "-e" "RUST_BACKTRACE=full" "-e" "RUSTFLAGS=--cap-lints=warn" "-e" "RUSTDOCFLAGS=--cap-lints=warn" "-e" "CARGO_HOME=/opt/rustwide/cargo-home" "-e" "RUSTUP_HOME=/opt/rustwide/rustup-home" "-w" "/opt/rustwide/workdir" "-m" "1610612736" "--user" "0:0" "--network" "none" "ghcr.io/rust-lang/crates-build-env/linux@sha256:5ff2268d62e97bff2cde7d5815dd6ed5b47097566f13b8d0ca110b04b60e07ed" "/opt/rustwide/cargo-home/bin/cargo" "+1.69.0" "test" "--frozen", kill_on_drop: false }`
[INFO] [stdout] 3c216043a9edbc1c8bfb2fbec7f792737ea2b94f784fb3375e7057ee7d8d13d0
[INFO] running `Command { std: "docker" "start" "-a" "3c216043a9edbc1c8bfb2fbec7f792737ea2b94f784fb3375e7057ee7d8d13d0", kill_on_drop: false }`
[INFO] [stderr]     Finished test [unoptimized + debuginfo] target(s) in 0.05s
[INFO] [stderr]      Running unittests src/lib.rs (/opt/rustwide/target/debug/deps/juniper_compose-e7247efe0d59ff15)
[INFO] [stdout] 
[INFO] [stdout] running 0 tests
[INFO] [stdout] 
[INFO] [stdout] test result: ok. 0 passed; 0 failed; 0 ignored; 0 measured; 0 filtered out; finished in 0.00s
[INFO] [stdout] 
[INFO] [stderr]    Doc-tests juniper-compose
[INFO] [stdout] 
[INFO] [stdout] running 6 tests
[INFO] [stdout] test src/lib.rs - composable_object (line 101) ... FAILED
[INFO] [stdout] test src/lib.rs - composite_object (line 116) ... FAILED
[INFO] [stdout] test src/lib.rs - (line 81) ... FAILED
[INFO] [stdout] test src/lib.rs - (line 87) ... FAILED
[INFO] [stdout] test src/lib.rs - (line 13) ... FAILED
[INFO] [stdout] test src/lib.rs - (line 45) ... FAILED
[INFO] [stdout] 
[INFO] [stdout] failures:
[INFO] [stdout] 
[INFO] [stdout] ---- src/lib.rs - composable_object (line 101) stdout ----
[INFO] [stdout] error: cannot find attribute `composable_object` in this scope
[INFO] [stdout]  --> src/lib.rs:102:3
[INFO] [stdout]   |
[INFO] [stdout] 3 | #[composable_object]
[INFO] [stdout]   |   ^^^^^^^^^^^^^^^^^
[INFO] [stdout]   |
[INFO] [stdout]   = help: consider importing one of these items:
[INFO] [stdout]           juniper_compose::composable_object
[INFO] [stdout]           juniper_compose_macros::composable_object
[INFO] [stdout] 
[INFO] [stdout] error: cannot find attribute `graphql_object` in this scope
[INFO] [stdout]  --> src/lib.rs:103:3
[INFO] [stdout]   |
[INFO] [stdout] 4 | #[graphql_object]
[INFO] [stdout]   |   ^^^^^^^^^^^^^^
[INFO] [stdout]   |
[INFO] [stdout]   = help: consider importing this attribute macro:
[INFO] [stdout]           juniper::graphql_object
[INFO] [stdout] 
[INFO] [stdout] error[E0412]: cannot find type `UserQueries` in this scope
[INFO] [stdout]  --> src/lib.rs:104:6
[INFO] [stdout]   |
[INFO] [stdout] 5 | impl UserQueries {
[INFO] [stdout]   |      ^^^^^^^^^^^ not found in this scope
[INFO] [stdout] 
[INFO] [stdout] error: aborting due to 3 previous errors
[INFO] [stdout] 
[INFO] [stdout] For more information about this error, try `rustc --explain E0412`.
[INFO] [stdout] Couldn't compile the test.
[INFO] [stdout] ---- src/lib.rs - composite_object (line 116) stdout ----
[INFO] [stdout] error: cannot find macro `composite_object` in this scope
[INFO] [stdout]  --> src/lib.rs:119:1
[INFO] [stdout]   |
[INFO] [stdout] 5 | composite_object!(pub Query(UserQueries, TaskQueries));
[INFO] [stdout]   | ^^^^^^^^^^^^^^^^
[INFO] [stdout]   |
[INFO] [stdout]   = help: consider importing one of these items:
[INFO] [stdout]           juniper_compose::composite_object
[INFO] [stdout]           juniper_compose_macros::composite_object
[INFO] [stdout] 
[INFO] [stdout] error: cannot find macro `composite_object` in this scope
[INFO] [stdout]  --> src/lib.rs:118:1
[INFO] [stdout]   |
[INFO] [stdout] 4 | composite_object!(Mutation<Context = MyContextType>(UserMutations, TaskMutations));
[INFO] [stdout]   | ^^^^^^^^^^^^^^^^
[INFO] [stdout]   |
[INFO] [stdout]   = help: consider importing one of these items:
[INFO] [stdout]           juniper_compose::composite_object
[INFO] [stdout]           juniper_compose_macros::composite_object
[INFO] [stdout] 
[INFO] [stdout] error: cannot find macro `composite_object` in this scope
[INFO] [stdout]  --> src/lib.rs:117:1
[INFO] [stdout]   |
[INFO] [stdout] 3 | composite_object!(Query(UserQueries, TaskQueries));
[INFO] [stdout]   | ^^^^^^^^^^^^^^^^
[INFO] [stdout]   |
[INFO] [stdout]   = help: consider importing one of these items:
[INFO] [stdout]           juniper_compose::composite_object
[INFO] [stdout]           juniper_compose_macros::composite_object
[INFO] [stdout] 
[INFO] [stdout] error: aborting due to 3 previous errors
[INFO] [stdout] 
[INFO] [stdout] Couldn't compile the test.
[INFO] [stdout] ---- src/lib.rs - (line 81) stdout ----
[INFO] [stdout] error: cannot find macro `composite_object` in this scope
[INFO] [stdout]  --> src/lib.rs:82:1
[INFO] [stdout]   |
[INFO] [stdout] 3 | composite_object!(Query<Context = MyCustomContext>(UserQueries, TaskQueries));
[INFO] [stdout]   | ^^^^^^^^^^^^^^^^
[INFO] [stdout]   |
[INFO] [stdout]   = help: consider importing one of these items:
[INFO] [stdout]           juniper_compose::composite_object
[INFO] [stdout]           juniper_compose_macros::composite_object
[INFO] [stdout] 
[INFO] [stdout] error: aborting due to previous error
[INFO] [stdout] 
[INFO] [stdout] Couldn't compile the test.
[INFO] [stdout] ---- src/lib.rs - (line 87) stdout ----
[INFO] [stdout] error: cannot find macro `composite_object` in this scope
[INFO] [stdout]  --> src/lib.rs:88:1
[INFO] [stdout]   |
[INFO] [stdout] 3 | composite_object!(pub(crate) Query<Context = MyCustomContext>(UserQueries, TaskQueries));
[INFO] [stdout]   | ^^^^^^^^^^^^^^^^
[INFO] [stdout]   |
[INFO] [stdout]   = help: consider importing one of these items:
[INFO] [stdout]           juniper_compose::composite_object
[INFO] [stdout]           juniper_compose_macros::composite_object
[INFO] [stdout] 
[INFO] [stdout] error: aborting due to previous error
[INFO] [stdout] 
[INFO] [stdout] Couldn't compile the test.
[INFO] [stdout] ---- src/lib.rs - (line 13) stdout ----
[INFO] [stdout] error[E0412]: cannot find type `Context` in this scope
[INFO] [stdout]  --> src/lib.rs:19:25
[INFO] [stdout]   |
[INFO] [stdout] 8 |     async fn user(ctx: &Context, id: Uuid) -> User {
[INFO] [stdout]   |                         ^^^^^^^ not found in this scope
[INFO] [stdout]   |
[INFO] [stdout] help: consider importing one of these items
[INFO] [stdout]   |
[INFO] [stdout] 2 | use core::task::Context;
[INFO] [stdout]   |
[INFO] [stdout] 2 | use juniper::Context;
[INFO] [stdout]   |
[INFO] [stdout] 2 | use std::task::Context;
[INFO] [stdout]   |
[INFO] [stdout] 
[INFO] [stdout] error[E0412]: cannot find type `Uuid` in this scope
[INFO] [stdout]  --> src/lib.rs:19:38
[INFO] [stdout]   |
[INFO] [stdout] 8 |     async fn user(ctx: &Context, id: Uuid) -> User {
[INFO] [stdout]   |                                      ^^^^ not found in this scope
[INFO] [stdout] 
[INFO] [stdout] error[E0412]: cannot find type `User` in this scope
[INFO] [stdout]  --> src/lib.rs:19:47
[INFO] [stdout]   |
[INFO] [stdout] 8 |     async fn user(ctx: &Context, id: Uuid) -> User {
[INFO] [stdout]   |                                               ^^^^ not found in this scope
[INFO] [stdout] 
[INFO] [stdout] error[E0412]: cannot find type `Context` in this scope
[INFO] [stdout]   --> src/lib.rs:23:26
[INFO] [stdout]    |
[INFO] [stdout] 12 |     async fn users(ctx: &Context) -> Vec<User> {
[INFO] [stdout]    |                          ^^^^^^^ not found in this scope
[INFO] [stdout]    |
[INFO] [stdout] help: consider importing one of these items
[INFO] [stdout]    |
[INFO] [stdout] 2  | use core::task::Context;
[INFO] [stdout]    |
[INFO] [stdout] 2  | use juniper::Context;
[INFO] [stdout]    |
[INFO] [stdout] 2  | use std::task::Context;
[INFO] [stdout]    |
[INFO] [stdout] 
[INFO] [stdout] error[E0412]: cannot find type `User` in this scope
[INFO] [stdout]   --> src/lib.rs:23:42
[INFO] [stdout]    |
[INFO] [stdout] 12 |     async fn users(ctx: &Context) -> Vec<User> {
[INFO] [stdout]    |                                          ^^^^ not found in this scope
[INFO] [stdout] 
[INFO] [stdout] error[E0412]: cannot find type `Context` in this scope
[INFO] [stdout]   --> src/lib.rs:27:25
[INFO] [stdout]    |
[INFO] [stdout] 16 |     async fn task(ctx: &Context, id: Uuid) -> Task {
[INFO] [stdout]    |                         ^^^^^^^ not found in this scope
[INFO] [stdout]    |
[INFO] [stdout] help: consider importing one of these items
[INFO] [stdout]    |
[INFO] [stdout] 2  | use core::task::Context;
[INFO] [stdout]    |
[INFO] [stdout] 2  | use juniper::Context;
[INFO] [stdout]    |
[INFO] [stdout] 2  | use std::task::Context;
[INFO] [stdout]    |
[INFO] [stdout] 
[INFO] [stdout] error[E0412]: cannot find type `Uuid` in this scope
[INFO] [stdout]   --> src/lib.rs:27:38
[INFO] [stdout]    |
[INFO] [stdout] 16 |     async fn task(ctx: &Context, id: Uuid) -> Task {
[INFO] [stdout]    |                                      ^^^^ not found in this scope
[INFO] [stdout] 
[INFO] [stdout] error[E0412]: cannot find type `Task` in this scope
[INFO] [stdout]   --> src/lib.rs:27:47
[INFO] [stdout]    |
[INFO] [stdout] 16 |     async fn task(ctx: &Context, id: Uuid) -> Task {
[INFO] [stdout]    |                                               ^^^^ not found in this scope
[INFO] [stdout] 
[INFO] [stdout] error[E0412]: cannot find type `Context` in this scope
[INFO] [stdout]   --> src/lib.rs:31:26
[INFO] [stdout]    |
[INFO] [stdout] 20 |     async fn tasks(ctx: &Context) -> Vec<Task> {
[INFO] [stdout]    |                          ^^^^^^^ not found in this scope
[INFO] [stdout]    |
[INFO] [stdout] help: consider importing one of these items
[INFO] [stdout]    |
[INFO] [stdout] 2  | use core::task::Context;
[INFO] [stdout]    |
[INFO] [stdout] 2  | use juniper::Context;
[INFO] [stdout]    |
[INFO] [stdout] 2  | use std::task::Context;
[INFO] [stdout]    |
[INFO] [stdout] 
[INFO] [stdout] error[E0412]: cannot find type `Task` in this scope
[INFO] [stdout]   --> src/lib.rs:31:42
[INFO] [stdout]    |
[INFO] [stdout] 20 |     async fn tasks(ctx: &Context) -> Vec<Task> {
[INFO] [stdout]    |                                          ^^^^ not found in this scope
[INFO] [stdout] 
[INFO] [stdout] error: aborting due to 10 previous errors
[INFO] [stdout] 
[INFO] [stdout] For more information about this error, try `rustc --explain E0412`.
[INFO] [stdout] Couldn't compile the test.
[INFO] [stdout] ---- src/lib.rs - (line 45) stdout ----
[INFO] [stdout] error: cannot find attribute `composable_object` in this scope
[INFO] [stdout]  --> src/lib.rs:49:3
[INFO] [stdout]   |
[INFO] [stdout] 6 | #[composable_object]
[INFO] [stdout]   |   ^^^^^^^^^^^^^^^^^
[INFO] [stdout]   |
[INFO] [stdout]   = help: consider importing one of these items:
[INFO] [stdout]           juniper_compose::composable_object
[INFO] [stdout]           juniper_compose_macros::composable_object
[INFO] [stdout] 
[INFO] [stdout] error: cannot find attribute `composable_object` in this scope
[INFO] [stdout]   --> src/lib.rs:64:3
[INFO] [stdout]    |
[INFO] [stdout] 21 | #[composable_object]
[INFO] [stdout]    |   ^^^^^^^^^^^^^^^^^
[INFO] [stdout]    |
[INFO] [stdout]    = help: consider importing one of these items:
[INFO] [stdout]            juniper_compose::composable_object
[INFO] [stdout]            juniper_compose_macros::composable_object
[INFO] [stdout] 
[INFO] [stdout] error: cannot find macro `composite_object` in this scope
[INFO] [stdout]   --> src/lib.rs:76:1
[INFO] [stdout]    |
[INFO] [stdout] 33 | composite_object!(Query(UserQueries, TaskQueries));
[INFO] [stdout]    | ^^^^^^^^^^^^^^^^
[INFO] [stdout]    |
[INFO] [stdout]    = help: consider importing one of these items:
[INFO] [stdout]            juniper_compose::composite_object
[INFO] [stdout]            juniper_compose_macros::composite_object
[INFO] [stdout] 
[INFO] [stdout] error[E0412]: cannot find type `Context` in this scope
[INFO] [stdout]  --> src/lib.rs:52:25
[INFO] [stdout]   |
[INFO] [stdout] 9 |     async fn user(ctx: &Context, id: Uuid) -> User {
[INFO] [stdout]   |                         ^^^^^^^ not found in this scope
[INFO] [stdout]   |
[INFO] [stdout] help: consider importing one of these items
[INFO] [stdout]   |
[INFO] [stdout] 2 | use core::task::Context;
[INFO] [stdout]   |
[INFO] [stdout] 2 | use juniper::Context;
[INFO] [stdout]   |
[INFO] [stdout] 2 | use std::task::Context;
[INFO] [stdout]   |
[INFO] [stdout] 
[INFO] [stdout] error[E0412]: cannot find type `Uuid` in this scope
[INFO] [stdout]  --> src/lib.rs:52:38
[INFO] [stdout]   |
[INFO] [stdout] 9 |     async fn user(ctx: &Context, id: Uuid) -> User {
[INFO] [stdout]   |                                      ^^^^ not found in this scope
[INFO] [stdout] 
[INFO] [stdout] error[E0412]: cannot find type `User` in this scope
[INFO] [stdout]  --> src/lib.rs:52:47
[INFO] [stdout]   |
[INFO] [stdout] 9 |     async fn user(ctx: &Context, id: Uuid) -> User {
[INFO] [stdout]   |                                               ^^^^ not found in this scope
[INFO] [stdout] 
[INFO] [stdout] error[E0412]: cannot find type `Context` in this scope
[INFO] [stdout]   --> src/lib.rs:56:26
[INFO] [stdout]    |
[INFO] [stdout] 13 |     async fn users(ctx: &Context) -> Vec<User> {
[INFO] [stdout]    |                          ^^^^^^^ not found in this scope
[INFO] [stdout]    |
[INFO] [stdout] help: consider importing one of these items
[INFO] [stdout]    |
[INFO] [stdout] 2  | use core::task::Context;
[INFO] [stdout]    |
[INFO] [stdout] 2  | use juniper::Context;
[INFO] [stdout]    |
[INFO] [stdout] 2  | use std::task::Context;
[INFO] [stdout]    |
[INFO] [stdout] 
[INFO] [stdout] error[E0412]: cannot find type `User` in this scope
[INFO] [stdout]   --> src/lib.rs:56:42
[INFO] [stdout]    |
[INFO] [stdout] 13 |     async fn users(ctx: &Context) -> Vec<User> {
[INFO] [stdout]    |                                          ^^^^ not found in this scope
[INFO] [stdout] 
[INFO] [stdout] error[E0412]: cannot find type `Context` in this scope
[INFO] [stdout]   --> src/lib.rs:67:25
[INFO] [stdout]    |
[INFO] [stdout] 24 |     async fn task(ctx: &Context, id: Uuid) -> Task {
[INFO] [stdout]    |                         ^^^^^^^ not found in this scope
[INFO] [stdout]    |
[INFO] [stdout] help: consider importing one of these items
[INFO] [stdout]    |
[INFO] [stdout] 2  | use core::task::Context;
[INFO] [stdout]    |
[INFO] [stdout] 2  | use juniper::Context;
[INFO] [stdout]    |
[INFO] [stdout] 2  | use std::task::Context;
[INFO] [stdout]    |
[INFO] [stdout] 
[INFO] [stdout] error[E0412]: cannot find type `Uuid` in this scope
[INFO] [stdout]   --> src/lib.rs:67:38
[INFO] [stdout]    |
[INFO] [stdout] 24 |     async fn task(ctx: &Context, id: Uuid) -> Task {
[INFO] [stdout]    |                                      ^^^^ not found in this scope
[INFO] [stdout] 
[INFO] [stdout] error[E0412]: cannot find type `Task` in this scope
[INFO] [stdout]   --> src/lib.rs:67:47
[INFO] [stdout]    |
[INFO] [stdout] 24 |     async fn task(ctx: &Context, id: Uuid) -> Task {
[INFO] [stdout]    |                                               ^^^^ not found in this scope
[INFO] [stdout] 
[INFO] [stdout] error[E0412]: cannot find type `Context` in this scope
[INFO] [stdout]   --> src/lib.rs:71:26
[INFO] [stdout]    |
[INFO] [stdout] 28 |     async fn tasks(ctx: &Context) -> Vec<Task> {
[INFO] [stdout]    |                          ^^^^^^^ not found in this scope
[INFO] [stdout]    |
[INFO] [stdout] help: consider importing one of these items
[INFO] [stdout]    |
[INFO] [stdout] 2  | use core::task::Context;
[INFO] [stdout]    |
[INFO] [stdout] 2  | use juniper::Context;
[INFO] [stdout]    |
[INFO] [stdout] 2  | use std::task::Context;
[INFO] [stdout]    |
[INFO] [stdout] 
[INFO] [stdout] error[E0412]: cannot find type `Task` in this scope
[INFO] [stdout]   --> src/lib.rs:71:42
[INFO] [stdout]    |
[INFO] [stdout] 28 |     async fn tasks(ctx: &Context) -> Vec<Task> {
[INFO] [stdout]    |                                          ^^^^ not found in this scope
[INFO] [stdout] 
[INFO] [stdout] error: aborting due to 13 previous errors
[INFO] [stdout] 
[INFO] [stdout] For more information about this error, try `rustc --explain E0412`.
[INFO] [stdout] Couldn't compile the test.
[INFO] [stdout] 
[INFO] [stdout] failures:
[INFO] [stdout]     src/lib.rs - (line 13)
[INFO] [stdout]     src/lib.rs - (line 45)
[INFO] [stdout]     src/lib.rs - (line 81)
[INFO] [stdout]     src/lib.rs - (line 87)
[INFO] [stdout]     src/lib.rs - composable_object (line 101)
[INFO] [stdout]     src/lib.rs - composite_object (line 116)
[INFO] [stdout] 
[INFO] [stdout] test result: FAILED. 0 passed; 6 failed; 0 ignored; 0 measured; 0 filtered out; finished in 0.09s
[INFO] [stdout] 
[INFO] [stderr] error: doctest failed, to rerun pass `--doc`
[INFO] running `Command { std: "docker" "inspect" "3c216043a9edbc1c8bfb2fbec7f792737ea2b94f784fb3375e7057ee7d8d13d0", kill_on_drop: false }`
[INFO] running `Command { std: "docker" "rm" "-f" "3c216043a9edbc1c8bfb2fbec7f792737ea2b94f784fb3375e7057ee7d8d13d0", kill_on_drop: false }`
[INFO] [stdout] 3c216043a9edbc1c8bfb2fbec7f792737ea2b94f784fb3375e7057ee7d8d13d0
