[INFO] fetching crate jujutsu-lib 0.7.0...
[INFO] testing jujutsu-lib-0.7.0 against 1.69.0 for beta-1.70-1
[INFO] extracting crate jujutsu-lib 0.7.0 into /workspace/builds/worker-0-tc1/source
[INFO] validating manifest of crates.io crate jujutsu-lib 0.7.0 on toolchain 1.69.0
[INFO] running `Command { std: CARGO_HOME="/workspace/cargo-home" RUSTUP_HOME="/workspace/rustup-home" "/workspace/cargo-home/bin/cargo" "+1.69.0" "metadata" "--manifest-path" "Cargo.toml" "--no-deps", kill_on_drop: false }`
[INFO] started tweaking crates.io crate jujutsu-lib 0.7.0
[INFO] finished tweaking crates.io crate jujutsu-lib 0.7.0
[INFO] tweaked toml for crates.io crate jujutsu-lib 0.7.0 written to /workspace/builds/worker-0-tc1/source/Cargo.toml
[INFO] running `Command { std: CARGO_HOME="/workspace/cargo-home" RUSTUP_HOME="/workspace/rustup-home" __CARGO_TEST_CHANNEL_OVERRIDE_DO_NOT_USE_THIS="nightly" "/workspace/cargo-home/bin/cargo" "+1.69.0" "generate-lockfile" "--manifest-path" "Cargo.toml" "-Zno-index-update", kill_on_drop: false }`
[INFO] running `Command { std: CARGO_HOME="/workspace/cargo-home" RUSTUP_HOME="/workspace/rustup-home" "/workspace/cargo-home/bin/cargo" "+1.69.0" "fetch" "--manifest-path" "Cargo.toml", kill_on_drop: false }`
[INFO] [stderr]  Downloading crates ...
[INFO] [stderr]   Downloaded git2 v0.16.1
[INFO] [stderr]   Downloaded insta v1.29.0
[INFO] [stderr]   Downloaded libgit2-sys v0.14.2+1.5.1
[INFO] running `Command { std: "docker" "create" "-v" "/var/lib/crater-agent-workspace/builds/worker-0-tc1/target:/opt/rustwide/target:rw,Z" "-v" "/var/lib/crater-agent-workspace/builds/worker-0-tc1/source:/opt/rustwide/workdir:ro,Z" "-v" "/var/lib/crater-agent-workspace/cargo-home:/opt/rustwide/cargo-home:ro,Z" "-v" "/var/lib/crater-agent-workspace/rustup-home:/opt/rustwide/rustup-home:ro,Z" "-e" "SOURCE_DIR=/opt/rustwide/workdir" "-e" "CARGO_TARGET_DIR=/opt/rustwide/target" "-e" "CARGO_HOME=/opt/rustwide/cargo-home" "-e" "RUSTUP_HOME=/opt/rustwide/rustup-home" "-w" "/opt/rustwide/workdir" "-m" "1610612736" "--user" "0:0" "--network" "none" "ghcr.io/rust-lang/crates-build-env/linux@sha256:97d61d7686bf65f8ecb15491ab51835e82dc9176a96a831f143a431b191fc501" "/opt/rustwide/cargo-home/bin/cargo" "+1.69.0" "metadata" "--no-deps" "--format-version=1", kill_on_drop: false }`
[INFO] [stdout] 6070de3267a66fb36cba18c702e54ded26d890a84f09c3461a33cb685e92f870
[INFO] running `Command { std: "docker" "start" "-a" "6070de3267a66fb36cba18c702e54ded26d890a84f09c3461a33cb685e92f870", kill_on_drop: false }`
[INFO] running `Command { std: "docker" "inspect" "6070de3267a66fb36cba18c702e54ded26d890a84f09c3461a33cb685e92f870", kill_on_drop: false }`
[INFO] running `Command { std: "docker" "rm" "-f" "6070de3267a66fb36cba18c702e54ded26d890a84f09c3461a33cb685e92f870", kill_on_drop: false }`
[INFO] [stdout] 6070de3267a66fb36cba18c702e54ded26d890a84f09c3461a33cb685e92f870
[INFO] running `Command { std: "docker" "create" "-v" "/var/lib/crater-agent-workspace/builds/worker-0-tc1/target:/opt/rustwide/target:rw,Z" "-v" "/var/lib/crater-agent-workspace/builds/worker-0-tc1/source:/opt/rustwide/workdir:ro,Z" "-v" "/var/lib/crater-agent-workspace/cargo-home:/opt/rustwide/cargo-home:ro,Z" "-v" "/var/lib/crater-agent-workspace/rustup-home:/opt/rustwide/rustup-home:ro,Z" "-e" "SOURCE_DIR=/opt/rustwide/workdir" "-e" "CARGO_TARGET_DIR=/opt/rustwide/target" "-e" "CARGO_INCREMENTAL=0" "-e" "RUST_BACKTRACE=full" "-e" "RUSTFLAGS=--cap-lints=warn" "-e" "RUSTDOCFLAGS=--cap-lints=warn" "-e" "CARGO_HOME=/opt/rustwide/cargo-home" "-e" "RUSTUP_HOME=/opt/rustwide/rustup-home" "-w" "/opt/rustwide/workdir" "-m" "1610612736" "--user" "0:0" "--network" "none" "ghcr.io/rust-lang/crates-build-env/linux@sha256:97d61d7686bf65f8ecb15491ab51835e82dc9176a96a831f143a431b191fc501" "/opt/rustwide/cargo-home/bin/cargo" "+1.69.0" "build" "--frozen" "--message-format=json", kill_on_drop: false }`
[INFO] [stdout] bc4e62a4a63b62ca35b45612e088a179f3d9bcdfb2a2f43ede9211f7facd1d13
[INFO] running `Command { std: "docker" "start" "-a" "bc4e62a4a63b62ca35b45612e088a179f3d9bcdfb2a2f43ede9211f7facd1d13", kill_on_drop: false }`
[INFO] [stderr]    Compiling libc v0.2.142
[INFO] [stderr]    Compiling serde v1.0.160
[INFO] [stderr]    Compiling ucd-trie v0.1.5
[INFO] [stderr]    Compiling generic-array v0.14.7
[INFO] [stderr]    Compiling num-traits v0.2.15
[INFO] [stderr]    Compiling num-integer v0.1.45
[INFO] [stderr]    Compiling getrandom v0.2.9
[INFO] [stderr]    Compiling zstd-safe v6.0.5+zstd.1.5.4
[INFO] [stderr]    Compiling syn v2.0.15
[INFO] [stderr]    Compiling itertools v0.10.5
[INFO] [stderr]    Compiling subtle v2.4.1
[INFO] [stderr]    Compiling minimal-lexical v0.2.1
[INFO] [stderr]    Compiling jujutsu-lib v0.7.0 (/opt/rustwide/workdir)
[INFO] [stderr]    Compiling iana-time-zone v0.1.56
[INFO] [stderr]    Compiling regex-syntax v0.7.1
[INFO] [stderr]    Compiling byteorder v1.4.3
[INFO] [stderr]    Compiling rand_core v0.6.4
[INFO] [stderr]    Compiling integer-encoding v3.0.4
[INFO] [stderr]    Compiling nom v7.1.3
[INFO] [stderr]    Compiling pathdiff v0.2.1
[INFO] [stderr]    Compiling whoami v1.4.0
[INFO] [stderr]    Compiling maplit v1.0.2
[INFO] [stderr]    Compiling rand_chacha v0.3.1
[INFO] [stderr]    Compiling jobserver v0.1.26
[INFO] [stderr]    Compiling rand v0.8.5
[INFO] [stderr]    Compiling cc v1.0.79
[INFO] [stderr]    Compiling crypto-common v0.1.6
[INFO] [stderr]    Compiling block-buffer v0.10.4
[INFO] [stderr]    Compiling digest v0.10.6
[INFO] [stderr]    Compiling prost-derive v0.11.9
[INFO] [stderr]    Compiling blake2 v0.10.6
[INFO] [stderr]    Compiling backoff v0.4.0
[INFO] [stderr]    Compiling libz-sys v1.1.9
[INFO] [stderr]    Compiling openssl-sys v0.9.87
[INFO] [stderr]    Compiling zstd-sys v2.0.8+zstd.1.5.5
[INFO] [stderr]    Compiling libssh2-sys v0.2.23
[INFO] [stderr]    Compiling libgit2-sys v0.14.2+1.5.1
[INFO] [stderr]    Compiling ordered-float v2.10.0
[INFO] [stderr]    Compiling regex v1.8.1
[INFO] [stderr]    Compiling thrift v0.17.0
[INFO] [stderr]    Compiling chrono v0.4.24
[INFO] [stderr]    Compiling prost v0.11.9
[INFO] [stderr]    Compiling toml v0.5.11
[INFO] [stderr]    Compiling serde_json v1.0.96
[INFO] [stderr]    Compiling thiserror-impl v1.0.40
[INFO] [stderr]    Compiling async-trait v0.1.68
[INFO] [stderr]    Compiling tracing-attributes v0.1.24
[INFO] [stderr]    Compiling config v0.13.3
[INFO] [stderr]    Compiling thiserror v1.0.40
[INFO] [stderr]    Compiling pest v2.6.0
[INFO] [stderr]    Compiling tracing v0.1.38
[INFO] [stderr]    Compiling zstd v0.12.3+zstd.1.5.2
[INFO] [stderr]    Compiling pest_meta v2.6.0
[INFO] [stderr]    Compiling git2 v0.16.1
[INFO] [stderr]    Compiling pest_generator v2.6.0
[INFO] [stderr]    Compiling pest_derive v2.6.0
[INFO] [stderr]     Finished dev [unoptimized + debuginfo] target(s) in 24.66s
[INFO] running `Command { std: "docker" "inspect" "bc4e62a4a63b62ca35b45612e088a179f3d9bcdfb2a2f43ede9211f7facd1d13", kill_on_drop: false }`
[INFO] running `Command { std: "docker" "rm" "-f" "bc4e62a4a63b62ca35b45612e088a179f3d9bcdfb2a2f43ede9211f7facd1d13", kill_on_drop: false }`
[INFO] [stdout] bc4e62a4a63b62ca35b45612e088a179f3d9bcdfb2a2f43ede9211f7facd1d13
[INFO] running `Command { std: "docker" "create" "-v" "/var/lib/crater-agent-workspace/builds/worker-0-tc1/target:/opt/rustwide/target:rw,Z" "-v" "/var/lib/crater-agent-workspace/builds/worker-0-tc1/source:/opt/rustwide/workdir:ro,Z" "-v" "/var/lib/crater-agent-workspace/cargo-home:/opt/rustwide/cargo-home:ro,Z" "-v" "/var/lib/crater-agent-workspace/rustup-home:/opt/rustwide/rustup-home:ro,Z" "-e" "SOURCE_DIR=/opt/rustwide/workdir" "-e" "CARGO_TARGET_DIR=/opt/rustwide/target" "-e" "CARGO_INCREMENTAL=0" "-e" "RUST_BACKTRACE=full" "-e" "RUSTFLAGS=--cap-lints=warn" "-e" "RUSTDOCFLAGS=--cap-lints=warn" "-e" "CARGO_HOME=/opt/rustwide/cargo-home" "-e" "RUSTUP_HOME=/opt/rustwide/rustup-home" "-w" "/opt/rustwide/workdir" "-m" "1610612736" "--user" "0:0" "--network" "none" "ghcr.io/rust-lang/crates-build-env/linux@sha256:97d61d7686bf65f8ecb15491ab51835e82dc9176a96a831f143a431b191fc501" "/opt/rustwide/cargo-home/bin/cargo" "+1.69.0" "test" "--frozen" "--no-run" "--message-format=json", kill_on_drop: false }`
[INFO] [stdout] 2075dff27d3be09756818169dfb4c42ade2fcbac941a5fcaf79f7effa26b4bde
[INFO] running `Command { std: "docker" "start" "-a" "2075dff27d3be09756818169dfb4c42ade2fcbac941a5fcaf79f7effa26b4bde", kill_on_drop: false }`
[INFO] [stderr]    Compiling prost-derive v0.11.9
[INFO] [stderr]    Compiling linked-hash-map v0.5.6
[INFO] [stderr]    Compiling console v0.15.5
[INFO] [stderr]    Compiling similar v2.2.1
[INFO] [stderr]    Compiling num_cpus v1.15.0
[INFO] [stderr]    Compiling assert_matches v1.5.0
[INFO] [stderr]    Compiling yaml-rust v0.4.5
[INFO] [stderr]    Compiling insta v1.29.0
[INFO] [stderr]    Compiling prost v0.11.9
[INFO] [stderr]    Compiling jujutsu-lib v0.7.0 (/opt/rustwide/workdir)
[INFO] [stdout] error[E0282]: type annotations needed
[INFO] [stdout]    --> src/diff.rs:635:43
[INFO] [stdout]     |
[INFO] [stdout] 635 |         assert_eq!(find_line_ranges(b""), vec![]);
[INFO] [stdout]     |                                           ^^^^^^ cannot infer type
[INFO] [stdout]     |
[INFO] [stdout]     = note: this error originates in the macro `vec` (in Nightly builds, run with -Z macro-backtrace for more info)
[INFO] [stdout] 
[INFO] [stdout] 
[INFO] [stdout] error[E0283]: type annotations needed
[INFO] [stdout]    --> src/diff.rs:635:9
[INFO] [stdout]     |
[INFO] [stdout] 635 |         assert_eq!(find_line_ranges(b""), vec![]);
[INFO] [stdout]     |         ^^^^^^^^^^^^^^^^^^^^^^^^^^^^^^^^^^^^^^^^^ cannot infer type
[INFO] [stdout]     |
[INFO] [stdout]     = note: multiple `impl`s satisfying `std::ops::Range<usize>: PartialEq<_>` found in the following crates: `aho_corasick`, `core`:
[INFO] [stdout]             - impl PartialEq<aho_corasick::util::search::Span> for std::ops::Range<usize>;
[INFO] [stdout]             - impl<Idx> PartialEq for std::ops::Range<Idx>
[INFO] [stdout]               where Idx: PartialEq;
[INFO] [stdout]     = note: required for `Vec<std::ops::Range<usize>>` to implement `PartialEq<Vec<_>>`
[INFO] [stdout]     = note: this error originates in the macro `assert_eq` (in Nightly builds, run with -Z macro-backtrace for more info)
[INFO] [stdout] 
[INFO] [stdout] 
[INFO] [stdout] error[E0282]: type annotations needed
[INFO] [stdout]    --> src/diff.rs:655:43
[INFO] [stdout]     |
[INFO] [stdout] 655 |         assert_eq!(find_word_ranges(b""), vec![]);
[INFO] [stdout]     |                                           ^^^^^^ cannot infer type
[INFO] [stdout]     |
[INFO] [stdout]     = note: this error originates in the macro `vec` (in Nightly builds, run with -Z macro-backtrace for more info)
[INFO] [stdout] 
[INFO] [stdout] 
[INFO] [stdout] error[E0283]: type annotations needed
[INFO] [stdout]    --> src/diff.rs:655:9
[INFO] [stdout]     |
[INFO] [stdout] 655 |         assert_eq!(find_word_ranges(b""), vec![]);
[INFO] [stdout]     |         ^^^^^^^^^^^^^^^^^^^^^^^^^^^^^^^^^^^^^^^^^ cannot infer type
[INFO] [stdout]     |
[INFO] [stdout]     = note: multiple `impl`s satisfying `std::ops::Range<usize>: PartialEq<_>` found in the following crates: `aho_corasick`, `core`:
[INFO] [stdout]             - impl PartialEq<aho_corasick::util::search::Span> for std::ops::Range<usize>;
[INFO] [stdout]             - impl<Idx> PartialEq for std::ops::Range<Idx>
[INFO] [stdout]               where Idx: PartialEq;
[INFO] [stdout]     = note: required for `Vec<std::ops::Range<usize>>` to implement `PartialEq<Vec<_>>`
[INFO] [stdout]     = note: this error originates in the macro `assert_eq` (in Nightly builds, run with -Z macro-backtrace for more info)
[INFO] [stdout] 
[INFO] [stdout] 
[INFO] [stdout] error[E0282]: type annotations needed
[INFO] [stdout]    --> src/diff.rs:665:47
[INFO] [stdout]     |
[INFO] [stdout] 665 |         assert_eq!(find_word_ranges(b"+-*/"), vec![]);
[INFO] [stdout]     |                                               ^^^^^^ cannot infer type
[INFO] [stdout]     |
[INFO] [stdout]     = note: this error originates in the macro `vec` (in Nightly builds, run with -Z macro-backtrace for more info)
[INFO] [stdout] 
[INFO] [stdout] 
[INFO] [stdout] error[E0283]: type annotations needed
[INFO] [stdout]    --> src/diff.rs:665:9
[INFO] [stdout]     |
[INFO] [stdout] 665 |         assert_eq!(find_word_ranges(b"+-*/"), vec![]);
[INFO] [stdout]     |         ^^^^^^^^^^^^^^^^^^^^^^^^^^^^^^^^^^^^^^^^^^^^^ cannot infer type
[INFO] [stdout]     |
[INFO] [stdout]     = note: multiple `impl`s satisfying `std::ops::Range<usize>: PartialEq<_>` found in the following crates: `aho_corasick`, `core`:
[INFO] [stdout]             - impl PartialEq<aho_corasick::util::search::Span> for std::ops::Range<usize>;
[INFO] [stdout]             - impl<Idx> PartialEq for std::ops::Range<Idx>
[INFO] [stdout]               where Idx: PartialEq;
[INFO] [stdout]     = note: required for `Vec<std::ops::Range<usize>>` to implement `PartialEq<Vec<_>>`
[INFO] [stdout]     = note: this error originates in the macro `assert_eq` (in Nightly builds, run with -Z macro-backtrace for more info)
[INFO] [stdout] 
[INFO] [stdout] 
[INFO] [stdout] error[E0433]: failed to resolve: use of undeclared crate or module `testutils`
[INFO] [stdout]    --> src/file_util.rs:111:24
[INFO] [stdout]     |
[INFO] [stdout] 111 |         let temp_dir = testutils::new_temp_dir();
[INFO] [stdout]     |                        ^^^^^^^^^ use of undeclared crate or module `testutils`
[INFO] [stdout] 
[INFO] [stdout] 
[INFO] [stdout] error[E0433]: failed to resolve: use of undeclared crate or module `testutils`
[INFO] [stdout]    --> src/file_util.rs:121:24
[INFO] [stdout]     |
[INFO] [stdout] 121 |         let temp_dir = testutils::new_temp_dir();
[INFO] [stdout]     |                        ^^^^^^^^^ use of undeclared crate or module `testutils`
[INFO] [stdout] 
[INFO] [stdout] 
[INFO] [stdout] error[E0433]: failed to resolve: use of undeclared crate or module `testutils`
[INFO] [stdout]    --> src/git_backend.rs:631:24
[INFO] [stdout]     |
[INFO] [stdout] 631 |         let temp_dir = testutils::new_temp_dir();
[INFO] [stdout]     |                        ^^^^^^^^^ use of undeclared crate or module `testutils`
[INFO] [stdout] 
[INFO] [stdout] 
[INFO] [stdout] error[E0433]: failed to resolve: use of undeclared crate or module `testutils`
[INFO] [stdout]    --> src/git_backend.rs:742:24
[INFO] [stdout]     |
[INFO] [stdout] 742 |         let temp_dir = testutils::new_temp_dir();
[INFO] [stdout]     |                        ^^^^^^^^^ use of undeclared crate or module `testutils`
[INFO] [stdout] 
[INFO] [stdout] 
[INFO] [stdout] error[E0433]: failed to resolve: use of undeclared crate or module `testutils`
[INFO] [stdout]    --> src/git_backend.rs:805:24
[INFO] [stdout]     |
[INFO] [stdout] 805 |         let temp_dir = testutils::new_temp_dir();
[INFO] [stdout]     |                        ^^^^^^^^^ use of undeclared crate or module `testutils`
[INFO] [stdout] 
[INFO] [stdout] 
[INFO] [stdout] error[E0433]: failed to resolve: use of undeclared crate or module `testutils`
[INFO] [stdout]    --> src/git_backend.rs:837:24
[INFO] [stdout]     |
[INFO] [stdout] 837 |         let temp_dir = testutils::new_temp_dir();
[INFO] [stdout]     |                        ^^^^^^^^^ use of undeclared crate or module `testutils`
[INFO] [stdout] 
[INFO] [stdout] 
[INFO] [stdout] error[E0433]: failed to resolve: use of undeclared crate or module `testutils`
[INFO] [stdout]     --> src/index.rs:1642:24
[INFO] [stdout]      |
[INFO] [stdout] 1642 |         let temp_dir = testutils::new_temp_dir();
[INFO] [stdout]      |                        ^^^^^^^^^ use of undeclared crate or module `testutils`
[INFO] [stdout] 
[INFO] [stdout] 
[INFO] [stdout] error[E0433]: failed to resolve: use of undeclared crate or module `testutils`
[INFO] [stdout]     --> src/index.rs:1668:24
[INFO] [stdout]      |
[INFO] [stdout] 1668 |         let temp_dir = testutils::new_temp_dir();
[INFO] [stdout]      |                        ^^^^^^^^^ use of undeclared crate or module `testutils`
[INFO] [stdout] 
[INFO] [stdout] 
[INFO] [stdout] error[E0433]: failed to resolve: use of undeclared crate or module `testutils`
[INFO] [stdout]     --> src/index.rs:1719:24
[INFO] [stdout]      |
[INFO] [stdout] 1719 |         let temp_dir = testutils::new_temp_dir();
[INFO] [stdout]      |                        ^^^^^^^^^ use of undeclared crate or module `testutils`
[INFO] [stdout] 
[INFO] [stdout] 
[INFO] [stdout] error[E0433]: failed to resolve: use of undeclared crate or module `testutils`
[INFO] [stdout]     --> src/index.rs:1815:24
[INFO] [stdout]      |
[INFO] [stdout] 1815 |         let temp_dir = testutils::new_temp_dir();
[INFO] [stdout]      |                        ^^^^^^^^^ use of undeclared crate or module `testutils`
[INFO] [stdout] 
[INFO] [stdout] 
[INFO] [stdout] error[E0433]: failed to resolve: use of undeclared crate or module `testutils`
[INFO] [stdout]     --> src/index.rs:1878:24
[INFO] [stdout]      |
[INFO] [stdout] 1878 |         let temp_dir = testutils::new_temp_dir();
[INFO] [stdout]      |                        ^^^^^^^^^ use of undeclared crate or module `testutils`
[INFO] [stdout] 
[INFO] [stdout] 
[INFO] [stdout] error[E0433]: failed to resolve: use of undeclared crate or module `testutils`
[INFO] [stdout]     --> src/index.rs:1948:24
[INFO] [stdout]      |
[INFO] [stdout] 1948 |         let temp_dir = testutils::new_temp_dir();
[INFO] [stdout]      |                        ^^^^^^^^^ use of undeclared crate or module `testutils`
[INFO] [stdout] 
[INFO] [stdout] 
[INFO] [stdout] error[E0433]: failed to resolve: use of undeclared crate or module `testutils`
[INFO] [stdout]     --> src/index.rs:2076:24
[INFO] [stdout]      |
[INFO] [stdout] 2076 |         let temp_dir = testutils::new_temp_dir();
[INFO] [stdout]      |                        ^^^^^^^^^ use of undeclared crate or module `testutils`
[INFO] [stdout] 
[INFO] [stdout] 
[INFO] [stdout] error[E0433]: failed to resolve: use of undeclared crate or module `testutils`
[INFO] [stdout]   --> src/lock.rs:83:24
[INFO] [stdout]    |
[INFO] [stdout] 83 |         let temp_dir = testutils::new_temp_dir();
[INFO] [stdout]    |                        ^^^^^^^^^ use of undeclared crate or module `testutils`
[INFO] [stdout] 
[INFO] [stdout] 
[INFO] [stdout] error[E0433]: failed to resolve: use of undeclared crate or module `testutils`
[INFO] [stdout]   --> src/lock.rs:95:24
[INFO] [stdout]    |
[INFO] [stdout] 95 |         let temp_dir = testutils::new_temp_dir();
[INFO] [stdout]    |                        ^^^^^^^^^ use of undeclared crate or module `testutils`
[INFO] [stdout] 
[INFO] [stdout] 
[INFO] [stdout] error[E0433]: failed to resolve: use of undeclared crate or module `testutils`
[INFO] [stdout]    --> src/repo_path.rs:318:24
[INFO] [stdout]     |
[INFO] [stdout] 318 |         let temp_dir = testutils::new_temp_dir();
[INFO] [stdout]     |                        ^^^^^^^^^ use of undeclared crate or module `testutils`
[INFO] [stdout] 
[INFO] [stdout] 
[INFO] [stdout] error[E0433]: failed to resolve: use of undeclared crate or module `testutils`
[INFO] [stdout]    --> src/repo_path.rs:372:24
[INFO] [stdout]     |
[INFO] [stdout] 372 |         let temp_dir = testutils::new_temp_dir();
[INFO] [stdout]     |                        ^^^^^^^^^ use of undeclared crate or module `testutils`
[INFO] [stdout] 
[INFO] [stdout] 
[INFO] [stdout] error[E0433]: failed to resolve: use of undeclared crate or module `testutils`
[INFO] [stdout]    --> src/repo_path.rs:408:24
[INFO] [stdout]     |
[INFO] [stdout] 408 |         let temp_dir = testutils::new_temp_dir();
[INFO] [stdout]     |                        ^^^^^^^^^ use of undeclared crate or module `testutils`
[INFO] [stdout] 
[INFO] [stdout] 
[INFO] [stdout] error[E0433]: failed to resolve: use of undeclared crate or module `testutils`
[INFO] [stdout]    --> src/simple_op_heads_store.rs:160:24
[INFO] [stdout]     |
[INFO] [stdout] 160 |         let test_dir = testutils::new_temp_dir();
[INFO] [stdout]     |                        ^^^^^^^^^ use of undeclared crate or module `testutils`
[INFO] [stdout] 
[INFO] [stdout] 
[INFO] [stdout] error[E0433]: failed to resolve: use of undeclared crate or module `testutils`
[INFO] [stdout]    --> src/simple_op_heads_store.rs:199:24
[INFO] [stdout]     |
[INFO] [stdout] 199 |         let test_dir = testutils::new_temp_dir();
[INFO] [stdout]     |                        ^^^^^^^^^ use of undeclared crate or module `testutils`
[INFO] [stdout] 
[INFO] [stdout] 
[INFO] [stdout] error[E0433]: failed to resolve: use of undeclared crate or module `testutils`
[INFO] [stdout]    --> src/simple_op_store.rs:262:24
[INFO] [stdout]     |
[INFO] [stdout] 262 |         let temp_dir = testutils::new_temp_dir();
[INFO] [stdout]     |                        ^^^^^^^^^ use of undeclared crate or module `testutils`
[INFO] [stdout] 
[INFO] [stdout] 
[INFO] [stdout] error[E0433]: failed to resolve: use of undeclared crate or module `testutils`
[INFO] [stdout]    --> src/simple_op_store.rs:272:24
[INFO] [stdout]     |
[INFO] [stdout] 272 |         let temp_dir = testutils::new_temp_dir();
[INFO] [stdout]     |                        ^^^^^^^^^ use of undeclared crate or module `testutils`
[INFO] [stdout] 
[INFO] [stdout] 
[INFO] [stdout] error[E0433]: failed to resolve: use of undeclared crate or module `testutils`
[INFO] [stdout]    --> src/stacked_table.rs:515:24
[INFO] [stdout]     |
[INFO] [stdout] 515 |         let temp_dir = testutils::new_temp_dir();
[INFO] [stdout]     |                        ^^^^^^^^^ use of undeclared crate or module `testutils`
[INFO] [stdout] 
[INFO] [stdout] 
[INFO] [stdout] error[E0433]: failed to resolve: use of undeclared crate or module `testutils`
[INFO] [stdout]    --> src/stacked_table.rs:535:24
[INFO] [stdout]     |
[INFO] [stdout] 535 |         let temp_dir = testutils::new_temp_dir();
[INFO] [stdout]     |                        ^^^^^^^^^ use of undeclared crate or module `testutils`
[INFO] [stdout] 
[INFO] [stdout] 
[INFO] [stdout] error[E0433]: failed to resolve: use of undeclared crate or module `testutils`
[INFO] [stdout]    --> src/stacked_table.rs:556:24
[INFO] [stdout]     |
[INFO] [stdout] 556 |         let temp_dir = testutils::new_temp_dir();
[INFO] [stdout]     |                        ^^^^^^^^^ use of undeclared crate or module `testutils`
[INFO] [stdout] 
[INFO] [stdout] 
[INFO] [stdout] error[E0433]: failed to resolve: use of undeclared crate or module `testutils`
[INFO] [stdout]    --> src/stacked_table.rs:582:24
[INFO] [stdout]     |
[INFO] [stdout] 582 |         let temp_dir = testutils::new_temp_dir();
[INFO] [stdout]     |                        ^^^^^^^^^ use of undeclared crate or module `testutils`
[INFO] [stdout] 
[INFO] [stdout] 
[INFO] [stdout] error[E0433]: failed to resolve: use of undeclared crate or module `testutils`
[INFO] [stdout]    --> src/stacked_table.rs:612:24
[INFO] [stdout]     |
[INFO] [stdout] 612 |         let temp_dir = testutils::new_temp_dir();
[INFO] [stdout]     |                        ^^^^^^^^^ use of undeclared crate or module `testutils`
[INFO] [stdout] 
[INFO] [stdout] 
[INFO] [stdout] error[E0433]: failed to resolve: use of undeclared crate or module `testutils`
[INFO] [stdout]    --> src/stacked_table.rs:645:24
[INFO] [stdout]     |
[INFO] [stdout] 645 |         let temp_dir = testutils::new_temp_dir();
[INFO] [stdout]     |                        ^^^^^^^^^ use of undeclared crate or module `testutils`
[INFO] [stdout] 
[INFO] [stdout] 
[INFO] [stdout] error: aborting due to 34 previous errors
[INFO] [stdout] 
[INFO] [stdout] 
[INFO] [stdout] Some errors have detailed explanations: E0282, E0283, E0433.
[INFO] [stdout] 
[INFO] [stdout] For more information about an error, try `rustc --explain E0282`.
[INFO] [stdout] 
[INFO] [stderr] error: could not compile `jujutsu-lib` due to 35 previous errors
[INFO] [stderr] warning: build failed, waiting for other jobs to finish...
[INFO] running `Command { std: "docker" "inspect" "2075dff27d3be09756818169dfb4c42ade2fcbac941a5fcaf79f7effa26b4bde", kill_on_drop: false }`
[INFO] running `Command { std: "docker" "rm" "-f" "2075dff27d3be09756818169dfb4c42ade2fcbac941a5fcaf79f7effa26b4bde", kill_on_drop: false }`
[INFO] [stdout] 2075dff27d3be09756818169dfb4c42ade2fcbac941a5fcaf79f7effa26b4bde
