[INFO] fetching crate json-toolkit 0.1.1...
[INFO] testing json-toolkit-0.1.1 against 1.69.0 for beta-1.70-1
[INFO] extracting crate json-toolkit 0.1.1 into /workspace/builds/worker-4-tc1/source
[INFO] validating manifest of crates.io crate json-toolkit 0.1.1 on toolchain 1.69.0
[INFO] running `Command { std: CARGO_HOME="/workspace/cargo-home" RUSTUP_HOME="/workspace/rustup-home" "/workspace/cargo-home/bin/cargo" "+1.69.0" "metadata" "--manifest-path" "Cargo.toml" "--no-deps", kill_on_drop: false }`
[INFO] removed /workspace/builds/worker-4-tc1/source/rust-toolchain
[INFO] started tweaking crates.io crate json-toolkit 0.1.1
[INFO] finished tweaking crates.io crate json-toolkit 0.1.1
[INFO] tweaked toml for crates.io crate json-toolkit 0.1.1 written to /workspace/builds/worker-4-tc1/source/Cargo.toml
[INFO] running `Command { std: CARGO_HOME="/workspace/cargo-home" RUSTUP_HOME="/workspace/rustup-home" __CARGO_TEST_CHANNEL_OVERRIDE_DO_NOT_USE_THIS="nightly" "/workspace/cargo-home/bin/cargo" "+1.69.0" "generate-lockfile" "--manifest-path" "Cargo.toml" "-Zno-index-update", kill_on_drop: false }`
[INFO] running `Command { std: CARGO_HOME="/workspace/cargo-home" RUSTUP_HOME="/workspace/rustup-home" "/workspace/cargo-home/bin/cargo" "+1.69.0" "fetch" "--manifest-path" "Cargo.toml", kill_on_drop: false }`
[INFO] running `Command { std: "docker" "create" "-v" "/var/lib/crater-agent-workspace/builds/worker-4-tc1/target:/opt/rustwide/target:rw,Z" "-v" "/var/lib/crater-agent-workspace/builds/worker-4-tc1/source:/opt/rustwide/workdir:ro,Z" "-v" "/var/lib/crater-agent-workspace/cargo-home:/opt/rustwide/cargo-home:ro,Z" "-v" "/var/lib/crater-agent-workspace/rustup-home:/opt/rustwide/rustup-home:ro,Z" "-e" "SOURCE_DIR=/opt/rustwide/workdir" "-e" "CARGO_TARGET_DIR=/opt/rustwide/target" "-e" "CARGO_HOME=/opt/rustwide/cargo-home" "-e" "RUSTUP_HOME=/opt/rustwide/rustup-home" "-w" "/opt/rustwide/workdir" "-m" "1610612736" "--user" "0:0" "--network" "none" "ghcr.io/rust-lang/crates-build-env/linux@sha256:5ff2268d62e97bff2cde7d5815dd6ed5b47097566f13b8d0ca110b04b60e07ed" "/opt/rustwide/cargo-home/bin/cargo" "+1.69.0" "metadata" "--no-deps" "--format-version=1", kill_on_drop: false }`
[INFO] [stdout] 8143ad84c4f0c7886aaa8a9d82557326aa3f41884f3b88175853c68254a2f845
[INFO] running `Command { std: "docker" "start" "-a" "8143ad84c4f0c7886aaa8a9d82557326aa3f41884f3b88175853c68254a2f845", kill_on_drop: false }`
[INFO] running `Command { std: "docker" "inspect" "8143ad84c4f0c7886aaa8a9d82557326aa3f41884f3b88175853c68254a2f845", kill_on_drop: false }`
[INFO] running `Command { std: "docker" "rm" "-f" "8143ad84c4f0c7886aaa8a9d82557326aa3f41884f3b88175853c68254a2f845", kill_on_drop: false }`
[INFO] [stdout] 8143ad84c4f0c7886aaa8a9d82557326aa3f41884f3b88175853c68254a2f845
[INFO] running `Command { std: "docker" "create" "-v" "/var/lib/crater-agent-workspace/builds/worker-4-tc1/target:/opt/rustwide/target:rw,Z" "-v" "/var/lib/crater-agent-workspace/builds/worker-4-tc1/source:/opt/rustwide/workdir:ro,Z" "-v" "/var/lib/crater-agent-workspace/cargo-home:/opt/rustwide/cargo-home:ro,Z" "-v" "/var/lib/crater-agent-workspace/rustup-home:/opt/rustwide/rustup-home:ro,Z" "-e" "SOURCE_DIR=/opt/rustwide/workdir" "-e" "CARGO_TARGET_DIR=/opt/rustwide/target" "-e" "CARGO_INCREMENTAL=0" "-e" "RUST_BACKTRACE=full" "-e" "RUSTFLAGS=--cap-lints=warn" "-e" "RUSTDOCFLAGS=--cap-lints=warn" "-e" "CARGO_HOME=/opt/rustwide/cargo-home" "-e" "RUSTUP_HOME=/opt/rustwide/rustup-home" "-w" "/opt/rustwide/workdir" "-m" "1610612736" "--user" "0:0" "--network" "none" "ghcr.io/rust-lang/crates-build-env/linux@sha256:5ff2268d62e97bff2cde7d5815dd6ed5b47097566f13b8d0ca110b04b60e07ed" "/opt/rustwide/cargo-home/bin/cargo" "+1.69.0" "build" "--frozen" "--message-format=json", kill_on_drop: false }`
[INFO] [stdout] 14826a42a99e705e396c29345355b6228ed97cd25a2b019d66f4946284825cd4
[INFO] running `Command { std: "docker" "start" "-a" "14826a42a99e705e396c29345355b6228ed97cd25a2b019d66f4946284825cd4", kill_on_drop: false }`
[INFO] [stderr]    Compiling syn v1.0.109
[INFO] [stderr]    Compiling derive_more v0.99.17
[INFO] [stderr]    Compiling json-toolkit v0.1.1 (/opt/rustwide/workdir)
[INFO] [stderr]     Finished dev [unoptimized + debuginfo] target(s) in 3.35s
[INFO] running `Command { std: "docker" "inspect" "14826a42a99e705e396c29345355b6228ed97cd25a2b019d66f4946284825cd4", kill_on_drop: false }`
[INFO] running `Command { std: "docker" "rm" "-f" "14826a42a99e705e396c29345355b6228ed97cd25a2b019d66f4946284825cd4", kill_on_drop: false }`
[INFO] [stdout] 14826a42a99e705e396c29345355b6228ed97cd25a2b019d66f4946284825cd4
[INFO] running `Command { std: "docker" "create" "-v" "/var/lib/crater-agent-workspace/builds/worker-4-tc1/target:/opt/rustwide/target:rw,Z" "-v" "/var/lib/crater-agent-workspace/builds/worker-4-tc1/source:/opt/rustwide/workdir:ro,Z" "-v" "/var/lib/crater-agent-workspace/cargo-home:/opt/rustwide/cargo-home:ro,Z" "-v" "/var/lib/crater-agent-workspace/rustup-home:/opt/rustwide/rustup-home:ro,Z" "-e" "SOURCE_DIR=/opt/rustwide/workdir" "-e" "CARGO_TARGET_DIR=/opt/rustwide/target" "-e" "CARGO_INCREMENTAL=0" "-e" "RUST_BACKTRACE=full" "-e" "RUSTFLAGS=--cap-lints=warn" "-e" "RUSTDOCFLAGS=--cap-lints=warn" "-e" "CARGO_HOME=/opt/rustwide/cargo-home" "-e" "RUSTUP_HOME=/opt/rustwide/rustup-home" "-w" "/opt/rustwide/workdir" "-m" "1610612736" "--user" "0:0" "--network" "none" "ghcr.io/rust-lang/crates-build-env/linux@sha256:5ff2268d62e97bff2cde7d5815dd6ed5b47097566f13b8d0ca110b04b60e07ed" "/opt/rustwide/cargo-home/bin/cargo" "+1.69.0" "test" "--frozen" "--no-run" "--message-format=json", kill_on_drop: false }`
[INFO] [stdout] 26ce5edaf7dd3ee05353ea83e08e06596131a635b0b8b77107495a68cfddf354
[INFO] running `Command { std: "docker" "start" "-a" "26ce5edaf7dd3ee05353ea83e08e06596131a635b0b8b77107495a68cfddf354", kill_on_drop: false }`
[INFO] [stderr]    Compiling json-toolkit v0.1.1 (/opt/rustwide/workdir)
[INFO] [stderr]     Finished test [unoptimized + debuginfo] target(s) in 0.74s
[INFO] running `Command { std: "docker" "inspect" "26ce5edaf7dd3ee05353ea83e08e06596131a635b0b8b77107495a68cfddf354", kill_on_drop: false }`
[INFO] running `Command { std: "docker" "rm" "-f" "26ce5edaf7dd3ee05353ea83e08e06596131a635b0b8b77107495a68cfddf354", kill_on_drop: false }`
[INFO] [stdout] 26ce5edaf7dd3ee05353ea83e08e06596131a635b0b8b77107495a68cfddf354
[INFO] running `Command { std: "docker" "create" "-v" "/var/lib/crater-agent-workspace/builds/worker-4-tc1/target:/opt/rustwide/target:rw,Z" "-v" "/var/lib/crater-agent-workspace/builds/worker-4-tc1/source:/opt/rustwide/workdir:ro,Z" "-v" "/var/lib/crater-agent-workspace/cargo-home:/opt/rustwide/cargo-home:ro,Z" "-v" "/var/lib/crater-agent-workspace/rustup-home:/opt/rustwide/rustup-home:ro,Z" "-e" "SOURCE_DIR=/opt/rustwide/workdir" "-e" "CARGO_TARGET_DIR=/opt/rustwide/target" "-e" "CARGO_INCREMENTAL=0" "-e" "RUST_BACKTRACE=full" "-e" "RUSTFLAGS=--cap-lints=warn" "-e" "RUSTDOCFLAGS=--cap-lints=warn" "-e" "CARGO_HOME=/opt/rustwide/cargo-home" "-e" "RUSTUP_HOME=/opt/rustwide/rustup-home" "-w" "/opt/rustwide/workdir" "-m" "1610612736" "--user" "0:0" "--network" "none" "ghcr.io/rust-lang/crates-build-env/linux@sha256:5ff2268d62e97bff2cde7d5815dd6ed5b47097566f13b8d0ca110b04b60e07ed" "/opt/rustwide/cargo-home/bin/cargo" "+1.69.0" "test" "--frozen", kill_on_drop: false }`
[INFO] [stdout] 8c95d6aabd01a3fdde70111c46be1e642df108d80ab3a0b411eaf98598d13fb0
[INFO] running `Command { std: "docker" "start" "-a" "8c95d6aabd01a3fdde70111c46be1e642df108d80ab3a0b411eaf98598d13fb0", kill_on_drop: false }`
[INFO] [stderr]     Finished test [unoptimized + debuginfo] target(s) in 0.02s
[INFO] [stderr]      Running unittests src/lib.rs (/opt/rustwide/target/debug/deps/json_toolkit-465f1d672774f75a)
[INFO] [stdout] 
[INFO] [stdout] running 15 tests
[INFO] [stdout] test pointer::tests::it_accepts_valid_json_pointer ... ok
[INFO] [stdout] test pointer::tests::it_detects_non_parent_json_pointer ... ok
[INFO] [stdout] test pointer::tests::it_detects_non_sibling_json_pointer ... ok
[INFO] [stdout] test pointer::tests::it_detects_non_ancestor_json_pointer ... ok
[INFO] [stdout] test pointer::tests::it_detects_ancestor_json_pointer ... ok
[INFO] [stdout] test pointer::tests::it_detects_parent_json_pointer ... ok
[INFO] [stdout] test pointer::tests::it_detects_root_json_pointer ... ok
[INFO] [stdout] test pointer::tests::it_detects_sibling_json_pointer ... ok
[INFO] [stdout] test pointer::tests::it_evaluates_json_pointer_into_tokens ... ok
[INFO] [stdout] test pointer::tests::it_gets_ancestor_json_pointers ... ok
[INFO] [stdout] test pointer::tests::it_gets_json_pointer_depth ... ok
[INFO] [stdout] test pointer::tests::it_gets_key_from_json_pointer ... ok
[INFO] [stdout] test pointer::tests::it_gets_parent_json_pointer ... ok
[INFO] [stdout] test pointer::tests::it_rejects_json_pointer_without_leading_backslash ... ok
[INFO] [stdout] test pointer::tests::it_rejects_non_root_json_pointer ... ok
[INFO] [stdout] 
[INFO] [stdout] test result: ok. 15 passed; 0 failed; 0 ignored; 0 measured; 0 filtered out; finished in 0.00s
[INFO] [stdout] 
[INFO] [stderr]    Doc-tests json-toolkit
[INFO] [stdout] 
[INFO] [stdout] running 6 tests
[INFO] [stdout] test src/lib.rs - (line 8) ... FAILED
[INFO] [stdout] test src/pointer.rs - pointer::Pointer<'a>::new (line 30) ... ok
[INFO] [stdout] test src/pointer.rs - pointer::Pointer<'a>::parent (line 89) ... ok
[INFO] [stdout] test src/pointer.rs - pointer::Pointer<'a>::key (line 70) ... ok
[INFO] [stdout] test src/pointer.rs - pointer::Pointer<'a>::ancestors (line 112) ... ok
[INFO] [stdout] test src/pointer.rs - pointer::Pointer<'a>::tokenize (line 172) ... ok
[INFO] [stdout] 
[INFO] [stdout] failures:
[INFO] [stdout] 
[INFO] [stdout] ---- src/lib.rs - (line 8) stdout ----
[INFO] [stdout] error[E0432]: unresolved import `serde_json`
[INFO] [stdout]  --> src/lib.rs:10:5
[INFO] [stdout]   |
[INFO] [stdout] 5 | use serde_json::{Value, json};
[INFO] [stdout]   |     ^^^^^^^^^^ use of undeclared crate or module `serde_json`
[INFO] [stdout] 
[INFO] [stdout] error: cannot determine resolution for the macro `json`
[INFO] [stdout]  --> src/lib.rs:12:16
[INFO] [stdout]   |
[INFO] [stdout] 7 | let mut json = json!({ "foo": "bar", "zoo": { "id": 1 } });
[INFO] [stdout]   |                ^^^^
[INFO] [stdout]   |
[INFO] [stdout]   = note: import resolution is stuck, try simplifying macro imports
[INFO] [stdout] 
[INFO] [stdout] error: cannot determine resolution for the macro `json`
[INFO] [stdout]   --> src/lib.rs:15:18
[INFO] [stdout]    |
[INFO] [stdout] 10 | assert_eq!(json, json!({ "foo": "bar", "zoo": { "id": 1, "new_field": "new_value" } }));
[INFO] [stdout]    |                  ^^^^
[INFO] [stdout]    |
[INFO] [stdout]    = note: import resolution is stuck, try simplifying macro imports
[INFO] [stdout] 
[INFO] [stdout] error: cannot determine resolution for the macro `json`
[INFO] [stdout]   --> src/lib.rs:19:18
[INFO] [stdout]    |
[INFO] [stdout] 14 | assert_eq!(json, json!({ "foo": 42, "zoo": { "id": 1, "new_field": "new_value" } }));
[INFO] [stdout]    |                  ^^^^
[INFO] [stdout]    |
[INFO] [stdout]    = note: import resolution is stuck, try simplifying macro imports
[INFO] [stdout] 
[INFO] [stdout] error: aborting due to 4 previous errors
[INFO] [stdout] 
[INFO] [stdout] For more information about this error, try `rustc --explain E0432`.
[INFO] [stdout] Couldn't compile the test.
[INFO] [stdout] 
[INFO] [stdout] failures:
[INFO] [stdout]     src/lib.rs - (line 8)
[INFO] [stdout] 
[INFO] [stdout] test result: FAILED. 5 passed; 1 failed; 0 ignored; 0 measured; 0 filtered out; finished in 0.24s
[INFO] [stdout] 
[INFO] [stderr] error: doctest failed, to rerun pass `--doc`
[INFO] running `Command { std: "docker" "inspect" "8c95d6aabd01a3fdde70111c46be1e642df108d80ab3a0b411eaf98598d13fb0", kill_on_drop: false }`
[INFO] running `Command { std: "docker" "rm" "-f" "8c95d6aabd01a3fdde70111c46be1e642df108d80ab3a0b411eaf98598d13fb0", kill_on_drop: false }`
[INFO] [stdout] 8c95d6aabd01a3fdde70111c46be1e642df108d80ab3a0b411eaf98598d13fb0
