[INFO] fetching crate jp_utils 0.1.0...
[INFO] testing jp_utils-0.1.0 against 1.69.0 for beta-1.70-1
[INFO] extracting crate jp_utils 0.1.0 into /workspace/builds/worker-0-tc1/source
[INFO] validating manifest of crates.io crate jp_utils 0.1.0 on toolchain 1.69.0
[INFO] running `Command { std: CARGO_HOME="/workspace/cargo-home" RUSTUP_HOME="/workspace/rustup-home" "/workspace/cargo-home/bin/cargo" "+1.69.0" "metadata" "--manifest-path" "Cargo.toml" "--no-deps", kill_on_drop: false }`
[INFO] started tweaking crates.io crate jp_utils 0.1.0
[INFO] finished tweaking crates.io crate jp_utils 0.1.0
[INFO] tweaked toml for crates.io crate jp_utils 0.1.0 written to /workspace/builds/worker-0-tc1/source/Cargo.toml
[INFO] running `Command { std: CARGO_HOME="/workspace/cargo-home" RUSTUP_HOME="/workspace/rustup-home" __CARGO_TEST_CHANNEL_OVERRIDE_DO_NOT_USE_THIS="nightly" "/workspace/cargo-home/bin/cargo" "+1.69.0" "generate-lockfile" "--manifest-path" "Cargo.toml" "-Zno-index-update", kill_on_drop: false }`
[INFO] running `Command { std: CARGO_HOME="/workspace/cargo-home" RUSTUP_HOME="/workspace/rustup-home" "/workspace/cargo-home/bin/cargo" "+1.69.0" "fetch" "--manifest-path" "Cargo.toml", kill_on_drop: false }`
[INFO] [stderr]  Downloading crates ...
[INFO] [stderr]   Downloaded test-case-core v3.1.0
[INFO] [stderr]   Downloaded test-case-macros v3.1.0
[INFO] [stderr]   Downloaded test-case v3.1.0
[INFO] running `Command { std: "docker" "create" "-v" "/var/lib/crater-agent-workspace/builds/worker-0-tc1/target:/opt/rustwide/target:rw,Z" "-v" "/var/lib/crater-agent-workspace/builds/worker-0-tc1/source:/opt/rustwide/workdir:ro,Z" "-v" "/var/lib/crater-agent-workspace/cargo-home:/opt/rustwide/cargo-home:ro,Z" "-v" "/var/lib/crater-agent-workspace/rustup-home:/opt/rustwide/rustup-home:ro,Z" "-e" "SOURCE_DIR=/opt/rustwide/workdir" "-e" "CARGO_TARGET_DIR=/opt/rustwide/target" "-e" "CARGO_HOME=/opt/rustwide/cargo-home" "-e" "RUSTUP_HOME=/opt/rustwide/rustup-home" "-w" "/opt/rustwide/workdir" "-m" "1610612736" "--user" "0:0" "--network" "none" "ghcr.io/rust-lang/crates-build-env/linux@sha256:97d61d7686bf65f8ecb15491ab51835e82dc9176a96a831f143a431b191fc501" "/opt/rustwide/cargo-home/bin/cargo" "+1.69.0" "metadata" "--no-deps" "--format-version=1", kill_on_drop: false }`
[INFO] [stdout] 99f13362a5f59c259dfd1cca1811958b41060aaec7837a2f3681d37d1225b76d
[INFO] running `Command { std: "docker" "start" "-a" "99f13362a5f59c259dfd1cca1811958b41060aaec7837a2f3681d37d1225b76d", kill_on_drop: false }`
[INFO] running `Command { std: "docker" "inspect" "99f13362a5f59c259dfd1cca1811958b41060aaec7837a2f3681d37d1225b76d", kill_on_drop: false }`
[INFO] running `Command { std: "docker" "rm" "-f" "99f13362a5f59c259dfd1cca1811958b41060aaec7837a2f3681d37d1225b76d", kill_on_drop: false }`
[INFO] [stdout] 99f13362a5f59c259dfd1cca1811958b41060aaec7837a2f3681d37d1225b76d
[INFO] running `Command { std: "docker" "create" "-v" "/var/lib/crater-agent-workspace/builds/worker-0-tc1/target:/opt/rustwide/target:rw,Z" "-v" "/var/lib/crater-agent-workspace/builds/worker-0-tc1/source:/opt/rustwide/workdir:ro,Z" "-v" "/var/lib/crater-agent-workspace/cargo-home:/opt/rustwide/cargo-home:ro,Z" "-v" "/var/lib/crater-agent-workspace/rustup-home:/opt/rustwide/rustup-home:ro,Z" "-e" "SOURCE_DIR=/opt/rustwide/workdir" "-e" "CARGO_TARGET_DIR=/opt/rustwide/target" "-e" "CARGO_INCREMENTAL=0" "-e" "RUST_BACKTRACE=full" "-e" "RUSTFLAGS=--cap-lints=warn" "-e" "RUSTDOCFLAGS=--cap-lints=warn" "-e" "CARGO_HOME=/opt/rustwide/cargo-home" "-e" "RUSTUP_HOME=/opt/rustwide/rustup-home" "-w" "/opt/rustwide/workdir" "-m" "1610612736" "--user" "0:0" "--network" "none" "ghcr.io/rust-lang/crates-build-env/linux@sha256:97d61d7686bf65f8ecb15491ab51835e82dc9176a96a831f143a431b191fc501" "/opt/rustwide/cargo-home/bin/cargo" "+1.69.0" "build" "--frozen" "--message-format=json", kill_on_drop: false }`
[INFO] [stdout] 1f54e548b2f69e66a222c996b99f9178fc5866fe09ce3818173cb10ed9e28d97
[INFO] running `Command { std: "docker" "start" "-a" "1f54e548b2f69e66a222c996b99f9178fc5866fe09ce3818173cb10ed9e28d97", kill_on_drop: false }`
[INFO] [stderr]    Compiling serde v1.0.160
[INFO] [stderr]    Compiling either v1.8.1
[INFO] [stderr]    Compiling syn v2.0.15
[INFO] [stderr]    Compiling itertools v0.10.5
[INFO] [stderr]    Compiling serde_derive v1.0.160
[INFO] [stderr]    Compiling jp_utils v0.1.0 (/opt/rustwide/workdir)
[INFO] [stderr]     Finished dev [unoptimized + debuginfo] target(s) in 6.28s
[INFO] running `Command { std: "docker" "inspect" "1f54e548b2f69e66a222c996b99f9178fc5866fe09ce3818173cb10ed9e28d97", kill_on_drop: false }`
[INFO] running `Command { std: "docker" "rm" "-f" "1f54e548b2f69e66a222c996b99f9178fc5866fe09ce3818173cb10ed9e28d97", kill_on_drop: false }`
[INFO] [stdout] 1f54e548b2f69e66a222c996b99f9178fc5866fe09ce3818173cb10ed9e28d97
[INFO] running `Command { std: "docker" "create" "-v" "/var/lib/crater-agent-workspace/builds/worker-0-tc1/target:/opt/rustwide/target:rw,Z" "-v" "/var/lib/crater-agent-workspace/builds/worker-0-tc1/source:/opt/rustwide/workdir:ro,Z" "-v" "/var/lib/crater-agent-workspace/cargo-home:/opt/rustwide/cargo-home:ro,Z" "-v" "/var/lib/crater-agent-workspace/rustup-home:/opt/rustwide/rustup-home:ro,Z" "-e" "SOURCE_DIR=/opt/rustwide/workdir" "-e" "CARGO_TARGET_DIR=/opt/rustwide/target" "-e" "CARGO_INCREMENTAL=0" "-e" "RUST_BACKTRACE=full" "-e" "RUSTFLAGS=--cap-lints=warn" "-e" "RUSTDOCFLAGS=--cap-lints=warn" "-e" "CARGO_HOME=/opt/rustwide/cargo-home" "-e" "RUSTUP_HOME=/opt/rustwide/rustup-home" "-w" "/opt/rustwide/workdir" "-m" "1610612736" "--user" "0:0" "--network" "none" "ghcr.io/rust-lang/crates-build-env/linux@sha256:97d61d7686bf65f8ecb15491ab51835e82dc9176a96a831f143a431b191fc501" "/opt/rustwide/cargo-home/bin/cargo" "+1.69.0" "test" "--frozen" "--no-run" "--message-format=json", kill_on_drop: false }`
[INFO] [stdout] c2fbf5bdcc27ad87417791c98f8f39a217b547e8a02a51d36f7ac6373d40b42d
[INFO] running `Command { std: "docker" "start" "-a" "c2fbf5bdcc27ad87417791c98f8f39a217b547e8a02a51d36f7ac6373d40b42d", kill_on_drop: false }`
[INFO] [stderr]    Compiling crossbeam-utils v0.8.15
[INFO] [stderr]    Compiling memoffset v0.8.0
[INFO] [stderr]    Compiling crossbeam-epoch v0.9.14
[INFO] [stderr]    Compiling num-traits v0.2.15
[INFO] [stderr]    Compiling syn v1.0.109
[INFO] [stderr]    Compiling rayon-core v1.11.0
[INFO] [stderr]    Compiling serde_json v1.0.96
[INFO] [stderr]    Compiling plotters-backend v0.3.4
[INFO] [stderr]    Compiling ciborium-io v0.2.0
[INFO] [stderr]    Compiling half v1.8.2
[INFO] [stderr]    Compiling proc-macro-error-attr v1.0.4
[INFO] [stderr]    Compiling os_str_bytes v6.5.0
[INFO] [stderr]    Compiling cast v0.3.0
[INFO] [stderr]    Compiling serde v1.0.160
[INFO] [stderr]    Compiling same-file v1.0.6
[INFO] [stderr]    Compiling textwrap v0.16.0
[INFO] [stderr]    Compiling regex v1.8.1
[INFO] [stderr]    Compiling walkdir v2.3.3
[INFO] [stderr]    Compiling criterion-plot v0.5.0
[INFO] [stderr]    Compiling clap_lex v0.2.4
[INFO] [stderr]    Compiling ciborium-ll v0.2.0
[INFO] [stderr]    Compiling plotters-svg v0.3.3
[INFO] [stderr]    Compiling atty v0.2.14
[INFO] [stderr]    Compiling clap v3.2.25
[INFO] [stderr]    Compiling anes v0.1.6
[INFO] [stderr]    Compiling oorandom v11.1.3
[INFO] [stderr]    Compiling crossbeam-channel v0.5.8
[INFO] [stderr]    Compiling crossbeam-deque v0.8.3
[INFO] [stderr]    Compiling plotters v0.3.4
[INFO] [stderr]    Compiling rayon v1.7.0
[INFO] [stderr]    Compiling ciborium v0.2.0
[INFO] [stderr]    Compiling jp_utils v0.1.0 (/opt/rustwide/workdir)
[INFO] [stderr]    Compiling proc-macro-error v1.0.4
[INFO] [stderr]    Compiling test-case-core v3.1.0
[INFO] [stderr]    Compiling test-case-macros v3.1.0
[INFO] [stderr]    Compiling tinytemplate v1.2.1
[INFO] [stderr]    Compiling criterion v0.4.0
[INFO] [stderr]    Compiling test-case v3.1.0
[INFO] [stderr]     Finished test [unoptimized + debuginfo] target(s) in 8.18s
[INFO] running `Command { std: "docker" "inspect" "c2fbf5bdcc27ad87417791c98f8f39a217b547e8a02a51d36f7ac6373d40b42d", kill_on_drop: false }`
[INFO] running `Command { std: "docker" "rm" "-f" "c2fbf5bdcc27ad87417791c98f8f39a217b547e8a02a51d36f7ac6373d40b42d", kill_on_drop: false }`
[INFO] [stdout] c2fbf5bdcc27ad87417791c98f8f39a217b547e8a02a51d36f7ac6373d40b42d
[INFO] running `Command { std: "docker" "create" "-v" "/var/lib/crater-agent-workspace/builds/worker-0-tc1/target:/opt/rustwide/target:rw,Z" "-v" "/var/lib/crater-agent-workspace/builds/worker-0-tc1/source:/opt/rustwide/workdir:ro,Z" "-v" "/var/lib/crater-agent-workspace/cargo-home:/opt/rustwide/cargo-home:ro,Z" "-v" "/var/lib/crater-agent-workspace/rustup-home:/opt/rustwide/rustup-home:ro,Z" "-e" "SOURCE_DIR=/opt/rustwide/workdir" "-e" "CARGO_TARGET_DIR=/opt/rustwide/target" "-e" "CARGO_INCREMENTAL=0" "-e" "RUST_BACKTRACE=full" "-e" "RUSTFLAGS=--cap-lints=warn" "-e" "RUSTDOCFLAGS=--cap-lints=warn" "-e" "CARGO_HOME=/opt/rustwide/cargo-home" "-e" "RUSTUP_HOME=/opt/rustwide/rustup-home" "-w" "/opt/rustwide/workdir" "-m" "1610612736" "--user" "0:0" "--network" "none" "ghcr.io/rust-lang/crates-build-env/linux@sha256:97d61d7686bf65f8ecb15491ab51835e82dc9176a96a831f143a431b191fc501" "/opt/rustwide/cargo-home/bin/cargo" "+1.69.0" "test" "--frozen", kill_on_drop: false }`
[INFO] [stdout] 9e5193bf39a0cb01078fd3c7ef6261ee98d2c756107026c7403cf39551720822
[INFO] running `Command { std: "docker" "start" "-a" "9e5193bf39a0cb01078fd3c7ef6261ee98d2c756107026c7403cf39551720822", kill_on_drop: false }`
[INFO] [stderr]     Finished test [unoptimized + debuginfo] target(s) in 0.05s
[INFO] [stderr]      Running unittests src/lib.rs (/opt/rustwide/target/debug/deps/jp_utils-c875a1426cc95e56)
[INFO] [stdout] 
[INFO] [stdout] running 68 tests
[INFO] [stdout] test furigana::as_part::test::test_encode::malformed_kanji_readings ... ok
[INFO] [stdout] test furigana::as_part::test::test_encode::kanji ... ok
[INFO] [stdout] test furigana::as_part::test::test_encode::singlekatakana ... ok
[INFO] [stdout] test furigana::as_part::test::test_encode::multiplekanji ... ok
[INFO] [stdout] test furigana::as_part::test::test_encode::singlehiragana ... ok
[INFO] [stdout] test furigana::compare::test::test_eq::_音楽_おん_がく_音_おん_楽_がく_false_expects ... ok
[INFO] [stdout] test furigana::compare::test::test_eq::_音楽_おん_がく_音_おん_楽_がく_true_expects ... ok
[INFO] [stdout] test furigana::compare::test::test_not_eq::_音楽_おん_がく_音楽_おんがく_true_expects ... ok
[INFO] [stdout] test furigana::compare::test::test_eq::_音楽_おん_がく_音楽_おんがく_false_expects ... ok
[INFO] [stdout] test furigana::flatten_iter::test::test_flatten_kana_iter::_へんたい_vec_へんたい_expects ... ok
[INFO] [stdout] test furigana::flatten_iter::test::test_flatten_kana_iter::_おんがく_vec_おんがく_expects ... ok
[INFO] [stdout] test furigana::flatten_iter::test::test_flatten_kanji_iter::_四字熟語_よ_じ_じゅく_ご_vec_四_よ_字_じ_熟_じゅく_語_ご_expects ... ok
[INFO] [stdout] test furigana::flatten_iter::test::test_flatten_kanji_iter::_大学_だいがく_vec_大学_だいがく_expects ... ok
[INFO] [stdout] test furigana::flatten_iter::test::test_flatten_kanji_iter::_音楽_おん_がく_vec_音_おん_楽_がく_expects ... ok
[INFO] [stdout] test furigana::parse::test::test_empty ... ok
[INFO] [stdout] test furigana::parse::test::test_parse_furigana::_この_人_ひと_が_嫌_きら_いです_expects ... ok
[INFO] [stdout] test furigana::parse::test::test_parse_furigana::_拝金主義_はい_きん_しゅ_ぎ_は_問題_もん_だい_拝金主義_はい_きん_しゅ_ぎ_は_問題_もん_だい_拝金主義_はい_きん_しゅ_ぎ_は_問題_もん_だい_expects ... ok
[INFO] [stdout] test furigana::parse::test::test_parse_furigana::_楽_たの_しい_expects ... ok
[INFO] [stdout] test furigana::parse::test::test_parse_furigana_error::_拝金主義_はい_expects ... ok
[INFO] [stdout] test furigana::parse::test::test_parse_furigana::with_brackets ... ok
[INFO] [stdout] test furigana::parse::test::test_parse_furigana::_音楽_おん_がく_が_好_す_き_expects ... ok
[INFO] [stdout] test furigana::parse::test::test_parse_furigana_error::_拝金主義_はい_きん_しゅ_ぎ_e_は_問題_もん_だい_expects ... ok
[INFO] [stdout] test furigana::parse::test::test_parse_furigana_error::_拝金主義_はい_きん_しゅ_ぎは_問題_もん_だい_拝金主義_はい_きん_しゅ_ぎ_は_問題_もん_だい_拝金主義_はい_きん_しゅ_ぎ_は_問題_もん_だい_expects ... ok
[INFO] [stdout] test furigana::parse::test::test_parse_furigana_error::_音楽_おん_がく_が_好す_き_expects ... ok
[INFO] [stdout] test furigana::parse::test::test_parse_furigana_error::other ... ok
[INFO] [stdout] test furigana::parse::test::test_parse_furigana_error::_音楽おん_がく_が_好す_き_expects ... ok
[INFO] [stdout] test furigana::reading_iter::tests::test_reading_iter::empty ... ok
[INFO] [stdout] test furigana::reading_iter::tests::test_reading_iter::kana_only ... ok
[INFO] [stdout] test furigana::parse::test::test_parse_furigana_error::other2 ... ok
[INFO] [stdout] test furigana::reading_iter::tests::test_reading_iter::malformed_kanji ... ok
[INFO] [stdout] test furigana::reading_iter::tests::test_reading_iter::normal_part ... ok
[INFO] [stdout] test furigana::seq::tests::test_iter::seq_to_kanji1 ... ok
[INFO] [stdout] test furigana::reading_iter::tests::test_reading_iter::merged_multi_kanji ... ok
[INFO] [stdout] test furigana::seq::tests::test_iter::seq_to_kanji2 ... ok
[INFO] [stdout] test furigana::seq::tests::test_to_kana::seq_to_kana1 ... ok
[INFO] [stdout] test furigana::seq::tests::test_to_kanji::seq_to_kanji1 ... ok
[INFO] [stdout] test furigana::seq::tests::test_serde::serde2 ... ok
[INFO] [stdout] test tokenize::test::test_by_alphabet::kana_only ... ok
[INFO] [stdout] test furigana::seq::tests::test_to_kana::seq_to_kana2 ... ok
[INFO] [stdout] test furigana::seq::tests::test_serde::serde1 ... ok
[INFO] [stdout] test tokenize::test::test_by_alphabet::special_char ... ok
[INFO] [stdout] test furigana::seq::tests::test_to_kanji::seq_to_kanji2 ... ok
[INFO] [stdout] test tokenize::test::test_by_alphabet::simple ... ok
[INFO] [stdout] test tokenize::test::test_words_with_alphabet::hiragana ... ok
[INFO] [stdout] test tokenize::test::test_words_with_alphabet::kanji ... ok
[INFO] [stdout] test trait_ext::tests::is_kanji::_々_true_expects ... ok
[INFO] [stdout] test trait_ext::tests::is_kanji::_音 ... ok
[INFO] [stdout] test trait_ext::tests::is_symbol::kanji ... ok
[INFO] [stdout] test trait_ext::tests::is_kanji::special_japanese_char ... ok
[INFO] [stdout] test trait_ext::tests::is_symbol::symbol ... ok
[INFO] [stdout] test trait_ext::tests::is_symbol::_々_false_expects ... ok
[INFO] [stdout] test trait_ext::tests::test_alphabet_eq::_alphabet_symbol_expects ... ok
[INFO] [stdout] test trait_ext::tests::test_alphabet_eq::_お_alphabet_hiragana_expects ... ok
[INFO] [stdout] test trait_ext::tests::test_alphabet_eq::_お_alphabet_kana_expects ... ok
[INFO] [stdout] test trait_ext::tests::is_symbol::kana ... ok
[INFO] [stdout] test trait_ext::tests::test_alphabet_eq::_音楽_alphabet_kanji_expects ... ok
[INFO] [stdout] test trait_ext::tests::test_small_kana::_ゃ_true_expects ... ok
[INFO] [stdout] test trait_ext::tests::test_small_kana::_ャ_true_expects ... ok
[INFO] [stdout] test trait_ext::tests::is_kanji::kana_a_ ... ok
[INFO] [stdout] test trait_ext::tests::test_small_kana::_ゅ_true_expects ... ok
[INFO] [stdout] test trait_ext::tests::test_small_kana::_よ_false_expects ... ok
[INFO] [stdout] test trait_ext::tests::test_small_kana::_ュ_true_expects ... ok
[INFO] [stdout] test trait_ext::tests::test_small_kana::_ょ_true_expects ... ok
[INFO] [stdout] test trait_ext::tests::test_small_kana::_ョ_true_expects ... ok
[INFO] [stdout] test trait_ext::tests::test_to_fullwidth::to_fullwidth ... ok
[INFO] [stdout] test trait_ext::tests::test_to_halfwidth::to_halfwidth ... ok
[INFO] [stdout] test trait_ext::tests::test_to_halfwidth::with_kanji ... ok
[INFO] [stdout] test furigana::parse::test::test_all_sentences ... FAILED
[INFO] [stdout] 
[INFO] [stdout] failures:
[INFO] [stdout] 
[INFO] [stdout] ---- furigana::parse::test::test_all_sentences stdout ----
[INFO] [stdout] thread 'furigana::parse::test::test_all_sentences' panicked at 'called `Result::unwrap()` on an `Err` value: Os { code: 2, kind: NotFound, message: "No such file or directory" }', src/furigana/parse.rs:179:49
[INFO] [stdout] stack backtrace:
[INFO] [stdout]    0:     0x555e80fcc6aa - std::backtrace_rs::backtrace::libunwind::trace::ha9053a9a07ca49cb
[INFO] [stdout]                                at /rustc/84c898d65adf2f39a5a98507f1fe0ce10a2b8dbc/library/std/src/../../backtrace/src/backtrace/libunwind.rs:93:5
[INFO] [stdout]    1:     0x555e80fcc6aa - std::backtrace_rs::backtrace::trace_unsynchronized::h9c2852a457ad564e
[INFO] [stdout]                                at /rustc/84c898d65adf2f39a5a98507f1fe0ce10a2b8dbc/library/std/src/../../backtrace/src/backtrace/mod.rs:66:5
[INFO] [stdout]    2:     0x555e80fcc6aa - std::sys_common::backtrace::_print_fmt::h457936fbfaa0070f
[INFO] [stdout]                                at /rustc/84c898d65adf2f39a5a98507f1fe0ce10a2b8dbc/library/std/src/sys_common/backtrace.rs:65:5
[INFO] [stdout]    3:     0x555e80fcc6aa - <std::sys_common::backtrace::_print::DisplayBacktrace as core::fmt::Display>::fmt::h5779d7bf7f70cb0c
[INFO] [stdout]                                at /rustc/84c898d65adf2f39a5a98507f1fe0ce10a2b8dbc/library/std/src/sys_common/backtrace.rs:44:22
[INFO] [stdout]    4:     0x555e80fefd6e - core::fmt::write::h5a4baaff1bcd3eb5
[INFO] [stdout]                                at /rustc/84c898d65adf2f39a5a98507f1fe0ce10a2b8dbc/library/core/src/fmt/mod.rs:1232:17
[INFO] [stdout]    5:     0x555e80fc9b25 - std::io::Write::write_fmt::h478f79c628ef31d1
[INFO] [stdout]                                at /rustc/84c898d65adf2f39a5a98507f1fe0ce10a2b8dbc/library/std/src/io/mod.rs:1684:15
[INFO] [stdout]    6:     0x555e80fcc475 - std::sys_common::backtrace::_print::h5fcdc36060f177e8
[INFO] [stdout]                                at /rustc/84c898d65adf2f39a5a98507f1fe0ce10a2b8dbc/library/std/src/sys_common/backtrace.rs:47:5
[INFO] [stdout]    7:     0x555e80fcc475 - std::sys_common::backtrace::print::h54ca9458b876c8bf
[INFO] [stdout]                                at /rustc/84c898d65adf2f39a5a98507f1fe0ce10a2b8dbc/library/std/src/sys_common/backtrace.rs:34:9
[INFO] [stdout]    8:     0x555e80fce23f - std::panicking::default_hook::{{closure}}::hbe471161c7664ed6
[INFO] [stdout]                                at /rustc/84c898d65adf2f39a5a98507f1fe0ce10a2b8dbc/library/std/src/panicking.rs:271:22
[INFO] [stdout]    9:     0x555e80fcdeff - std::panicking::default_hook::ha3500da57aa4ac4f
[INFO] [stdout]                                at /rustc/84c898d65adf2f39a5a98507f1fe0ce10a2b8dbc/library/std/src/panicking.rs:287:9
[INFO] [stdout]   10:     0x555e80fa0b57 - <alloc::boxed::Box<F,A> as core::ops::function::Fn<Args>>::call::hdf1b89dd137ece34
[INFO] [stdout]                                at /rustc/84c898d65adf2f39a5a98507f1fe0ce10a2b8dbc/library/alloc/src/boxed.rs:2001:9
[INFO] [stdout]   11:     0x555e80fa0b57 - test::test_main::{{closure}}::h9081a79f20e75698
[INFO] [stdout]                                at /rustc/84c898d65adf2f39a5a98507f1fe0ce10a2b8dbc/library/test/src/lib.rs:135:21
[INFO] [stdout]   12:     0x555e80fce96d - <alloc::boxed::Box<F,A> as core::ops::function::Fn<Args>>::call::h6507bddc3eebb4a5
[INFO] [stdout]                                at /rustc/84c898d65adf2f39a5a98507f1fe0ce10a2b8dbc/library/alloc/src/boxed.rs:2001:9
[INFO] [stdout]   13:     0x555e80fce96d - std::panicking::rust_panic_with_hook::h50c09d000dc561d2
[INFO] [stdout]                                at /rustc/84c898d65adf2f39a5a98507f1fe0ce10a2b8dbc/library/std/src/panicking.rs:696:13
[INFO] [stdout]   14:     0x555e80fce6e9 - std::panicking::begin_panic_handler::{{closure}}::h9e2b2176e00e0d9c
[INFO] [stdout]                                at /rustc/84c898d65adf2f39a5a98507f1fe0ce10a2b8dbc/library/std/src/panicking.rs:583:13
[INFO] [stdout]   15:     0x555e80fccb16 - std::sys_common::backtrace::__rust_end_short_backtrace::h5739b8e512c09d02
[INFO] [stdout]                                at /rustc/84c898d65adf2f39a5a98507f1fe0ce10a2b8dbc/library/std/src/sys_common/backtrace.rs:150:18
[INFO] [stdout]   16:     0x555e80fce3f2 - rust_begin_unwind
[INFO] [stdout]                                at /rustc/84c898d65adf2f39a5a98507f1fe0ce10a2b8dbc/library/std/src/panicking.rs:579:5
[INFO] [stdout]   17:     0x555e80f2bb83 - core::panicking::panic_fmt::hf33a1475b4dc5c3e
[INFO] [stdout]                                at /rustc/84c898d65adf2f39a5a98507f1fe0ce10a2b8dbc/library/core/src/panicking.rs:64:14
[INFO] [stdout]   18:     0x555e80f2bfd3 - core::result::unwrap_failed::hdff5465d74574b44
[INFO] [stdout]                                at /rustc/84c898d65adf2f39a5a98507f1fe0ce10a2b8dbc/library/core/src/result.rs:1750:5
[INFO] [stdout]   19:     0x555e80f5519b - core::result::Result<T,E>::unwrap::h0ec429afa5490dc6
[INFO] [stdout]                                at /rustc/84c898d65adf2f39a5a98507f1fe0ce10a2b8dbc/library/core/src/result.rs:1090:23
[INFO] [stdout]   20:     0x555e80f46d86 - jp_utils::furigana::parse::test::test_all_sentences::h378af2023a0b159f
[INFO] [stdout]                                at /opt/rustwide/workdir/src/furigana/parse.rs:179:20
[INFO] [stdout]   21:     0x555e80f46d37 - jp_utils::furigana::parse::test::test_all_sentences::{{closure}}::h3c9f816e71e0b71e
[INFO] [stdout]                                at /opt/rustwide/workdir/src/furigana/parse.rs:178:29
[INFO] [stdout]   22:     0x555e80f4c525 - core::ops::function::FnOnce::call_once::h7c75f706894e894c
[INFO] [stdout]                                at /rustc/84c898d65adf2f39a5a98507f1fe0ce10a2b8dbc/library/core/src/ops/function.rs:250:5
[INFO] [stdout]   23:     0x555e80fa5f3f - core::ops::function::FnOnce::call_once::h7d969581be7d0075
[INFO] [stdout]                                at /rustc/84c898d65adf2f39a5a98507f1fe0ce10a2b8dbc/library/core/src/ops/function.rs:250:5
[INFO] [stdout]   24:     0x555e80fa5f3f - test::__rust_begin_short_backtrace::hca25a52684e56655
[INFO] [stdout]                                at /rustc/84c898d65adf2f39a5a98507f1fe0ce10a2b8dbc/library/test/src/lib.rs:656:18
[INFO] [stdout]   25:     0x555e80f7755c - test::run_test::{{closure}}::ha8ac744c4af1a4bb
[INFO] [stdout]                                at /rustc/84c898d65adf2f39a5a98507f1fe0ce10a2b8dbc/library/test/src/lib.rs:647:30
[INFO] [stdout]   26:     0x555e80f7755c - core::ops::function::FnOnce::call_once{{vtable.shim}}::h7b411a9ed45bdecf
[INFO] [stdout]                                at /rustc/84c898d65adf2f39a5a98507f1fe0ce10a2b8dbc/library/core/src/ops/function.rs:250:5
[INFO] [stdout]   27:     0x555e80fa4f06 - <alloc::boxed::Box<F,A> as core::ops::function::FnOnce<Args>>::call_once::hd05328869a8ed200
[INFO] [stdout]                                at /rustc/84c898d65adf2f39a5a98507f1fe0ce10a2b8dbc/library/alloc/src/boxed.rs:1987:9
[INFO] [stdout]   28:     0x555e80fa4f06 - <core::panic::unwind_safe::AssertUnwindSafe<F> as core::ops::function::FnOnce<()>>::call_once::h0c601ce20bd5b2be
[INFO] [stdout]                                at /rustc/84c898d65adf2f39a5a98507f1fe0ce10a2b8dbc/library/core/src/panic/unwind_safe.rs:271:9
[INFO] [stdout]   29:     0x555e80fa4f06 - std::panicking::try::do_call::ha4be5c164fe30854
[INFO] [stdout]                                at /rustc/84c898d65adf2f39a5a98507f1fe0ce10a2b8dbc/library/std/src/panicking.rs:487:40
[INFO] [stdout]   30:     0x555e80fa4f06 - std::panicking::try::h604546f3609af05f
[INFO] [stdout]                                at /rustc/84c898d65adf2f39a5a98507f1fe0ce10a2b8dbc/library/std/src/panicking.rs:451:19
[INFO] [stdout]   31:     0x555e80fa4f06 - std::panic::catch_unwind::h5bfa8afe44c9c2f9
[INFO] [stdout]                                at /rustc/84c898d65adf2f39a5a98507f1fe0ce10a2b8dbc/library/std/src/panic.rs:140:14
[INFO] [stdout]   32:     0x555e80fa4f06 - test::run_test_in_process::hd50dee55dd63e6aa
[INFO] [stdout]                                at /rustc/84c898d65adf2f39a5a98507f1fe0ce10a2b8dbc/library/test/src/lib.rs:679:27
[INFO] [stdout]   33:     0x555e80fa4f06 - test::run_test::run_test_inner::{{closure}}::h4aa0f433aa85cea8
[INFO] [stdout]                                at /rustc/84c898d65adf2f39a5a98507f1fe0ce10a2b8dbc/library/test/src/lib.rs:573:39
[INFO] [stdout]   34:     0x555e80f71bd1 - test::run_test::run_test_inner::{{closure}}::had56431adf24b4d6
[INFO] [stdout]                                at /rustc/84c898d65adf2f39a5a98507f1fe0ce10a2b8dbc/library/test/src/lib.rs:600:37
[INFO] [stdout]   35:     0x555e80f71bd1 - std::sys_common::backtrace::__rust_begin_short_backtrace::ha8d9890e0c73bf13
[INFO] [stdout]                                at /rustc/84c898d65adf2f39a5a98507f1fe0ce10a2b8dbc/library/std/src/sys_common/backtrace.rs:134:18
[INFO] [stdout]   36:     0x555e80f775eb - std::thread::Builder::spawn_unchecked_::{{closure}}::{{closure}}::h251832bcb4a95327
[INFO] [stdout]                                at /rustc/84c898d65adf2f39a5a98507f1fe0ce10a2b8dbc/library/std/src/thread/mod.rs:560:17
[INFO] [stdout]   37:     0x555e80f775eb - <core::panic::unwind_safe::AssertUnwindSafe<F> as core::ops::function::FnOnce<()>>::call_once::h8fdff598fa414831
[INFO] [stdout]                                at /rustc/84c898d65adf2f39a5a98507f1fe0ce10a2b8dbc/library/core/src/panic/unwind_safe.rs:271:9
[INFO] [stdout]   38:     0x555e80f775eb - std::panicking::try::do_call::h455dd2f7764a950f
[INFO] [stdout]                                at /rustc/84c898d65adf2f39a5a98507f1fe0ce10a2b8dbc/library/std/src/panicking.rs:487:40
[INFO] [stdout]   39:     0x555e80f775eb - std::panicking::try::had6f23b7b73ae72a
[INFO] [stdout]                                at /rustc/84c898d65adf2f39a5a98507f1fe0ce10a2b8dbc/library/std/src/panicking.rs:451:19
[INFO] [stdout]   40:     0x555e80f775eb - std::panic::catch_unwind::ha6a5ca3915b4dad0
[INFO] [stdout]                                at /rustc/84c898d65adf2f39a5a98507f1fe0ce10a2b8dbc/library/std/src/panic.rs:140:14
[INFO] [stdout]   41:     0x555e80f775eb - std::thread::Builder::spawn_unchecked_::{{closure}}::h883b72ef75da6231
[INFO] [stdout]                                at /rustc/84c898d65adf2f39a5a98507f1fe0ce10a2b8dbc/library/std/src/thread/mod.rs:559:30
[INFO] [stdout]   42:     0x555e80f775eb - core::ops::function::FnOnce::call_once{{vtable.shim}}::hb7dff73dc8bd2ccb
[INFO] [stdout]                                at /rustc/84c898d65adf2f39a5a98507f1fe0ce10a2b8dbc/library/core/src/ops/function.rs:250:5
[INFO] [stdout]   43:     0x555e80fd2d03 - <alloc::boxed::Box<F,A> as core::ops::function::FnOnce<Args>>::call_once::h39990b24eedef2ab
[INFO] [stdout]                                at /rustc/84c898d65adf2f39a5a98507f1fe0ce10a2b8dbc/library/alloc/src/boxed.rs:1987:9
[INFO] [stdout]   44:     0x555e80fd2d03 - <alloc::boxed::Box<F,A> as core::ops::function::FnOnce<Args>>::call_once::h01a027258444143b
[INFO] [stdout]                                at /rustc/84c898d65adf2f39a5a98507f1fe0ce10a2b8dbc/library/alloc/src/boxed.rs:1987:9
[INFO] [stdout]   45:     0x555e80fd2d03 - std::sys::unix::thread::Thread::new::thread_start::ha4f1cdd9c25884ba
[INFO] [stdout]                                at /rustc/84c898d65adf2f39a5a98507f1fe0ce10a2b8dbc/library/std/src/sys/unix/thread.rs:108:17
[INFO] [stdout]   46:     0x7f20be4cab43 - <unknown>
[INFO] [stdout]   47:     0x7f20be55bbb4 - __clone
[INFO] [stdout]   48:                0x0 - <unknown>
[INFO] [stdout] 
[INFO] [stdout] 
[INFO] [stdout] failures:
[INFO] [stdout]     furigana::parse::test::test_all_sentences
[INFO] [stdout] 
[INFO] [stdout] test result: FAILED. 67 passed; 1 failed; 0 ignored; 0 measured; 0 filtered out; finished in 0.01s
[INFO] [stdout] 
[INFO] [stderr] error: test failed, to rerun pass `--lib`
[INFO] running `Command { std: "docker" "inspect" "9e5193bf39a0cb01078fd3c7ef6261ee98d2c756107026c7403cf39551720822", kill_on_drop: false }`
[INFO] running `Command { std: "docker" "rm" "-f" "9e5193bf39a0cb01078fd3c7ef6261ee98d2c756107026c7403cf39551720822", kill_on_drop: false }`
[INFO] [stdout] 9e5193bf39a0cb01078fd3c7ef6261ee98d2c756107026c7403cf39551720822
