[INFO] fetching crate jp_cli 0.4.0...
[INFO] testing jp_cli-0.4.0 against 1.69.0 for beta-1.70-1
[INFO] extracting crate jp_cli 0.4.0 into /workspace/builds/worker-6-tc1/source
[INFO] validating manifest of crates.io crate jp_cli 0.4.0 on toolchain 1.69.0
[INFO] running `Command { std: CARGO_HOME="/workspace/cargo-home" RUSTUP_HOME="/workspace/rustup-home" "/workspace/cargo-home/bin/cargo" "+1.69.0" "metadata" "--manifest-path" "Cargo.toml" "--no-deps", kill_on_drop: false }`
[INFO] removed /workspace/builds/worker-6-tc1/source/rust-toolchain
[INFO] started tweaking crates.io crate jp_cli 0.4.0
[INFO] finished tweaking crates.io crate jp_cli 0.4.0
[INFO] tweaked toml for crates.io crate jp_cli 0.4.0 written to /workspace/builds/worker-6-tc1/source/Cargo.toml
[INFO] running `Command { std: CARGO_HOME="/workspace/cargo-home" RUSTUP_HOME="/workspace/rustup-home" __CARGO_TEST_CHANNEL_OVERRIDE_DO_NOT_USE_THIS="nightly" "/workspace/cargo-home/bin/cargo" "+1.69.0" "generate-lockfile" "--manifest-path" "Cargo.toml" "-Zno-index-update", kill_on_drop: false }`
[INFO] running `Command { std: CARGO_HOME="/workspace/cargo-home" RUSTUP_HOME="/workspace/rustup-home" "/workspace/cargo-home/bin/cargo" "+1.69.0" "fetch" "--manifest-path" "Cargo.toml", kill_on_drop: false }`
[INFO] [stderr]  Downloading crates ...
[INFO] [stderr]   Downloaded exit v0.1.0
[INFO] running `Command { std: "docker" "create" "-v" "/var/lib/crater-agent-workspace/builds/worker-6-tc1/target:/opt/rustwide/target:rw,Z" "-v" "/var/lib/crater-agent-workspace/builds/worker-6-tc1/source:/opt/rustwide/workdir:ro,Z" "-v" "/var/lib/crater-agent-workspace/cargo-home:/opt/rustwide/cargo-home:ro,Z" "-v" "/var/lib/crater-agent-workspace/rustup-home:/opt/rustwide/rustup-home:ro,Z" "-e" "SOURCE_DIR=/opt/rustwide/workdir" "-e" "CARGO_TARGET_DIR=/opt/rustwide/target" "-e" "CARGO_HOME=/opt/rustwide/cargo-home" "-e" "RUSTUP_HOME=/opt/rustwide/rustup-home" "-w" "/opt/rustwide/workdir" "-m" "1610612736" "--user" "0:0" "--network" "none" "ghcr.io/rust-lang/crates-build-env/linux@sha256:5ff2268d62e97bff2cde7d5815dd6ed5b47097566f13b8d0ca110b04b60e07ed" "/opt/rustwide/cargo-home/bin/cargo" "+1.69.0" "metadata" "--no-deps" "--format-version=1", kill_on_drop: false }`
[INFO] [stdout] 76e2ab259ecec9f07dc18eecf53b5239d5cd02ef0a56da56cd31bce9f25dafd4
[INFO] running `Command { std: "docker" "start" "-a" "76e2ab259ecec9f07dc18eecf53b5239d5cd02ef0a56da56cd31bce9f25dafd4", kill_on_drop: false }`
[INFO] running `Command { std: "docker" "inspect" "76e2ab259ecec9f07dc18eecf53b5239d5cd02ef0a56da56cd31bce9f25dafd4", kill_on_drop: false }`
[INFO] running `Command { std: "docker" "rm" "-f" "76e2ab259ecec9f07dc18eecf53b5239d5cd02ef0a56da56cd31bce9f25dafd4", kill_on_drop: false }`
[INFO] [stdout] 76e2ab259ecec9f07dc18eecf53b5239d5cd02ef0a56da56cd31bce9f25dafd4
[INFO] running `Command { std: "docker" "create" "-v" "/var/lib/crater-agent-workspace/builds/worker-6-tc1/target:/opt/rustwide/target:rw,Z" "-v" "/var/lib/crater-agent-workspace/builds/worker-6-tc1/source:/opt/rustwide/workdir:ro,Z" "-v" "/var/lib/crater-agent-workspace/cargo-home:/opt/rustwide/cargo-home:ro,Z" "-v" "/var/lib/crater-agent-workspace/rustup-home:/opt/rustwide/rustup-home:ro,Z" "-e" "SOURCE_DIR=/opt/rustwide/workdir" "-e" "CARGO_TARGET_DIR=/opt/rustwide/target" "-e" "CARGO_INCREMENTAL=0" "-e" "RUST_BACKTRACE=full" "-e" "RUSTFLAGS=--cap-lints=warn" "-e" "RUSTDOCFLAGS=--cap-lints=warn" "-e" "CARGO_HOME=/opt/rustwide/cargo-home" "-e" "RUSTUP_HOME=/opt/rustwide/rustup-home" "-w" "/opt/rustwide/workdir" "-m" "1610612736" "--user" "0:0" "--network" "none" "ghcr.io/rust-lang/crates-build-env/linux@sha256:5ff2268d62e97bff2cde7d5815dd6ed5b47097566f13b8d0ca110b04b60e07ed" "/opt/rustwide/cargo-home/bin/cargo" "+1.69.0" "build" "--frozen" "--message-format=json", kill_on_drop: false }`
[INFO] [stdout] c081a5a56aa433be26edc21ac2b4084c9746c969a94f10b2f2e5152862479e37
[INFO] running `Command { std: "docker" "start" "-a" "c081a5a56aa433be26edc21ac2b4084c9746c969a94f10b2f2e5152862479e37", kill_on_drop: false }`
[INFO] [stderr]    Compiling libc v0.2.142
[INFO] [stderr]    Compiling serde v1.0.160
[INFO] [stderr]    Compiling unicode-width v0.1.10
[INFO] [stderr]    Compiling vec_map v0.8.2
[INFO] [stderr]    Compiling exit v0.1.0
[INFO] [stderr]    Compiling textwrap v0.11.0
[INFO] [stdout] error[E0437]: type `Ok` is not a member of trait `Try`
[INFO] [stdout]   --> /opt/rustwide/cargo-home/registry/src/github.com-1ecc6299db9ec823/exit-0.1.0/src/lib.rs:26:5
[INFO] [stdout]    |
[INFO] [stdout] 26 |     type Ok = ();
[INFO] [stdout]    |     ^^^^^^^^^^^^^ not a member of trait `Try`
[INFO] [stdout] 
[INFO] [stdout] 
[INFO] [stdout] error[E0437]: type `Error` is not a member of trait `Try`
[INFO] [stdout]   --> /opt/rustwide/cargo-home/registry/src/github.com-1ecc6299db9ec823/exit-0.1.0/src/lib.rs:27:5
[INFO] [stdout]    |
[INFO] [stdout] 27 |     type Error = T;
[INFO] [stdout]    |     ^^^^^^^^^^^^^^^ not a member of trait `Try`
[INFO] [stdout] 
[INFO] [stdout] 
[INFO] [stdout] error[E0407]: method `into_result` is not a member of trait `Try`
[INFO] [stdout]   --> /opt/rustwide/cargo-home/registry/src/github.com-1ecc6299db9ec823/exit-0.1.0/src/lib.rs:29:5
[INFO] [stdout]    |
[INFO] [stdout] 29 | /     fn into_result(self) -> Result<Self::Ok, Self::Error> {
[INFO] [stdout] 30 | |         match self {
[INFO] [stdout] 31 | |             Exit::Ok => Ok(()),
[INFO] [stdout] 32 | |             Exit::Err(err) => Err(err)
[INFO] [stdout] 33 | |         }
[INFO] [stdout] 34 | |     }
[INFO] [stdout]    | |_____^ not a member of trait `Try`
[INFO] [stdout] 
[INFO] [stdout] 
[INFO] [stdout] error[E0407]: method `from_error` is not a member of trait `Try`
[INFO] [stdout]   --> /opt/rustwide/cargo-home/registry/src/github.com-1ecc6299db9ec823/exit-0.1.0/src/lib.rs:36:5
[INFO] [stdout]    |
[INFO] [stdout] 36 | /     fn from_error(err: Self::Error) -> Self {
[INFO] [stdout] 37 | |         Exit::Err(err)
[INFO] [stdout] 38 | |     }
[INFO] [stdout]    | |_____^ not a member of trait `Try`
[INFO] [stdout] 
[INFO] [stdout] 
[INFO] [stdout] error[E0407]: method `from_ok` is not a member of trait `Try`
[INFO] [stdout]   --> /opt/rustwide/cargo-home/registry/src/github.com-1ecc6299db9ec823/exit-0.1.0/src/lib.rs:40:5
[INFO] [stdout]    |
[INFO] [stdout] 40 | /     fn from_ok(_: Self::Ok) -> Self {
[INFO] [stdout] 41 | |         Exit::Ok
[INFO] [stdout] 42 | |     }
[INFO] [stdout]    | |_____^ not a member of trait `Try`
[INFO] [stdout] 
[INFO] [stdout] 
[INFO] [stdout] error[E0658]: use of unstable library feature 'try_trait_v2'
[INFO] [stdout]  --> /opt/rustwide/cargo-home/registry/src/github.com-1ecc6299db9ec823/exit-0.1.0/src/lib.rs:6:5
[INFO] [stdout]   |
[INFO] [stdout] 6 | use std::ops::Try;
[INFO] [stdout]   |     ^^^^^^^^^^^^^
[INFO] [stdout]   |
[INFO] [stdout]   = note: see issue #84277 <https://github.com/rust-lang/rust/issues/84277> for more information
[INFO] [stdout] 
[INFO] [stdout] 
[INFO] [stdout] error[E0658]: use of unstable library feature 'try_trait_v2'
[INFO] [stdout]   --> /opt/rustwide/cargo-home/registry/src/github.com-1ecc6299db9ec823/exit-0.1.0/src/lib.rs:25:9
[INFO] [stdout]    |
[INFO] [stdout] 25 | impl<T> Try for Exit<T> {
[INFO] [stdout]    |         ^^^
[INFO] [stdout]    |
[INFO] [stdout]    = note: see issue #84277 <https://github.com/rust-lang/rust/issues/84277> for more information
[INFO] [stdout] 
[INFO] [stdout] 
[INFO] [stdout] error[E0554]: `#![feature]` may not be used on the stable release channel
[INFO] [stdout]  --> /opt/rustwide/cargo-home/registry/src/github.com-1ecc6299db9ec823/exit-0.1.0/src/lib.rs:1:12
[INFO] [stdout]   |
[INFO] [stdout] 1 | #![feature(termination_trait_lib)]
[INFO] [stdout]   |            ^^^^^^^^^^^^^^^^^^^^^
[INFO] [stdout] 
[INFO] [stdout] 
[INFO] [stdout] error[E0554]: `#![feature]` may not be used on the stable release channel
[INFO] [stdout]  --> /opt/rustwide/cargo-home/registry/src/github.com-1ecc6299db9ec823/exit-0.1.0/src/lib.rs:2:12
[INFO] [stdout]   |
[INFO] [stdout] 2 | #![feature(try_trait)]
[INFO] [stdout]   |            ^^^^^^^^^
[INFO] [stdout] 
[INFO] [stdout] 
[INFO] [stdout] error[E0635]: unknown feature `try_trait`
[INFO] [stdout]  --> /opt/rustwide/cargo-home/registry/src/github.com-1ecc6299db9ec823/exit-0.1.0/src/lib.rs:2:12
[INFO] [stdout]   |
[INFO] [stdout] 2 | #![feature(try_trait)]
[INFO] [stdout]   |            ^^^^^^^^^
[INFO] [stdout] 
[INFO] [stdout] 
[INFO] [stdout] error[E0220]: associated type `Ok` not found for `Self`
[INFO] [stdout]   --> /opt/rustwide/cargo-home/registry/src/github.com-1ecc6299db9ec823/exit-0.1.0/src/lib.rs:29:42
[INFO] [stdout]    |
[INFO] [stdout] 29 |     fn into_result(self) -> Result<Self::Ok, Self::Error> {
[INFO] [stdout]    |                                          ^^ associated type `Ok` not found
[INFO] [stdout] 
[INFO] [stdout] 
[INFO] [stdout] error[E0220]: associated type `Error` not found for `Self`
[INFO] [stdout]   --> /opt/rustwide/cargo-home/registry/src/github.com-1ecc6299db9ec823/exit-0.1.0/src/lib.rs:29:52
[INFO] [stdout]    |
[INFO] [stdout] 29 |     fn into_result(self) -> Result<Self::Ok, Self::Error> {
[INFO] [stdout]    |                                                    ^^^^^ associated type `Error` not found
[INFO] [stdout] 
[INFO] [stdout] 
[INFO] [stdout] error[E0220]: associated type `Error` not found for `Self`
[INFO] [stdout]   --> /opt/rustwide/cargo-home/registry/src/github.com-1ecc6299db9ec823/exit-0.1.0/src/lib.rs:36:30
[INFO] [stdout]    |
[INFO] [stdout] 36 |     fn from_error(err: Self::Error) -> Self {
[INFO] [stdout]    |                              ^^^^^ associated type `Error` not found
[INFO] [stdout] 
[INFO] [stdout] 
[INFO] [stdout] error[E0220]: associated type `Ok` not found for `Self`
[INFO] [stdout]   --> /opt/rustwide/cargo-home/registry/src/github.com-1ecc6299db9ec823/exit-0.1.0/src/lib.rs:40:25
[INFO] [stdout]    |
[INFO] [stdout] 40 |     fn from_ok(_: Self::Ok) -> Self {
[INFO] [stdout]    |                         ^^ associated type `Ok` not found
[INFO] [stdout] 
[INFO] [stdout] 
[INFO] [stdout] error: aborting due to 14 previous errors
[INFO] [stdout] 
[INFO] [stdout] 
[INFO] [stdout] Some errors have detailed explanations: E0220, E0407, E0437, E0554, E0635, E0658.
[INFO] [stdout] 
[INFO] [stdout] For more information about an error, try `rustc --explain E0220`.
[INFO] [stdout] 
[INFO] [stderr] error: could not compile `exit` due to 15 previous errors
[INFO] [stderr] warning: build failed, waiting for other jobs to finish...
[INFO] running `Command { std: "docker" "inspect" "c081a5a56aa433be26edc21ac2b4084c9746c969a94f10b2f2e5152862479e37", kill_on_drop: false }`
[INFO] running `Command { std: "docker" "rm" "-f" "c081a5a56aa433be26edc21ac2b4084c9746c969a94f10b2f2e5152862479e37", kill_on_drop: false }`
[INFO] [stdout] c081a5a56aa433be26edc21ac2b4084c9746c969a94f10b2f2e5152862479e37
