[INFO] fetching crate jemallocator 0.5.0...
[INFO] testing jemallocator-0.5.0 against 1.69.0 for beta-1.70-1
[INFO] extracting crate jemallocator 0.5.0 into /workspace/builds/worker-0-tc1/source
[INFO] validating manifest of crates.io crate jemallocator 0.5.0 on toolchain 1.69.0
[INFO] running `Command { std: CARGO_HOME="/workspace/cargo-home" RUSTUP_HOME="/workspace/rustup-home" "/workspace/cargo-home/bin/cargo" "+1.69.0" "metadata" "--manifest-path" "Cargo.toml" "--no-deps", kill_on_drop: false }`
[INFO] started tweaking crates.io crate jemallocator 0.5.0
[INFO] finished tweaking crates.io crate jemallocator 0.5.0
[INFO] tweaked toml for crates.io crate jemallocator 0.5.0 written to /workspace/builds/worker-0-tc1/source/Cargo.toml
[INFO] running `Command { std: CARGO_HOME="/workspace/cargo-home" RUSTUP_HOME="/workspace/rustup-home" __CARGO_TEST_CHANNEL_OVERRIDE_DO_NOT_USE_THIS="nightly" "/workspace/cargo-home/bin/cargo" "+1.69.0" "generate-lockfile" "--manifest-path" "Cargo.toml" "-Zno-index-update", kill_on_drop: false }`
[INFO] running `Command { std: CARGO_HOME="/workspace/cargo-home" RUSTUP_HOME="/workspace/rustup-home" "/workspace/cargo-home/bin/cargo" "+1.69.0" "fetch" "--manifest-path" "Cargo.toml", kill_on_drop: false }`
[INFO] [stderr]  Downloading crates ...
[INFO] [stderr]   Downloaded jemalloc-sys v0.5.3+5.3.0-patched
[INFO] running `Command { std: "docker" "create" "-v" "/var/lib/crater-agent-workspace/builds/worker-0-tc1/target:/opt/rustwide/target:rw,Z" "-v" "/var/lib/crater-agent-workspace/builds/worker-0-tc1/source:/opt/rustwide/workdir:ro,Z" "-v" "/var/lib/crater-agent-workspace/cargo-home:/opt/rustwide/cargo-home:ro,Z" "-v" "/var/lib/crater-agent-workspace/rustup-home:/opt/rustwide/rustup-home:ro,Z" "-e" "SOURCE_DIR=/opt/rustwide/workdir" "-e" "CARGO_TARGET_DIR=/opt/rustwide/target" "-e" "CARGO_HOME=/opt/rustwide/cargo-home" "-e" "RUSTUP_HOME=/opt/rustwide/rustup-home" "-w" "/opt/rustwide/workdir" "-m" "1610612736" "--user" "0:0" "--network" "none" "ghcr.io/rust-lang/crates-build-env/linux@sha256:5ff2268d62e97bff2cde7d5815dd6ed5b47097566f13b8d0ca110b04b60e07ed" "/opt/rustwide/cargo-home/bin/cargo" "+1.69.0" "metadata" "--no-deps" "--format-version=1", kill_on_drop: false }`
[INFO] [stdout] 701c73e56984e11ece21916d0095d2b0c92f76c8bda619281beadd2d28b51a83
[INFO] running `Command { std: "docker" "start" "-a" "701c73e56984e11ece21916d0095d2b0c92f76c8bda619281beadd2d28b51a83", kill_on_drop: false }`
[INFO] running `Command { std: "docker" "inspect" "701c73e56984e11ece21916d0095d2b0c92f76c8bda619281beadd2d28b51a83", kill_on_drop: false }`
[INFO] running `Command { std: "docker" "rm" "-f" "701c73e56984e11ece21916d0095d2b0c92f76c8bda619281beadd2d28b51a83", kill_on_drop: false }`
[INFO] [stdout] 701c73e56984e11ece21916d0095d2b0c92f76c8bda619281beadd2d28b51a83
[INFO] running `Command { std: "docker" "create" "-v" "/var/lib/crater-agent-workspace/builds/worker-0-tc1/target:/opt/rustwide/target:rw,Z" "-v" "/var/lib/crater-agent-workspace/builds/worker-0-tc1/source:/opt/rustwide/workdir:ro,Z" "-v" "/var/lib/crater-agent-workspace/cargo-home:/opt/rustwide/cargo-home:ro,Z" "-v" "/var/lib/crater-agent-workspace/rustup-home:/opt/rustwide/rustup-home:ro,Z" "-e" "SOURCE_DIR=/opt/rustwide/workdir" "-e" "CARGO_TARGET_DIR=/opt/rustwide/target" "-e" "CARGO_INCREMENTAL=0" "-e" "RUST_BACKTRACE=full" "-e" "RUSTFLAGS=--cap-lints=warn" "-e" "RUSTDOCFLAGS=--cap-lints=warn" "-e" "CARGO_HOME=/opt/rustwide/cargo-home" "-e" "RUSTUP_HOME=/opt/rustwide/rustup-home" "-w" "/opt/rustwide/workdir" "-m" "1610612736" "--user" "0:0" "--network" "none" "ghcr.io/rust-lang/crates-build-env/linux@sha256:5ff2268d62e97bff2cde7d5815dd6ed5b47097566f13b8d0ca110b04b60e07ed" "/opt/rustwide/cargo-home/bin/cargo" "+1.69.0" "build" "--frozen" "--message-format=json", kill_on_drop: false }`
[INFO] [stdout] a395f9ea6675c3d9309ab7fb2e44979ae4c749f426d110dae2fcfcf8de27a4e1
[INFO] running `Command { std: "docker" "start" "-a" "a395f9ea6675c3d9309ab7fb2e44979ae4c749f426d110dae2fcfcf8de27a4e1", kill_on_drop: false }`
[INFO] [stderr]    Compiling jemalloc-sys v0.5.3+5.3.0-patched
[INFO] [stderr]    Compiling jemallocator v0.5.0 (/opt/rustwide/workdir)
[INFO] [stderr]     Finished dev [unoptimized + debuginfo] target(s) in 27.08s
[INFO] running `Command { std: "docker" "inspect" "a395f9ea6675c3d9309ab7fb2e44979ae4c749f426d110dae2fcfcf8de27a4e1", kill_on_drop: false }`
[INFO] running `Command { std: "docker" "rm" "-f" "a395f9ea6675c3d9309ab7fb2e44979ae4c749f426d110dae2fcfcf8de27a4e1", kill_on_drop: false }`
[INFO] [stdout] a395f9ea6675c3d9309ab7fb2e44979ae4c749f426d110dae2fcfcf8de27a4e1
[INFO] running `Command { std: "docker" "create" "-v" "/var/lib/crater-agent-workspace/builds/worker-0-tc1/target:/opt/rustwide/target:rw,Z" "-v" "/var/lib/crater-agent-workspace/builds/worker-0-tc1/source:/opt/rustwide/workdir:ro,Z" "-v" "/var/lib/crater-agent-workspace/cargo-home:/opt/rustwide/cargo-home:ro,Z" "-v" "/var/lib/crater-agent-workspace/rustup-home:/opt/rustwide/rustup-home:ro,Z" "-e" "SOURCE_DIR=/opt/rustwide/workdir" "-e" "CARGO_TARGET_DIR=/opt/rustwide/target" "-e" "CARGO_INCREMENTAL=0" "-e" "RUST_BACKTRACE=full" "-e" "RUSTFLAGS=--cap-lints=warn" "-e" "RUSTDOCFLAGS=--cap-lints=warn" "-e" "CARGO_HOME=/opt/rustwide/cargo-home" "-e" "RUSTUP_HOME=/opt/rustwide/rustup-home" "-w" "/opt/rustwide/workdir" "-m" "1610612736" "--user" "0:0" "--network" "none" "ghcr.io/rust-lang/crates-build-env/linux@sha256:5ff2268d62e97bff2cde7d5815dd6ed5b47097566f13b8d0ca110b04b60e07ed" "/opt/rustwide/cargo-home/bin/cargo" "+1.69.0" "test" "--frozen" "--no-run" "--message-format=json", kill_on_drop: false }`
[INFO] [stdout] acc5e0d24b70132ecb5c936b18666cda1e366a70fc98d284af49688b60970969
[INFO] running `Command { std: "docker" "start" "-a" "acc5e0d24b70132ecb5c936b18666cda1e366a70fc98d284af49688b60970969", kill_on_drop: false }`
[INFO] [stderr]    Compiling jemallocator v0.5.0 (/opt/rustwide/workdir)
[INFO] [stdout] error[E0433]: failed to resolve: use of undeclared crate or module `jemalloc_ctl`
[INFO] [stdout]   --> tests/background_thread_enabled.rs:31:13
[INFO] [stdout]    |
[INFO] [stdout] 31 |     assert!(jemalloc_ctl::opt::background_thread::read().unwrap());
[INFO] [stdout]    |             ^^^^^^^^^^^^ use of undeclared crate or module `jemalloc_ctl`
[INFO] [stdout]    |
[INFO] [stdout] help: there is a crate or module with a similar name
[INFO] [stdout]    |
[INFO] [stdout] 31 |     assert!(jemalloc_sys::opt::background_thread::read().unwrap());
[INFO] [stdout]    |             ~~~~~~~~~~~~
[INFO] [stdout] 
[INFO] [stdout] 
[INFO] [stdout] error: aborting due to previous error
[INFO] [stdout] 
[INFO] [stdout] 
[INFO] [stdout] For more information about this error, try `rustc --explain E0433`.
[INFO] [stdout] 
[INFO] [stdout] error[E0433]: failed to resolve: use of undeclared crate or module `jemalloc_ctl`
[INFO] [stdout]   --> tests/background_thread_defaults.rs:10:5
[INFO] [stdout]    |
[INFO] [stdout] 10 |     jemalloc_ctl::opt::background_thread::read().unwrap()
[INFO] [stdout]    |     ^^^^^^^^^^^^ use of undeclared crate or module `jemalloc_ctl`
[INFO] [stdout]    |
[INFO] [stdout] help: there is a crate or module with a similar name
[INFO] [stdout]    |
[INFO] [stdout] 10 |     jemalloc_sys::opt::background_thread::read().unwrap()
[INFO] [stdout]    |     ~~~~~~~~~~~~
[INFO] [stdout] 
[INFO] [stdout] 
[INFO] [stderr] error: could not compile `jemallocator` due to 2 previous errors
[INFO] [stderr] warning: build failed, waiting for other jobs to finish...
[INFO] [stdout] error: aborting due to previous error
[INFO] [stdout] 
[INFO] [stdout] 
[INFO] [stdout] For more information about this error, try `rustc --explain E0433`.
[INFO] [stdout] 
[INFO] [stdout] error[E0432]: unresolved import `jemalloc_ctl`
[INFO] [stdout]  --> tests/malloctl.rs:1:5
[INFO] [stdout]   |
[INFO] [stdout] 1 | use jemalloc_ctl::{Access, AsName};
[INFO] [stdout]   |     ^^^^^^^^^^^^ use of undeclared crate or module `jemalloc_ctl`
[INFO] [stdout]   |
[INFO] [stdout] help: there is a crate or module with a similar name
[INFO] [stdout]   |
[INFO] [stdout] 1 | use jemalloc_sys::{Access, AsName};
[INFO] [stdout]   |     ~~~~~~~~~~~~
[INFO] [stdout] 
[INFO] [stdout] 
[INFO] [stderr] error: could not compile `jemallocator` due to 2 previous errors
[INFO] [stdout] error[E0599]: no method named `name` found for reference `&'static str` in the current scope
[INFO] [stdout]   --> tests/malloctl.rs:20:32
[INFO] [stdout]    |
[INFO] [stdout] 20 |     let epoch: u64 = "epoch\0".name().read().unwrap();
[INFO] [stdout]    |                                ^^^^ method not found in `&str`
[INFO] [stdout] 
[INFO] [stdout] 
[INFO] [stdout] error[E0599]: no method named `name` found for reference `&'static str` in the current scope
[INFO] [stdout]   --> tests/malloctl.rs:22:15
[INFO] [stdout]    |
[INFO] [stdout] 22 |     "epoch\0".name().write(epoch).unwrap();
[INFO] [stdout]    |               ^^^^ method not found in `&str`
[INFO] [stdout] 
[INFO] [stdout] 
[INFO] [stdout] error[E0599]: no method named `name` found for reference `&'static str` in the current scope
[INFO] [stdout]   --> tests/malloctl.rs:28:21
[INFO] [stdout]    |
[INFO] [stdout] 28 |     let _: u64 = "".name().read().unwrap();
[INFO] [stdout]    |                     ^^^^ method not found in `&str`
[INFO] [stdout] 
[INFO] [stdout] 
[INFO] [stdout] error[E0599]: no method named `name` found for reference `&'static str` in the current scope
[INFO] [stdout]   --> tests/malloctl.rs:34:32
[INFO] [stdout]    |
[INFO] [stdout] 34 |     let epoch: u64 = "epoch\0".name().read().unwrap();
[INFO] [stdout]    |                                ^^^^ method not found in `&str`
[INFO] [stdout] 
[INFO] [stdout] 
[INFO] [stdout] error[E0599]: no method named `name` found for reference `&'static str` in the current scope
[INFO] [stdout]   --> tests/malloctl.rs:35:8
[INFO] [stdout]    |
[INFO] [stdout] 35 |     "".name().write(epoch).unwrap();
[INFO] [stdout]    |        ^^^^ method not found in `&str`
[INFO] [stdout] 
[INFO] [stdout] 
[INFO] [stdout] error[E0599]: no method named `name` found for reference `&'static str` in the current scope
[INFO] [stdout]   --> tests/malloctl.rs:41:26
[INFO] [stdout]    |
[INFO] [stdout] 41 |     let _: u64 = "epoch".name().read().unwrap();
[INFO] [stdout]    |                          ^^^^ method not found in `&str`
[INFO] [stdout] 
[INFO] [stdout] 
[INFO] [stdout] error[E0599]: no method named `name` found for reference `&'static str` in the current scope
[INFO] [stdout]   --> tests/malloctl.rs:47:32
[INFO] [stdout]    |
[INFO] [stdout] 47 |     let epoch: u64 = "epoch\0".name().read().unwrap();
[INFO] [stdout]    |                                ^^^^ method not found in `&str`
[INFO] [stdout] 
[INFO] [stdout] 
[INFO] [stdout] error[E0599]: no method named `name` found for reference `&'static str` in the current scope
[INFO] [stdout]   --> tests/malloctl.rs:48:13
[INFO] [stdout]    |
[INFO] [stdout] 48 |     "epoch".name().write(epoch).unwrap();
[INFO] [stdout]    |             ^^^^ method not found in `&str`
[INFO] [stdout] 
[INFO] [stdout] 
[INFO] [stdout] error: aborting due to 9 previous errors
[INFO] [stdout] 
[INFO] [stdout] 
[INFO] [stdout] Some errors have detailed explanations: E0432, E0599.
[INFO] [stdout] 
[INFO] [stdout] For more information about an error, try `rustc --explain E0432`.
[INFO] [stdout] 
[INFO] [stderr] error: could not compile `jemallocator` due to 10 previous errors
[INFO] running `Command { std: "docker" "inspect" "acc5e0d24b70132ecb5c936b18666cda1e366a70fc98d284af49688b60970969", kill_on_drop: false }`
[INFO] running `Command { std: "docker" "rm" "-f" "acc5e0d24b70132ecb5c936b18666cda1e366a70fc98d284af49688b60970969", kill_on_drop: false }`
[INFO] [stdout] acc5e0d24b70132ecb5c936b18666cda1e366a70fc98d284af49688b60970969
