[INFO] fetching crate jasmine-db 0.1.1...
[INFO] testing jasmine-db-0.1.1 against 1.69.0 for beta-1.70-1
[INFO] extracting crate jasmine-db 0.1.1 into /workspace/builds/worker-2-tc1/source
[INFO] validating manifest of crates.io crate jasmine-db 0.1.1 on toolchain 1.69.0
[INFO] running `Command { std: CARGO_HOME="/workspace/cargo-home" RUSTUP_HOME="/workspace/rustup-home" "/workspace/cargo-home/bin/cargo" "+1.69.0" "metadata" "--manifest-path" "Cargo.toml" "--no-deps", kill_on_drop: false }`
[INFO] started tweaking crates.io crate jasmine-db 0.1.1
[INFO] finished tweaking crates.io crate jasmine-db 0.1.1
[INFO] tweaked toml for crates.io crate jasmine-db 0.1.1 written to /workspace/builds/worker-2-tc1/source/Cargo.toml
[INFO] running `Command { std: CARGO_HOME="/workspace/cargo-home" RUSTUP_HOME="/workspace/rustup-home" __CARGO_TEST_CHANNEL_OVERRIDE_DO_NOT_USE_THIS="nightly" "/workspace/cargo-home/bin/cargo" "+1.69.0" "generate-lockfile" "--manifest-path" "Cargo.toml" "-Zno-index-update", kill_on_drop: false }`
[INFO] running `Command { std: CARGO_HOME="/workspace/cargo-home" RUSTUP_HOME="/workspace/rustup-home" "/workspace/cargo-home/bin/cargo" "+1.69.0" "fetch" "--manifest-path" "Cargo.toml", kill_on_drop: false }`
[INFO] [stderr]  Downloading crates ...
[INFO] [stderr]   Downloaded varmint v0.1.3
[INFO] [stderr]   Downloaded bitvec v0.21.0
[INFO] [stderr]   Downloaded shuttle v0.1.0
[INFO] running `Command { std: "docker" "create" "-v" "/var/lib/crater-agent-workspace/builds/worker-2-tc1/target:/opt/rustwide/target:rw,Z" "-v" "/var/lib/crater-agent-workspace/builds/worker-2-tc1/source:/opt/rustwide/workdir:ro,Z" "-v" "/var/lib/crater-agent-workspace/cargo-home:/opt/rustwide/cargo-home:ro,Z" "-v" "/var/lib/crater-agent-workspace/rustup-home:/opt/rustwide/rustup-home:ro,Z" "-e" "SOURCE_DIR=/opt/rustwide/workdir" "-e" "CARGO_TARGET_DIR=/opt/rustwide/target" "-e" "CARGO_HOME=/opt/rustwide/cargo-home" "-e" "RUSTUP_HOME=/opt/rustwide/rustup-home" "-w" "/opt/rustwide/workdir" "-m" "1610612736" "--user" "0:0" "--network" "none" "ghcr.io/rust-lang/crates-build-env/linux@sha256:5ff2268d62e97bff2cde7d5815dd6ed5b47097566f13b8d0ca110b04b60e07ed" "/opt/rustwide/cargo-home/bin/cargo" "+1.69.0" "metadata" "--no-deps" "--format-version=1", kill_on_drop: false }`
[INFO] [stdout] 09cdcd6ff29ca3e9057044b56be623151a0c23e60f2ec9f5b56cfb17d908bf4c
[INFO] running `Command { std: "docker" "start" "-a" "09cdcd6ff29ca3e9057044b56be623151a0c23e60f2ec9f5b56cfb17d908bf4c", kill_on_drop: false }`
[INFO] running `Command { std: "docker" "inspect" "09cdcd6ff29ca3e9057044b56be623151a0c23e60f2ec9f5b56cfb17d908bf4c", kill_on_drop: false }`
[INFO] running `Command { std: "docker" "rm" "-f" "09cdcd6ff29ca3e9057044b56be623151a0c23e60f2ec9f5b56cfb17d908bf4c", kill_on_drop: false }`
[INFO] [stdout] 09cdcd6ff29ca3e9057044b56be623151a0c23e60f2ec9f5b56cfb17d908bf4c
[INFO] running `Command { std: "docker" "create" "-v" "/var/lib/crater-agent-workspace/builds/worker-2-tc1/target:/opt/rustwide/target:rw,Z" "-v" "/var/lib/crater-agent-workspace/builds/worker-2-tc1/source:/opt/rustwide/workdir:ro,Z" "-v" "/var/lib/crater-agent-workspace/cargo-home:/opt/rustwide/cargo-home:ro,Z" "-v" "/var/lib/crater-agent-workspace/rustup-home:/opt/rustwide/rustup-home:ro,Z" "-e" "SOURCE_DIR=/opt/rustwide/workdir" "-e" "CARGO_TARGET_DIR=/opt/rustwide/target" "-e" "CARGO_INCREMENTAL=0" "-e" "RUST_BACKTRACE=full" "-e" "RUSTFLAGS=--cap-lints=warn" "-e" "RUSTDOCFLAGS=--cap-lints=warn" "-e" "CARGO_HOME=/opt/rustwide/cargo-home" "-e" "RUSTUP_HOME=/opt/rustwide/rustup-home" "-w" "/opt/rustwide/workdir" "-m" "1610612736" "--user" "0:0" "--network" "none" "ghcr.io/rust-lang/crates-build-env/linux@sha256:5ff2268d62e97bff2cde7d5815dd6ed5b47097566f13b8d0ca110b04b60e07ed" "/opt/rustwide/cargo-home/bin/cargo" "+1.69.0" "build" "--frozen" "--message-format=json", kill_on_drop: false }`
[INFO] [stdout] 6b801b0f69bbe046211516028cb2580f42cea5673a779e12e6b00cf88394336e
[INFO] running `Command { std: "docker" "start" "-a" "6b801b0f69bbe046211516028cb2580f42cea5673a779e12e6b00cf88394336e", kill_on_drop: false }`
[INFO] [stderr]    Compiling lock_api v0.4.9
[INFO] [stderr]    Compiling spin v0.9.8
[INFO] [stderr]    Compiling jasmine-db v0.1.1 (/opt/rustwide/workdir)
[INFO] [stderr]     Finished dev [unoptimized + debuginfo] target(s) in 1.26s
[INFO] running `Command { std: "docker" "inspect" "6b801b0f69bbe046211516028cb2580f42cea5673a779e12e6b00cf88394336e", kill_on_drop: false }`
[INFO] running `Command { std: "docker" "rm" "-f" "6b801b0f69bbe046211516028cb2580f42cea5673a779e12e6b00cf88394336e", kill_on_drop: false }`
[INFO] [stdout] 6b801b0f69bbe046211516028cb2580f42cea5673a779e12e6b00cf88394336e
[INFO] running `Command { std: "docker" "create" "-v" "/var/lib/crater-agent-workspace/builds/worker-2-tc1/target:/opt/rustwide/target:rw,Z" "-v" "/var/lib/crater-agent-workspace/builds/worker-2-tc1/source:/opt/rustwide/workdir:ro,Z" "-v" "/var/lib/crater-agent-workspace/cargo-home:/opt/rustwide/cargo-home:ro,Z" "-v" "/var/lib/crater-agent-workspace/rustup-home:/opt/rustwide/rustup-home:ro,Z" "-e" "SOURCE_DIR=/opt/rustwide/workdir" "-e" "CARGO_TARGET_DIR=/opt/rustwide/target" "-e" "CARGO_INCREMENTAL=0" "-e" "RUST_BACKTRACE=full" "-e" "RUSTFLAGS=--cap-lints=warn" "-e" "RUSTDOCFLAGS=--cap-lints=warn" "-e" "CARGO_HOME=/opt/rustwide/cargo-home" "-e" "RUSTUP_HOME=/opt/rustwide/rustup-home" "-w" "/opt/rustwide/workdir" "-m" "1610612736" "--user" "0:0" "--network" "none" "ghcr.io/rust-lang/crates-build-env/linux@sha256:5ff2268d62e97bff2cde7d5815dd6ed5b47097566f13b8d0ca110b04b60e07ed" "/opt/rustwide/cargo-home/bin/cargo" "+1.69.0" "test" "--frozen" "--no-run" "--message-format=json", kill_on_drop: false }`
[INFO] [stdout] 8680636bf768c2ec2a792be0cbafb66eef95b0f1266e8da7d6a6f26f0619d75e
[INFO] running `Command { std: "docker" "start" "-a" "8680636bf768c2ec2a792be0cbafb66eef95b0f1266e8da7d6a6f26f0619d75e", kill_on_drop: false }`
[INFO] [stderr]    Compiling getrandom v0.1.16
[INFO] [stderr]    Compiling rustversion v1.0.12
[INFO] [stderr]    Compiling radium v0.6.2
[INFO] [stderr]    Compiling crossbeam-queue v0.3.8
[INFO] [stderr]    Compiling funty v1.1.0
[INFO] [stderr]    Compiling tap v1.0.1
[INFO] [stderr]    Compiling wyz v0.2.0
[INFO] [stderr]    Compiling crossbeam-channel v0.5.8
[INFO] [stderr]    Compiling smallvec v1.10.0
[INFO] [stderr]    Compiling crossbeam-epoch v0.9.14
[INFO] [stderr]    Compiling scoped-tls v1.0.1
[INFO] [stderr]    Compiling varmint v0.1.3
[INFO] [stderr]    Compiling ansi_term v0.12.1
[INFO] [stderr]    Compiling tracing v0.1.37
[INFO] [stderr]    Compiling crossbeam-deque v0.8.3
[INFO] [stderr]    Compiling rand_core v0.5.1
[INFO] [stderr]    Compiling bitvec v0.21.0
[INFO] [stderr]    Compiling crossbeam v0.8.2
[INFO] [stderr]    Compiling rand_chacha v0.2.2
[INFO] [stderr]    Compiling rand_pcg v0.2.1
[INFO] [stdout] error[E0576]: cannot find method or associated constant `BITS` in trait `IsNumber`
[INFO] [stdout]    --> /opt/rustwide/cargo-home/registry/src/github.com-1ecc6299db9ec823/bitvec-0.21.0/src/ptr/single.rs:606:36
[INFO] [stdout]     |
[INFO] [stdout] 606 |             .wrapping_mul(<u8 as IsNumber>::BITS as usize)
[INFO] [stdout]     |                                             ^^^^ not found in `IsNumber`
[INFO] [stdout] 
[INFO] [stdout] 
[INFO] [stdout] error[E0576]: cannot find method or associated constant `BITS` in trait `IsNumber`
[INFO] [stdout]    --> /opt/rustwide/cargo-home/registry/src/github.com-1ecc6299db9ec823/bitvec-0.21.0/src/ptr/single.rs:854:37
[INFO] [stdout]     |
[INFO] [stdout] 854 |         let width = <T::Mem as IsNumber>::BITS as usize;
[INFO] [stdout]     |                                           ^^^^ not found in `IsNumber`
[INFO] [stdout] 
[INFO] [stdout] 
[INFO] [stdout] error[E0576]: cannot find method or associated constant `BITS` in trait `IsNumber`
[INFO] [stdout]     --> /opt/rustwide/cargo-home/registry/src/github.com-1ecc6299db9ec823/bitvec-0.21.0/src/slice/api.rs:1821:46
[INFO] [stdout]      |
[INFO] [stdout] 1821 |             let shamt = cmp::min(<usize as IsNumber>::BITS as usize, by);
[INFO] [stdout]      |                                                       ^^^^ not found in `IsNumber`
[INFO] [stdout] 
[INFO] [stdout] 
[INFO] [stdout] error[E0576]: cannot find method or associated constant `BITS` in trait `IsNumber`
[INFO] [stdout]     --> /opt/rustwide/cargo-home/registry/src/github.com-1ecc6299db9ec823/bitvec-0.21.0/src/slice/api.rs:1884:46
[INFO] [stdout]      |
[INFO] [stdout] 1884 |             let shamt = cmp::min(<usize as IsNumber>::BITS as usize, by);
[INFO] [stdout]      |                                                       ^^^^ not found in `IsNumber`
[INFO] [stdout] 
[INFO] [stdout] 
[INFO] [stdout] error[E0576]: cannot find method or associated constant `BITS` in trait `IsNumber`
[INFO] [stdout]   --> /opt/rustwide/cargo-home/registry/src/github.com-1ecc6299db9ec823/bitvec-0.21.0/src/slice/specialization.rs:51:41
[INFO] [stdout]    |
[INFO] [stdout] 51 |         let chunk_size = <usize as IsNumber>::BITS as usize;
[INFO] [stdout]    |                                               ^^^^ not found in `IsNumber`
[INFO] [stdout] 
[INFO] [stdout] 
[INFO] [stderr]    Compiling rand v0.7.3
[INFO] [stdout] error[E0576]: cannot find method or associated constant `BITS` in trait `IsNumber`
[INFO] [stdout]   --> /opt/rustwide/cargo-home/registry/src/github.com-1ecc6299db9ec823/bitvec-0.21.0/src/slice/specialization.rs:92:41
[INFO] [stdout]    |
[INFO] [stdout] 92 |         let chunk_size = <usize as IsNumber>::BITS as usize;
[INFO] [stdout]    |                                               ^^^^ not found in `IsNumber`
[INFO] [stdout] 
[INFO] [stdout] 
[INFO] [stdout] error[E0576]: cannot find method or associated constant `BITS` in trait `IsNumber`
[INFO] [stdout]    --> /opt/rustwide/cargo-home/registry/src/github.com-1ecc6299db9ec823/bitvec-0.21.0/src/slice/specialization.rs:118:41
[INFO] [stdout]     |
[INFO] [stdout] 118 |         let chunk_size = <usize as IsNumber>::BITS as usize;
[INFO] [stdout]     |                                               ^^^^ not found in `IsNumber`
[INFO] [stdout] 
[INFO] [stdout] 
[INFO] [stdout] error[E0576]: cannot find method or associated constant `BITS` in trait `IsNumber`
[INFO] [stdout]    --> /opt/rustwide/cargo-home/registry/src/github.com-1ecc6299db9ec823/bitvec-0.21.0/src/slice/specialization.rs:339:41
[INFO] [stdout]     |
[INFO] [stdout] 339 |         let chunk_size = <usize as IsNumber>::BITS as usize;
[INFO] [stdout]     |                                               ^^^^ not found in `IsNumber`
[INFO] [stdout] 
[INFO] [stdout] 
[INFO] [stdout] error[E0576]: cannot find method or associated constant `BITS` in trait `IsNumber`
[INFO] [stdout]    --> /opt/rustwide/cargo-home/registry/src/github.com-1ecc6299db9ec823/bitvec-0.21.0/src/slice/specialization.rs:362:41
[INFO] [stdout]     |
[INFO] [stdout] 362 |         let chunk_size = <usize as IsNumber>::BITS as usize;
[INFO] [stdout]     |                                               ^^^^ not found in `IsNumber`
[INFO] [stdout] 
[INFO] [stdout] 
[INFO] [stdout] error[E0576]: cannot find method or associated constant `BITS` in trait `IsNumber`
[INFO] [stdout]    --> /opt/rustwide/cargo-home/registry/src/github.com-1ecc6299db9ec823/bitvec-0.21.0/src/slice/specialization.rs:388:41
[INFO] [stdout]     |
[INFO] [stdout] 388 |         let chunk_size = <usize as IsNumber>::BITS as usize;
[INFO] [stdout]     |                                               ^^^^ not found in `IsNumber`
[INFO] [stdout] 
[INFO] [stdout] 
[INFO] [stdout] error[E0576]: cannot find method or associated constant `BITS` in trait `IsNumber`
[INFO] [stdout]    --> /opt/rustwide/cargo-home/registry/src/github.com-1ecc6299db9ec823/bitvec-0.21.0/src/slice/traits.rs:389:43
[INFO] [stdout]     |
[INFO] [stdout] 389 |                 const D: usize = <usize as IsNumber>::BITS as usize / $blksz;
[INFO] [stdout]     |                                                       ^^^^ not found in `IsNumber`
[INFO] [stdout] ...
[INFO] [stdout] 490 | fmt!(Binary, b'0', b'b', 1);
[INFO] [stdout]     | --------------------------- in this macro invocation
[INFO] [stdout]     |
[INFO] [stdout]     = note: this error originates in the macro `fmt` (in Nightly builds, run with -Z macro-backtrace for more info)
[INFO] [stdout] 
[INFO] [stdout] 
[INFO] [stdout] error[E0576]: cannot find method or associated constant `BITS` in trait `IsNumber`
[INFO] [stdout]    --> /opt/rustwide/cargo-home/registry/src/github.com-1ecc6299db9ec823/bitvec-0.21.0/src/slice/traits.rs:391:43
[INFO] [stdout]     |
[INFO] [stdout] 391 |                 const M: usize = <usize as IsNumber>::BITS as usize % $blksz;
[INFO] [stdout]     |                                                       ^^^^ not found in `IsNumber`
[INFO] [stdout] ...
[INFO] [stdout] 490 | fmt!(Binary, b'0', b'b', 1);
[INFO] [stdout]     | --------------------------- in this macro invocation
[INFO] [stdout]     |
[INFO] [stdout]     = note: this error originates in the macro `fmt` (in Nightly builds, run with -Z macro-backtrace for more info)
[INFO] [stdout] 
[INFO] [stdout] 
[INFO] [stdout] error[E0576]: cannot find method or associated constant `BITS` in trait `IsNumber`
[INFO] [stdout]    --> /opt/rustwide/cargo-home/registry/src/github.com-1ecc6299db9ec823/bitvec-0.21.0/src/slice/traits.rs:389:43
[INFO] [stdout]     |
[INFO] [stdout] 389 |                 const D: usize = <usize as IsNumber>::BITS as usize / $blksz;
[INFO] [stdout]     |                                                       ^^^^ not found in `IsNumber`
[INFO] [stdout] ...
[INFO] [stdout] 491 | fmt!(Octal, b'0', b'o', 3);
[INFO] [stdout]     | -------------------------- in this macro invocation
[INFO] [stdout]     |
[INFO] [stdout]     = note: this error originates in the macro `fmt` (in Nightly builds, run with -Z macro-backtrace for more info)
[INFO] [stdout] 
[INFO] [stdout] 
[INFO] [stdout] error[E0576]: cannot find method or associated constant `BITS` in trait `IsNumber`
[INFO] [stdout]    --> /opt/rustwide/cargo-home/registry/src/github.com-1ecc6299db9ec823/bitvec-0.21.0/src/slice/traits.rs:391:43
[INFO] [stdout]     |
[INFO] [stdout] 391 |                 const M: usize = <usize as IsNumber>::BITS as usize % $blksz;
[INFO] [stdout]     |                                                       ^^^^ not found in `IsNumber`
[INFO] [stdout] ...
[INFO] [stdout] 491 | fmt!(Octal, b'0', b'o', 3);
[INFO] [stdout]     | -------------------------- in this macro invocation
[INFO] [stdout]     |
[INFO] [stdout]     = note: this error originates in the macro `fmt` (in Nightly builds, run with -Z macro-backtrace for more info)
[INFO] [stdout] 
[INFO] [stdout] 
[INFO] [stdout] error[E0576]: cannot find method or associated constant `BITS` in trait `IsNumber`
[INFO] [stdout]    --> /opt/rustwide/cargo-home/registry/src/github.com-1ecc6299db9ec823/bitvec-0.21.0/src/slice/traits.rs:389:43
[INFO] [stdout]     |
[INFO] [stdout] 389 |                 const D: usize = <usize as IsNumber>::BITS as usize / $blksz;
[INFO] [stdout]     |                                                       ^^^^ not found in `IsNumber`
[INFO] [stdout] ...
[INFO] [stdout] 492 | fmt!(LowerHex, b'a', b'x', 4);
[INFO] [stdout]     | ----------------------------- in this macro invocation
[INFO] [stdout]     |
[INFO] [stdout]     = note: this error originates in the macro `fmt` (in Nightly builds, run with -Z macro-backtrace for more info)
[INFO] [stdout] 
[INFO] [stdout] 
[INFO] [stdout] error[E0576]: cannot find method or associated constant `BITS` in trait `IsNumber`
[INFO] [stdout]    --> /opt/rustwide/cargo-home/registry/src/github.com-1ecc6299db9ec823/bitvec-0.21.0/src/slice/traits.rs:391:43
[INFO] [stdout]     |
[INFO] [stdout] 391 |                 const M: usize = <usize as IsNumber>::BITS as usize % $blksz;
[INFO] [stdout]     |                                                       ^^^^ not found in `IsNumber`
[INFO] [stdout] ...
[INFO] [stdout] 492 | fmt!(LowerHex, b'a', b'x', 4);
[INFO] [stdout]     | ----------------------------- in this macro invocation
[INFO] [stdout]     |
[INFO] [stdout]     = note: this error originates in the macro `fmt` (in Nightly builds, run with -Z macro-backtrace for more info)
[INFO] [stdout] 
[INFO] [stdout] 
[INFO] [stdout] error[E0576]: cannot find method or associated constant `BITS` in trait `IsNumber`
[INFO] [stdout]    --> /opt/rustwide/cargo-home/registry/src/github.com-1ecc6299db9ec823/bitvec-0.21.0/src/slice/traits.rs:389:43
[INFO] [stdout]     |
[INFO] [stdout] 389 |                 const D: usize = <usize as IsNumber>::BITS as usize / $blksz;
[INFO] [stdout]     |                                                       ^^^^ not found in `IsNumber`
[INFO] [stdout] ...
[INFO] [stdout] 493 | fmt!(UpperHex, b'A', b'x', 4);
[INFO] [stdout]     | ----------------------------- in this macro invocation
[INFO] [stdout]     |
[INFO] [stdout]     = note: this error originates in the macro `fmt` (in Nightly builds, run with -Z macro-backtrace for more info)
[INFO] [stdout] 
[INFO] [stdout] 
[INFO] [stdout] error[E0576]: cannot find method or associated constant `BITS` in trait `IsNumber`
[INFO] [stdout]    --> /opt/rustwide/cargo-home/registry/src/github.com-1ecc6299db9ec823/bitvec-0.21.0/src/slice/traits.rs:391:43
[INFO] [stdout]     |
[INFO] [stdout] 391 |                 const M: usize = <usize as IsNumber>::BITS as usize % $blksz;
[INFO] [stdout]     |                                                       ^^^^ not found in `IsNumber`
[INFO] [stdout] ...
[INFO] [stdout] 493 | fmt!(UpperHex, b'A', b'x', 4);
[INFO] [stdout]     | ----------------------------- in this macro invocation
[INFO] [stdout]     |
[INFO] [stdout]     = note: this error originates in the macro `fmt` (in Nightly builds, run with -Z macro-backtrace for more info)
[INFO] [stdout] 
[INFO] [stdout] 
[INFO] [stdout] error[E0576]: cannot find method or associated constant `BITS` in trait `IsNumber`
[INFO] [stdout]    --> /opt/rustwide/cargo-home/registry/src/github.com-1ecc6299db9ec823/bitvec-0.21.0/src/view.rs:108:52
[INFO] [stdout]     |
[INFO] [stdout] 108 |             * <<Self::Store as BitStore>::Mem as IsNumber>::BITS as usize
[INFO] [stdout]     |                                                             ^^^^ not found in `IsNumber`
[INFO] [stdout] 
[INFO] [stdout] 
[INFO] [stderr]    Compiling generator v0.7.4
[INFO] [stdout] error[E0599]: no associated item named `BITS` found for associated type `<T as BitStore>::Mem` in the current scope
[INFO] [stdout]    --> /opt/rustwide/cargo-home/registry/src/github.com-1ecc6299db9ec823/bitvec-0.21.0/src/domain.rs:233:21
[INFO] [stdout]     |
[INFO] [stdout] 233 |                 let w = T::Mem::BITS as u8;
[INFO] [stdout]     |                                 ^^^^ associated item not found in `<T as BitStore>::Mem`
[INFO] [stdout] ...
[INFO] [stdout] 354 | bit_domain!(BitDomain);
[INFO] [stdout]     | ---------------------- in this macro invocation
[INFO] [stdout]     |
[INFO] [stdout]     = note: this error originates in the macro `bit_domain` (in Nightly builds, run with -Z macro-backtrace for more info)
[INFO] [stdout] 
[INFO] [stdout] 
[INFO] [stdout] error[E0599]: no associated item named `BITS` found for associated type `<T as BitStore>::Mem` in the current scope
[INFO] [stdout]    --> /opt/rustwide/cargo-home/registry/src/github.com-1ecc6299db9ec823/bitvec-0.21.0/src/domain.rs:260:15
[INFO] [stdout]     |
[INFO] [stdout] 260 |                     (T::Mem::BITS as u8 - head.value()) as usize,
[INFO] [stdout]     |                              ^^^^ associated item not found in `<T as BitStore>::Mem`
[INFO] [stdout] ...
[INFO] [stdout] 354 | bit_domain!(BitDomain);
[INFO] [stdout]     | ---------------------- in this macro invocation
[INFO] [stdout]     |
[INFO] [stdout]     = note: this error originates in the macro `bit_domain` (in Nightly builds, run with -Z macro-backtrace for more info)
[INFO] [stdout] 
[INFO] [stdout] 
[INFO] [stdout] error[E0599]: no associated item named `BITS` found for associated type `<T as BitStore>::Mem` in the current scope
[INFO] [stdout]    --> /opt/rustwide/cargo-home/registry/src/github.com-1ecc6299db9ec823/bitvec-0.21.0/src/domain.rs:291:15
[INFO] [stdout]     |
[INFO] [stdout] 291 |                     (T::Mem::BITS as u8 - head.value()) as usize,
[INFO] [stdout]     |                              ^^^^ associated item not found in `<T as BitStore>::Mem`
[INFO] [stdout] ...
[INFO] [stdout] 354 | bit_domain!(BitDomain);
[INFO] [stdout]     | ---------------------- in this macro invocation
[INFO] [stdout]     |
[INFO] [stdout]     = note: this error originates in the macro `bit_domain` (in Nightly builds, run with -Z macro-backtrace for more info)
[INFO] [stdout] 
[INFO] [stdout] 
[INFO] [stdout] error[E0599]: no associated item named `BITS` found for associated type `<T as BitStore>::Mem` in the current scope
[INFO] [stdout]    --> /opt/rustwide/cargo-home/registry/src/github.com-1ecc6299db9ec823/bitvec-0.21.0/src/domain.rs:233:21
[INFO] [stdout]     |
[INFO] [stdout] 233 |                 let w = T::Mem::BITS as u8;
[INFO] [stdout]     |                                 ^^^^ associated item not found in `<T as BitStore>::Mem`
[INFO] [stdout] ...
[INFO] [stdout] 355 | bit_domain!(BitDomainMut => mut @ Alias);
[INFO] [stdout]     | ---------------------------------------- in this macro invocation
[INFO] [stdout]     |
[INFO] [stdout]     = note: this error originates in the macro `bit_domain` (in Nightly builds, run with -Z macro-backtrace for more info)
[INFO] [stdout] 
[INFO] [stdout] 
[INFO] [stdout] error[E0599]: no associated item named `BITS` found for associated type `<T as BitStore>::Mem` in the current scope
[INFO] [stdout]    --> /opt/rustwide/cargo-home/registry/src/github.com-1ecc6299db9ec823/bitvec-0.21.0/src/domain.rs:260:15
[INFO] [stdout]     |
[INFO] [stdout] 260 |                     (T::Mem::BITS as u8 - head.value()) as usize,
[INFO] [stdout]     |                              ^^^^ associated item not found in `<T as BitStore>::Mem`
[INFO] [stdout] ...
[INFO] [stdout] 355 | bit_domain!(BitDomainMut => mut @ Alias);
[INFO] [stdout]     | ---------------------------------------- in this macro invocation
[INFO] [stdout]     |
[INFO] [stdout]     = note: this error originates in the macro `bit_domain` (in Nightly builds, run with -Z macro-backtrace for more info)
[INFO] [stdout] 
[INFO] [stdout] 
[INFO] [stdout] error[E0599]: no associated item named `BITS` found for associated type `<T as BitStore>::Mem` in the current scope
[INFO] [stdout]    --> /opt/rustwide/cargo-home/registry/src/github.com-1ecc6299db9ec823/bitvec-0.21.0/src/domain.rs:291:15
[INFO] [stdout]     |
[INFO] [stdout] 291 |                     (T::Mem::BITS as u8 - head.value()) as usize,
[INFO] [stdout]     |                              ^^^^ associated item not found in `<T as BitStore>::Mem`
[INFO] [stdout] ...
[INFO] [stdout] 355 | bit_domain!(BitDomainMut => mut @ Alias);
[INFO] [stdout]     | ---------------------------------------- in this macro invocation
[INFO] [stdout]     |
[INFO] [stdout]     = note: this error originates in the macro `bit_domain` (in Nightly builds, run with -Z macro-backtrace for more info)
[INFO] [stdout] 
[INFO] [stdout] 
[INFO] [stdout] error[E0599]: no associated item named `BITS` found for associated type `<T as BitStore>::Mem` in the current scope
[INFO] [stdout]    --> /opt/rustwide/cargo-home/registry/src/github.com-1ecc6299db9ec823/bitvec-0.21.0/src/domain.rs:539:24
[INFO] [stdout]     |
[INFO] [stdout] 539 |                 let bits = T::Mem::BITS as u8;
[INFO] [stdout]     |                                    ^^^^ associated item not found in `<T as BitStore>::Mem`
[INFO] [stdout] ...
[INFO] [stdout] 633 | domain!(Domain);
[INFO] [stdout]     | --------------- in this macro invocation
[INFO] [stdout]     |
[INFO] [stdout]     = note: this error originates in the macro `domain` (in Nightly builds, run with -Z macro-backtrace for more info)
[INFO] [stdout] 
[INFO] [stdout] 
[INFO] [stdout] error[E0599]: no associated item named `BITS` found for associated type `<T as BitStore>::Mem` in the current scope
[INFO] [stdout]    --> /opt/rustwide/cargo-home/registry/src/github.com-1ecc6299db9ec823/bitvec-0.21.0/src/domain.rs:539:24
[INFO] [stdout]     |
[INFO] [stdout] 539 |                 let bits = T::Mem::BITS as u8;
[INFO] [stdout]     |                                    ^^^^ associated item not found in `<T as BitStore>::Mem`
[INFO] [stdout] ...
[INFO] [stdout] 634 | domain!(DomainMut => mut @ Access);
[INFO] [stdout]     | ---------------------------------- in this macro invocation
[INFO] [stdout]     |
[INFO] [stdout]     = note: this error originates in the macro `domain` (in Nightly builds, run with -Z macro-backtrace for more info)
[INFO] [stdout] 
[INFO] [stdout] 
[INFO] [stdout] error[E0599]: no associated item named `BITS` found for type parameter `M` in the current scope
[INFO] [stdout]    --> /opt/rustwide/cargo-home/registry/src/github.com-1ecc6299db9ec823/bitvec-0.21.0/src/field.rs:801:12
[INFO] [stdout]     |
[INFO] [stdout] 765 |     fn load_le<M>(&self) -> M
[INFO] [stdout]     |                - associated item `BITS` not found for this type parameter
[INFO] [stdout] ...
[INFO] [stdout] 801 |                     if M::BITS > T::Mem::BITS {
[INFO] [stdout]     |                           ^^^^ associated item not found in `M`
[INFO] [stdout] 
[INFO] [stdout] 
[INFO] [stdout] error[E0599]: no associated item named `BITS` found for associated type `<T as BitStore>::Mem` in the current scope
[INFO] [stdout]    --> /opt/rustwide/cargo-home/registry/src/github.com-1ecc6299db9ec823/bitvec-0.21.0/src/field.rs:801:27
[INFO] [stdout]     |
[INFO] [stdout] 801 |                     if M::BITS > T::Mem::BITS {
[INFO] [stdout]     |                                          ^^^^ associated item not found in `<T as BitStore>::Mem`
[INFO] [stdout] 
[INFO] [stdout] 
[INFO] [stdout] error[E0599]: no associated item named `BITS` found for associated type `<T as BitStore>::Mem` in the current scope
[INFO] [stdout]    --> /opt/rustwide/cargo-home/registry/src/github.com-1ecc6299db9ec823/bitvec-0.21.0/src/field.rs:802:25
[INFO] [stdout]     |
[INFO] [stdout] 802 |                         accum <<= T::Mem::BITS;
[INFO] [stdout]     |                                           ^^^^ associated item not found in `<T as BitStore>::Mem`
[INFO] [stdout] 
[INFO] [stdout] 
[INFO] [stdout] error[E0599]: no associated item named `BITS` found for associated type `<T as BitStore>::Mem` in the current scope
[INFO] [stdout]    --> /opt/rustwide/cargo-home/registry/src/github.com-1ecc6299db9ec823/bitvec-0.21.0/src/field.rs:809:27
[INFO] [stdout]     |
[INFO] [stdout] 809 |                     let rshamt = T::Mem::BITS as u8 - shamt;
[INFO] [stdout]     |                                          ^^^^ associated item not found in `<T as BitStore>::Mem`
[INFO] [stdout] 
[INFO] [stdout] 
[INFO] [stdout] error[E0599]: no associated item named `BITS` found for type parameter `M` in the current scope
[INFO] [stdout]    --> /opt/rustwide/cargo-home/registry/src/github.com-1ecc6299db9ec823/bitvec-0.21.0/src/field.rs:810:12
[INFO] [stdout]     |
[INFO] [stdout] 765 |     fn load_le<M>(&self) -> M
[INFO] [stdout]     |                - associated item `BITS` not found for this type parameter
[INFO] [stdout] ...
[INFO] [stdout] 810 |                     if M::BITS as u8 > rshamt {
[INFO] [stdout]     |                           ^^^^ associated item not found in `M`
[INFO] [stdout] 
[INFO] [stdout] 
[INFO] [stdout] error[E0599]: no associated item named `BITS` found for type parameter `M` in the current scope
[INFO] [stdout]    --> /opt/rustwide/cargo-home/registry/src/github.com-1ecc6299db9ec823/bitvec-0.21.0/src/field.rs:886:12
[INFO] [stdout]     |
[INFO] [stdout] 869 |     fn load_be<M>(&self) -> M
[INFO] [stdout]     |                - associated item `BITS` not found for this type parameter
[INFO] [stdout] ...
[INFO] [stdout] 886 |                     if M::BITS > T::Mem::BITS {
[INFO] [stdout]     |                           ^^^^ associated item not found in `M`
[INFO] [stdout] 
[INFO] [stdout] 
[INFO] [stdout] error[E0599]: no associated item named `BITS` found for associated type `<T as BitStore>::Mem` in the current scope
[INFO] [stdout]    --> /opt/rustwide/cargo-home/registry/src/github.com-1ecc6299db9ec823/bitvec-0.21.0/src/field.rs:886:27
[INFO] [stdout]     |
[INFO] [stdout] 886 |                     if M::BITS > T::Mem::BITS {
[INFO] [stdout]     |                                          ^^^^ associated item not found in `<T as BitStore>::Mem`
[INFO] [stdout] 
[INFO] [stdout] 
[INFO] [stdout] error[E0599]: no associated item named `BITS` found for associated type `<T as BitStore>::Mem` in the current scope
[INFO] [stdout]    --> /opt/rustwide/cargo-home/registry/src/github.com-1ecc6299db9ec823/bitvec-0.21.0/src/field.rs:887:25
[INFO] [stdout]     |
[INFO] [stdout] 887 |                         accum <<= T::Mem::BITS;
[INFO] [stdout]     |                                           ^^^^ associated item not found in `<T as BitStore>::Mem`
[INFO] [stdout] 
[INFO] [stdout] 
[INFO] [stdout] error[E0599]: no associated item named `BITS` found for type parameter `M` in the current scope
[INFO] [stdout]    --> /opt/rustwide/cargo-home/registry/src/github.com-1ecc6299db9ec823/bitvec-0.21.0/src/field.rs:894:12
[INFO] [stdout]     |
[INFO] [stdout] 869 |     fn load_be<M>(&self) -> M
[INFO] [stdout]     |                - associated item `BITS` not found for this type parameter
[INFO] [stdout] ...
[INFO] [stdout] 894 |                     if M::BITS as u8 > shamt {
[INFO] [stdout]     |                           ^^^^ associated item not found in `M`
[INFO] [stdout] 
[INFO] [stdout] 
[INFO] [stdout] error[E0308]: mismatched types
[INFO] [stdout]    --> /opt/rustwide/cargo-home/registry/src/github.com-1ecc6299db9ec823/bitvec-0.21.0/src/field.rs:894:25
[INFO] [stdout]     |
[INFO] [stdout] 869 |     fn load_be<M>(&self) -> M
[INFO] [stdout]     |                - this type parameter
[INFO] [stdout] ...
[INFO] [stdout] 894 |                     if M::BITS as u8 > shamt {
[INFO] [stdout]     |                                        ^^^^^ expected type parameter `M`, found `u8`
[INFO] [stdout]     |
[INFO] [stdout]     = note: expected type parameter `M`
[INFO] [stdout]                          found type `u8`
[INFO] [stdout] 
[INFO] [stdout] 
[INFO] [stdout] error[E0599]: no associated item named `BITS` found for associated type `<T as BitStore>::Mem` in the current scope
[INFO] [stdout]    --> /opt/rustwide/cargo-home/registry/src/github.com-1ecc6299db9ec823/bitvec-0.21.0/src/field.rs:945:27
[INFO] [stdout]     |
[INFO] [stdout] 945 |                     let lshamt = T::Mem::BITS as u8 - shamt;
[INFO] [stdout]     |                                          ^^^^ associated item not found in `<T as BitStore>::Mem`
[INFO] [stdout] 
[INFO] [stdout] 
[INFO] [stdout] error[E0599]: no associated item named `BITS` found for type parameter `M` in the current scope
[INFO] [stdout]    --> /opt/rustwide/cargo-home/registry/src/github.com-1ecc6299db9ec823/bitvec-0.21.0/src/field.rs:946:12
[INFO] [stdout]     |
[INFO] [stdout] 933 |     fn store_le<M>(&mut self, mut value: M)
[INFO] [stdout]     |                 - associated item `BITS` not found for this type parameter
[INFO] [stdout] ...
[INFO] [stdout] 946 |                     if M::BITS as u8 > lshamt {
[INFO] [stdout]     |                           ^^^^ associated item not found in `M`
[INFO] [stdout] 
[INFO] [stdout] 
[INFO] [stdout] error[E0599]: no associated item named `BITS` found for type parameter `M` in the current scope
[INFO] [stdout]    --> /opt/rustwide/cargo-home/registry/src/github.com-1ecc6299db9ec823/bitvec-0.21.0/src/field.rs:956:12
[INFO] [stdout]     |
[INFO] [stdout] 933 |     fn store_le<M>(&mut self, mut value: M)
[INFO] [stdout]     |                 - associated item `BITS` not found for this type parameter
[INFO] [stdout] ...
[INFO] [stdout] 956 |                     if M::BITS > T::Mem::BITS {
[INFO] [stdout]     |                           ^^^^ associated item not found in `M`
[INFO] [stdout] 
[INFO] [stdout] 
[INFO] [stdout] error[E0599]: no associated item named `BITS` found for associated type `<T as BitStore>::Mem` in the current scope
[INFO] [stdout]    --> /opt/rustwide/cargo-home/registry/src/github.com-1ecc6299db9ec823/bitvec-0.21.0/src/field.rs:956:27
[INFO] [stdout]     |
[INFO] [stdout] 956 |                     if M::BITS > T::Mem::BITS {
[INFO] [stdout]     |                                          ^^^^ associated item not found in `<T as BitStore>::Mem`
[INFO] [stdout] 
[INFO] [stdout] 
[INFO] [stdout] error[E0599]: no associated item named `BITS` found for associated type `<T as BitStore>::Mem` in the current scope
[INFO] [stdout]    --> /opt/rustwide/cargo-home/registry/src/github.com-1ecc6299db9ec823/bitvec-0.21.0/src/field.rs:957:25
[INFO] [stdout]     |
[INFO] [stdout] 957 |                         value >>= T::Mem::BITS;
[INFO] [stdout]     |                                           ^^^^ associated item not found in `<T as BitStore>::Mem`
[INFO] [stdout] 
[INFO] [stdout] 
[INFO] [stdout] error[E0599]: no associated item named `BITS` found for type parameter `M` in the current scope
[INFO] [stdout]     --> /opt/rustwide/cargo-home/registry/src/github.com-1ecc6299db9ec823/bitvec-0.21.0/src/field.rs:1005:12
[INFO] [stdout]      |
[INFO] [stdout] 993  |     fn store_be<M>(&mut self, mut value: M)
[INFO] [stdout]      |                 - associated item `BITS` not found for this type parameter
[INFO] [stdout] ...
[INFO] [stdout] 1005 |                     if M::BITS as u8 > shamt {
[INFO] [stdout]      |                           ^^^^ associated item not found in `M`
[INFO] [stdout] 
[INFO] [stdout] 
[INFO] [stdout] error[E0308]: mismatched types
[INFO] [stdout]     --> /opt/rustwide/cargo-home/registry/src/github.com-1ecc6299db9ec823/bitvec-0.21.0/src/field.rs:1005:25
[INFO] [stdout]      |
[INFO] [stdout] 993  |     fn store_be<M>(&mut self, mut value: M)
[INFO] [stdout]      |                 - this type parameter
[INFO] [stdout] ...
[INFO] [stdout] 1005 |                     if M::BITS as u8 > shamt {
[INFO] [stdout]      |                                        ^^^^^ expected type parameter `M`, found `u8`
[INFO] [stdout]      |
[INFO] [stdout]      = note: expected type parameter `M`
[INFO] [stdout]                           found type `u8`
[INFO] [stdout] 
[INFO] [stdout] 
[INFO] [stdout] error[E0599]: no associated item named `BITS` found for type parameter `M` in the current scope
[INFO] [stdout]     --> /opt/rustwide/cargo-home/registry/src/github.com-1ecc6299db9ec823/bitvec-0.21.0/src/field.rs:1015:12
[INFO] [stdout]      |
[INFO] [stdout] 993  |     fn store_be<M>(&mut self, mut value: M)
[INFO] [stdout]      |                 - associated item `BITS` not found for this type parameter
[INFO] [stdout] ...
[INFO] [stdout] 1015 |                     if M::BITS > T::Mem::BITS {
[INFO] [stdout]      |                           ^^^^ associated item not found in `M`
[INFO] [stdout] 
[INFO] [stdout] 
[INFO] [stdout] error[E0599]: no associated item named `BITS` found for associated type `<T as BitStore>::Mem` in the current scope
[INFO] [stdout]     --> /opt/rustwide/cargo-home/registry/src/github.com-1ecc6299db9ec823/bitvec-0.21.0/src/field.rs:1015:27
[INFO] [stdout]      |
[INFO] [stdout] 1015 |                     if M::BITS > T::Mem::BITS {
[INFO] [stdout]      |                                          ^^^^ associated item not found in `<T as BitStore>::Mem`
[INFO] [stdout] 
[INFO] [stdout] 
[INFO] [stdout] error[E0599]: no associated item named `BITS` found for associated type `<T as BitStore>::Mem` in the current scope
[INFO] [stdout]     --> /opt/rustwide/cargo-home/registry/src/github.com-1ecc6299db9ec823/bitvec-0.21.0/src/field.rs:1016:25
[INFO] [stdout]      |
[INFO] [stdout] 1016 |                         value >>= T::Mem::BITS;
[INFO] [stdout]      |                                           ^^^^ associated item not found in `<T as BitStore>::Mem`
[INFO] [stdout] 
[INFO] [stdout] 
[INFO] [stdout] error[E0599]: no associated item named `BITS` found for associated type `<T as BitStore>::Mem` in the current scope
[INFO] [stdout]     --> /opt/rustwide/cargo-home/registry/src/github.com-1ecc6299db9ec823/bitvec-0.21.0/src/field.rs:1089:13
[INFO] [stdout]      |
[INFO] [stdout] 1089 |                 T::Mem::BITS as u8 - tail.value(),
[INFO] [stdout]      |                         ^^^^ associated item not found in `<T as BitStore>::Mem`
[INFO] [stdout] 
[INFO] [stdout] 
[INFO] [stdout] error[E0599]: no associated item named `BITS` found for associated type `<T as BitStore>::Mem` in the current scope
[INFO] [stdout]     --> /opt/rustwide/cargo-home/registry/src/github.com-1ecc6299db9ec823/bitvec-0.21.0/src/field.rs:1098:15
[INFO] [stdout]      |
[INFO] [stdout] 1098 |                         T::Mem::BITS as u8 - tail.value(),
[INFO] [stdout]      |                                 ^^^^ associated item not found in `<T as BitStore>::Mem`
[INFO] [stdout] 
[INFO] [stdout] 
[INFO] [stdout] error[E0599]: no associated item named `BITS` found for type parameter `M` in the current scope
[INFO] [stdout]     --> /opt/rustwide/cargo-home/registry/src/github.com-1ecc6299db9ec823/bitvec-0.21.0/src/field.rs:1103:12
[INFO] [stdout]      |
[INFO] [stdout] 1081 |     fn load_le<M>(&self) -> M
[INFO] [stdout]      |                - associated item `BITS` not found for this type parameter
[INFO] [stdout] ...
[INFO] [stdout] 1103 |                     if M::BITS > T::Mem::BITS {
[INFO] [stdout]      |                           ^^^^ associated item not found in `M`
[INFO] [stdout] 
[INFO] [stdout] 
[INFO] [stdout] error[E0599]: no associated item named `BITS` found for associated type `<T as BitStore>::Mem` in the current scope
[INFO] [stdout]     --> /opt/rustwide/cargo-home/registry/src/github.com-1ecc6299db9ec823/bitvec-0.21.0/src/field.rs:1103:27
[INFO] [stdout]      |
[INFO] [stdout] 1103 |                     if M::BITS > T::Mem::BITS {
[INFO] [stdout]      |                                          ^^^^ associated item not found in `<T as BitStore>::Mem`
[INFO] [stdout] 
[INFO] [stdout] 
[INFO] [stdout] error[E0599]: no associated item named `BITS` found for associated type `<T as BitStore>::Mem` in the current scope
[INFO] [stdout]     --> /opt/rustwide/cargo-home/registry/src/github.com-1ecc6299db9ec823/bitvec-0.21.0/src/field.rs:1104:25
[INFO] [stdout]      |
[INFO] [stdout] 1104 |                         accum <<= T::Mem::BITS;
[INFO] [stdout]      |                                           ^^^^ associated item not found in `<T as BitStore>::Mem`
[INFO] [stdout] 
[INFO] [stdout] 
[INFO] [stdout] error[E0599]: no associated item named `BITS` found for associated type `<T as BitStore>::Mem` in the current scope
[INFO] [stdout]     --> /opt/rustwide/cargo-home/registry/src/github.com-1ecc6299db9ec823/bitvec-0.21.0/src/field.rs:1110:26
[INFO] [stdout]      |
[INFO] [stdout] 1110 |                     let shamt = T::Mem::BITS as u8 - head.value();
[INFO] [stdout]      |                                         ^^^^ associated item not found in `<T as BitStore>::Mem`
[INFO] [stdout] 
[INFO] [stdout] 
[INFO] [stdout] error[E0599]: no associated item named `BITS` found for type parameter `M` in the current scope
[INFO] [stdout]     --> /opt/rustwide/cargo-home/registry/src/github.com-1ecc6299db9ec823/bitvec-0.21.0/src/field.rs:1111:12
[INFO] [stdout]      |
[INFO] [stdout] 1081 |     fn load_le<M>(&self) -> M
[INFO] [stdout]      |                - associated item `BITS` not found for this type parameter
[INFO] [stdout] ...
[INFO] [stdout] 1111 |                     if M::BITS as u8 > shamt {
[INFO] [stdout]      |                           ^^^^ associated item not found in `M`
[INFO] [stdout] 
[INFO] [stdout] 
[INFO] [stdout] error[E0599]: no associated item named `BITS` found for associated type `<T as BitStore>::Mem` in the current scope
[INFO] [stdout]     --> /opt/rustwide/cargo-home/registry/src/github.com-1ecc6299db9ec823/bitvec-0.21.0/src/field.rs:1178:13
[INFO] [stdout]      |
[INFO] [stdout] 1178 |                 T::Mem::BITS as u8 - tail.value(),
[INFO] [stdout]      |                         ^^^^ associated item not found in `<T as BitStore>::Mem`
[INFO] [stdout] 
[INFO] [stdout] 
[INFO] [stdout] error[E0599]: no associated item named `BITS` found for type parameter `M` in the current scope
[INFO] [stdout]     --> /opt/rustwide/cargo-home/registry/src/github.com-1ecc6299db9ec823/bitvec-0.21.0/src/field.rs:1188:12
[INFO] [stdout]      |
[INFO] [stdout] 1170 |     fn load_be<M>(&self) -> M
[INFO] [stdout]      |                - associated item `BITS` not found for this type parameter
[INFO] [stdout] ...
[INFO] [stdout] 1188 |                     if M::BITS > T::Mem::BITS {
[INFO] [stdout]      |                           ^^^^ associated item not found in `M`
[INFO] [stdout] 
[INFO] [stdout] 
[INFO] [stdout] error[E0599]: no associated item named `BITS` found for associated type `<T as BitStore>::Mem` in the current scope
[INFO] [stdout]     --> /opt/rustwide/cargo-home/registry/src/github.com-1ecc6299db9ec823/bitvec-0.21.0/src/field.rs:1188:27
[INFO] [stdout]      |
[INFO] [stdout] 1188 |                     if M::BITS > T::Mem::BITS {
[INFO] [stdout]      |                                          ^^^^ associated item not found in `<T as BitStore>::Mem`
[INFO] [stdout] 
[INFO] [stdout] 
[INFO] [stdout] error[E0599]: no associated item named `BITS` found for associated type `<T as BitStore>::Mem` in the current scope
[INFO] [stdout]     --> /opt/rustwide/cargo-home/registry/src/github.com-1ecc6299db9ec823/bitvec-0.21.0/src/field.rs:1189:25
[INFO] [stdout]      |
[INFO] [stdout] 1189 |                         accum <<= T::Mem::BITS;
[INFO] [stdout]      |                                           ^^^^ associated item not found in `<T as BitStore>::Mem`
[INFO] [stdout] 
[INFO] [stdout] 
[INFO] [stdout] error[E0599]: no associated item named `BITS` found for type parameter `M` in the current scope
[INFO] [stdout]     --> /opt/rustwide/cargo-home/registry/src/github.com-1ecc6299db9ec823/bitvec-0.21.0/src/field.rs:1196:12
[INFO] [stdout]      |
[INFO] [stdout] 1170 |     fn load_be<M>(&self) -> M
[INFO] [stdout]      |                - associated item `BITS` not found for this type parameter
[INFO] [stdout] ...
[INFO] [stdout] 1196 |                     if M::BITS as u8 > shamt {
[INFO] [stdout]      |                           ^^^^ associated item not found in `M`
[INFO] [stdout] 
[INFO] [stdout] 
[INFO] [stdout] error[E0308]: mismatched types
[INFO] [stdout]     --> /opt/rustwide/cargo-home/registry/src/github.com-1ecc6299db9ec823/bitvec-0.21.0/src/field.rs:1196:25
[INFO] [stdout]      |
[INFO] [stdout] 1170 |     fn load_be<M>(&self) -> M
[INFO] [stdout]      |                - this type parameter
[INFO] [stdout] ...
[INFO] [stdout] 1196 |                     if M::BITS as u8 > shamt {
[INFO] [stdout]      |                                        ^^^^^ expected type parameter `M`, found `u8`
[INFO] [stdout]      |
[INFO] [stdout]      = note: expected type parameter `M`
[INFO] [stdout]                           found type `u8`
[INFO] [stdout] 
[INFO] [stdout] 
[INFO] [stdout] error[E0599]: no associated item named `BITS` found for associated type `<T as BitStore>::Mem` in the current scope
[INFO] [stdout]     --> /opt/rustwide/cargo-home/registry/src/github.com-1ecc6299db9ec823/bitvec-0.21.0/src/field.rs:1205:15
[INFO] [stdout]      |
[INFO] [stdout] 1205 |                         T::Mem::BITS as u8 - shamt,
[INFO] [stdout]      |                                 ^^^^ associated item not found in `<T as BitStore>::Mem`
[INFO] [stdout] 
[INFO] [stdout] 
[INFO] [stdout] error[E0599]: no associated item named `BITS` found for associated type `<T as BitStore>::Mem` in the current scope
[INFO] [stdout]     --> /opt/rustwide/cargo-home/registry/src/github.com-1ecc6299db9ec823/bitvec-0.21.0/src/field.rs:1248:13
[INFO] [stdout]      |
[INFO] [stdout] 1248 |                 T::Mem::BITS as u8 - tail.value(),
[INFO] [stdout]      |                         ^^^^ associated item not found in `<T as BitStore>::Mem`
[INFO] [stdout] 
[INFO] [stdout] 
[INFO] [stdout] error[E0599]: no associated item named `BITS` found for associated type `<T as BitStore>::Mem` in the current scope
[INFO] [stdout]     --> /opt/rustwide/cargo-home/registry/src/github.com-1ecc6299db9ec823/bitvec-0.21.0/src/field.rs:1253:26
[INFO] [stdout]      |
[INFO] [stdout] 1253 |                     let shamt = T::Mem::BITS as u8 - head.value();
[INFO] [stdout]      |                                         ^^^^ associated item not found in `<T as BitStore>::Mem`
[INFO] [stdout] 
[INFO] [stdout] 
[INFO] [stdout] error[E0599]: no associated item named `BITS` found for type parameter `M` in the current scope
[INFO] [stdout]     --> /opt/rustwide/cargo-home/registry/src/github.com-1ecc6299db9ec823/bitvec-0.21.0/src/field.rs:1254:12
[INFO] [stdout]      |
[INFO] [stdout] 1239 |     fn store_le<M>(&mut self, mut value: M)
[INFO] [stdout]      |                 - associated item `BITS` not found for this type parameter
[INFO] [stdout] ...
[INFO] [stdout] 1254 |                     if M::BITS as u8 > shamt {
[INFO] [stdout]      |                           ^^^^ associated item not found in `M`
[INFO] [stdout] 
[INFO] [stdout] 
[INFO] [stdout] error[E0599]: no associated item named `BITS` found for type parameter `M` in the current scope
[INFO] [stdout]     --> /opt/rustwide/cargo-home/registry/src/github.com-1ecc6299db9ec823/bitvec-0.21.0/src/field.rs:1264:12
[INFO] [stdout]      |
[INFO] [stdout] 1239 |     fn store_le<M>(&mut self, mut value: M)
[INFO] [stdout]      |                 - associated item `BITS` not found for this type parameter
[INFO] [stdout] ...
[INFO] [stdout] 1264 |                     if M::BITS > T::Mem::BITS {
[INFO] [stdout]      |                           ^^^^ associated item not found in `M`
[INFO] [stdout] 
[INFO] [stdout] 
[INFO] [stdout] error[E0599]: no associated item named `BITS` found for associated type `<T as BitStore>::Mem` in the current scope
[INFO] [stdout]     --> /opt/rustwide/cargo-home/registry/src/github.com-1ecc6299db9ec823/bitvec-0.21.0/src/field.rs:1264:27
[INFO] [stdout]      |
[INFO] [stdout] 1264 |                     if M::BITS > T::Mem::BITS {
[INFO] [stdout]      |                                          ^^^^ associated item not found in `<T as BitStore>::Mem`
[INFO] [stdout] 
[INFO] [stdout] 
[INFO] [stdout] error[E0599]: no associated item named `BITS` found for associated type `<T as BitStore>::Mem` in the current scope
[INFO] [stdout]     --> /opt/rustwide/cargo-home/registry/src/github.com-1ecc6299db9ec823/bitvec-0.21.0/src/field.rs:1265:25
[INFO] [stdout]      |
[INFO] [stdout] 1265 |                         value >>= T::Mem::BITS;
[INFO] [stdout]      |                                           ^^^^ associated item not found in `<T as BitStore>::Mem`
[INFO] [stdout] 
[INFO] [stdout] 
[INFO] [stdout] error[E0599]: no associated item named `BITS` found for associated type `<T as BitStore>::Mem` in the current scope
[INFO] [stdout]     --> /opt/rustwide/cargo-home/registry/src/github.com-1ecc6299db9ec823/bitvec-0.21.0/src/field.rs:1274:15
[INFO] [stdout]      |
[INFO] [stdout] 1274 |                         T::Mem::BITS as u8 - tail.value(),
[INFO] [stdout]      |                                 ^^^^ associated item not found in `<T as BitStore>::Mem`
[INFO] [stdout] 
[INFO] [stdout] 
[INFO] [stdout] error[E0599]: no associated item named `BITS` found for associated type `<T as BitStore>::Mem` in the current scope
[INFO] [stdout]     --> /opt/rustwide/cargo-home/registry/src/github.com-1ecc6299db9ec823/bitvec-0.21.0/src/field.rs:1315:13
[INFO] [stdout]      |
[INFO] [stdout] 1315 |                 T::Mem::BITS as u8 - tail.value(),
[INFO] [stdout]      |                         ^^^^ associated item not found in `<T as BitStore>::Mem`
[INFO] [stdout] 
[INFO] [stdout] 
[INFO] [stdout] error[E0599]: no associated item named `BITS` found for associated type `<T as BitStore>::Mem` in the current scope
[INFO] [stdout]     --> /opt/rustwide/cargo-home/registry/src/github.com-1ecc6299db9ec823/bitvec-0.21.0/src/field.rs:1323:15
[INFO] [stdout]      |
[INFO] [stdout] 1323 |                         T::Mem::BITS as u8 - tail.value(),
[INFO] [stdout]      |                                 ^^^^ associated item not found in `<T as BitStore>::Mem`
[INFO] [stdout] 
[INFO] [stdout] 
[INFO] [stdout] error[E0599]: no associated item named `BITS` found for type parameter `M` in the current scope
[INFO] [stdout]     --> /opt/rustwide/cargo-home/registry/src/github.com-1ecc6299db9ec823/bitvec-0.21.0/src/field.rs:1325:12
[INFO] [stdout]      |
[INFO] [stdout] 1306 |     fn store_be<M>(&mut self, mut value: M)
[INFO] [stdout]      |                 - associated item `BITS` not found for this type parameter
[INFO] [stdout] ...
[INFO] [stdout] 1325 |                     if M::BITS as u8 > tail.value() {
[INFO] [stdout]      |                           ^^^^ associated item not found in `M`
[INFO] [stdout] 
[INFO] [stdout] 
[INFO] [stdout] error[E0308]: mismatched types
[INFO] [stdout]     --> /opt/rustwide/cargo-home/registry/src/github.com-1ecc6299db9ec823/bitvec-0.21.0/src/field.rs:1325:25
[INFO] [stdout]      |
[INFO] [stdout] 1306 |     fn store_be<M>(&mut self, mut value: M)
[INFO] [stdout]      |                 - this type parameter
[INFO] [stdout] ...
[INFO] [stdout] 1325 |                     if M::BITS as u8 > tail.value() {
[INFO] [stdout]      |                                        ^^^^^^^^^^^^ expected type parameter `M`, found `u8`
[INFO] [stdout]      |
[INFO] [stdout]      = note: expected type parameter `M`
[INFO] [stdout]                           found type `u8`
[INFO] [stdout] 
[INFO] [stdout] 
[INFO] [stdout] error[E0599]: no associated item named `BITS` found for type parameter `M` in the current scope
[INFO] [stdout]     --> /opt/rustwide/cargo-home/registry/src/github.com-1ecc6299db9ec823/bitvec-0.21.0/src/field.rs:1335:12
[INFO] [stdout]      |
[INFO] [stdout] 1306 |     fn store_be<M>(&mut self, mut value: M)
[INFO] [stdout]      |                 - associated item `BITS` not found for this type parameter
[INFO] [stdout] ...
[INFO] [stdout] 1335 |                     if M::BITS > T::Mem::BITS {
[INFO] [stdout]      |                           ^^^^ associated item not found in `M`
[INFO] [stdout] 
[INFO] [stdout] 
[INFO] [stdout] error[E0599]: no associated item named `BITS` found for associated type `<T as BitStore>::Mem` in the current scope
[INFO] [stdout]     --> /opt/rustwide/cargo-home/registry/src/github.com-1ecc6299db9ec823/bitvec-0.21.0/src/field.rs:1335:27
[INFO] [stdout]      |
[INFO] [stdout] 1335 |                     if M::BITS > T::Mem::BITS {
[INFO] [stdout]      |                                          ^^^^ associated item not found in `<T as BitStore>::Mem`
[INFO] [stdout] 
[INFO] [stdout] 
[INFO] [stdout] error[E0599]: no associated item named `BITS` found for associated type `<T as BitStore>::Mem` in the current scope
[INFO] [stdout]     --> /opt/rustwide/cargo-home/registry/src/github.com-1ecc6299db9ec823/bitvec-0.21.0/src/field.rs:1336:25
[INFO] [stdout]      |
[INFO] [stdout] 1336 |                         value >>= T::Mem::BITS;
[INFO] [stdout]      |                                           ^^^^ associated item not found in `<T as BitStore>::Mem`
[INFO] [stdout] 
[INFO] [stdout] 
[INFO] [stdout] error[E0599]: no associated item named `BITS` found for type parameter `M` in the current scope
[INFO] [stdout]     --> /opt/rustwide/cargo-home/registry/src/github.com-1ecc6299db9ec823/bitvec-0.21.0/src/field.rs:1440:16
[INFO] [stdout]      |
[INFO] [stdout] 1438 | fn check<M>(action: &'static str, len: usize)
[INFO] [stdout]      |          - associated item `BITS` not found for this type parameter
[INFO] [stdout] 1439 | where M: BitMemory {
[INFO] [stdout] 1440 |     if !(1 ..= M::BITS as usize).contains(&len) {
[INFO] [stdout]      |                   ^^^^ associated item not found in `M`
[INFO] [stdout] 
[INFO] [stdout] 
[INFO] [stdout] error[E0599]: no associated item named `BITS` found for type parameter `M` in the current scope
[INFO] [stdout]     --> /opt/rustwide/cargo-home/registry/src/github.com-1ecc6299db9ec823/bitvec-0.21.0/src/field.rs:1444:7
[INFO] [stdout]      |
[INFO] [stdout] 1438 | fn check<M>(action: &'static str, len: usize)
[INFO] [stdout]      |          - associated item `BITS` not found for this type parameter
[INFO] [stdout] ...
[INFO] [stdout] 1444 |             M::BITS,
[INFO] [stdout]      |                ^^^^ associated item not found in `M`
[INFO] [stdout] 
[INFO] [stdout] 
[INFO] [stdout] error[E0599]: no associated item named `BITS` found for type parameter `R` in the current scope
[INFO] [stdout]    --> /opt/rustwide/cargo-home/registry/src/github.com-1ecc6299db9ec823/bitvec-0.21.0/src/index.rs:144:18
[INFO] [stdout]     |
[INFO] [stdout] 115 | impl<R> BitIdx<R>
[INFO] [stdout]     |      - associated item `BITS` not found for this type parameter
[INFO] [stdout] ...
[INFO] [stdout] 144 |         if value >= R::BITS as u8 {
[INFO] [stdout]     |                        ^^^^ associated item not found in `R`
[INFO] [stdout] 
[INFO] [stdout] 
[INFO] [stdout] error[E0599]: no associated item named `BITS` found for type parameter `R` in the current scope
[INFO] [stdout]    --> /opt/rustwide/cargo-home/registry/src/github.com-1ecc6299db9ec823/bitvec-0.21.0/src/index.rs:171:15
[INFO] [stdout]     |
[INFO] [stdout] 115 | impl<R> BitIdx<R>
[INFO] [stdout]     |      - associated item `BITS` not found for this type parameter
[INFO] [stdout] ...
[INFO] [stdout] 171 |             value < R::BITS as u8,
[INFO] [stdout]     |                        ^^^^ associated item not found in `R`
[INFO] [stdout] 
[INFO] [stdout] 
[INFO] [stdout] error[E0599]: no associated item named `BITS` found for type parameter `R` in the current scope
[INFO] [stdout]    --> /opt/rustwide/cargo-home/registry/src/github.com-1ecc6299db9ec823/bitvec-0.21.0/src/index.rs:174:7
[INFO] [stdout]     |
[INFO] [stdout] 115 | impl<R> BitIdx<R>
[INFO] [stdout]     |      - associated item `BITS` not found for this type parameter
[INFO] [stdout] ...
[INFO] [stdout] 174 |             R::BITS,
[INFO] [stdout]     |                ^^^^ associated item not found in `R`
[INFO] [stdout] 
[INFO] [stdout] 
[INFO] [stdout] error[E0599]: no associated item named `BITS` found for type parameter `R` in the current scope
[INFO] [stdout]    --> /opt/rustwide/cargo-home/registry/src/github.com-1ecc6299db9ec823/bitvec-0.21.0/src/index.rs:212:15
[INFO] [stdout]     |
[INFO] [stdout] 115 | impl<R> BitIdx<R>
[INFO] [stdout]     |      - associated item `BITS` not found for this type parameter
[INFO] [stdout] ...
[INFO] [stdout] 212 |             next == R::BITS as u8,
[INFO] [stdout]     |                        ^^^^ associated item not found in `R`
[INFO] [stdout] 
[INFO] [stdout] 
[INFO] [stdout] error[E0599]: no associated item named `BITS` found for type parameter `R` in the current scope
[INFO] [stdout]    --> /opt/rustwide/cargo-home/registry/src/github.com-1ecc6299db9ec823/bitvec-0.21.0/src/index.rs:358:16
[INFO] [stdout]     |
[INFO] [stdout] 115 | impl<R> BitIdx<R>
[INFO] [stdout]     |      - associated item `BITS` not found for this type parameter
[INFO] [stdout] ...
[INFO] [stdout] 358 |             if (0 .. R::BITS as isize).contains(&far) {
[INFO] [stdout]     |                         ^^^^ associated item not found in `R`
[INFO] [stdout] 
[INFO] [stdout] 
[INFO] [stdout] error[E0599]: no associated item named `BITS` found for type parameter `R` in the current scope
[INFO] [stdout]    --> /opt/rustwide/cargo-home/registry/src/github.com-1ecc6299db9ec823/bitvec-0.21.0/src/index.rs:483:16
[INFO] [stdout]     |
[INFO] [stdout] 464 | impl<R> BitIdxError<R>
[INFO] [stdout]     |      - associated item `BITS` not found for this type parameter
[INFO] [stdout] ...
[INFO] [stdout] 483 |             value >= R::BITS as u8,
[INFO] [stdout]     |                         ^^^^ associated item not found in `R`
[INFO] [stdout] 
[INFO] [stdout] 
[INFO] [stdout] error[E0599]: no associated item named `BITS` found for type parameter `R` in the current scope
[INFO] [stdout]    --> /opt/rustwide/cargo-home/registry/src/github.com-1ecc6299db9ec823/bitvec-0.21.0/src/index.rs:486:7
[INFO] [stdout]     |
[INFO] [stdout] 464 | impl<R> BitIdxError<R>
[INFO] [stdout]     |      - associated item `BITS` not found for this type parameter
[INFO] [stdout] ...
[INFO] [stdout] 486 |             R::BITS
[INFO] [stdout]     |                ^^^^ associated item not found in `R`
[INFO] [stdout] 
[INFO] [stdout] 
[INFO] [stdout] error[E0599]: no associated item named `BITS` found for type parameter `R` in the current scope
[INFO] [stdout]    --> /opt/rustwide/cargo-home/registry/src/github.com-1ecc6299db9ec823/bitvec-0.21.0/src/index.rs:519:7
[INFO] [stdout]     |
[INFO] [stdout] 510 | impl<R> Display for BitIdxError<R>
[INFO] [stdout]     |      - associated item `BITS` not found for this type parameter
[INFO] [stdout] ...
[INFO] [stdout] 519 |             R::BITS
[INFO] [stdout]     |                ^^^^ associated item not found in `R`
[INFO] [stdout] 
[INFO] [stdout] 
[INFO] [stdout] error[E0599]: no associated item named `BITS` found for type parameter `R` in the current scope
[INFO] [stdout]    --> /opt/rustwide/cargo-home/registry/src/github.com-1ecc6299db9ec823/bitvec-0.21.0/src/index.rs:580:11
[INFO] [stdout]     |
[INFO] [stdout] 575 | impl<R> BitTail<R>
[INFO] [stdout]     |      - associated item `BITS` not found for this type parameter
[INFO] [stdout] ...
[INFO] [stdout] 580 |         end: R::BITS as u8,
[INFO] [stdout]     |                 ^^^^ associated item not found in `R`
[INFO] [stdout] 
[INFO] [stdout] 
[INFO] [stdout] error[E0599]: no associated item named `BITS` found for type parameter `R` in the current scope
[INFO] [stdout]    --> /opt/rustwide/cargo-home/registry/src/github.com-1ecc6299db9ec823/bitvec-0.21.0/src/index.rs:604:17
[INFO] [stdout]     |
[INFO] [stdout] 575 | impl<R> BitTail<R>
[INFO] [stdout]     |      - associated item `BITS` not found for this type parameter
[INFO] [stdout] ...
[INFO] [stdout] 604 |         if value > R::BITS as u8 {
[INFO] [stdout]     |                       ^^^^ associated item not found in `R`
[INFO] [stdout] 
[INFO] [stdout] 
[INFO] [stdout] error[E0599]: no associated item named `BITS` found for type parameter `R` in the current scope
[INFO] [stdout]    --> /opt/rustwide/cargo-home/registry/src/github.com-1ecc6299db9ec823/bitvec-0.21.0/src/index.rs:631:16
[INFO] [stdout]     |
[INFO] [stdout] 575 | impl<R> BitTail<R>
[INFO] [stdout]     |      - associated item `BITS` not found for this type parameter
[INFO] [stdout] ...
[INFO] [stdout] 631 |             value <= R::BITS as u8,
[INFO] [stdout]     |                         ^^^^ associated item not found in `R`
[INFO] [stdout] 
[INFO] [stdout] 
[INFO] [stdout] error[E0599]: no associated item named `BITS` found for type parameter `R` in the current scope
[INFO] [stdout]    --> /opt/rustwide/cargo-home/registry/src/github.com-1ecc6299db9ec823/bitvec-0.21.0/src/index.rs:634:7
[INFO] [stdout]     |
[INFO] [stdout] 575 | impl<R> BitTail<R>
[INFO] [stdout]     |      - associated item `BITS` not found for this type parameter
[INFO] [stdout] ...
[INFO] [stdout] 634 |             R::BITS,
[INFO] [stdout]     |                ^^^^ associated item not found in `R`
[INFO] [stdout] 
[INFO] [stdout] 
[INFO] [stdout] error[E0599]: no associated item named `BITS` found for type parameter `R` in the current scope
[INFO] [stdout]    --> /opt/rustwide/cargo-home/registry/src/github.com-1ecc6299db9ec823/bitvec-0.21.0/src/index.rs:712:26
[INFO] [stdout]     |
[INFO] [stdout] 575 | impl<R> BitTail<R>
[INFO] [stdout]     |      - associated item `BITS` not found for this type parameter
[INFO] [stdout] ...
[INFO] [stdout] 712 |         let bits_in_head = (R::BITS as u8 - head) as usize;
[INFO] [stdout]     |                                ^^^^ associated item not found in `R`
[INFO] [stdout] 
[INFO] [stdout] 
[INFO] [stdout] error[E0599]: no associated item named `BITS` found for type parameter `R` in the current scope
[INFO] [stdout]    --> /opt/rustwide/cargo-home/registry/src/github.com-1ecc6299db9ec823/bitvec-0.21.0/src/index.rs:813:18
[INFO] [stdout]     |
[INFO] [stdout] 798 | impl<R> BitPos<R>
[INFO] [stdout]     |      - associated item `BITS` not found for this type parameter
[INFO] [stdout] ...
[INFO] [stdout] 813 |         if value >= R::BITS as u8 {
[INFO] [stdout]     |                        ^^^^ associated item not found in `R`
[INFO] [stdout] 
[INFO] [stdout] 
[INFO] [stdout] error[E0599]: no associated item named `BITS` found for type parameter `R` in the current scope
[INFO] [stdout]    --> /opt/rustwide/cargo-home/registry/src/github.com-1ecc6299db9ec823/bitvec-0.21.0/src/index.rs:838:15
[INFO] [stdout]     |
[INFO] [stdout] 798 | impl<R> BitPos<R>
[INFO] [stdout]     |      - associated item `BITS` not found for this type parameter
[INFO] [stdout] ...
[INFO] [stdout] 838 |             value < R::BITS as u8,
[INFO] [stdout]     |                        ^^^^ associated item not found in `R`
[INFO] [stdout] 
[INFO] [stdout] 
[INFO] [stdout] error[E0599]: no associated item named `BITS` found for type parameter `R` in the current scope
[INFO] [stdout]    --> /opt/rustwide/cargo-home/registry/src/github.com-1ecc6299db9ec823/bitvec-0.21.0/src/index.rs:841:7
[INFO] [stdout]     |
[INFO] [stdout] 798 | impl<R> BitPos<R>
[INFO] [stdout]     |      - associated item `BITS` not found for this type parameter
[INFO] [stdout] ...
[INFO] [stdout] 841 |             R::BITS,
[INFO] [stdout]     |                ^^^^ associated item not found in `R`
[INFO] [stdout] 
[INFO] [stdout] 
[INFO] [stdout] error[E0599]: no associated item named `BITS` found for type parameter `R` in the current scope
[INFO] [stdout]    --> /opt/rustwide/cargo-home/registry/src/github.com-1ecc6299db9ec823/bitvec-0.21.0/src/index.rs:997:7
[INFO] [stdout]     |
[INFO] [stdout] 948 | impl<R> BitSel<R>
[INFO] [stdout]     |      - associated item `BITS` not found for this type parameter
[INFO] [stdout] ...
[INFO] [stdout] 997 |             R::BITS as usize,
[INFO] [stdout]     |                ^^^^ associated item not found in `R`
[INFO] [stdout] 
[INFO] [stdout] 
[INFO] [stdout] error[E0599]: no associated item named `BITS` found for type parameter `R` in the current scope
[INFO] [stdout]     --> /opt/rustwide/cargo-home/registry/src/github.com-1ecc6299db9ec823/bitvec-0.21.0/src/index.rs:1028:40
[INFO] [stdout]      |
[INFO] [stdout] 1024 | impl<R> Binary for BitSel<R>
[INFO] [stdout]      |      - associated item `BITS` not found for this type parameter
[INFO] [stdout] ...
[INFO] [stdout] 1028 |         write!(fmt, "{:0>1$b}", self.sel, R::BITS as usize)
[INFO] [stdout]      |                                              ^^^^ associated item not found in `R`
[INFO] [stdout] 
[INFO] [stdout] 
[INFO] [stdout] error[E0599]: no associated item named `BITS` found for type parameter `R` in the current scope
[INFO] [stdout]     --> /opt/rustwide/cargo-home/registry/src/github.com-1ecc6299db9ec823/bitvec-0.21.0/src/index.rs:1168:41
[INFO] [stdout]      |
[INFO] [stdout] 1164 | impl<R> Binary for BitMask<R>
[INFO] [stdout]      |      - associated item `BITS` not found for this type parameter
[INFO] [stdout] ...
[INFO] [stdout] 1168 |         write!(fmt, "{:0>1$b}", self.mask, R::BITS as usize)
[INFO] [stdout]      |                                               ^^^^ associated item not found in `R`
[INFO] [stdout] 
[INFO] [stdout] 
[INFO] [stdout] error[E0599]: no associated item named `BITS` found for type parameter `Self` in the current scope
[INFO] [stdout]   --> /opt/rustwide/cargo-home/registry/src/github.com-1ecc6299db9ec823/bitvec-0.21.0/src/mem.rs:35:25
[INFO] [stdout]    |
[INFO] [stdout] 33 | pub trait BitMemory: IsUnsigned + seal::Sealed {
[INFO] [stdout]    | ---------------------------------------------- associated item `BITS` not found for this type parameter
[INFO] [stdout] 34 |     /// The number of bits required to store an index in the range `0 .. BITS`.
[INFO] [stdout] 35 |     const INDX: u8 = Self::BITS.trailing_zeros() as u8;
[INFO] [stdout]    |                            ^^^^ associated item not found in `Self`
[INFO] [stdout] 
[INFO] [stdout] 
[INFO] [stdout] error[E0599]: no associated item named `BITS` found for type parameter `Self` in the current scope
[INFO] [stdout]   --> /opt/rustwide/cargo-home/registry/src/github.com-1ecc6299db9ec823/bitvec-0.21.0/src/mem.rs:39:25
[INFO] [stdout]    |
[INFO] [stdout] 33 | pub trait BitMemory: IsUnsigned + seal::Sealed {
[INFO] [stdout]    | ---------------------------------------------- associated item `BITS` not found for this type parameter
[INFO] [stdout] ...
[INFO] [stdout] 39 |     const MASK: u8 = Self::BITS as u8 - 1;
[INFO] [stdout]    |                            ^^^^ associated item not found in `Self`
[INFO] [stdout] 
[INFO] [stdout] 
[INFO] [stdout] error[E0599]: no associated item named `BITS` found for type parameter `R` in the current scope
[INFO] [stdout]    --> /opt/rustwide/cargo-home/registry/src/github.com-1ecc6299db9ec823/bitvec-0.21.0/src/order.rs:291:15
[INFO] [stdout]     |
[INFO] [stdout] 275 |     fn mask<R>(
[INFO] [stdout]     |             - associated item `BITS` not found for this type parameter
[INFO] [stdout] ...
[INFO] [stdout] 291 |         if ct == R::BITS as u8 {
[INFO] [stdout]     |                     ^^^^ associated item not found in `R`
[INFO] [stdout] 
[INFO] [stdout] 
[INFO] [stdout] error[E0599]: no associated item named `BITS` found for type parameter `R` in the current scope
[INFO] [stdout]    --> /opt/rustwide/cargo-home/registry/src/github.com-1ecc6299db9ec823/bitvec-0.21.0/src/order.rs:339:15
[INFO] [stdout]     |
[INFO] [stdout] 323 |     fn mask<R>(
[INFO] [stdout]     |             - associated item `BITS` not found for this type parameter
[INFO] [stdout] ...
[INFO] [stdout] 339 |         if ct == R::BITS as u8 {
[INFO] [stdout]     |                     ^^^^ associated item not found in `R`
[INFO] [stdout] 
[INFO] [stdout] 
[INFO] [stdout] error[E0599]: no associated item named `BITS` found for type parameter `R` in the current scope
[INFO] [stdout]    --> /opt/rustwide/cargo-home/registry/src/github.com-1ecc6299db9ec823/bitvec-0.21.0/src/order.rs:449:19
[INFO] [stdout]     |
[INFO] [stdout] 438 | pub fn verify_for_type<O, R>(verbose: bool)
[INFO] [stdout]     |                           - associated item `BITS` not found for this type parameter
[INFO] [stdout] ...
[INFO] [stdout] 449 |     for n in 0 .. R::BITS as u8 {
[INFO] [stdout]     |                      ^^^^ associated item not found in `R`
[INFO] [stdout] 
[INFO] [stdout] 
[INFO] [stdout] error[E0599]: no associated item named `BITS` found for type parameter `R` in the current scope
[INFO] [stdout]    --> /opt/rustwide/cargo-home/registry/src/github.com-1ecc6299db9ec823/bitvec-0.21.0/src/order.rs:468:21
[INFO] [stdout]     |
[INFO] [stdout] 438 | pub fn verify_for_type<O, R>(verbose: bool)
[INFO] [stdout]     |                           - associated item `BITS` not found for this type parameter
[INFO] [stdout] ...
[INFO] [stdout] 468 |             pos.value() < R::BITS as u8,
[INFO] [stdout]     |                              ^^^^ associated item not found in `R`
[INFO] [stdout] 
[INFO] [stdout] 
[INFO] [stdout] error[E0599]: no associated item named `BITS` found for type parameter `R` in the current scope
[INFO] [stdout]    --> /opt/rustwide/cargo-home/registry/src/github.com-1ecc6299db9ec823/bitvec-0.21.0/src/order.rs:475:7
[INFO] [stdout]     |
[INFO] [stdout] 438 | pub fn verify_for_type<O, R>(verbose: bool)
[INFO] [stdout]     |                           - associated item `BITS` not found for this type parameter
[INFO] [stdout] ...
[INFO] [stdout] 475 |             R::BITS,
[INFO] [stdout]     |                ^^^^ associated item not found in `R`
[INFO] [stdout] 
[INFO] [stdout] 
[INFO] [stdout] error[E0599]: no associated item named `BITS` found for associated type `<T as BitStore>::Mem` in the current scope
[INFO] [stdout]    --> /opt/rustwide/cargo-home/registry/src/github.com-1ecc6299db9ec823/bitvec-0.21.0/src/ptr/span.rs:473:26
[INFO] [stdout]     |
[INFO] [stdout] 473 |                 let t_bits = T::Mem::BITS as usize;
[INFO] [stdout]     |                                      ^^^^ associated item not found in `<T as BitStore>::Mem`
[INFO] [stdout] 
[INFO] [stdout] 
[INFO] [stdout] error[E0599]: no associated item named `BITS` found for associated type `<U as BitStore>::Mem` in the current scope
[INFO] [stdout]    --> /opt/rustwide/cargo-home/registry/src/github.com-1ecc6299db9ec823/bitvec-0.21.0/src/ptr/span.rs:474:26
[INFO] [stdout]     |
[INFO] [stdout] 474 |                 let u_bits = U::Mem::BITS as usize;
[INFO] [stdout]     |                                      ^^^^ associated item not found in `<U as BitStore>::Mem`
[INFO] [stdout] 
[INFO] [stdout] 
[INFO] [stdout] error[E0599]: no associated item named `BITS` found for associated type `<T1 as BitStore>::Mem` in the current scope
[INFO] [stdout]     --> /opt/rustwide/cargo-home/registry/src/github.com-1ecc6299db9ec823/bitvec-0.21.0/src/ptr/span.rs:1012:12
[INFO] [stdout]      |
[INFO] [stdout] 1012 |         T1::Mem::BITS == T2::Mem::BITS
[INFO] [stdout]      |                  ^^^^ associated item not found in `<T1 as BitStore>::Mem`
[INFO] [stdout] 
[INFO] [stdout] 
[INFO] [stdout] error[E0599]: no associated item named `BITS` found for associated type `<T2 as BitStore>::Mem` in the current scope
[INFO] [stdout]     --> /opt/rustwide/cargo-home/registry/src/github.com-1ecc6299db9ec823/bitvec-0.21.0/src/ptr/span.rs:1012:29
[INFO] [stdout]      |
[INFO] [stdout] 1012 |         T1::Mem::BITS == T2::Mem::BITS
[INFO] [stdout]      |                                   ^^^^ associated item not found in `<T2 as BitStore>::Mem`
[INFO] [stdout] 
[INFO] [stdout] 
[INFO] [stdout] error[E0599]: no associated item named `BITS` found for associated type `<T as BitStore>::Mem` in the current scope
[INFO] [stdout]    --> /opt/rustwide/cargo-home/registry/src/github.com-1ecc6299db9ec823/bitvec-0.21.0/src/slice.rs:487:58
[INFO] [stdout]     |
[INFO] [stdout] 487 |         unsafe { BitPtr::from_ref(elem).span_unchecked(T::Mem::BITS as usize) }
[INFO] [stdout]     |                                                                ^^^^ associated item not found in `<T as BitStore>::Mem`
[INFO] [stdout] 
[INFO] [stdout] 
[INFO] [stdout] error[E0599]: no associated item named `BITS` found for associated type `<T as BitStore>::Mem` in the current scope
[INFO] [stdout]    --> /opt/rustwide/cargo-home/registry/src/github.com-1ecc6299db9ec823/bitvec-0.21.0/src/slice.rs:524:58
[INFO] [stdout]     |
[INFO] [stdout] 524 |         unsafe { BitPtr::from_mut(elem).span_unchecked(T::Mem::BITS as usize) }
[INFO] [stdout]     |                                                                ^^^^ associated item not found in `<T as BitStore>::Mem`
[INFO] [stdout] 
[INFO] [stdout] 
[INFO] [stdout] error[E0599]: no associated item named `BITS` found for associated type `<T as BitStore>::Mem` in the current scope
[INFO] [stdout]    --> /opt/rustwide/cargo-home/registry/src/github.com-1ecc6299db9ec823/bitvec-0.21.0/src/slice.rs:572:33
[INFO] [stdout]     |
[INFO] [stdout] 572 |                 elts.saturating_mul(T::Mem::BITS as usize),
[INFO] [stdout]     |                                             ^^^^ associated item not found in `<T as BitStore>::Mem`
[INFO] [stdout] 
[INFO] [stdout] 
[INFO] [stdout] error[E0599]: no associated item named `BITS` found for associated type `<T as BitStore>::Mem` in the current scope
[INFO] [stdout]    --> /opt/rustwide/cargo-home/registry/src/github.com-1ecc6299db9ec823/bitvec-0.21.0/src/slice.rs:640:33
[INFO] [stdout]     |
[INFO] [stdout] 640 |                 elts.saturating_mul(T::Mem::BITS as usize),
[INFO] [stdout]     |                                             ^^^^ associated item not found in `<T as BitStore>::Mem`
[INFO] [stdout] 
[INFO] [stdout] 
[INFO] [stdout] error[E0599]: no associated item named `BITS` found for associated type `<T as BitStore>::Mem` in the current scope
[INFO] [stdout]    --> /opt/rustwide/cargo-home/registry/src/github.com-1ecc6299db9ec823/bitvec-0.21.0/src/slice.rs:660:47
[INFO] [stdout]     |
[INFO] [stdout] 660 |         let bits = slice.len().wrapping_mul(T::Mem::BITS as usize);
[INFO] [stdout]     |                                                     ^^^^ associated item not found in `<T as BitStore>::Mem`
[INFO] [stdout] 
[INFO] [stdout] 
[INFO] [stdout] error[E0599]: no associated item named `BITS` found for associated type `<T as BitStore>::Mem` in the current scope
[INFO] [stdout]    --> /opt/rustwide/cargo-home/registry/src/github.com-1ecc6299db9ec823/bitvec-0.21.0/src/slice.rs:680:47
[INFO] [stdout]     |
[INFO] [stdout] 680 |         let bits = slice.len().wrapping_mul(T::Mem::BITS as usize);
[INFO] [stdout]     |                                                     ^^^^ associated item not found in `<T as BitStore>::Mem`
[INFO] [stdout] 
[INFO] [stdout] 
[INFO] [stdout] error[E0599]: no associated item named `BITS` found for associated type `<T as BitStore>::Mem` in the current scope
[INFO] [stdout]    --> /opt/rustwide/cargo-home/registry/src/github.com-1ecc6299db9ec823/bitvec-0.21.0/src/slice/specialization.rs:180:29
[INFO] [stdout]     |
[INFO] [stdout] 180 |                 let dead_bits = T::Mem::BITS as u8 - tail.value();
[INFO] [stdout]     |                                         ^^^^ associated item not found in `<T as BitStore>::Mem`
[INFO] [stdout] 
[INFO] [stdout] 
[INFO] [stdout] error[E0599]: no associated item named `BITS` found for associated type `<T as BitStore>::Mem` in the current scope
[INFO] [stdout]    --> /opt/rustwide/cargo-home/registry/src/github.com-1ecc6299db9ec823/bitvec-0.21.0/src/slice/specialization.rs:192:15
[INFO] [stdout]     |
[INFO] [stdout] 192 |                         T::Mem::BITS as usize - tail.value() as usize;
[INFO] [stdout]     |                                 ^^^^ associated item not found in `<T as BitStore>::Mem`
[INFO] [stdout] 
[INFO] [stdout] 
[INFO] [stdout] error[E0599]: no associated item named `BITS` found for associated type `<T as BitStore>::Mem` in the current scope
[INFO] [stdout]    --> /opt/rustwide/cargo-home/registry/src/github.com-1ecc6299db9ec823/bitvec-0.21.0/src/slice/specialization.rs:277:29
[INFO] [stdout]     |
[INFO] [stdout] 277 |                 let dead_bits = T::Mem::BITS as u8 - tail.value();
[INFO] [stdout]     |                                         ^^^^ associated item not found in `<T as BitStore>::Mem`
[INFO] [stdout] 
[INFO] [stdout] 
[INFO] [stdout] error[E0599]: no associated item named `BITS` found for associated type `<T as BitStore>::Mem` in the current scope
[INFO] [stdout]    --> /opt/rustwide/cargo-home/registry/src/github.com-1ecc6299db9ec823/bitvec-0.21.0/src/slice/specialization.rs:289:15
[INFO] [stdout]     |
[INFO] [stdout] 289 |                         T::Mem::BITS as usize - tail.value() as usize;
[INFO] [stdout]     |                                 ^^^^ associated item not found in `<T as BitStore>::Mem`
[INFO] [stdout] 
[INFO] [stdout] 
[INFO] [stdout] error[E0599]: no associated item named `BITS` found for associated type `<T as BitStore>::Mem` in the current scope
[INFO] [stdout]    --> /opt/rustwide/cargo-home/registry/src/github.com-1ecc6299db9ec823/bitvec-0.21.0/src/slice/specialization.rs:450:29
[INFO] [stdout]     |
[INFO] [stdout] 450 |                 let dead_bits = T::Mem::BITS as u8 - tail.value();
[INFO] [stdout]     |                                         ^^^^ associated item not found in `<T as BitStore>::Mem`
[INFO] [stdout] 
[INFO] [stdout] 
[INFO] [stdout] error[E0599]: no associated item named `BITS` found for associated type `<T as BitStore>::Mem` in the current scope
[INFO] [stdout]    --> /opt/rustwide/cargo-home/registry/src/github.com-1ecc6299db9ec823/bitvec-0.21.0/src/slice/specialization.rs:462:15
[INFO] [stdout]     |
[INFO] [stdout] 462 |                         T::Mem::BITS as usize - tail.value() as usize;
[INFO] [stdout]     |                                 ^^^^ associated item not found in `<T as BitStore>::Mem`
[INFO] [stdout] 
[INFO] [stdout] 
[INFO] [stdout] error[E0599]: no associated item named `BITS` found for associated type `<T as BitStore>::Mem` in the current scope
[INFO] [stdout]    --> /opt/rustwide/cargo-home/registry/src/github.com-1ecc6299db9ec823/bitvec-0.21.0/src/slice/specialization.rs:546:29
[INFO] [stdout]     |
[INFO] [stdout] 546 |                 let dead_bits = T::Mem::BITS as u8 - tail.value();
[INFO] [stdout]     |                                         ^^^^ associated item not found in `<T as BitStore>::Mem`
[INFO] [stdout] 
[INFO] [stdout] 
[INFO] [stdout] error[E0599]: no associated item named `BITS` found for associated type `<T as BitStore>::Mem` in the current scope
[INFO] [stdout]    --> /opt/rustwide/cargo-home/registry/src/github.com-1ecc6299db9ec823/bitvec-0.21.0/src/slice/specialization.rs:558:15
[INFO] [stdout]     |
[INFO] [stdout] 558 |                         T::Mem::BITS as usize - tail.value() as usize;
[INFO] [stdout]     |                                 ^^^^ associated item not found in `<T as BitStore>::Mem`
[INFO] [stdout] 
[INFO] [stdout] 
[INFO] [stdout] note: erroneous constant used
[INFO] [stdout]    --> /opt/rustwide/cargo-home/registry/src/github.com-1ecc6299db9ec823/bitvec-0.21.0/src/slice/traits.rs:392:27
[INFO] [stdout]     |
[INFO] [stdout] 392 |                 const W: usize = D + (M != 0) as usize;
[INFO] [stdout]     |                                       ^
[INFO] [stdout] ...
[INFO] [stdout] 490 | fmt!(Binary, b'0', b'b', 1);
[INFO] [stdout]     | --------------------------- in this macro invocation
[INFO] [stdout]     |
[INFO] [stdout]     = note: this note originates in the macro `fmt` (in Nightly builds, run with -Z macro-backtrace for more info)
[INFO] [stdout] 
[INFO] [stdout] 
[INFO] [stdout] note: erroneous constant used
[INFO] [stdout]    --> /opt/rustwide/cargo-home/registry/src/github.com-1ecc6299db9ec823/bitvec-0.21.0/src/slice/traits.rs:393:21
[INFO] [stdout]     |
[INFO] [stdout] 393 |                 let mut w: [u8; W + 2] = [b'0'; W + 2];
[INFO] [stdout]     |                                 ^
[INFO] [stdout] ...
[INFO] [stdout] 490 | fmt!(Binary, b'0', b'b', 1);
[INFO] [stdout]     | --------------------------- in this macro invocation
[INFO] [stdout]     |
[INFO] [stdout]     = note: this note originates in the macro `fmt` (in Nightly builds, run with -Z macro-backtrace for more info)
[INFO] [stdout] 
[INFO] [stdout] 
[INFO] [stdout] note: erroneous constant used
[INFO] [stdout]    --> /opt/rustwide/cargo-home/registry/src/github.com-1ecc6299db9ec823/bitvec-0.21.0/src/slice/traits.rs:393:37
[INFO] [stdout]     |
[INFO] [stdout] 393 |                 let mut w: [u8; W + 2] = [b'0'; W + 2];
[INFO] [stdout]     |                                                 ^
[INFO] [stdout] ...
[INFO] [stdout] 490 | fmt!(Binary, b'0', b'b', 1);
[INFO] [stdout]     | --------------------------- in this macro invocation
[INFO] [stdout]     |
[INFO] [stdout]     = note: this note originates in the macro `fmt` (in Nightly builds, run with -Z macro-backtrace for more info)
[INFO] [stdout] 
[INFO] [stdout] 
[INFO] [stdout] note: erroneous constant used
[INFO] [stdout]    --> /opt/rustwide/cargo-home/registry/src/github.com-1ecc6299db9ec823/bitvec-0.21.0/src/slice/traits.rs:392:27
[INFO] [stdout]     |
[INFO] [stdout] 392 |                 const W: usize = D + (M != 0) as usize;
[INFO] [stdout]     |                                       ^
[INFO] [stdout] ...
[INFO] [stdout] 491 | fmt!(Octal, b'0', b'o', 3);
[INFO] [stdout]     | -------------------------- in this macro invocation
[INFO] [stdout]     |
[INFO] [stdout]     = note: this note originates in the macro `fmt` (in Nightly builds, run with -Z macro-backtrace for more info)
[INFO] [stdout] 
[INFO] [stdout] 
[INFO] [stdout] note: erroneous constant used
[INFO] [stdout]    --> /opt/rustwide/cargo-home/registry/src/github.com-1ecc6299db9ec823/bitvec-0.21.0/src/slice/traits.rs:393:21
[INFO] [stdout]     |
[INFO] [stdout] 393 |                 let mut w: [u8; W + 2] = [b'0'; W + 2];
[INFO] [stdout]     |                                 ^
[INFO] [stdout] ...
[INFO] [stdout] 491 | fmt!(Octal, b'0', b'o', 3);
[INFO] [stdout]     | -------------------------- in this macro invocation
[INFO] [stdout]     |
[INFO] [stdout]     = note: this note originates in the macro `fmt` (in Nightly builds, run with -Z macro-backtrace for more info)
[INFO] [stdout] 
[INFO] [stdout] 
[INFO] [stdout] note: erroneous constant used
[INFO] [stdout]    --> /opt/rustwide/cargo-home/registry/src/github.com-1ecc6299db9ec823/bitvec-0.21.0/src/slice/traits.rs:393:37
[INFO] [stdout]     |
[INFO] [stdout] 393 |                 let mut w: [u8; W + 2] = [b'0'; W + 2];
[INFO] [stdout]     |                                                 ^
[INFO] [stdout] ...
[INFO] [stdout] 491 | fmt!(Octal, b'0', b'o', 3);
[INFO] [stdout]     | -------------------------- in this macro invocation
[INFO] [stdout]     |
[INFO] [stdout]     = note: this note originates in the macro `fmt` (in Nightly builds, run with -Z macro-backtrace for more info)
[INFO] [stdout] 
[INFO] [stdout] 
[INFO] [stdout] note: erroneous constant used
[INFO] [stdout]    --> /opt/rustwide/cargo-home/registry/src/github.com-1ecc6299db9ec823/bitvec-0.21.0/src/slice/traits.rs:392:27
[INFO] [stdout]     |
[INFO] [stdout] 392 |                 const W: usize = D + (M != 0) as usize;
[INFO] [stdout]     |                                       ^
[INFO] [stdout] ...
[INFO] [stdout] 492 | fmt!(LowerHex, b'a', b'x', 4);
[INFO] [stdout]     | ----------------------------- in this macro invocation
[INFO] [stdout]     |
[INFO] [stdout]     = note: this note originates in the macro `fmt` (in Nightly builds, run with -Z macro-backtrace for more info)
[INFO] [stdout] 
[INFO] [stdout] 
[INFO] [stdout] note: erroneous constant used
[INFO] [stdout]    --> /opt/rustwide/cargo-home/registry/src/github.com-1ecc6299db9ec823/bitvec-0.21.0/src/slice/traits.rs:393:21
[INFO] [stdout]     |
[INFO] [stdout] 393 |                 let mut w: [u8; W + 2] = [b'0'; W + 2];
[INFO] [stdout]     |                                 ^
[INFO] [stdout] ...
[INFO] [stdout] 492 | fmt!(LowerHex, b'a', b'x', 4);
[INFO] [stdout]     | ----------------------------- in this macro invocation
[INFO] [stdout]     |
[INFO] [stdout]     = note: this note originates in the macro `fmt` (in Nightly builds, run with -Z macro-backtrace for more info)
[INFO] [stdout] 
[INFO] [stdout] 
[INFO] [stdout] note: erroneous constant used
[INFO] [stdout]    --> /opt/rustwide/cargo-home/registry/src/github.com-1ecc6299db9ec823/bitvec-0.21.0/src/slice/traits.rs:393:37
[INFO] [stdout]     |
[INFO] [stdout] 393 |                 let mut w: [u8; W + 2] = [b'0'; W + 2];
[INFO] [stdout]     |                                                 ^
[INFO] [stdout] ...
[INFO] [stdout] 492 | fmt!(LowerHex, b'a', b'x', 4);
[INFO] [stdout]     | ----------------------------- in this macro invocation
[INFO] [stdout]     |
[INFO] [stdout]     = note: this note originates in the macro `fmt` (in Nightly builds, run with -Z macro-backtrace for more info)
[INFO] [stdout] 
[INFO] [stdout] 
[INFO] [stdout] note: erroneous constant used
[INFO] [stdout]    --> /opt/rustwide/cargo-home/registry/src/github.com-1ecc6299db9ec823/bitvec-0.21.0/src/slice/traits.rs:392:27
[INFO] [stdout]     |
[INFO] [stdout] 392 |                 const W: usize = D + (M != 0) as usize;
[INFO] [stdout]     |                                       ^
[INFO] [stdout] ...
[INFO] [stdout] 493 | fmt!(UpperHex, b'A', b'x', 4);
[INFO] [stdout]     | ----------------------------- in this macro invocation
[INFO] [stdout]     |
[INFO] [stdout]     = note: this note originates in the macro `fmt` (in Nightly builds, run with -Z macro-backtrace for more info)
[INFO] [stdout] 
[INFO] [stdout] 
[INFO] [stdout] note: erroneous constant used
[INFO] [stdout]    --> /opt/rustwide/cargo-home/registry/src/github.com-1ecc6299db9ec823/bitvec-0.21.0/src/slice/traits.rs:393:21
[INFO] [stdout]     |
[INFO] [stdout] 393 |                 let mut w: [u8; W + 2] = [b'0'; W + 2];
[INFO] [stdout]     |                                 ^
[INFO] [stdout] ...
[INFO] [stdout] 493 | fmt!(UpperHex, b'A', b'x', 4);
[INFO] [stdout]     | ----------------------------- in this macro invocation
[INFO] [stdout]     |
[INFO] [stdout]     = note: this note originates in the macro `fmt` (in Nightly builds, run with -Z macro-backtrace for more info)
[INFO] [stdout] 
[INFO] [stdout] 
[INFO] [stdout] note: erroneous constant used
[INFO] [stdout]    --> /opt/rustwide/cargo-home/registry/src/github.com-1ecc6299db9ec823/bitvec-0.21.0/src/slice/traits.rs:393:37
[INFO] [stdout]     |
[INFO] [stdout] 393 |                 let mut w: [u8; W + 2] = [b'0'; W + 2];
[INFO] [stdout]     |                                                 ^
[INFO] [stdout] ...
[INFO] [stdout] 493 | fmt!(UpperHex, b'A', b'x', 4);
[INFO] [stdout]     | ----------------------------- in this macro invocation
[INFO] [stdout]     |
[INFO] [stdout]     = note: this note originates in the macro `fmt` (in Nightly builds, run with -Z macro-backtrace for more info)
[INFO] [stdout] 
[INFO] [stdout] 
[INFO] [stdout] error[E0599]: no associated item named `BITS` found for associated type `<T as BitStore>::Mem` in the current scope
[INFO] [stdout]    --> /opt/rustwide/cargo-home/registry/src/github.com-1ecc6299db9ec823/bitvec-0.21.0/src/view.rs:205:19
[INFO] [stdout]     |
[INFO] [stdout] 205 |                       $n * T::Mem::BITS as usize,
[INFO] [stdout]     |                                    ^^^^ associated item not found in `<T as BitStore>::Mem`
[INFO] [stdout] ...
[INFO] [stdout] 228 | / view_bits!(
[INFO] [stdout] 229 | |     1, 2, 3, 4, 5, 6, 7, 8, 9, 10, 11, 12, 13, 14, 15, 16, 17, 18, 19, 20, 21,
[INFO] [stdout] 230 | |     22, 23, 24, 25, 26, 27, 28, 29, 30, 31, 32, 33, 34, 35, 36, 37, 38, 39, 40,
[INFO] [stdout] 231 | |     41, 42, 43, 44, 45, 46, 47, 48, 49, 50, 51, 52, 53, 54, 55, 56, 57, 58, 59,
[INFO] [stdout] 232 | |     60, 61, 62, 63, 64
[INFO] [stdout] 233 | | );
[INFO] [stdout]     | |_- in this macro invocation
[INFO] [stdout]     |
[INFO] [stdout]     = note: this error originates in the macro `view_bits` (in Nightly builds, run with -Z macro-backtrace for more info)
[INFO] [stdout] 
[INFO] [stdout] 
[INFO] [stdout] error[E0599]: no associated item named `BITS` found for associated type `<T as BitStore>::Mem` in the current scope
[INFO] [stdout]    --> /opt/rustwide/cargo-home/registry/src/github.com-1ecc6299db9ec823/bitvec-0.21.0/src/view.rs:214:19
[INFO] [stdout]     |
[INFO] [stdout] 214 |                       $n * T::Mem::BITS as usize,
[INFO] [stdout]     |                                    ^^^^ associated item not found in `<T as BitStore>::Mem`
[INFO] [stdout] ...
[INFO] [stdout] 228 | / view_bits!(
[INFO] [stdout] 229 | |     1, 2, 3, 4, 5, 6, 7, 8, 9, 10, 11, 12, 13, 14, 15, 16, 17, 18, 19, 20, 21,
[INFO] [stdout] 230 | |     22, 23, 24, 25, 26, 27, 28, 29, 30, 31, 32, 33, 34, 35, 36, 37, 38, 39, 40,
[INFO] [stdout] 231 | |     41, 42, 43, 44, 45, 46, 47, 48, 49, 50, 51, 52, 53, 54, 55, 56, 57, 58, 59,
[INFO] [stdout] 232 | |     60, 61, 62, 63, 64
[INFO] [stdout] 233 | | );
[INFO] [stdout]     | |_- in this macro invocation
[INFO] [stdout]     |
[INFO] [stdout]     = note: this error originates in the macro `view_bits` (in Nightly builds, run with -Z macro-backtrace for more info)
[INFO] [stdout] 
[INFO] [stdout] 
[INFO] [stdout] error[E0599]: no associated item named `BITS` found for associated type `<T as BitStore>::Mem` in the current scope
[INFO] [stdout]    --> /opt/rustwide/cargo-home/registry/src/github.com-1ecc6299db9ec823/bitvec-0.21.0/src/boxed.rs:227:32
[INFO] [stdout]     |
[INFO] [stdout] 227 |             .span(boxed.len() * T::Mem::BITS as usize)
[INFO] [stdout]     |                                         ^^^^ associated item not found in `<T as BitStore>::Mem`
[INFO] [stdout] 
[INFO] [stdout] 
[INFO] [stdout] error[E0599]: no associated item named `BITS` found for associated type `<T as BitStore>::Mem` in the current scope
[INFO] [stdout]    --> /opt/rustwide/cargo-home/registry/src/github.com-1ecc6299db9ec823/bitvec-0.21.0/src/boxed.rs:440:57
[INFO] [stdout]     |
[INFO] [stdout] 440 |         let full = crate::mem::elts::<T::Mem>(tail) * T::Mem::BITS as usize;
[INFO] [stdout]     |                                                               ^^^^ associated item not found in `<T as BitStore>::Mem`
[INFO] [stdout] 
[INFO] [stdout] 
[INFO] [stdout] error[E0599]: no associated item named `BITS` found for associated type `<T as BitStore>::Mem` in the current scope
[INFO] [stdout]    --> /opt/rustwide/cargo-home/registry/src/github.com-1ecc6299db9ec823/bitvec-0.21.0/src/vec.rs:479:30
[INFO] [stdout]     |
[INFO] [stdout] 479 |             .span(vec.len() * T::Mem::BITS as usize)
[INFO] [stdout]     |                                       ^^^^ associated item not found in `<T as BitStore>::Mem`
[INFO] [stdout] 
[INFO] [stdout] 
[INFO] [stdout] error[E0599]: no associated item named `BITS` found for associated type `<T as BitStore>::Mem` in the current scope
[INFO] [stdout]    --> /opt/rustwide/cargo-home/registry/src/github.com-1ecc6299db9ec823/bitvec-0.21.0/src/vec/api.rs:285:25
[INFO] [stdout]     |
[INFO] [stdout] 285 |             .checked_mul(T::Mem::BITS as usize)
[INFO] [stdout]     |                                  ^^^^ associated item not found in `<T as BitStore>::Mem`
[INFO] [stdout] 
[INFO] [stdout] 
[INFO] [stdout] error: aborting due to 127 previous errors
[INFO] [stdout] 
[INFO] [stdout] 
[INFO] [stdout] Some errors have detailed explanations: E0308, E0576, E0599.
[INFO] [stdout] 
[INFO] [stdout] For more information about an error, try `rustc --explain E0308`.
[INFO] [stdout] 
[INFO] [stderr] error: could not compile `bitvec` due to 128 previous errors
[INFO] running `Command { std: "docker" "inspect" "8680636bf768c2ec2a792be0cbafb66eef95b0f1266e8da7d6a6f26f0619d75e", kill_on_drop: false }`
[INFO] running `Command { std: "docker" "rm" "-f" "8680636bf768c2ec2a792be0cbafb66eef95b0f1266e8da7d6a6f26f0619d75e", kill_on_drop: false }`
[INFO] [stdout] 8680636bf768c2ec2a792be0cbafb66eef95b0f1266e8da7d6a6f26f0619d75e
