[INFO] fetching crate iron-middlefiddle 0.1.1...
[INFO] testing iron-middlefiddle-0.1.1 against 1.69.0 for beta-1.70-1
[INFO] extracting crate iron-middlefiddle 0.1.1 into /workspace/builds/worker-7-tc1/source
[INFO] validating manifest of crates.io crate iron-middlefiddle 0.1.1 on toolchain 1.69.0
[INFO] running `Command { std: CARGO_HOME="/workspace/cargo-home" RUSTUP_HOME="/workspace/rustup-home" "/workspace/cargo-home/bin/cargo" "+1.69.0" "metadata" "--manifest-path" "Cargo.toml" "--no-deps", kill_on_drop: false }`
[INFO] started tweaking crates.io crate iron-middlefiddle 0.1.1
[INFO] finished tweaking crates.io crate iron-middlefiddle 0.1.1
[INFO] tweaked toml for crates.io crate iron-middlefiddle 0.1.1 written to /workspace/builds/worker-7-tc1/source/Cargo.toml
[INFO] running `Command { std: CARGO_HOME="/workspace/cargo-home" RUSTUP_HOME="/workspace/rustup-home" __CARGO_TEST_CHANNEL_OVERRIDE_DO_NOT_USE_THIS="nightly" "/workspace/cargo-home/bin/cargo" "+1.69.0" "generate-lockfile" "--manifest-path" "Cargo.toml" "-Zno-index-update", kill_on_drop: false }`
[INFO] running `Command { std: CARGO_HOME="/workspace/cargo-home" RUSTUP_HOME="/workspace/rustup-home" "/workspace/cargo-home/bin/cargo" "+1.69.0" "fetch" "--manifest-path" "Cargo.toml", kill_on_drop: false }`
[INFO] [stderr]  Downloading crates ...
[INFO] [stderr]   Downloaded error v0.1.9
[INFO] [stderr]   Downloaded conduit-mime-types v0.7.3
[INFO] [stderr]   Downloaded iron v0.5.1
[INFO] running `Command { std: "docker" "create" "-v" "/var/lib/crater-agent-workspace/builds/worker-7-tc1/target:/opt/rustwide/target:rw,Z" "-v" "/var/lib/crater-agent-workspace/builds/worker-7-tc1/source:/opt/rustwide/workdir:ro,Z" "-v" "/var/lib/crater-agent-workspace/cargo-home:/opt/rustwide/cargo-home:ro,Z" "-v" "/var/lib/crater-agent-workspace/rustup-home:/opt/rustwide/rustup-home:ro,Z" "-e" "SOURCE_DIR=/opt/rustwide/workdir" "-e" "CARGO_TARGET_DIR=/opt/rustwide/target" "-e" "CARGO_HOME=/opt/rustwide/cargo-home" "-e" "RUSTUP_HOME=/opt/rustwide/rustup-home" "-w" "/opt/rustwide/workdir" "-m" "1610612736" "--user" "0:0" "--network" "none" "ghcr.io/rust-lang/crates-build-env/linux@sha256:5ff2268d62e97bff2cde7d5815dd6ed5b47097566f13b8d0ca110b04b60e07ed" "/opt/rustwide/cargo-home/bin/cargo" "+1.69.0" "metadata" "--no-deps" "--format-version=1", kill_on_drop: false }`
[INFO] [stdout] 23850c2ed499051703b3c3633713489a7932ecc92c6cf7703aafd74d5e128f9d
[INFO] running `Command { std: "docker" "start" "-a" "23850c2ed499051703b3c3633713489a7932ecc92c6cf7703aafd74d5e128f9d", kill_on_drop: false }`
[INFO] running `Command { std: "docker" "inspect" "23850c2ed499051703b3c3633713489a7932ecc92c6cf7703aafd74d5e128f9d", kill_on_drop: false }`
[INFO] running `Command { std: "docker" "rm" "-f" "23850c2ed499051703b3c3633713489a7932ecc92c6cf7703aafd74d5e128f9d", kill_on_drop: false }`
[INFO] [stdout] 23850c2ed499051703b3c3633713489a7932ecc92c6cf7703aafd74d5e128f9d
[INFO] running `Command { std: "docker" "create" "-v" "/var/lib/crater-agent-workspace/builds/worker-7-tc1/target:/opt/rustwide/target:rw,Z" "-v" "/var/lib/crater-agent-workspace/builds/worker-7-tc1/source:/opt/rustwide/workdir:ro,Z" "-v" "/var/lib/crater-agent-workspace/cargo-home:/opt/rustwide/cargo-home:ro,Z" "-v" "/var/lib/crater-agent-workspace/rustup-home:/opt/rustwide/rustup-home:ro,Z" "-e" "SOURCE_DIR=/opt/rustwide/workdir" "-e" "CARGO_TARGET_DIR=/opt/rustwide/target" "-e" "CARGO_INCREMENTAL=0" "-e" "RUST_BACKTRACE=full" "-e" "RUSTFLAGS=--cap-lints=warn" "-e" "RUSTDOCFLAGS=--cap-lints=warn" "-e" "CARGO_HOME=/opt/rustwide/cargo-home" "-e" "RUSTUP_HOME=/opt/rustwide/rustup-home" "-w" "/opt/rustwide/workdir" "-m" "1610612736" "--user" "0:0" "--network" "none" "ghcr.io/rust-lang/crates-build-env/linux@sha256:5ff2268d62e97bff2cde7d5815dd6ed5b47097566f13b8d0ca110b04b60e07ed" "/opt/rustwide/cargo-home/bin/cargo" "+1.69.0" "build" "--frozen" "--message-format=json", kill_on_drop: false }`
[INFO] [stdout] a8581d7986dd15ac2b796842cd88c08739a121e1bbacc61fb5f4c2e9791c8235
[INFO] running `Command { std: "docker" "start" "-a" "a8581d7986dd15ac2b796842cd88c08739a121e1bbacc61fb5f4c2e9791c8235", kill_on_drop: false }`
[INFO] [stderr]    Compiling log v0.4.17
[INFO] [stderr]    Compiling traitobject v0.1.0
[INFO] [stderr]    Compiling version_check v0.1.5
[INFO] [stderr]    Compiling matches v0.1.10
[INFO] [stderr]    Compiling httparse v1.8.0
[INFO] [stderr]    Compiling safemem v0.3.3
[INFO] [stderr]    Compiling percent-encoding v1.0.1
[INFO] [stderr]    Compiling typeable v0.1.2
[INFO] [stderr]    Compiling num_cpus v1.15.0
[INFO] [stderr]    Compiling unsafe-any v0.4.2
[INFO] [stderr]    Compiling idna v0.1.5
[INFO] [stderr]    Compiling base64 v0.9.3
[INFO] [stderr]    Compiling typemap v0.3.3
[INFO] [stderr]    Compiling time v0.1.45
[INFO] [stderr]    Compiling unicase v1.4.2
[INFO] [stderr]    Compiling log v0.3.9
[INFO] [stderr]    Compiling language-tags v0.2.2
[INFO] [stderr]    Compiling mime v0.2.6
[INFO] [stderr]    Compiling url v1.7.2
[INFO] [stderr]    Compiling rustc-serialize v0.3.24
[INFO] [stderr]    Compiling plugin v0.2.6
[INFO] [stderr]    Compiling error v0.1.9
[INFO] [stderr]    Compiling lazy_static v0.2.11
[INFO] [stderr]    Compiling modifier v0.1.0
[INFO] [stderr]    Compiling hyper v0.10.16
[INFO] [stderr]    Compiling conduit-mime-types v0.7.3
[INFO] [stderr]    Compiling iron v0.5.1
[INFO] [stderr]    Compiling iron-middlefiddle v0.1.1 (/opt/rustwide/workdir)
[INFO] [stdout] warning: trait objects without an explicit `dyn` are deprecated
[INFO] [stdout]   --> src/lib.rs:89:26
[INFO] [stdout]    |
[INFO] [stdout] 89 |     BeforeMiddleware(Box<iron::BeforeMiddleware>),
[INFO] [stdout]    |                          ^^^^^^^^^^^^^^^^^^^^^^
[INFO] [stdout]    |
[INFO] [stdout]    = warning: this is accepted in the current edition (Rust 2015) but is a hard error in Rust 2021!
[INFO] [stdout]    = note: for more information, see <https://doc.rust-lang.org/nightly/edition-guide/rust-2021/warnings-promoted-to-error.html>
[INFO] [stdout]    = note: `#[warn(bare_trait_objects)]` on by default
[INFO] [stdout] help: use `dyn`
[INFO] [stdout]    |
[INFO] [stdout] 89 |     BeforeMiddleware(Box<dyn iron::BeforeMiddleware>),
[INFO] [stdout]    |                          +++
[INFO] [stdout] 
[INFO] [stdout] 
[INFO] [stdout] warning: trait objects without an explicit `dyn` are deprecated
[INFO] [stdout]    --> src/lib.rs:103:25
[INFO] [stdout]     |
[INFO] [stdout] 103 |     AfterMiddleware(Box<iron::AfterMiddleware>),
[INFO] [stdout]     |                         ^^^^^^^^^^^^^^^^^^^^^
[INFO] [stdout]     |
[INFO] [stdout]     = warning: this is accepted in the current edition (Rust 2015) but is a hard error in Rust 2021!
[INFO] [stdout]     = note: for more information, see <https://doc.rust-lang.org/nightly/edition-guide/rust-2021/warnings-promoted-to-error.html>
[INFO] [stdout] help: use `dyn`
[INFO] [stdout]     |
[INFO] [stdout] 103 |     AfterMiddleware(Box<dyn iron::AfterMiddleware>),
[INFO] [stdout]     |                         +++
[INFO] [stdout] 
[INFO] [stdout] 
[INFO] [stdout] warning: trait objects without an explicit `dyn` are deprecated
[INFO] [stdout]    --> src/lib.rs:116:29
[INFO] [stdout]     |
[INFO] [stdout] 116 |     pub handler: Option<Box<Handler>>,
[INFO] [stdout]     |                             ^^^^^^^
[INFO] [stdout]     |
[INFO] [stdout]     = warning: this is accepted in the current edition (Rust 2015) but is a hard error in Rust 2021!
[INFO] [stdout]     = note: for more information, see <https://doc.rust-lang.org/nightly/edition-guide/rust-2021/warnings-promoted-to-error.html>
[INFO] [stdout] help: use `dyn`
[INFO] [stdout]     |
[INFO] [stdout] 116 |     pub handler: Option<Box<dyn Handler>>,
[INFO] [stdout]     |                             +++
[INFO] [stdout] 
[INFO] [stdout] 
[INFO] [stdout] warning: 3 warnings emitted
[INFO] [stdout] 
[INFO] [stdout] 
[INFO] [stderr]     Finished dev [unoptimized + debuginfo] target(s) in 13.95s
[INFO] [stderr] warning: the following packages contain code that will be rejected by a future version of Rust: rustc-serialize v0.3.24, traitobject v0.1.0
[INFO] [stderr] note: to see what the problems were, use the option `--future-incompat-report`, or run `cargo report future-incompatibilities --id 1`
[INFO] running `Command { std: "docker" "inspect" "a8581d7986dd15ac2b796842cd88c08739a121e1bbacc61fb5f4c2e9791c8235", kill_on_drop: false }`
[INFO] running `Command { std: "docker" "rm" "-f" "a8581d7986dd15ac2b796842cd88c08739a121e1bbacc61fb5f4c2e9791c8235", kill_on_drop: false }`
[INFO] [stdout] a8581d7986dd15ac2b796842cd88c08739a121e1bbacc61fb5f4c2e9791c8235
[INFO] running `Command { std: "docker" "create" "-v" "/var/lib/crater-agent-workspace/builds/worker-7-tc1/target:/opt/rustwide/target:rw,Z" "-v" "/var/lib/crater-agent-workspace/builds/worker-7-tc1/source:/opt/rustwide/workdir:ro,Z" "-v" "/var/lib/crater-agent-workspace/cargo-home:/opt/rustwide/cargo-home:ro,Z" "-v" "/var/lib/crater-agent-workspace/rustup-home:/opt/rustwide/rustup-home:ro,Z" "-e" "SOURCE_DIR=/opt/rustwide/workdir" "-e" "CARGO_TARGET_DIR=/opt/rustwide/target" "-e" "CARGO_INCREMENTAL=0" "-e" "RUST_BACKTRACE=full" "-e" "RUSTFLAGS=--cap-lints=warn" "-e" "RUSTDOCFLAGS=--cap-lints=warn" "-e" "CARGO_HOME=/opt/rustwide/cargo-home" "-e" "RUSTUP_HOME=/opt/rustwide/rustup-home" "-w" "/opt/rustwide/workdir" "-m" "1610612736" "--user" "0:0" "--network" "none" "ghcr.io/rust-lang/crates-build-env/linux@sha256:5ff2268d62e97bff2cde7d5815dd6ed5b47097566f13b8d0ca110b04b60e07ed" "/opt/rustwide/cargo-home/bin/cargo" "+1.69.0" "test" "--frozen" "--no-run" "--message-format=json", kill_on_drop: false }`
[INFO] [stdout] ca0b47b9d07415a30edc124895a46f38506528d2a621af3f72781acf01be1e08
[INFO] running `Command { std: "docker" "start" "-a" "ca0b47b9d07415a30edc124895a46f38506528d2a621af3f72781acf01be1e08", kill_on_drop: false }`
[INFO] [stderr]    Compiling iron-middlefiddle v0.1.1 (/opt/rustwide/workdir)
[INFO] [stdout] warning: trait objects without an explicit `dyn` are deprecated
[INFO] [stdout]   --> src/lib.rs:89:26
[INFO] [stdout]    |
[INFO] [stdout] 89 |     BeforeMiddleware(Box<iron::BeforeMiddleware>),
[INFO] [stdout]    |                          ^^^^^^^^^^^^^^^^^^^^^^
[INFO] [stdout]    |
[INFO] [stdout]    = warning: this is accepted in the current edition (Rust 2015) but is a hard error in Rust 2021!
[INFO] [stdout]    = note: for more information, see <https://doc.rust-lang.org/nightly/edition-guide/rust-2021/warnings-promoted-to-error.html>
[INFO] [stdout]    = note: `#[warn(bare_trait_objects)]` on by default
[INFO] [stdout] help: use `dyn`
[INFO] [stdout]    |
[INFO] [stdout] 89 |     BeforeMiddleware(Box<dyn iron::BeforeMiddleware>),
[INFO] [stdout]    |                          +++
[INFO] [stdout] 
[INFO] [stdout] 
[INFO] [stdout] warning: trait objects without an explicit `dyn` are deprecated
[INFO] [stdout]    --> src/lib.rs:103:25
[INFO] [stdout]     |
[INFO] [stdout] 103 |     AfterMiddleware(Box<iron::AfterMiddleware>),
[INFO] [stdout]     |                         ^^^^^^^^^^^^^^^^^^^^^
[INFO] [stdout]     |
[INFO] [stdout]     = warning: this is accepted in the current edition (Rust 2015) but is a hard error in Rust 2021!
[INFO] [stdout]     = note: for more information, see <https://doc.rust-lang.org/nightly/edition-guide/rust-2021/warnings-promoted-to-error.html>
[INFO] [stdout] help: use `dyn`
[INFO] [stdout]     |
[INFO] [stdout] 103 |     AfterMiddleware(Box<dyn iron::AfterMiddleware>),
[INFO] [stdout]     |                         +++
[INFO] [stdout] 
[INFO] [stdout] 
[INFO] [stdout] warning: trait objects without an explicit `dyn` are deprecated
[INFO] [stdout]    --> src/lib.rs:116:29
[INFO] [stdout]     |
[INFO] [stdout] 116 |     pub handler: Option<Box<Handler>>,
[INFO] [stdout]     |                             ^^^^^^^
[INFO] [stdout]     |
[INFO] [stdout]     = warning: this is accepted in the current edition (Rust 2015) but is a hard error in Rust 2021!
[INFO] [stdout]     = note: for more information, see <https://doc.rust-lang.org/nightly/edition-guide/rust-2021/warnings-promoted-to-error.html>
[INFO] [stdout] help: use `dyn`
[INFO] [stdout]     |
[INFO] [stdout] 116 |     pub handler: Option<Box<dyn Handler>>,
[INFO] [stdout]     |                             +++
[INFO] [stdout] 
[INFO] [stdout] 
[INFO] [stdout] warning: 3 warnings emitted
[INFO] [stdout] 
[INFO] [stdout] 
[INFO] [stdout] warning: trait objects without an explicit `dyn` are deprecated
[INFO] [stdout]   --> src/lib.rs:89:26
[INFO] [stdout]    |
[INFO] [stdout] 89 |     BeforeMiddleware(Box<iron::BeforeMiddleware>),
[INFO] [stdout]    |                          ^^^^^^^^^^^^^^^^^^^^^^
[INFO] [stdout]    |
[INFO] [stdout]    = warning: this is accepted in the current edition (Rust 2015) but is a hard error in Rust 2021!
[INFO] [stdout]    = note: for more information, see <https://doc.rust-lang.org/nightly/edition-guide/rust-2021/warnings-promoted-to-error.html>
[INFO] [stdout]    = note: `#[warn(bare_trait_objects)]` on by default
[INFO] [stdout] help: use `dyn`
[INFO] [stdout]    |
[INFO] [stdout] 89 |     BeforeMiddleware(Box<dyn iron::BeforeMiddleware>),
[INFO] [stdout]    |                          +++
[INFO] [stdout] 
[INFO] [stdout] 
[INFO] [stdout] warning: trait objects without an explicit `dyn` are deprecated
[INFO] [stdout]    --> src/lib.rs:103:25
[INFO] [stdout]     |
[INFO] [stdout] 103 |     AfterMiddleware(Box<iron::AfterMiddleware>),
[INFO] [stdout]     |                         ^^^^^^^^^^^^^^^^^^^^^
[INFO] [stdout]     |
[INFO] [stdout]     = warning: this is accepted in the current edition (Rust 2015) but is a hard error in Rust 2021!
[INFO] [stdout]     = note: for more information, see <https://doc.rust-lang.org/nightly/edition-guide/rust-2021/warnings-promoted-to-error.html>
[INFO] [stdout] help: use `dyn`
[INFO] [stdout]     |
[INFO] [stdout] 103 |     AfterMiddleware(Box<dyn iron::AfterMiddleware>),
[INFO] [stdout]     |                         +++
[INFO] [stdout] 
[INFO] [stdout] 
[INFO] [stdout] warning: trait objects without an explicit `dyn` are deprecated
[INFO] [stdout]    --> src/lib.rs:116:29
[INFO] [stdout]     |
[INFO] [stdout] 116 |     pub handler: Option<Box<Handler>>,
[INFO] [stdout]     |                             ^^^^^^^
[INFO] [stdout]     |
[INFO] [stdout]     = warning: this is accepted in the current edition (Rust 2015) but is a hard error in Rust 2021!
[INFO] [stdout]     = note: for more information, see <https://doc.rust-lang.org/nightly/edition-guide/rust-2021/warnings-promoted-to-error.html>
[INFO] [stdout] help: use `dyn`
[INFO] [stdout]     |
[INFO] [stdout] 116 |     pub handler: Option<Box<dyn Handler>>,
[INFO] [stdout]     |                             +++
[INFO] [stdout] 
[INFO] [stdout] 
[INFO] [stdout] warning: 3 warnings emitted
[INFO] [stdout] 
[INFO] [stdout] 
[INFO] [stderr]     Finished test [unoptimized + debuginfo] target(s) in 0.59s
[INFO] [stderr] warning: the following packages contain code that will be rejected by a future version of Rust: rustc-serialize v0.3.24, traitobject v0.1.0
[INFO] [stderr] note: to see what the problems were, use the option `--future-incompat-report`, or run `cargo report future-incompatibilities --id 1`
[INFO] running `Command { std: "docker" "inspect" "ca0b47b9d07415a30edc124895a46f38506528d2a621af3f72781acf01be1e08", kill_on_drop: false }`
[INFO] running `Command { std: "docker" "rm" "-f" "ca0b47b9d07415a30edc124895a46f38506528d2a621af3f72781acf01be1e08", kill_on_drop: false }`
[INFO] [stdout] ca0b47b9d07415a30edc124895a46f38506528d2a621af3f72781acf01be1e08
[INFO] running `Command { std: "docker" "create" "-v" "/var/lib/crater-agent-workspace/builds/worker-7-tc1/target:/opt/rustwide/target:rw,Z" "-v" "/var/lib/crater-agent-workspace/builds/worker-7-tc1/source:/opt/rustwide/workdir:ro,Z" "-v" "/var/lib/crater-agent-workspace/cargo-home:/opt/rustwide/cargo-home:ro,Z" "-v" "/var/lib/crater-agent-workspace/rustup-home:/opt/rustwide/rustup-home:ro,Z" "-e" "SOURCE_DIR=/opt/rustwide/workdir" "-e" "CARGO_TARGET_DIR=/opt/rustwide/target" "-e" "CARGO_INCREMENTAL=0" "-e" "RUST_BACKTRACE=full" "-e" "RUSTFLAGS=--cap-lints=warn" "-e" "RUSTDOCFLAGS=--cap-lints=warn" "-e" "CARGO_HOME=/opt/rustwide/cargo-home" "-e" "RUSTUP_HOME=/opt/rustwide/rustup-home" "-w" "/opt/rustwide/workdir" "-m" "1610612736" "--user" "0:0" "--network" "none" "ghcr.io/rust-lang/crates-build-env/linux@sha256:5ff2268d62e97bff2cde7d5815dd6ed5b47097566f13b8d0ca110b04b60e07ed" "/opt/rustwide/cargo-home/bin/cargo" "+1.69.0" "test" "--frozen", kill_on_drop: false }`
[INFO] [stdout] 1aa121e4eeeb6fab28af686750ca1dfb2fa105d770923121354ab0b33e3c18e3
[INFO] running `Command { std: "docker" "start" "-a" "1aa121e4eeeb6fab28af686750ca1dfb2fa105d770923121354ab0b33e3c18e3", kill_on_drop: false }`
[INFO] [stderr] warning: trait objects without an explicit `dyn` are deprecated
[INFO] [stderr]   --> src/lib.rs:89:26
[INFO] [stderr]    |
[INFO] [stderr] 89 |     BeforeMiddleware(Box<iron::BeforeMiddleware>),
[INFO] [stderr]    |                          ^^^^^^^^^^^^^^^^^^^^^^
[INFO] [stderr]    |
[INFO] [stderr]    = warning: this is accepted in the current edition (Rust 2015) but is a hard error in Rust 2021!
[INFO] [stderr]    = note: for more information, see <https://doc.rust-lang.org/nightly/edition-guide/rust-2021/warnings-promoted-to-error.html>
[INFO] [stderr]    = note: `#[warn(bare_trait_objects)]` on by default
[INFO] [stderr] help: use `dyn`
[INFO] [stderr]    |
[INFO] [stderr] 89 |     BeforeMiddleware(Box<dyn iron::BeforeMiddleware>),
[INFO] [stderr]    |                          +++
[INFO] [stderr] 
[INFO] [stderr] warning: trait objects without an explicit `dyn` are deprecated
[INFO] [stderr]    --> src/lib.rs:103:25
[INFO] [stderr]     |
[INFO] [stderr] 103 |     AfterMiddleware(Box<iron::AfterMiddleware>),
[INFO] [stderr]     |                         ^^^^^^^^^^^^^^^^^^^^^
[INFO] [stderr]     |
[INFO] [stderr]     = warning: this is accepted in the current edition (Rust 2015) but is a hard error in Rust 2021!
[INFO] [stderr]     = note: for more information, see <https://doc.rust-lang.org/nightly/edition-guide/rust-2021/warnings-promoted-to-error.html>
[INFO] [stderr] help: use `dyn`
[INFO] [stderr]     |
[INFO] [stderr] 103 |     AfterMiddleware(Box<dyn iron::AfterMiddleware>),
[INFO] [stderr]     |                         +++
[INFO] [stderr] 
[INFO] [stderr] warning: trait objects without an explicit `dyn` are deprecated
[INFO] [stderr]    --> src/lib.rs:116:29
[INFO] [stderr]     |
[INFO] [stderr] 116 |     pub handler: Option<Box<Handler>>,
[INFO] [stderr]     |                             ^^^^^^^
[INFO] [stderr]     |
[INFO] [stderr]     = warning: this is accepted in the current edition (Rust 2015) but is a hard error in Rust 2021!
[INFO] [stderr]     = note: for more information, see <https://doc.rust-lang.org/nightly/edition-guide/rust-2021/warnings-promoted-to-error.html>
[INFO] [stderr] help: use `dyn`
[INFO] [stderr]     |
[INFO] [stderr] 116 |     pub handler: Option<Box<dyn Handler>>,
[INFO] [stderr]     |                             +++
[INFO] [stderr] 
[INFO] [stderr] warning: `iron-middlefiddle` (lib) generated 3 warnings (run `cargo fix --lib -p iron-middlefiddle` to apply 3 suggestions)
[INFO] [stderr] warning: `iron-middlefiddle` (lib test) generated 3 warnings (3 duplicates)
[INFO] [stderr]     Finished test [unoptimized + debuginfo] target(s) in 0.04s
[INFO] [stderr] warning: the following packages contain code that will be rejected by a future version of Rust: rustc-serialize v0.3.24, traitobject v0.1.0
[INFO] [stderr] note: to see what the problems were, use the option `--future-incompat-report`, or run `cargo report future-incompatibilities --id 1`
[INFO] [stdout] 
[INFO] [stderr]      Running unittests src/lib.rs (/opt/rustwide/target/debug/deps/iron_middlefiddle-967c9b3b0054728b)
[INFO] [stdout] running 0 tests
[INFO] [stderr]    Doc-tests iron-middlefiddle
[INFO] [stdout] 
[INFO] [stdout] test result: ok. 0 passed; 0 failed; 0 ignored; 0 measured; 0 filtered out; finished in 0.00s
[INFO] [stdout] 
[INFO] [stdout] 
[INFO] [stdout] running 5 tests
[INFO] [stdout] test src/lib.rs - Middleware::BeforeMiddleware (line 77) - compile ... FAILED
[INFO] [stdout] test src/lib.rs - Middleware (line 62) - compile ... FAILED
[INFO] [stdout] test src/lib.rs - middlefiddle (line 149) - compile ... FAILED
[INFO] [stdout] test src/lib.rs - (line 12) - compile ... FAILED
[INFO] [stdout] test src/lib.rs - Middleware::AfterMiddleware (line 91) - compile ... FAILED
[INFO] [stdout] 
[INFO] [stdout] failures:
[INFO] [stdout] 
[INFO] [stdout] ---- src/lib.rs - Middleware::BeforeMiddleware (line 77) stdout ----
[INFO] [stdout] error: cannot find macro `middlefiddle` in this scope
[INFO] [stdout]  --> src/lib.rs:78:1
[INFO] [stdout]   |
[INFO] [stdout] 3 | middlefiddle! {
[INFO] [stdout]   | ^^^^^^^^^^^^
[INFO] [stdout] 
[INFO] [stdout] error: aborting due to previous error
[INFO] [stdout] 
[INFO] [stdout] Couldn't compile the test.
[INFO] [stdout] ---- src/lib.rs - Middleware (line 62) stdout ----
[INFO] [stdout] error: cannot find macro `middlefiddle` in this scope
[INFO] [stdout]  --> src/lib.rs:63:1
[INFO] [stdout]   |
[INFO] [stdout] 3 | middlefiddle! {
[INFO] [stdout]   | ^^^^^^^^^^^^
[INFO] [stdout] 
[INFO] [stdout] error: aborting due to previous error
[INFO] [stdout] 
[INFO] [stdout] Couldn't compile the test.
[INFO] [stdout] ---- src/lib.rs - middlefiddle (line 149) stdout ----
[INFO] [stdout] error: cannot find macro `middlefiddle` in this scope
[INFO] [stdout]  --> src/lib.rs:150:1
[INFO] [stdout]   |
[INFO] [stdout] 3 | middlefiddle! {
[INFO] [stdout]   | ^^^^^^^^^^^^
[INFO] [stdout] 
[INFO] [stdout] error: aborting due to previous error
[INFO] [stdout] 
[INFO] [stdout] Couldn't compile the test.
[INFO] [stdout] ---- src/lib.rs - (line 12) stdout ----
[INFO] [stdout] error: expected `;`, found `Iron`
[INFO] [stdout]   --> src/lib.rs:50:38
[INFO] [stdout]    |
[INFO] [stdout] 39 |     mount.mount("/", frontend_router)
[INFO] [stdout]    |                                      ^ help: add `;` here
[INFO] [stdout] 40 |
[INFO] [stdout] 41 |     Iron::new(mount).http("127.0.0.1:8888").unwrap();
[INFO] [stdout]    |     ---- unexpected token
[INFO] [stdout] 
[INFO] [stdout] error[E0583]: file not found for module `controllers`
[INFO] [stdout]   --> src/lib.rs:23:1
[INFO] [stdout]    |
[INFO] [stdout] 12 | mod controllers;
[INFO] [stdout]    | ^^^^^^^^^^^^^^^^
[INFO] [stdout]    |
[INFO] [stdout]    = help: to create the module `controllers`, create file "src/controllers.rs" or "src/controllers/mod.rs"
[INFO] [stdout] 
[INFO] [stdout] error[E0583]: file not found for module `middleware`
[INFO] [stdout]   --> src/lib.rs:24:1
[INFO] [stdout]    |
[INFO] [stdout] 13 | mod middleware;
[INFO] [stdout]    | ^^^^^^^^^^^^^^^
[INFO] [stdout]    |
[INFO] [stdout]    = help: to create the module `middleware`, create file "src/middleware.rs" or "src/middleware/mod.rs"
[INFO] [stdout] 
[INFO] [stdout] error[E0463]: can't find crate for `mount`
[INFO] [stdout]  --> src/lib.rs:16:1
[INFO] [stdout]   |
[INFO] [stdout] 5 | extern crate mount;
[INFO] [stdout]   | ^^^^^^^^^^^^^^^^^^^ can't find crate
[INFO] [stdout] 
[INFO] [stdout] error[E0463]: can't find crate for `router`
[INFO] [stdout]  --> src/lib.rs:17:1
[INFO] [stdout]   |
[INFO] [stdout] 6 | extern crate router;
[INFO] [stdout]   | ^^^^^^^^^^^^^^^^^^^^ can't find crate
[INFO] [stdout] 
[INFO] [stdout] error[E0433]: failed to resolve: could not find `lorem` in `controllers`
[INFO] [stdout]   --> src/lib.rs:34:49
[INFO] [stdout]    |
[INFO] [stdout] 23 |             lorem: get "/lorem" => controllers::lorem::index,
[INFO] [stdout]    |                                                 ^^^^^ could not find `lorem` in `controllers`
[INFO] [stdout] 
[INFO] [stdout] error[E0433]: failed to resolve: could not find `ipsum` in `controllers`
[INFO] [stdout]   --> src/lib.rs:35:49
[INFO] [stdout]    |
[INFO] [stdout] 24 |             ipsum: get "/ipsum" => controllers::ipsum::index,
[INFO] [stdout]    |                                                 ^^^^^ could not find `ipsum` in `controllers`
[INFO] [stdout] 
[INFO] [stdout] error[E0433]: failed to resolve: could not find `dolor` in `controllers`
[INFO] [stdout]   --> src/lib.rs:36:49
[INFO] [stdout]    |
[INFO] [stdout] 25 |             dolor: get "/dolor" => controllers::dolor::index,
[INFO] [stdout]    |                                                 ^^^^^ could not find `dolor` in `controllers`
[INFO] [stdout] 
[INFO] [stdout] error[E0433]: failed to resolve: could not find `auth` in `middleware`
[INFO] [stdout]   --> src/lib.rs:39:57
[INFO] [stdout]    |
[INFO] [stdout] 28 |             Middleware::BeforeMiddleware => middleware::auth::TokenValidity,
[INFO] [stdout]    |                                                         ^^^^ could not find `auth` in `middleware`
[INFO] [stdout] 
[INFO] [stdout] error[E0433]: failed to resolve: could not find `amet` in `controllers`
[INFO] [stdout]   --> src/lib.rs:45:47
[INFO] [stdout]    |
[INFO] [stdout] 34 |     frontend_router.get("/amet", controllers::amet::index, "amet");
[INFO] [stdout]    |                                               ^^^^ could not find `amet` in `controllers`
[INFO] [stdout] 
[INFO] [stdout] error[E0433]: failed to resolve: use of undeclared type `Iron`
[INFO] [stdout]   --> src/lib.rs:52:5
[INFO] [stdout]    |
[INFO] [stdout] 41 |     Iron::new(mount).http("127.0.0.1:8888").unwrap();
[INFO] [stdout]    |     ^^^^ use of undeclared type `Iron`
[INFO] [stdout]    |
[INFO] [stdout] help: consider importing this struct
[INFO] [stdout]    |
[INFO] [stdout] 8  | use iron::Iron;
[INFO] [stdout]    |
[INFO] [stdout] 
[INFO] [stdout] error: aborting due to 11 previous errors
[INFO] [stdout] 
[INFO] [stdout] Some errors have detailed explanations: E0433, E0463, E0583.
[INFO] [stdout] For more information about an error, try `rustc --explain E0433`.
[INFO] [stdout] Couldn't compile the test.
[INFO] [stdout] ---- src/lib.rs - Middleware::AfterMiddleware (line 91) stdout ----
[INFO] [stdout] error: cannot find macro `middlefiddle` in this scope
[INFO] [stdout]  --> src/lib.rs:92:1
[INFO] [stdout]   |
[INFO] [stdout] 3 | middlefiddle! {
[INFO] [stdout]   | ^^^^^^^^^^^^
[INFO] [stdout] 
[INFO] [stdout] error: aborting due to previous error
[INFO] [stdout] 
[INFO] [stdout] Couldn't compile the test.
[INFO] [stdout] 
[INFO] [stdout] failures:
[INFO] [stdout]     src/lib.rs - (line 12)
[INFO] [stdout]     src/lib.rs - Middleware (line 62)
[INFO] [stdout]     src/lib.rs - Middleware::AfterMiddleware (line 91)
[INFO] [stdout]     src/lib.rs - Middleware::BeforeMiddleware (line 77)
[INFO] [stdout]     src/lib.rs - middlefiddle (line 149)
[INFO] [stdout] 
[INFO] [stdout] test result: FAILED. 0 passed; 5 failed; 0 ignored; 0 measured; 0 filtered out; finished in 0.20s
[INFO] [stdout] 
[INFO] [stderr] error: doctest failed, to rerun pass `--doc`
[INFO] running `Command { std: "docker" "inspect" "1aa121e4eeeb6fab28af686750ca1dfb2fa105d770923121354ab0b33e3c18e3", kill_on_drop: false }`
[INFO] running `Command { std: "docker" "rm" "-f" "1aa121e4eeeb6fab28af686750ca1dfb2fa105d770923121354ab0b33e3c18e3", kill_on_drop: false }`
[INFO] [stdout] 1aa121e4eeeb6fab28af686750ca1dfb2fa105d770923121354ab0b33e3c18e3
