[INFO] fetching crate iota-types 1.0.0-rc.7...
[INFO] testing iota-types-1.0.0-rc.7 against 1.69.0 for beta-1.70-1
[INFO] extracting crate iota-types 1.0.0-rc.7 into /workspace/builds/worker-6-tc1/source
[INFO] validating manifest of crates.io crate iota-types 1.0.0-rc.7 on toolchain 1.69.0
[INFO] running `Command { std: CARGO_HOME="/workspace/cargo-home" RUSTUP_HOME="/workspace/rustup-home" "/workspace/cargo-home/bin/cargo" "+1.69.0" "metadata" "--manifest-path" "Cargo.toml" "--no-deps", kill_on_drop: false }`
[INFO] started tweaking crates.io crate iota-types 1.0.0-rc.7
[INFO] finished tweaking crates.io crate iota-types 1.0.0-rc.7
[INFO] tweaked toml for crates.io crate iota-types 1.0.0-rc.7 written to /workspace/builds/worker-6-tc1/source/Cargo.toml
[INFO] running `Command { std: CARGO_HOME="/workspace/cargo-home" RUSTUP_HOME="/workspace/rustup-home" __CARGO_TEST_CHANNEL_OVERRIDE_DO_NOT_USE_THIS="nightly" "/workspace/cargo-home/bin/cargo" "+1.69.0" "generate-lockfile" "--manifest-path" "Cargo.toml" "-Zno-index-update", kill_on_drop: false }`
[INFO] running `Command { std: CARGO_HOME="/workspace/cargo-home" RUSTUP_HOME="/workspace/rustup-home" "/workspace/cargo-home/bin/cargo" "+1.69.0" "fetch" "--manifest-path" "Cargo.toml", kill_on_drop: false }`
[INFO] [stderr]  Downloading crates ...
[INFO] [stderr]   Downloaded iterator-sorted v0.1.0
[INFO] [stderr]   Downloaded iota-pow v1.0.0-rc.4
[INFO] [stderr]   Downloaded packable v0.7.0
[INFO] [stderr]   Downloaded packable-derive v0.7.0
[INFO] [stderr]   Downloaded iota-crypto v0.15.3
[INFO] [stderr]   Downloaded serde-big-array v0.5.1
[INFO] [stderr]   Downloaded prefix-hex v0.5.0
[INFO] running `Command { std: "docker" "create" "-v" "/var/lib/crater-agent-workspace/builds/worker-6-tc1/target:/opt/rustwide/target:rw,Z" "-v" "/var/lib/crater-agent-workspace/builds/worker-6-tc1/source:/opt/rustwide/workdir:ro,Z" "-v" "/var/lib/crater-agent-workspace/cargo-home:/opt/rustwide/cargo-home:ro,Z" "-v" "/var/lib/crater-agent-workspace/rustup-home:/opt/rustwide/rustup-home:ro,Z" "-e" "SOURCE_DIR=/opt/rustwide/workdir" "-e" "CARGO_TARGET_DIR=/opt/rustwide/target" "-e" "CARGO_HOME=/opt/rustwide/cargo-home" "-e" "RUSTUP_HOME=/opt/rustwide/rustup-home" "-w" "/opt/rustwide/workdir" "-m" "1610612736" "--user" "0:0" "--network" "none" "ghcr.io/rust-lang/crates-build-env/linux@sha256:5ff2268d62e97bff2cde7d5815dd6ed5b47097566f13b8d0ca110b04b60e07ed" "/opt/rustwide/cargo-home/bin/cargo" "+1.69.0" "metadata" "--no-deps" "--format-version=1", kill_on_drop: false }`
[INFO] [stdout] e8d5e69c70c35e74f79fcbc6c848ae145023e8bb03ae6c52ad54402b1a6f355b
[INFO] running `Command { std: "docker" "start" "-a" "e8d5e69c70c35e74f79fcbc6c848ae145023e8bb03ae6c52ad54402b1a6f355b", kill_on_drop: false }`
[INFO] running `Command { std: "docker" "inspect" "e8d5e69c70c35e74f79fcbc6c848ae145023e8bb03ae6c52ad54402b1a6f355b", kill_on_drop: false }`
[INFO] running `Command { std: "docker" "rm" "-f" "e8d5e69c70c35e74f79fcbc6c848ae145023e8bb03ae6c52ad54402b1a6f355b", kill_on_drop: false }`
[INFO] [stdout] e8d5e69c70c35e74f79fcbc6c848ae145023e8bb03ae6c52ad54402b1a6f355b
[INFO] running `Command { std: "docker" "create" "-v" "/var/lib/crater-agent-workspace/builds/worker-6-tc1/target:/opt/rustwide/target:rw,Z" "-v" "/var/lib/crater-agent-workspace/builds/worker-6-tc1/source:/opt/rustwide/workdir:ro,Z" "-v" "/var/lib/crater-agent-workspace/cargo-home:/opt/rustwide/cargo-home:ro,Z" "-v" "/var/lib/crater-agent-workspace/rustup-home:/opt/rustwide/rustup-home:ro,Z" "-e" "SOURCE_DIR=/opt/rustwide/workdir" "-e" "CARGO_TARGET_DIR=/opt/rustwide/target" "-e" "CARGO_INCREMENTAL=0" "-e" "RUST_BACKTRACE=full" "-e" "RUSTFLAGS=--cap-lints=warn" "-e" "RUSTDOCFLAGS=--cap-lints=warn" "-e" "CARGO_HOME=/opt/rustwide/cargo-home" "-e" "RUSTUP_HOME=/opt/rustwide/rustup-home" "-w" "/opt/rustwide/workdir" "-m" "1610612736" "--user" "0:0" "--network" "none" "ghcr.io/rust-lang/crates-build-env/linux@sha256:5ff2268d62e97bff2cde7d5815dd6ed5b47097566f13b8d0ca110b04b60e07ed" "/opt/rustwide/cargo-home/bin/cargo" "+1.69.0" "build" "--frozen" "--message-format=json", kill_on_drop: false }`
[INFO] [stdout] 20569f833e1c69e276b7edb10bd180b4ed0314f7d44c61cabfeb80fbb80aa30a
[INFO] running `Command { std: "docker" "start" "-a" "20569f833e1c69e276b7edb10bd180b4ed0314f7d44c61cabfeb80fbb80aa30a", kill_on_drop: false }`
[INFO] [stderr]    Compiling version_check v0.9.4
[INFO] [stderr]    Compiling autocfg v1.1.0
[INFO] [stderr]    Compiling libc v0.2.142
[INFO] [stderr]    Compiling typenum v1.16.0
[INFO] [stderr]    Compiling serde_derive v1.0.160
[INFO] [stderr]    Compiling serde v1.0.160
[INFO] [stderr]    Compiling byteorder v1.4.3
[INFO] [stderr]    Compiling syn v1.0.109
[INFO] [stderr]    Compiling crunchy v0.2.2
[INFO] [stderr]    Compiling indexmap v1.9.3
[INFO] [stderr]    Compiling generic-array v0.14.7
[INFO] [stderr]    Compiling proc-macro-error-attr v1.0.4
[INFO] [stderr]    Compiling hex v0.4.3
[INFO] [stderr]    Compiling ppv-lite86 v0.2.17
[INFO] [stderr]    Compiling once_cell v1.17.1
[INFO] [stderr]    Compiling proc-macro-error v1.0.4
[INFO] [stderr]    Compiling ahash v0.7.6
[INFO] [stderr]    Compiling hashbrown v0.12.3
[INFO] [stderr]    Compiling subtle v2.4.1
[INFO] [stderr]    Compiling static_assertions v1.1.0
[INFO] [stderr]    Compiling getrandom v0.2.9
[INFO] [stderr]    Compiling toml_datetime v0.6.1
[INFO] [stderr]    Compiling rustc-hex v2.1.0
[INFO] [stderr]    Compiling rand_core v0.6.4
[INFO] [stderr]    Compiling winnow v0.4.4
[INFO] [stderr]    Compiling uint v0.9.5
[INFO] [stderr]    Compiling rand_chacha v0.3.1
[INFO] [stderr]    Compiling ahash v0.8.3
[INFO] [stderr]    Compiling num-traits v0.2.15
[INFO] [stderr]    Compiling digest v0.9.0
[INFO] [stderr]    Compiling rand v0.8.5
[INFO] [stderr]    Compiling block-buffer v0.9.0
[INFO] [stderr]    Compiling crypto-common v0.1.6
[INFO] [stderr]    Compiling block-buffer v0.10.4
[INFO] [stderr]    Compiling opaque-debug v0.3.0
[INFO] [stderr]    Compiling zeroize v1.3.0
[INFO] [stderr]    Compiling rand_core v0.5.1
[INFO] [stderr]    Compiling cpufeatures v0.2.7
[INFO] [stderr]    Compiling curve25519-dalek v3.2.1
[INFO] [stderr]    Compiling digest v0.10.6
[INFO] [stderr]    Compiling sha2 v0.9.9
[INFO] [stderr]    Compiling fixed-hash v0.8.0
[INFO] [stderr]    Compiling iota-crypto v0.15.3
[INFO] [stderr]    Compiling packable v0.7.0
[INFO] [stderr]    Compiling serde_json v1.0.96
[INFO] [stderr]    Compiling ed25519-zebra v3.1.0
[INFO] [stderr]    Compiling toml_edit v0.19.8
[INFO] [stderr]    Compiling blake2 v0.10.6
[INFO] [stderr]    Compiling itoa v1.0.6
[INFO] [stderr]    Compiling ryu v1.0.13
[INFO] [stderr]    Compiling serde_repr v0.1.12
[INFO] [stderr]    Compiling iterator-sorted v0.1.0
[INFO] [stderr]    Compiling bytemuck v1.13.1
[INFO] [stderr]    Compiling bitflags v1.3.2
[INFO] [stderr]    Compiling bech32 v0.9.1
[INFO] [stderr]    Compiling proc-macro-crate v1.3.1
[INFO] [stderr]    Compiling getset v0.1.2
[INFO] [stderr]    Compiling derive_more v0.99.17
[INFO] [stderr]    Compiling packable-derive v0.7.0
[INFO] [stderr]    Compiling impl-serde v0.4.0
[INFO] [stderr]    Compiling hashbrown v0.13.2
[INFO] [stderr]    Compiling serde-big-array v0.5.1
[INFO] [stderr]    Compiling primitive-types v0.12.1
[INFO] [stderr]    Compiling prefix-hex v0.5.0
[INFO] [stderr]    Compiling iota-types v1.0.0-rc.7 (/opt/rustwide/workdir)
[INFO] [stderr]     Finished dev [unoptimized + debuginfo] target(s) in 24.21s
[INFO] running `Command { std: "docker" "inspect" "20569f833e1c69e276b7edb10bd180b4ed0314f7d44c61cabfeb80fbb80aa30a", kill_on_drop: false }`
[INFO] running `Command { std: "docker" "rm" "-f" "20569f833e1c69e276b7edb10bd180b4ed0314f7d44c61cabfeb80fbb80aa30a", kill_on_drop: false }`
[INFO] [stdout] 20569f833e1c69e276b7edb10bd180b4ed0314f7d44c61cabfeb80fbb80aa30a
[INFO] running `Command { std: "docker" "create" "-v" "/var/lib/crater-agent-workspace/builds/worker-6-tc1/target:/opt/rustwide/target:rw,Z" "-v" "/var/lib/crater-agent-workspace/builds/worker-6-tc1/source:/opt/rustwide/workdir:ro,Z" "-v" "/var/lib/crater-agent-workspace/cargo-home:/opt/rustwide/cargo-home:ro,Z" "-v" "/var/lib/crater-agent-workspace/rustup-home:/opt/rustwide/rustup-home:ro,Z" "-e" "SOURCE_DIR=/opt/rustwide/workdir" "-e" "CARGO_TARGET_DIR=/opt/rustwide/target" "-e" "CARGO_INCREMENTAL=0" "-e" "RUST_BACKTRACE=full" "-e" "RUSTFLAGS=--cap-lints=warn" "-e" "RUSTDOCFLAGS=--cap-lints=warn" "-e" "CARGO_HOME=/opt/rustwide/cargo-home" "-e" "RUSTUP_HOME=/opt/rustwide/rustup-home" "-w" "/opt/rustwide/workdir" "-m" "1610612736" "--user" "0:0" "--network" "none" "ghcr.io/rust-lang/crates-build-env/linux@sha256:5ff2268d62e97bff2cde7d5815dd6ed5b47097566f13b8d0ca110b04b60e07ed" "/opt/rustwide/cargo-home/bin/cargo" "+1.69.0" "test" "--frozen" "--no-run" "--message-format=json", kill_on_drop: false }`
[INFO] [stdout] 70be19adefc56b7ea3c1325edcfd9dac06a0a5354f320e6283ec12266f1f4239
[INFO] running `Command { std: "docker" "start" "-a" "70be19adefc56b7ea3c1325edcfd9dac06a0a5354f320e6283ec12266f1f4239", kill_on_drop: false }`
[INFO] [stderr]    Compiling libc v0.2.142
[INFO] [stderr]    Compiling iota-crypto v0.15.3
[INFO] [stderr]    Compiling getrandom v0.2.9
[INFO] [stderr]    Compiling num_cpus v1.15.0
[INFO] [stderr]    Compiling rand_core v0.6.4
[INFO] [stderr]    Compiling ahash v0.7.6
[INFO] [stderr]    Compiling hashbrown v0.12.3
[INFO] [stderr]    Compiling rand_chacha v0.3.1
[INFO] [stderr]    Compiling rand v0.8.5
[INFO] [stderr]    Compiling ed25519-zebra v3.1.0
[INFO] [stderr]    Compiling fixed-hash v0.8.0
[INFO] [stderr]    Compiling primitive-types v0.12.1
[INFO] [stderr]    Compiling iota-pow v1.0.0-rc.4
[INFO] [stderr]    Compiling packable v0.7.0
[INFO] [stderr]    Compiling prefix-hex v0.5.0
[INFO] [stderr]    Compiling iota-types v1.0.0-rc.7 (/opt/rustwide/workdir)
[INFO] [stdout] error[E0433]: failed to resolve: could not find `rand` in `block`
[INFO] [stdout]   --> tests/transaction_essence.rs:10:5
[INFO] [stdout]    |
[INFO] [stdout] 10 |     rand::output::rand_inputs_commitment,
[INFO] [stdout]    |     ^^^^ could not find `rand` in `block`
[INFO] [stdout] 
[INFO] [stdout] 
[INFO] [stdout] error[E0432]: unresolved import `iota_types::block::protocol::protocol_parameters`
[INFO] [stdout]  --> tests/transaction_essence.rs:9:5
[INFO] [stdout]   |
[INFO] [stdout] 9 |     protocol::protocol_parameters,
[INFO] [stdout]   |     ^^^^^^^^^^-------------------
[INFO] [stdout]   |     |         |
[INFO] [stdout]   |     |         help: a similar name exists in the module: `ProtocolParameters`
[INFO] [stdout]   |     no `protocol_parameters` in `block::protocol`
[INFO] [stdout] 
[INFO] [stdout] 
[INFO] [stdout] error[E0433]: failed to resolve: could not find `rand` in `block`
[INFO] [stdout]  --> tests/unlocks.rs:5:5
[INFO] [stdout]   |
[INFO] [stdout] 5 |     rand::bytes::{rand_bytes, rand_bytes_array},
[INFO] [stdout]   |     ^^^^ could not find `rand` in `block`
[INFO] [stdout] 
[INFO] [stdout] 
[INFO] [stdout] error: aborting due to 2 previous errors
[INFO] [stdout] 
[INFO] [stdout] 
[INFO] [stdout] Some errors have detailed explanations: E0432, E0433.
[INFO] [stdout] 
[INFO] [stdout] For more information about an error, try `rustc --explain E0432`.
[INFO] [stdout] 
[INFO] [stderr] error: could not compile `iota-types` due to 3 previous errors
[INFO] [stderr] warning: build failed, waiting for other jobs to finish...
[INFO] [stdout] error: aborting due to previous error
[INFO] [stdout] 
[INFO] [stdout] 
[INFO] [stdout] For more information about this error, try `rustc --explain E0433`.
[INFO] [stdout] 
[INFO] [stdout] error[E0433]: failed to resolve: could not find `rand` in `block`
[INFO] [stdout]  --> tests/milestone_payload.rs:8:5
[INFO] [stdout]   |
[INFO] [stdout] 8 |     rand::{
[INFO] [stdout]   |     ^^^^ could not find `rand` in `block`
[INFO] [stdout] 
[INFO] [stdout] 
[INFO] [stderr] error: could not compile `iota-types` due to 2 previous errors
[INFO] [stdout] error[E0432]: unresolved import `iota_types::block::protocol::protocol_parameters`
[INFO] [stdout]  --> tests/milestone_payload.rs:7:5
[INFO] [stdout]   |
[INFO] [stdout] 7 |     protocol::protocol_parameters,
[INFO] [stdout]   |     ^^^^^^^^^^-------------------
[INFO] [stdout]   |     |         |
[INFO] [stdout]   |     |         help: a similar name exists in the module: `ProtocolParameters`
[INFO] [stdout]   |     no `protocol_parameters` in `block::protocol`
[INFO] [stdout] 
[INFO] [stdout] 
[INFO] [stdout] error[E0433]: failed to resolve: could not find `rand` in `block`
[INFO] [stdout]  --> tests/signature_unlock.rs:5:5
[INFO] [stdout]   |
[INFO] [stdout] 5 |     rand::bytes::{rand_bytes, rand_bytes_array},
[INFO] [stdout]   |     ^^^^ could not find `rand` in `block`
[INFO] [stdout] 
[INFO] [stdout] 
[INFO] [stdout] error: aborting due to 2 previous errors
[INFO] [stdout] 
[INFO] [stdout] 
[INFO] [stdout] Some errors have detailed explanations: E0432, E0433.
[INFO] [stdout] 
[INFO] [stdout] For more information about an error, try `rustc --explain E0432`.
[INFO] [stdout] 
[INFO] [stdout] error[E0433]: failed to resolve: could not find `rand` in `block`
[INFO] [stdout]   --> tests/milestone_payload_essence.rs:15:5
[INFO] [stdout]    |
[INFO] [stdout] 15 |     rand::{
[INFO] [stdout]    |     ^^^^ could not find `rand` in `block`
[INFO] [stdout] 
[INFO] [stdout] 
[INFO] [stderr] error: could not compile `iota-types` due to 3 previous errors
[INFO] [stdout] error: aborting due to previous error
[INFO] [stdout] 
[INFO] [stdout] 
[INFO] [stdout] For more information about this error, try `rustc --explain E0433`.
[INFO] [stdout] 
[INFO] [stdout] error[E0432]: unresolved imports `iota_types::block::protocol::protocol_parameters`, `iota_types::block::rand`
[INFO] [stdout]   --> tests/milestone_payload_essence.rs:14:5
[INFO] [stdout]    |
[INFO] [stdout] 14 |     protocol::protocol_parameters,
[INFO] [stdout]    |     ^^^^^^^^^^-------------------
[INFO] [stdout]    |     |         |
[INFO] [stdout]    |     |         help: a similar name exists in the module: `ProtocolParameters`
[INFO] [stdout]    |     no `protocol_parameters` in `block::protocol`
[INFO] [stdout] 15 |     rand::{
[INFO] [stdout] 16 |         self,
[INFO] [stdout]    |         ^^^^ no `rand` in `block`
[INFO] [stdout] 
[INFO] [stdout] 
[INFO] [stderr] error: could not compile `iota-types` due to 2 previous errors
[INFO] [stdout] error[E0432]: unresolved import `iota_types::block::protocol::protocol_parameters`
[INFO] [stdout]  --> tests/treasury_output.rs:4:49
[INFO] [stdout]   |
[INFO] [stdout] 4 | use iota_types::block::{output::TreasuryOutput, protocol::protocol_parameters, Error};
[INFO] [stdout]   |                                                 ^^^^^^^^^^-------------------
[INFO] [stdout]   |                                                 |         |
[INFO] [stdout]   |                                                 |         help: a similar name exists in the module: `ProtocolParameters`
[INFO] [stdout]   |                                                 no `protocol_parameters` in `block::protocol`
[INFO] [stdout] 
[INFO] [stdout] 
[INFO] [stdout] error: aborting due to 2 previous errors
[INFO] [stdout] 
[INFO] [stdout] 
[INFO] [stdout] error: aborting due to previous error
[INFO] [stdout] 
[INFO] [stdout] 
[INFO] [stdout] Some errors have detailed explanations: E0432, E0433.
[INFO] [stdout] 
[INFO] [stdout] For more information about an error, try `rustc --explain E0432`.
[INFO] [stdout] 
[INFO] [stdout] For more information about this error, try `rustc --explain E0432`.
[INFO] [stdout] 
[INFO] [stderr] error: could not compile `iota-types` due to 2 previous errors
[INFO] [stderr] error: could not compile `iota-types` due to 3 previous errors
[INFO] running `Command { std: "docker" "inspect" "70be19adefc56b7ea3c1325edcfd9dac06a0a5354f320e6283ec12266f1f4239", kill_on_drop: false }`
[INFO] running `Command { std: "docker" "rm" "-f" "70be19adefc56b7ea3c1325edcfd9dac06a0a5354f320e6283ec12266f1f4239", kill_on_drop: false }`
[INFO] [stdout] 70be19adefc56b7ea3c1325edcfd9dac06a0a5354f320e6283ec12266f1f4239
