[INFO] fetching crate interledger-ccp 0.3.0...
[INFO] testing interledger-ccp-0.3.0 against 1.69.0 for beta-1.70-1
[INFO] extracting crate interledger-ccp 0.3.0 into /workspace/builds/worker-6-tc1/source
[INFO] validating manifest of crates.io crate interledger-ccp 0.3.0 on toolchain 1.69.0
[INFO] running `Command { std: CARGO_HOME="/workspace/cargo-home" RUSTUP_HOME="/workspace/rustup-home" "/workspace/cargo-home/bin/cargo" "+1.69.0" "metadata" "--manifest-path" "Cargo.toml" "--no-deps", kill_on_drop: false }`
[INFO] started tweaking crates.io crate interledger-ccp 0.3.0
[INFO] finished tweaking crates.io crate interledger-ccp 0.3.0
[INFO] tweaked toml for crates.io crate interledger-ccp 0.3.0 written to /workspace/builds/worker-6-tc1/source/Cargo.toml
[INFO] running `Command { std: CARGO_HOME="/workspace/cargo-home" RUSTUP_HOME="/workspace/rustup-home" __CARGO_TEST_CHANNEL_OVERRIDE_DO_NOT_USE_THIS="nightly" "/workspace/cargo-home/bin/cargo" "+1.69.0" "generate-lockfile" "--manifest-path" "Cargo.toml" "-Zno-index-update", kill_on_drop: false }`
[INFO] running `Command { std: CARGO_HOME="/workspace/cargo-home" RUSTUP_HOME="/workspace/rustup-home" "/workspace/cargo-home/bin/cargo" "+1.69.0" "fetch" "--manifest-path" "Cargo.toml", kill_on_drop: false }`
[INFO] [stderr]  Downloading crates ...
[INFO] [stderr]   Downloaded interledger-service v0.4.0
[INFO] [stderr]   Downloaded interledger-packet v0.4.0
[INFO] running `Command { std: "docker" "create" "-v" "/var/lib/crater-agent-workspace/builds/worker-6-tc1/target:/opt/rustwide/target:rw,Z" "-v" "/var/lib/crater-agent-workspace/builds/worker-6-tc1/source:/opt/rustwide/workdir:ro,Z" "-v" "/var/lib/crater-agent-workspace/cargo-home:/opt/rustwide/cargo-home:ro,Z" "-v" "/var/lib/crater-agent-workspace/rustup-home:/opt/rustwide/rustup-home:ro,Z" "-e" "SOURCE_DIR=/opt/rustwide/workdir" "-e" "CARGO_TARGET_DIR=/opt/rustwide/target" "-e" "CARGO_HOME=/opt/rustwide/cargo-home" "-e" "RUSTUP_HOME=/opt/rustwide/rustup-home" "-w" "/opt/rustwide/workdir" "-m" "1610612736" "--user" "0:0" "--network" "none" "ghcr.io/rust-lang/crates-build-env/linux@sha256:5ff2268d62e97bff2cde7d5815dd6ed5b47097566f13b8d0ca110b04b60e07ed" "/opt/rustwide/cargo-home/bin/cargo" "+1.69.0" "metadata" "--no-deps" "--format-version=1", kill_on_drop: false }`
[INFO] [stdout] 4e9ef8fb1d08bc5f9a7aff0470005f40741bae4132d3a796c61a1140e4fd0e79
[INFO] running `Command { std: "docker" "start" "-a" "4e9ef8fb1d08bc5f9a7aff0470005f40741bae4132d3a796c61a1140e4fd0e79", kill_on_drop: false }`
[INFO] running `Command { std: "docker" "inspect" "4e9ef8fb1d08bc5f9a7aff0470005f40741bae4132d3a796c61a1140e4fd0e79", kill_on_drop: false }`
[INFO] running `Command { std: "docker" "rm" "-f" "4e9ef8fb1d08bc5f9a7aff0470005f40741bae4132d3a796c61a1140e4fd0e79", kill_on_drop: false }`
[INFO] [stdout] 4e9ef8fb1d08bc5f9a7aff0470005f40741bae4132d3a796c61a1140e4fd0e79
[INFO] running `Command { std: "docker" "create" "-v" "/var/lib/crater-agent-workspace/builds/worker-6-tc1/target:/opt/rustwide/target:rw,Z" "-v" "/var/lib/crater-agent-workspace/builds/worker-6-tc1/source:/opt/rustwide/workdir:ro,Z" "-v" "/var/lib/crater-agent-workspace/cargo-home:/opt/rustwide/cargo-home:ro,Z" "-v" "/var/lib/crater-agent-workspace/rustup-home:/opt/rustwide/rustup-home:ro,Z" "-e" "SOURCE_DIR=/opt/rustwide/workdir" "-e" "CARGO_TARGET_DIR=/opt/rustwide/target" "-e" "CARGO_INCREMENTAL=0" "-e" "RUST_BACKTRACE=full" "-e" "RUSTFLAGS=--cap-lints=warn" "-e" "RUSTDOCFLAGS=--cap-lints=warn" "-e" "CARGO_HOME=/opt/rustwide/cargo-home" "-e" "RUSTUP_HOME=/opt/rustwide/rustup-home" "-w" "/opt/rustwide/workdir" "-m" "1610612736" "--user" "0:0" "--network" "none" "ghcr.io/rust-lang/crates-build-env/linux@sha256:5ff2268d62e97bff2cde7d5815dd6ed5b47097566f13b8d0ca110b04b60e07ed" "/opt/rustwide/cargo-home/bin/cargo" "+1.69.0" "build" "--frozen" "--message-format=json", kill_on_drop: false }`
[INFO] [stdout] f37505281fb2bb1f3c3d58fd2a0e4fd844dbebdd4e1dbd962927bbe8c095beb4
[INFO] running `Command { std: "docker" "start" "-a" "f37505281fb2bb1f3c3d58fd2a0e4fd844dbebdd4e1dbd962927bbe8c095beb4", kill_on_drop: false }`
[INFO] [stderr]     Blocking waiting for file lock on package cache
[INFO] [stderr]    Compiling crossbeam-utils v0.7.2
[INFO] [stderr]    Compiling iovec v0.1.4
[INFO] [stderr]    Compiling parking_lot_core v0.6.3
[INFO] [stderr]    Compiling regex-syntax v0.7.1
[INFO] [stderr]    Compiling futures v0.1.31
[INFO] [stderr]    Compiling chrono v0.4.24
[INFO] [stderr]    Compiling ring v0.16.20
[INFO] [stderr]    Compiling parking_lot v0.9.0
[INFO] [stderr]    Compiling bytes v0.4.12
[INFO] [stderr]    Compiling hex v0.4.3
[INFO] [stderr]    Compiling quick-error v1.2.3
[INFO] [stderr]    Compiling lock_api v0.3.4
[INFO] [stderr]    Compiling unicode-normalization v0.1.22
[INFO] [stderr]    Compiling base64 v0.10.1
[INFO] [stderr]    Compiling spin v0.5.2
[INFO] [stderr]    Compiling untrusted v0.7.1
[INFO] [stderr]    Compiling tokio-executor v0.1.10
[INFO] [stderr]    Compiling regex v1.8.1
[INFO] [stderr]    Compiling tokio-timer v0.2.13
[INFO] [stderr]    Compiling interledger-packet v0.4.0
[INFO] [stdout] error[E0425]: cannot find function `encode` in crate `hex`
[INFO] [stdout]    --> /opt/rustwide/cargo-home/registry/src/github.com-1ecc6299db9ec823/interledger-packet-0.4.0/src/packet.rs:252:23
[INFO] [stdout]     |
[INFO] [stdout] 252 |                 &hex::encode(self.execution_condition()),
[INFO] [stdout]     |                       ^^^^^^ not found in `hex`
[INFO] [stdout] 
[INFO] [stdout] 
[INFO] [stdout] error[E0425]: cannot find function `encode` in crate `hex`
[INFO] [stdout]    --> /opt/rustwide/cargo-home/registry/src/github.com-1ecc6299db9ec823/interledger-packet-0.4.0/src/packet.rs:366:41
[INFO] [stdout]     |
[INFO] [stdout] 366 |             .field("fulfillment", &hex::encode(self.fulfillment()))
[INFO] [stdout]     |                                         ^^^^^^ not found in `hex`
[INFO] [stdout] 
[INFO] [stdout] 
[INFO] [stdout] error[E0277]: the trait bound `chrono::ParseError: std::error::Error` is not satisfied
[INFO] [stdout]   --> /opt/rustwide/cargo-home/registry/src/github.com-1ecc6299db9ec823/interledger-packet-0.4.0/src/errors.rs:29:19
[INFO] [stdout]    |
[INFO] [stdout] 29 |             cause(err)
[INFO] [stdout]    |                   ^^^ the trait `std::error::Error` is not implemented for `chrono::ParseError`
[INFO] [stdout]    |
[INFO] [stdout]    = note: required for the cast from `chrono::ParseError` to the object type `dyn std::error::Error`
[INFO] [stdout] 
[INFO] [stdout] 
[INFO] [stdout] error[E0308]: mismatched types
[INFO] [stdout]    --> /opt/rustwide/cargo-home/registry/src/github.com-1ecc6299db9ec823/interledger-packet-0.4.0/src/packet.rs:148:43
[INFO] [stdout]     |
[INFO] [stdout] 148 |         let expires_at = SystemTime::from(expires_at);
[INFO] [stdout]     |                          ---------------- ^^^^^^^^^^ expected `SystemTime`, found `DateTime<Utc>`
[INFO] [stdout]     |                          |
[INFO] [stdout]     |                          arguments to this function are incorrect
[INFO] [stdout]     |
[INFO] [stdout]     = note: expected struct `SystemTime`
[INFO] [stdout]                found struct `DateTime<Utc>`
[INFO] [stdout] note: associated function defined here
[INFO] [stdout]    --> /rustc/84c898d65adf2f39a5a98507f1fe0ce10a2b8dbc/library/core/src/convert/mod.rs:548:8
[INFO] [stdout] 
[INFO] [stdout] 
[INFO] [stdout] error[E0277]: the trait bound `DateTime<Utc>: From<SystemTime>` is not satisfied
[INFO] [stdout]    --> /opt/rustwide/cargo-home/registry/src/github.com-1ecc6299db9ec823/interledger-packet-0.4.0/src/packet.rs:196:35
[INFO] [stdout]     |
[INFO] [stdout] 196 |             DateTime::<Utc>::from(expires_at).format(INTERLEDGER_TIMESTAMP_FORMAT),
[INFO] [stdout]     |             --------------------- ^^^^^^^^^^ the trait `From<SystemTime>` is not implemented for `DateTime<Utc>`
[INFO] [stdout]     |             |
[INFO] [stdout]     |             required by a bound introduced by this call
[INFO] [stdout]     |
[INFO] [stdout]     = help: the trait `From<DateTime<FixedOffset>>` is implemented for `DateTime<Utc>`
[INFO] [stdout] 
[INFO] [stdout] 
[INFO] [stdout] error[E0599]: no method named `format` found for struct `DateTime` in the current scope
[INFO] [stdout]    --> /opt/rustwide/cargo-home/registry/src/github.com-1ecc6299db9ec823/interledger-packet-0.4.0/src/packet.rs:196:47
[INFO] [stdout]     |
[INFO] [stdout] 196 |             DateTime::<Utc>::from(expires_at).format(INTERLEDGER_TIMESTAMP_FORMAT),
[INFO] [stdout]     |                                               ^^^^^^ method not found in `DateTime<Utc>`
[INFO] [stdout] 
[INFO] [stdout] 
[INFO] [stdout] error[E0277]: the trait bound `DateTime<Utc>: From<SystemTime>` is not satisfied
[INFO] [stdout]    --> /opt/rustwide/cargo-home/registry/src/github.com-1ecc6299db9ec823/interledger-packet-0.4.0/src/packet.rs:248:40
[INFO] [stdout]     |
[INFO] [stdout] 248 |                 &DateTime::<Utc>::from(self.expires_at()).to_rfc3339(),
[INFO] [stdout]     |                  --------------------- ^^^^^^^^^^^^^^^^^ the trait `From<SystemTime>` is not implemented for `DateTime<Utc>`
[INFO] [stdout]     |                  |
[INFO] [stdout]     |                  required by a bound introduced by this call
[INFO] [stdout]     |
[INFO] [stdout]     = help: the trait `From<DateTime<FixedOffset>>` is implemented for `DateTime<Utc>`
[INFO] [stdout] 
[INFO] [stdout] 
[INFO] [stdout] error[E0599]: no method named `to_rfc3339` found for struct `DateTime` in the current scope
[INFO] [stdout]    --> /opt/rustwide/cargo-home/registry/src/github.com-1ecc6299db9ec823/interledger-packet-0.4.0/src/packet.rs:248:59
[INFO] [stdout]     |
[INFO] [stdout] 248 |                 &DateTime::<Utc>::from(self.expires_at()).to_rfc3339(),
[INFO] [stdout]     |                                                           ^^^^^^^^^^ method not found in `DateTime<Utc>`
[INFO] [stdout] 
[INFO] [stdout] 
[INFO] [stdout] error[E0277]: the trait bound `DateTime<Utc>: From<SystemTime>` is not satisfied
[INFO] [stdout]    --> /opt/rustwide/cargo-home/registry/src/github.com-1ecc6299db9ec823/interledger-packet-0.4.0/src/packet.rs:277:35
[INFO] [stdout]     |
[INFO] [stdout] 277 |             DateTime::<Utc>::from(self.expires_at).format(INTERLEDGER_TIMESTAMP_FORMAT),
[INFO] [stdout]     |             --------------------- ^^^^^^^^^^^^^^^ the trait `From<SystemTime>` is not implemented for `DateTime<Utc>`
[INFO] [stdout]     |             |
[INFO] [stdout]     |             required by a bound introduced by this call
[INFO] [stdout]     |
[INFO] [stdout]     = help: the trait `From<DateTime<FixedOffset>>` is implemented for `DateTime<Utc>`
[INFO] [stdout] 
[INFO] [stdout] 
[INFO] [stdout] error[E0599]: no method named `format` found for struct `DateTime` in the current scope
[INFO] [stdout]    --> /opt/rustwide/cargo-home/registry/src/github.com-1ecc6299db9ec823/interledger-packet-0.4.0/src/packet.rs:277:52
[INFO] [stdout]     |
[INFO] [stdout] 277 |             DateTime::<Utc>::from(self.expires_at).format(INTERLEDGER_TIMESTAMP_FORMAT),
[INFO] [stdout]     |                                                    ^^^^^^ method not found in `DateTime<Utc>`
[INFO] [stdout] 
[INFO] [stdout] 
[INFO] [stdout] error: aborting due to 10 previous errors
[INFO] [stdout] 
[INFO] [stdout] 
[INFO] [stdout] Some errors have detailed explanations: E0277, E0308, E0425, E0599.
[INFO] [stdout] 
[INFO] [stdout] For more information about an error, try `rustc --explain E0277`.
[INFO] [stdout] 
[INFO] [stderr] error: could not compile `interledger-packet` due to 11 previous errors
[INFO] [stderr] warning: build failed, waiting for other jobs to finish...
[INFO] running `Command { std: "docker" "inspect" "f37505281fb2bb1f3c3d58fd2a0e4fd844dbebdd4e1dbd962927bbe8c095beb4", kill_on_drop: false }`
[INFO] running `Command { std: "docker" "rm" "-f" "f37505281fb2bb1f3c3d58fd2a0e4fd844dbebdd4e1dbd962927bbe8c095beb4", kill_on_drop: false }`
[INFO] [stdout] f37505281fb2bb1f3c3d58fd2a0e4fd844dbebdd4e1dbd962927bbe8c095beb4
