[INFO] fetching crate inkview-sys 0.1.2...
[INFO] testing inkview-sys-0.1.2 against 1.69.0 for beta-1.70-1
[INFO] extracting crate inkview-sys 0.1.2 into /workspace/builds/worker-1-tc1/source
[INFO] validating manifest of crates.io crate inkview-sys 0.1.2 on toolchain 1.69.0
[INFO] running `Command { std: CARGO_HOME="/workspace/cargo-home" RUSTUP_HOME="/workspace/rustup-home" "/workspace/cargo-home/bin/cargo" "+1.69.0" "metadata" "--manifest-path" "Cargo.toml" "--no-deps", kill_on_drop: false }`
[INFO] started tweaking crates.io crate inkview-sys 0.1.2
[INFO] finished tweaking crates.io crate inkview-sys 0.1.2
[INFO] tweaked toml for crates.io crate inkview-sys 0.1.2 written to /workspace/builds/worker-1-tc1/source/Cargo.toml
[INFO] running `Command { std: CARGO_HOME="/workspace/cargo-home" RUSTUP_HOME="/workspace/rustup-home" __CARGO_TEST_CHANNEL_OVERRIDE_DO_NOT_USE_THIS="nightly" "/workspace/cargo-home/bin/cargo" "+1.69.0" "generate-lockfile" "--manifest-path" "Cargo.toml" "-Zno-index-update", kill_on_drop: false }`
[INFO] running `Command { std: CARGO_HOME="/workspace/cargo-home" RUSTUP_HOME="/workspace/rustup-home" "/workspace/cargo-home/bin/cargo" "+1.69.0" "fetch" "--manifest-path" "Cargo.toml", kill_on_drop: false }`
[INFO] [stderr]  Downloading crates ...
[INFO] [stderr]   Downloaded bindgen v0.55.1
[INFO] [stderr]   Downloaded tinybmp v0.2.3
[INFO] running `Command { std: "docker" "create" "-v" "/var/lib/crater-agent-workspace/builds/worker-1-tc1/target:/opt/rustwide/target:rw,Z" "-v" "/var/lib/crater-agent-workspace/builds/worker-1-tc1/source:/opt/rustwide/workdir:ro,Z" "-v" "/var/lib/crater-agent-workspace/cargo-home:/opt/rustwide/cargo-home:ro,Z" "-v" "/var/lib/crater-agent-workspace/rustup-home:/opt/rustwide/rustup-home:ro,Z" "-e" "SOURCE_DIR=/opt/rustwide/workdir" "-e" "CARGO_TARGET_DIR=/opt/rustwide/target" "-e" "CARGO_HOME=/opt/rustwide/cargo-home" "-e" "RUSTUP_HOME=/opt/rustwide/rustup-home" "-w" "/opt/rustwide/workdir" "-m" "1610612736" "--user" "0:0" "--network" "none" "ghcr.io/rust-lang/crates-build-env/linux@sha256:5ff2268d62e97bff2cde7d5815dd6ed5b47097566f13b8d0ca110b04b60e07ed" "/opt/rustwide/cargo-home/bin/cargo" "+1.69.0" "metadata" "--no-deps" "--format-version=1", kill_on_drop: false }`
[INFO] [stdout] 10082d878cc016eecb1f8a5cb5dc6f0943f1be13de7b370ee40bf929fa2635cc
[INFO] running `Command { std: "docker" "start" "-a" "10082d878cc016eecb1f8a5cb5dc6f0943f1be13de7b370ee40bf929fa2635cc", kill_on_drop: false }`
[INFO] running `Command { std: "docker" "inspect" "10082d878cc016eecb1f8a5cb5dc6f0943f1be13de7b370ee40bf929fa2635cc", kill_on_drop: false }`
[INFO] running `Command { std: "docker" "rm" "-f" "10082d878cc016eecb1f8a5cb5dc6f0943f1be13de7b370ee40bf929fa2635cc", kill_on_drop: false }`
[INFO] [stdout] 10082d878cc016eecb1f8a5cb5dc6f0943f1be13de7b370ee40bf929fa2635cc
[INFO] running `Command { std: "docker" "create" "-v" "/var/lib/crater-agent-workspace/builds/worker-1-tc1/target:/opt/rustwide/target:rw,Z" "-v" "/var/lib/crater-agent-workspace/builds/worker-1-tc1/source:/opt/rustwide/workdir:ro,Z" "-v" "/var/lib/crater-agent-workspace/cargo-home:/opt/rustwide/cargo-home:ro,Z" "-v" "/var/lib/crater-agent-workspace/rustup-home:/opt/rustwide/rustup-home:ro,Z" "-e" "SOURCE_DIR=/opt/rustwide/workdir" "-e" "CARGO_TARGET_DIR=/opt/rustwide/target" "-e" "CARGO_INCREMENTAL=0" "-e" "RUST_BACKTRACE=full" "-e" "RUSTFLAGS=--cap-lints=warn" "-e" "RUSTDOCFLAGS=--cap-lints=warn" "-e" "CARGO_HOME=/opt/rustwide/cargo-home" "-e" "RUSTUP_HOME=/opt/rustwide/rustup-home" "-w" "/opt/rustwide/workdir" "-m" "1610612736" "--user" "0:0" "--network" "none" "ghcr.io/rust-lang/crates-build-env/linux@sha256:5ff2268d62e97bff2cde7d5815dd6ed5b47097566f13b8d0ca110b04b60e07ed" "/opt/rustwide/cargo-home/bin/cargo" "+1.69.0" "build" "--frozen" "--message-format=json", kill_on_drop: false }`
[INFO] [stdout] 9ddb0e579b0635bf74b96b4ec337295e8c625afc4143e60ee0dd74fde4a10efd
[INFO] running `Command { std: "docker" "start" "-a" "9ddb0e579b0635bf74b96b4ec337295e8c625afc4143e60ee0dd74fde4a10efd", kill_on_drop: false }`
[INFO] [stderr]     Blocking waiting for file lock on package cache
[INFO] [stderr]     Blocking waiting for file lock on package cache
[INFO] [stderr]     Blocking waiting for file lock on package cache
[INFO] [stderr]    Compiling autocfg v1.1.0
[INFO] [stderr]    Compiling libc v0.2.142
[INFO] [stderr]    Compiling cfg-if v1.0.0
[INFO] [stderr]    Compiling memchr v2.5.0
[INFO] [stderr]    Compiling version_check v0.9.4
[INFO] [stderr]    Compiling proc-macro2 v1.0.56
[INFO] [stderr]    Compiling unicode-ident v1.0.8
[INFO] [stderr]    Compiling glob v0.3.1
[INFO] [stderr]    Compiling quote v1.0.26
[INFO] [stderr]    Compiling log v0.4.17
[INFO] [stderr]    Compiling num-traits v0.2.15
[INFO] [stderr]    Compiling nom v5.1.3
[INFO] [stderr]    Compiling num-integer v0.1.45
[INFO] [stderr]    Compiling regex-syntax v0.7.1
[INFO] [stderr]    Compiling clang-sys v1.6.1
[INFO] [stderr]    Compiling quick-error v1.2.3
[INFO] [stderr]    Compiling getrandom v0.1.16
[INFO] [stderr]    Compiling aho-corasick v1.0.1
[INFO] [stderr]    Compiling atty v0.2.14
[INFO] [stderr]    Compiling unicode-width v0.1.10
[INFO] [stderr]    Compiling humantime v1.3.0
[INFO] [stderr]    Compiling textwrap v0.11.0
[INFO] [stderr]    Compiling num-bigint v0.3.3
[INFO] [stderr]    Compiling libloading v0.7.4
[INFO] [stderr]    Compiling bindgen v0.55.1
[INFO] [stderr]    Compiling termcolor v1.2.0
[INFO] [stderr]    Compiling strsim v0.8.0
[INFO] [stderr]    Compiling bitflags v1.3.2
[INFO] [stderr]    Compiling vec_map v0.8.2
[INFO] [stderr]    Compiling ansi_term v0.12.1
[INFO] [stderr]    Compiling regex v1.8.1
[INFO] [stderr]    Compiling clap v2.34.0
[INFO] [stderr]    Compiling cexpr v0.4.0
[INFO] [stderr]    Compiling which v3.1.1
[INFO] [stderr]    Compiling num-iter v0.1.43
[INFO] [stderr]    Compiling num-rational v0.3.2
[INFO] [stderr]    Compiling lazycell v1.3.0
[INFO] [stderr]    Compiling cfg-if v0.1.10
[INFO] [stderr]    Compiling lazy_static v1.4.0
[INFO] [stderr]    Compiling rustc-hash v1.1.0
[INFO] [stderr]    Compiling syn v1.0.109
[INFO] [stderr]    Compiling shlex v0.1.1
[INFO] [stderr]    Compiling peeking_take_while v0.1.2
[INFO] [stderr]    Compiling rand_core v0.5.1
[INFO] [stderr]    Compiling env_logger v0.7.1
[INFO] [stderr]    Compiling ppv-lite86 v0.2.17
[INFO] [stderr]    Compiling num-complex v0.3.1
[INFO] [stderr]    Compiling rand_chacha v0.2.2
[INFO] [stderr]    Compiling tinybmp v0.2.3
[INFO] [stderr]    Compiling rand v0.7.3
[INFO] [stderr]    Compiling num v0.3.1
[INFO] [stderr]    Compiling num-derive v0.3.3
[INFO] [stderr]    Compiling inkview-sys v0.1.2 (/opt/rustwide/workdir)
[INFO] [stdout] warning: unused import: `std::fmt::Error`
[INFO] [stdout]   --> build.rs:11:5
[INFO] [stdout]    |
[INFO] [stdout] 11 | use std::fmt::Error;
[INFO] [stdout]    |     ^^^^^^^^^^^^^^^
[INFO] [stdout]    |
[INFO] [stdout]    = note: `#[warn(unused_imports)]` on by default
[INFO] [stdout] 
[INFO] [stdout] 
[INFO] [stdout] warning: 1 warning emitted
[INFO] [stdout] 
[INFO] [stdout] 
[INFO] [stdout] warning: unused import: `io::Cursor`
[INFO] [stdout]   --> src/lib.rs:15:5
[INFO] [stdout]    |
[INFO] [stdout] 15 |     io::Cursor,
[INFO] [stdout]    |     ^^^^^^^^^^
[INFO] [stdout]    |
[INFO] [stdout]    = note: `#[warn(unused_imports)]` on by default
[INFO] [stdout] 
[INFO] [stdout] 
[INFO] [stdout] warning: unused import: `TryFrom`
[INFO] [stdout]   --> src/lib.rs:20:15
[INFO] [stdout]    |
[INFO] [stdout] 20 |     convert::{TryFrom, TryInto},
[INFO] [stdout]    |               ^^^^^^^
[INFO] [stdout] 
[INFO] [stdout] 
[INFO] [stdout] warning: unused imports: `FileType`, `Header`, `Pixel`
[INFO] [stdout]   --> src/lib.rs:25:20
[INFO] [stdout]    |
[INFO] [stdout] 25 | use tinybmp::{Bmp, FileType, Header, Pixel};
[INFO] [stdout]    |                    ^^^^^^^^  ^^^^^^  ^^^^^
[INFO] [stdout] 
[INFO] [stdout] 
[INFO] [stdout] error[E0308]: mismatched types
[INFO] [stdout]     --> src/lib.rs:296:40
[INFO] [stdout]      |
[INFO] [stdout] 296  |         c_api::DrawPickOut(x, y, w, h, c_key);
[INFO] [stdout]      |         ------------------             ^^^^^ expected `*const u8`, found `*mut i8`
[INFO] [stdout]      |         |
[INFO] [stdout]      |         arguments to this function are incorrect
[INFO] [stdout]      |
[INFO] [stdout]      = note: expected raw pointer `*const u8`
[INFO] [stdout]                 found raw pointer `*mut i8`
[INFO] [stdout] note: function defined here
[INFO] [stdout]     --> src/bindings.rs:1645:12
[INFO] [stdout]      |
[INFO] [stdout] 1645 |     pub fn DrawPickOut(
[INFO] [stdout]      |            ^^^^^^^^^^^
[INFO] [stdout] 
[INFO] [stdout] 
[INFO] [stdout] error[E0308]: mismatched types
[INFO] [stdout]     --> src/lib.rs:337:35
[INFO] [stdout]      |
[INFO] [stdout] 337  |     Font(unsafe { c_api::OpenFont(CString::new(name).unwrap().into_raw(), size, aa) })
[INFO] [stdout]      |                   --------------- ^^^^^^^^^^^^^^^^^^^^^^^^^^^^^^^^^^^^^^ expected `*const u8`, found `*mut i8`
[INFO] [stdout]      |                   |
[INFO] [stdout]      |                   arguments to this function are incorrect
[INFO] [stdout]      |
[INFO] [stdout]      = note: expected raw pointer `*const u8`
[INFO] [stdout]                 found raw pointer `*mut i8`
[INFO] [stdout] note: function defined here
[INFO] [stdout]     --> src/bindings.rs:1980:12
[INFO] [stdout]      |
[INFO] [stdout] 1980 |     pub fn OpenFont(
[INFO] [stdout]      |            ^^^^^^^^
[INFO] [stdout] 
[INFO] [stdout] 
[INFO] [stdout] error[E0308]: mismatched types
[INFO] [stdout]     --> src/lib.rs:345:50
[INFO] [stdout]      |
[INFO] [stdout] 345  |     return unsafe { c_api::TextRectHeight(width, CString::new(string).unwrap().into_raw(), flags) }
[INFO] [stdout]      |                     ---------------------        ^^^^^^^^^^^^^^^^^^^^^^^^^^^^^^^^^^^^^^^^ expected `*const u8`, found `*mut i8`
[INFO] [stdout]      |                     |
[INFO] [stdout]      |                     arguments to this function are incorrect
[INFO] [stdout]      |
[INFO] [stdout]      = note: expected raw pointer `*const u8`
[INFO] [stdout]                 found raw pointer `*mut i8`
[INFO] [stdout] note: function defined here
[INFO] [stdout]     --> src/bindings.rs:2002:12
[INFO] [stdout]      |
[INFO] [stdout] 2002 |     pub fn TextRectHeight(
[INFO] [stdout]      |            ^^^^^^^^^^^^^^
[INFO] [stdout] 
[INFO] [stdout] 
[INFO] [stdout] error[E0308]: mismatched types
[INFO] [stdout]     --> src/lib.rs:356:13
[INFO] [stdout]      |
[INFO] [stdout] 351  |         CStr::from_ptr(c_api::DrawTextRect(
[INFO] [stdout]      |                        ------------------- arguments to this function are incorrect
[INFO] [stdout] ...
[INFO] [stdout] 356  |             CString::new(s).unwrap().into_raw(),
[INFO] [stdout]      |             ^^^^^^^^^^^^^^^^^^^^^^^^^^^^^^^^^^^ expected `*const u8`, found `*mut i8`
[INFO] [stdout]      |
[INFO] [stdout]      = note: expected raw pointer `*const u8`
[INFO] [stdout]                 found raw pointer `*mut i8`
[INFO] [stdout] note: function defined here
[INFO] [stdout]     --> src/bindings.rs:2020:12
[INFO] [stdout]      |
[INFO] [stdout] 2020 |     pub fn DrawTextRect(
[INFO] [stdout]      |            ^^^^^^^^^^^^
[INFO] [stdout] 
[INFO] [stdout] 
[INFO] [stdout] error[E0308]: mismatched types
[INFO] [stdout]    --> src/lib.rs:351:24
[INFO] [stdout]     |
[INFO] [stdout] 351 |           CStr::from_ptr(c_api::DrawTextRect(
[INFO] [stdout]     |  _________--------------_^
[INFO] [stdout]     | |         |
[INFO] [stdout]     | |         arguments to this function are incorrect
[INFO] [stdout] 352 | |             x,
[INFO] [stdout] 353 | |             y,
[INFO] [stdout] 354 | |             w,
[INFO] [stdout] ...   |
[INFO] [stdout] 357 | |             flags,
[INFO] [stdout] 358 | |         ))
[INFO] [stdout]     | |_________^ expected `*const i8`, found `*mut u8`
[INFO] [stdout]     |
[INFO] [stdout]     = note: expected raw pointer `*const i8`
[INFO] [stdout]                found raw pointer `*mut u8`
[INFO] [stdout] note: associated function defined here
[INFO] [stdout]    --> /rustc/84c898d65adf2f39a5a98507f1fe0ce10a2b8dbc/library/core/src/ffi/c_str.rs:259:25
[INFO] [stdout] 
[INFO] [stdout] 
[INFO] [stdout] error[E0308]: arguments to this function are incorrect
[INFO] [stdout]     --> src/lib.rs:409:9
[INFO] [stdout]      |
[INFO] [stdout] 409  |         c_api::Message(
[INFO] [stdout]      |         ^^^^^^^^^^^^^^
[INFO] [stdout]      |
[INFO] [stdout] note: expected `*const u8`, found `*mut i8`
[INFO] [stdout]     --> src/lib.rs:411:13
[INFO] [stdout]      |
[INFO] [stdout] 411  |             CString::new(title).unwrap().into_raw(),
[INFO] [stdout]      |             ^^^^^^^^^^^^^^^^^^^^^^^^^^^^^^^^^^^^^^^
[INFO] [stdout]      = note: expected raw pointer `*const u8`
[INFO] [stdout]                 found raw pointer `*mut i8`
[INFO] [stdout] note: expected `*const u8`, found `*mut i8`
[INFO] [stdout]     --> src/lib.rs:412:13
[INFO] [stdout]      |
[INFO] [stdout] 412  |             CString::new(text).unwrap().into_raw(),
[INFO] [stdout]      |             ^^^^^^^^^^^^^^^^^^^^^^^^^^^^^^^^^^^^^^
[INFO] [stdout]      = note: expected raw pointer `*const u8`
[INFO] [stdout]                 found raw pointer `*mut i8`
[INFO] [stdout] note: function defined here
[INFO] [stdout]     --> src/bindings.rs:2437:12
[INFO] [stdout]      |
[INFO] [stdout] 2437 |     pub fn Message(
[INFO] [stdout]      |            ^^^^^^^
[INFO] [stdout] 
[INFO] [stdout] 
[INFO] [stdout] error: aborting due to 6 previous errors; 3 warnings emitted
[INFO] [stdout] 
[INFO] [stdout] 
[INFO] [stdout] For more information about this error, try `rustc --explain E0308`.
[INFO] [stdout] 
[INFO] [stderr] error: could not compile `inkview-sys` due to 7 previous errors; 3 warnings emitted
[INFO] running `Command { std: "docker" "inspect" "9ddb0e579b0635bf74b96b4ec337295e8c625afc4143e60ee0dd74fde4a10efd", kill_on_drop: false }`
[INFO] running `Command { std: "docker" "rm" "-f" "9ddb0e579b0635bf74b96b4ec337295e8c625afc4143e60ee0dd74fde4a10efd", kill_on_drop: false }`
[INFO] [stdout] 9ddb0e579b0635bf74b96b4ec337295e8c625afc4143e60ee0dd74fde4a10efd
