[INFO] fetching crate ink_macro 4.2.0...
[INFO] testing ink_macro-4.2.0 against 1.69.0 for beta-1.70-1
[INFO] extracting crate ink_macro 4.2.0 into /workspace/builds/worker-7-tc1/source
[INFO] validating manifest of crates.io crate ink_macro 4.2.0 on toolchain 1.69.0
[INFO] running `Command { std: CARGO_HOME="/workspace/cargo-home" RUSTUP_HOME="/workspace/rustup-home" "/workspace/cargo-home/bin/cargo" "+1.69.0" "metadata" "--manifest-path" "Cargo.toml" "--no-deps", kill_on_drop: false }`
[INFO] started tweaking crates.io crate ink_macro 4.2.0
[INFO] finished tweaking crates.io crate ink_macro 4.2.0
[INFO] tweaked toml for crates.io crate ink_macro 4.2.0 written to /workspace/builds/worker-7-tc1/source/Cargo.toml
[INFO] running `Command { std: CARGO_HOME="/workspace/cargo-home" RUSTUP_HOME="/workspace/rustup-home" __CARGO_TEST_CHANNEL_OVERRIDE_DO_NOT_USE_THIS="nightly" "/workspace/cargo-home/bin/cargo" "+1.69.0" "generate-lockfile" "--manifest-path" "Cargo.toml" "-Zno-index-update", kill_on_drop: false }`
[INFO] running `Command { std: CARGO_HOME="/workspace/cargo-home" RUSTUP_HOME="/workspace/rustup-home" "/workspace/cargo-home/bin/cargo" "+1.69.0" "fetch" "--manifest-path" "Cargo.toml", kill_on_drop: false }`
[INFO] [stderr]  Downloading crates ...
[INFO] [stderr]   Downloaded scale-bits v0.3.0
[INFO] [stderr]   Downloaded scale-encode v0.1.2
[INFO] [stderr]   Downloaded ink_codegen v4.2.0
[INFO] [stderr]   Downloaded scale-decode v0.5.0
[INFO] [stderr]   Downloaded scale-encode-derive v0.1.2
[INFO] [stderr]   Downloaded ink_ir v4.2.0
[INFO] [stderr]   Downloaded ink_prelude v4.2.0
[INFO] [stderr]   Downloaded scale-decode-derive v0.5.0
[INFO] [stderr]   Downloaded ink_primitives v4.2.0
[INFO] running `Command { std: "docker" "create" "-v" "/var/lib/crater-agent-workspace/builds/worker-7-tc1/target:/opt/rustwide/target:rw,Z" "-v" "/var/lib/crater-agent-workspace/builds/worker-7-tc1/source:/opt/rustwide/workdir:ro,Z" "-v" "/var/lib/crater-agent-workspace/cargo-home:/opt/rustwide/cargo-home:ro,Z" "-v" "/var/lib/crater-agent-workspace/rustup-home:/opt/rustwide/rustup-home:ro,Z" "-e" "SOURCE_DIR=/opt/rustwide/workdir" "-e" "CARGO_TARGET_DIR=/opt/rustwide/target" "-e" "CARGO_HOME=/opt/rustwide/cargo-home" "-e" "RUSTUP_HOME=/opt/rustwide/rustup-home" "-w" "/opt/rustwide/workdir" "-m" "1610612736" "--user" "0:0" "--network" "none" "ghcr.io/rust-lang/crates-build-env/linux@sha256:5ff2268d62e97bff2cde7d5815dd6ed5b47097566f13b8d0ca110b04b60e07ed" "/opt/rustwide/cargo-home/bin/cargo" "+1.69.0" "metadata" "--no-deps" "--format-version=1", kill_on_drop: false }`
[INFO] [stdout] f6479c8af59fbaba527a3ebd848f1b179033e7f499d1d78ef6830e95c89e5649
[INFO] running `Command { std: "docker" "start" "-a" "f6479c8af59fbaba527a3ebd848f1b179033e7f499d1d78ef6830e95c89e5649", kill_on_drop: false }`
[INFO] running `Command { std: "docker" "inspect" "f6479c8af59fbaba527a3ebd848f1b179033e7f499d1d78ef6830e95c89e5649", kill_on_drop: false }`
[INFO] running `Command { std: "docker" "rm" "-f" "f6479c8af59fbaba527a3ebd848f1b179033e7f499d1d78ef6830e95c89e5649", kill_on_drop: false }`
[INFO] [stdout] f6479c8af59fbaba527a3ebd848f1b179033e7f499d1d78ef6830e95c89e5649
[INFO] running `Command { std: "docker" "create" "-v" "/var/lib/crater-agent-workspace/builds/worker-7-tc1/target:/opt/rustwide/target:rw,Z" "-v" "/var/lib/crater-agent-workspace/builds/worker-7-tc1/source:/opt/rustwide/workdir:ro,Z" "-v" "/var/lib/crater-agent-workspace/cargo-home:/opt/rustwide/cargo-home:ro,Z" "-v" "/var/lib/crater-agent-workspace/rustup-home:/opt/rustwide/rustup-home:ro,Z" "-e" "SOURCE_DIR=/opt/rustwide/workdir" "-e" "CARGO_TARGET_DIR=/opt/rustwide/target" "-e" "CARGO_INCREMENTAL=0" "-e" "RUST_BACKTRACE=full" "-e" "RUSTFLAGS=--cap-lints=warn" "-e" "RUSTDOCFLAGS=--cap-lints=warn" "-e" "CARGO_HOME=/opt/rustwide/cargo-home" "-e" "RUSTUP_HOME=/opt/rustwide/rustup-home" "-w" "/opt/rustwide/workdir" "-m" "1610612736" "--user" "0:0" "--network" "none" "ghcr.io/rust-lang/crates-build-env/linux@sha256:5ff2268d62e97bff2cde7d5815dd6ed5b47097566f13b8d0ca110b04b60e07ed" "/opt/rustwide/cargo-home/bin/cargo" "+1.69.0" "build" "--frozen" "--message-format=json", kill_on_drop: false }`
[INFO] [stdout] 9cc5e9f9ca259f8e116a9b4b5a170b0cddf81325345bf282f7a6e77f469c763f
[INFO] running `Command { std: "docker" "start" "-a" "9cc5e9f9ca259f8e116a9b4b5a170b0cddf81325345bf282f7a6e77f469c763f", kill_on_drop: false }`
[INFO] [stderr]    Compiling proc-macro2 v1.0.56
[INFO] [stderr]    Compiling unicode-ident v1.0.8
[INFO] [stderr]    Compiling quote v1.0.26
[INFO] [stderr]    Compiling syn v1.0.109
[INFO] [stderr]    Compiling autocfg v1.1.0
[INFO] [stderr]    Compiling hashbrown v0.12.3
[INFO] [stderr]    Compiling winnow v0.4.4
[INFO] [stderr]    Compiling toml_datetime v0.6.1
[INFO] [stderr]    Compiling once_cell v1.17.1
[INFO] [stderr]    Compiling serde_derive v1.0.160
[INFO] [stderr]    Compiling serde v1.0.160
[INFO] [stderr]    Compiling version_check v0.9.4
[INFO] [stderr]    Compiling fnv v1.0.7
[INFO] [stderr]    Compiling radium v0.7.0
[INFO] [stderr]    Compiling typenum v1.16.0
[INFO] [stderr]    Compiling strsim v0.10.0
[INFO] [stderr]    Compiling cfg-if v1.0.0
[INFO] [stderr]    Compiling ident_case v1.0.1
[INFO] [stderr]    Compiling tap v1.0.1
[INFO] [stderr]    Compiling libc v0.2.142
[INFO] [stderr]    Compiling funty v2.0.0
[INFO] [stderr]    Compiling byte-slice-cast v1.2.2
[INFO] [stderr]    Compiling wyz v0.5.1
[INFO] [stderr]    Compiling arrayvec v0.7.2
[INFO] [stderr]    Compiling io-lifetimes v1.0.10
[INFO] [stderr]    Compiling memchr v2.5.0
[INFO] [stderr]    Compiling indexmap v1.9.3
[INFO] [stderr]    Compiling thiserror v1.0.40
[INFO] [stderr]    Compiling generic-array v0.14.7
[INFO] [stderr]    Compiling rustix v0.37.18
[INFO] [stderr]    Compiling log v0.4.17
[INFO] [stderr]    Compiling linux-raw-sys v0.3.6
[INFO] [stderr]    Compiling bitflags v1.3.2
[INFO] [stderr]    Compiling subtle v2.4.1
[INFO] [stderr]    Compiling either v1.8.1
[INFO] [stderr]    Compiling regex-syntax v0.7.1
[INFO] [stderr]    Compiling serde_json v1.0.96
[INFO] [stderr]    Compiling ink_prelude v4.2.0
[INFO] [stderr]    Compiling bitvec v1.0.1
[INFO] [stderr]    Compiling itertools v0.10.5
[INFO] [stderr]    Compiling humantime v2.1.0
[INFO] [stderr]    Compiling syn v2.0.15
[INFO] [stderr]    Compiling aho-corasick v1.0.1
[INFO] [stderr]    Compiling xxhash-rust v0.8.6
[INFO] [stderr]    Compiling ryu v1.0.13
[INFO] [stderr]    Compiling itoa v1.0.6
[INFO] [stderr]    Compiling termcolor v1.2.0
[INFO] [stderr]    Compiling heck v0.4.1
[INFO] [stderr]    Compiling unicode-xid v0.2.4
[INFO] [stderr]    Compiling toml_edit v0.19.8
[INFO] [stderr]    Compiling crypto-common v0.1.6
[INFO] [stderr]    Compiling block-buffer v0.10.4
[INFO] [stderr]    Compiling digest v0.10.6
[INFO] [stderr]    Compiling regex v1.8.1
[INFO] [stderr]    Compiling blake2 v0.10.6
[INFO] [stderr]    Compiling proc-macro-crate v1.3.1
[INFO] [stderr]    Compiling is-terminal v0.4.7
[INFO] [stderr]    Compiling env_logger v0.10.0
[INFO] [stderr]    Compiling ink_ir v4.2.0
[INFO] [stderr]    Compiling synstructure v0.13.0
[INFO] [stderr]    Compiling darling_core v0.14.4
[INFO] [stderr]    Compiling thiserror-impl v1.0.40
[INFO] [stderr]    Compiling parity-scale-codec-derive v3.1.4
[INFO] [stderr]    Compiling impl-trait-for-tuples v0.2.2
[INFO] [stderr]    Compiling derive_more v0.99.17
[INFO] [stderr]    Compiling scale-info-derive v2.6.0
[INFO] [stderr]    Compiling darling_macro v0.14.4
[INFO] [stderr]    Compiling darling v0.14.4
[INFO] [stderr]    Compiling scale-decode-derive v0.5.0
[INFO] [stderr]    Compiling scale-encode-derive v0.1.2
[INFO] [stderr]    Compiling parity-scale-codec v3.4.0
[INFO] [stderr]    Compiling impl-serde v0.4.0
[INFO] [stderr]    Compiling scale-info v2.6.0
[INFO] [stderr]    Compiling scale-bits v0.3.0
[INFO] [stderr]    Compiling scale-encode v0.1.2
[INFO] [stderr]    Compiling scale-decode v0.5.0
[INFO] [stderr]    Compiling ink_primitives v4.2.0
[INFO] [stderr]    Compiling ink_codegen v4.2.0
[INFO] [stderr]    Compiling ink_macro v4.2.0 (/opt/rustwide/workdir)
[INFO] [stderr]     Finished dev [unoptimized + debuginfo] target(s) in 27.38s
[INFO] running `Command { std: "docker" "inspect" "9cc5e9f9ca259f8e116a9b4b5a170b0cddf81325345bf282f7a6e77f469c763f", kill_on_drop: false }`
[INFO] running `Command { std: "docker" "rm" "-f" "9cc5e9f9ca259f8e116a9b4b5a170b0cddf81325345bf282f7a6e77f469c763f", kill_on_drop: false }`
[INFO] [stdout] 9cc5e9f9ca259f8e116a9b4b5a170b0cddf81325345bf282f7a6e77f469c763f
[INFO] running `Command { std: "docker" "create" "-v" "/var/lib/crater-agent-workspace/builds/worker-7-tc1/target:/opt/rustwide/target:rw,Z" "-v" "/var/lib/crater-agent-workspace/builds/worker-7-tc1/source:/opt/rustwide/workdir:ro,Z" "-v" "/var/lib/crater-agent-workspace/cargo-home:/opt/rustwide/cargo-home:ro,Z" "-v" "/var/lib/crater-agent-workspace/rustup-home:/opt/rustwide/rustup-home:ro,Z" "-e" "SOURCE_DIR=/opt/rustwide/workdir" "-e" "CARGO_TARGET_DIR=/opt/rustwide/target" "-e" "CARGO_INCREMENTAL=0" "-e" "RUST_BACKTRACE=full" "-e" "RUSTFLAGS=--cap-lints=warn" "-e" "RUSTDOCFLAGS=--cap-lints=warn" "-e" "CARGO_HOME=/opt/rustwide/cargo-home" "-e" "RUSTUP_HOME=/opt/rustwide/rustup-home" "-w" "/opt/rustwide/workdir" "-m" "1610612736" "--user" "0:0" "--network" "none" "ghcr.io/rust-lang/crates-build-env/linux@sha256:5ff2268d62e97bff2cde7d5815dd6ed5b47097566f13b8d0ca110b04b60e07ed" "/opt/rustwide/cargo-home/bin/cargo" "+1.69.0" "test" "--frozen" "--no-run" "--message-format=json", kill_on_drop: false }`
[INFO] [stdout] e413975b222423b573a22c6096c5069bd43d9059e08612bff24e80a9353c3d20
[INFO] running `Command { std: "docker" "start" "-a" "e413975b222423b573a22c6096c5069bd43d9059e08612bff24e80a9353c3d20", kill_on_drop: false }`
[INFO] [stderr]    Compiling ink_macro v4.2.0 (/opt/rustwide/workdir)
[INFO] [stdout] error[E0433]: failed to resolve: could not find `ink` in the list of imported crates
[INFO] [stdout]   --> src/storage/tests/storable.rs:33:24
[INFO] [stdout]    |
[INFO] [stdout] 33 |                 impl ::ink::storage::traits::Storable for UnitStruct {
[INFO] [stdout]    |                        ^^^ could not find `ink` in the list of imported crates
[INFO] [stdout] 
[INFO] [stdout] 
[INFO] [stdout] error[E0433]: failed to resolve: could not find `ink` in the list of imported crates
[INFO] [stdout]   --> src/storage/tests/storable.rs:65:24
[INFO] [stdout]    |
[INFO] [stdout] 65 |                 impl ::ink::storage::traits::Storable for NamedFields {
[INFO] [stdout]    |                        ^^^ could not find `ink` in the list of imported crates
[INFO] [stdout] 
[INFO] [stdout] 
[INFO] [stdout] error[E0433]: failed to resolve: could not find `ink` in the list of imported crates
[INFO] [stdout]   --> src/storage/tests/storable.rs:71:47
[INFO] [stdout]    |
[INFO] [stdout] 71 | ...                   a : <i32 as ::ink::storage::traits::Storable>::decode(__input)?,
[INFO] [stdout]    |                                     ^^^ could not find `ink` in the list of imported crates
[INFO] [stdout] 
[INFO] [stdout] 
[INFO] [stdout] error[E0433]: failed to resolve: could not find `ink` in the list of imported crates
[INFO] [stdout]   --> src/storage/tests/storable.rs:72:52
[INFO] [stdout]    |
[INFO] [stdout] 72 | ...                   b : <[u8; 32] as ::ink::storage::traits::Storable>::decode(__input)?,
[INFO] [stdout]    |                                          ^^^ could not find `ink` in the list of imported crates
[INFO] [stdout] 
[INFO] [stdout] 
[INFO] [stdout] error[E0433]: failed to resolve: could not find `ink` in the list of imported crates
[INFO] [stdout]   --> src/storage/tests/storable.rs:73:52
[INFO] [stdout]    |
[INFO] [stdout] 73 | ...                   d : <Box<i32> as ::ink::storage::traits::Storable>::decode(__input)?,
[INFO] [stdout]    |                                          ^^^ could not find `ink` in the list of imported crates
[INFO] [stdout] 
[INFO] [stdout] 
[INFO] [stdout] error[E0433]: failed to resolve: could not find `ink` in the list of imported crates
[INFO] [stdout]   --> src/storage/tests/storable.rs:89:39
[INFO] [stdout]    |
[INFO] [stdout] 89 | ...                   ::ink::storage::traits::Storable::encode(
[INFO] [stdout]    |                         ^^^ could not find `ink` in the list of imported crates
[INFO] [stdout] 
[INFO] [stdout] 
[INFO] [stdout] error[E0433]: failed to resolve: could not find `ink` in the list of imported crates
[INFO] [stdout]   --> src/storage/tests/storable.rs:95:39
[INFO] [stdout]    |
[INFO] [stdout] 95 | ...                   ::ink::storage::traits::Storable::encode(
[INFO] [stdout]    |                         ^^^ could not find `ink` in the list of imported crates
[INFO] [stdout] 
[INFO] [stdout] 
[INFO] [stdout] error[E0433]: failed to resolve: could not find `ink` in the list of imported crates
[INFO] [stdout]    --> src/storage/tests/storable.rs:101:39
[INFO] [stdout]     |
[INFO] [stdout] 101 | ...                   ::ink::storage::traits::Storable::encode(
[INFO] [stdout]     |                         ^^^ could not find `ink` in the list of imported crates
[INFO] [stdout] 
[INFO] [stdout] 
[INFO] [stdout] error[E0433]: failed to resolve: could not find `ink` in the list of imported crates
[INFO] [stdout]    --> src/storage/tests/storable.rs:125:24
[INFO] [stdout]     |
[INFO] [stdout] 125 |                 impl ::ink::storage::traits::Storable for OneVariantEnum {
[INFO] [stdout]     |                        ^^^ could not find `ink` in the list of imported crates
[INFO] [stdout] 
[INFO] [stdout] 
[INFO] [stdout] error[E0433]: failed to resolve: could not find `ink` in the list of imported crates
[INFO] [stdout]    --> src/storage/tests/storable.rs:130:63
[INFO] [stdout]     |
[INFO] [stdout] 130 | ...                   match <::core::primitive::u8 as ::ink::storage::traits::Storable>::decode(__input)?
[INFO] [stdout]     |                                                         ^^^ could not find `ink` in the list of imported crates
[INFO] [stdout] 
[INFO] [stdout] 
[INFO] [stdout] error[E0433]: failed to resolve: could not find `ink` in the list of imported crates
[INFO] [stdout]    --> src/storage/tests/storable.rs:144:65
[INFO] [stdout]     |
[INFO] [stdout] 144 | ...                   <::core::primitive::u8 as ::ink::storage::traits::Storable>::encode(
[INFO] [stdout]     |                                                   ^^^ could not find `ink` in the list of imported crates
[INFO] [stdout] 
[INFO] [stdout] 
[INFO] [stdout] error[E0433]: failed to resolve: could not find `ink` in the list of imported crates
[INFO] [stdout]    --> src/storage/tests/storable.rs:170:24
[INFO] [stdout]     |
[INFO] [stdout] 170 |                 impl ::ink::storage::traits::Storable for MixedEnum {
[INFO] [stdout]     |                        ^^^ could not find `ink` in the list of imported crates
[INFO] [stdout] 
[INFO] [stdout] 
[INFO] [stdout] error[E0433]: failed to resolve: could not find `ink` in the list of imported crates
[INFO] [stdout]    --> src/storage/tests/storable.rs:175:63
[INFO] [stdout]     |
[INFO] [stdout] 175 | ...                   match <::core::primitive::u8 as ::ink::storage::traits::Storable>::decode(__input)?
[INFO] [stdout]     |                                                         ^^^ could not find `ink` in the list of imported crates
[INFO] [stdout] 
[INFO] [stdout] 
[INFO] [stdout] error[E0433]: failed to resolve: could not find `ink` in the list of imported crates
[INFO] [stdout]    --> src/storage/tests/storable.rs:179:47
[INFO] [stdout]     |
[INFO] [stdout] 179 | ...                   <i32 as ::ink::storage::traits::Storable>::decode(__input)?,
[INFO] [stdout]     |                                 ^^^ could not find `ink` in the list of imported crates
[INFO] [stdout] 
[INFO] [stdout] 
[INFO] [stdout] error[E0433]: failed to resolve: could not find `ink` in the list of imported crates
[INFO] [stdout]    --> src/storage/tests/storable.rs:180:52
[INFO] [stdout]     |
[INFO] [stdout] 180 | ...                   <[u8; 32] as ::ink::storage::traits::Storable>::decode(__input)?,
[INFO] [stdout]     |                                      ^^^ could not find `ink` in the list of imported crates
[INFO] [stdout] 
[INFO] [stdout] 
[INFO] [stdout] error[E0433]: failed to resolve: could not find `ink` in the list of imported crates
[INFO] [stdout]    --> src/storage/tests/storable.rs:183:51
[INFO] [stdout]     |
[INFO] [stdout] 183 | ...                   a: < i32 as ::ink::storage::traits::Storable>::decode(__input)?,
[INFO] [stdout]     |                                     ^^^ could not find `ink` in the list of imported crates
[INFO] [stdout] 
[INFO] [stdout] 
[INFO] [stdout] error[E0433]: failed to resolve: could not find `ink` in the list of imported crates
[INFO] [stdout]    --> src/storage/tests/storable.rs:184:58
[INFO] [stdout]     |
[INFO] [stdout] 184 | ...                   b: <(bool, i32) as ::ink::storage::traits::Storable>::decode(__input)?,
[INFO] [stdout]     |                                            ^^^ could not find `ink` in the list of imported crates
[INFO] [stdout] 
[INFO] [stdout] 
[INFO] [stdout] error[E0433]: failed to resolve: could not find `ink` in the list of imported crates
[INFO] [stdout]    --> src/storage/tests/storable.rs:197:65
[INFO] [stdout]     |
[INFO] [stdout] 197 | ...                   <::core::primitive::u8 as ::ink::storage::traits::Storable>::encode(
[INFO] [stdout]     |                                                   ^^^ could not find `ink` in the list of imported crates
[INFO] [stdout] 
[INFO] [stdout] 
[INFO] [stdout] error[E0433]: failed to resolve: could not find `ink` in the list of imported crates
[INFO] [stdout]    --> src/storage/tests/storable.rs:205:65
[INFO] [stdout]     |
[INFO] [stdout] 205 | ...                   <::core::primitive::u8 as ::ink::storage::traits::Storable>::encode(
[INFO] [stdout]     |                                                   ^^^ could not find `ink` in the list of imported crates
[INFO] [stdout] 
[INFO] [stdout] 
[INFO] [stdout] error[E0433]: failed to resolve: could not find `ink` in the list of imported crates
[INFO] [stdout]    --> src/storage/tests/storable.rs:211:39
[INFO] [stdout]     |
[INFO] [stdout] 211 | ...                   ::ink::storage::traits::Storable::encode(
[INFO] [stdout]     |                         ^^^ could not find `ink` in the list of imported crates
[INFO] [stdout] 
[INFO] [stdout] 
[INFO] [stdout] error[E0433]: failed to resolve: could not find `ink` in the list of imported crates
[INFO] [stdout]    --> src/storage/tests/storable.rs:217:39
[INFO] [stdout]     |
[INFO] [stdout] 217 | ...                   ::ink::storage::traits::Storable::encode(
[INFO] [stdout]     |                         ^^^ could not find `ink` in the list of imported crates
[INFO] [stdout] 
[INFO] [stdout] 
[INFO] [stdout] error[E0433]: failed to resolve: could not find `ink` in the list of imported crates
[INFO] [stdout]    --> src/storage/tests/storable.rs:228:65
[INFO] [stdout]     |
[INFO] [stdout] 228 | ...                   <::core::primitive::u8 as ::ink::storage::traits::Storable>::encode(
[INFO] [stdout]     |                                                   ^^^ could not find `ink` in the list of imported crates
[INFO] [stdout] 
[INFO] [stdout] 
[INFO] [stdout] error[E0433]: failed to resolve: could not find `ink` in the list of imported crates
[INFO] [stdout]    --> src/storage/tests/storable.rs:233:39
[INFO] [stdout]     |
[INFO] [stdout] 233 | ...                   ::ink::storage::traits::Storable::encode(
[INFO] [stdout]     |                         ^^^ could not find `ink` in the list of imported crates
[INFO] [stdout] 
[INFO] [stdout] 
[INFO] [stdout] error[E0433]: failed to resolve: could not find `ink` in the list of imported crates
[INFO] [stdout]    --> src/storage/tests/storable.rs:239:39
[INFO] [stdout]     |
[INFO] [stdout] 239 | ...                   ::ink::storage::traits::Storable::encode(
[INFO] [stdout]     |                         ^^^ could not find `ink` in the list of imported crates
[INFO] [stdout] 
[INFO] [stdout] 
[INFO] [stdout] error[E0433]: failed to resolve: could not find `ink` in the list of imported crates
[INFO] [stdout]    --> src/storage/tests/storable.rs:268:32
[INFO] [stdout]     |
[INFO] [stdout] 268 |                 impl<T1, T2> ::ink::storage::traits::Storable for GenericStruct<T1, T2>
[INFO] [stdout]     |                                ^^^ could not find `ink` in the list of imported crates
[INFO] [stdout] 
[INFO] [stdout] 
[INFO] [stdout] error[E0433]: failed to resolve: could not find `ink` in the list of imported crates
[INFO] [stdout]    --> src/storage/tests/storable.rs:272:27
[INFO] [stdout]     |
[INFO] [stdout] 272 |                     T1: ::ink::storage::traits::Storable,
[INFO] [stdout]     |                           ^^^ could not find `ink` in the list of imported crates
[INFO] [stdout] 
[INFO] [stdout] 
[INFO] [stdout] error[E0433]: failed to resolve: could not find `ink` in the list of imported crates
[INFO] [stdout]    --> src/storage/tests/storable.rs:273:34
[INFO] [stdout]     |
[INFO] [stdout] 273 |                     (T1 , T2): ::ink::storage::traits::Storable
[INFO] [stdout]     |                                  ^^^ could not find `ink` in the list of imported crates
[INFO] [stdout] 
[INFO] [stdout] 
[INFO] [stdout] error[E0433]: failed to resolve: could not find `ink` in the list of imported crates
[INFO] [stdout]    --> src/storage/tests/storable.rs:280:45
[INFO] [stdout]     |
[INFO] [stdout] 280 | ...                   a: <T1 as ::ink::storage::traits::Storable>::decode(
[INFO] [stdout]     |                                   ^^^ could not find `ink` in the list of imported crates
[INFO] [stdout] 
[INFO] [stdout] 
[INFO] [stdout] error[E0433]: failed to resolve: could not find `ink` in the list of imported crates
[INFO] [stdout]    --> src/storage/tests/storable.rs:283:51
[INFO] [stdout]     |
[INFO] [stdout] 283 | ...                   b: <(T1, T2) as ::ink::storage::traits::Storable>::decode(
[INFO] [stdout]     |                                         ^^^ could not find `ink` in the list of imported crates
[INFO] [stdout] 
[INFO] [stdout] 
[INFO] [stdout] error[E0433]: failed to resolve: could not find `ink` in the list of imported crates
[INFO] [stdout]    --> src/storage/tests/storable.rs:299:39
[INFO] [stdout]     |
[INFO] [stdout] 299 | ...                   ::ink::storage::traits::Storable::encode(
[INFO] [stdout]     |                         ^^^ could not find `ink` in the list of imported crates
[INFO] [stdout] 
[INFO] [stdout] 
[INFO] [stdout] error[E0433]: failed to resolve: could not find `ink` in the list of imported crates
[INFO] [stdout]    --> src/storage/tests/storable.rs:305:39
[INFO] [stdout]     |
[INFO] [stdout] 305 | ...                   ::ink::storage::traits::Storable::encode(
[INFO] [stdout]     |                         ^^^ could not find `ink` in the list of imported crates
[INFO] [stdout] 
[INFO] [stdout] 
[INFO] [stdout] error[E0433]: failed to resolve: could not find `ink` in the list of imported crates
[INFO] [stdout]    --> src/storage/tests/storable.rs:330:32
[INFO] [stdout]     |
[INFO] [stdout] 330 |                 impl<T1, T2> ::ink::storage::traits::Storable for GenericEnum<T1, T2>
[INFO] [stdout]     |                                ^^^ could not find `ink` in the list of imported crates
[INFO] [stdout] 
[INFO] [stdout] 
[INFO] [stdout] error[E0433]: failed to resolve: could not find `ink` in the list of imported crates
[INFO] [stdout]    --> src/storage/tests/storable.rs:332:27
[INFO] [stdout]     |
[INFO] [stdout] 332 |                     T1: ::ink::storage::traits::Storable,
[INFO] [stdout]     |                           ^^^ could not find `ink` in the list of imported crates
[INFO] [stdout] 
[INFO] [stdout] 
[INFO] [stdout] error[E0433]: failed to resolve: could not find `ink` in the list of imported crates
[INFO] [stdout]    --> src/storage/tests/storable.rs:333:27
[INFO] [stdout]     |
[INFO] [stdout] 333 |                     T2: ::ink::storage::traits::Storable
[INFO] [stdout]     |                           ^^^ could not find `ink` in the list of imported crates
[INFO] [stdout] 
[INFO] [stdout] 
[INFO] [stdout] error[E0433]: failed to resolve: could not find `ink` in the list of imported crates
[INFO] [stdout]    --> src/storage/tests/storable.rs:339:63
[INFO] [stdout]     |
[INFO] [stdout] 339 | ...                   match <::core::primitive::u8 as ::ink::storage::traits::Storable>::decode(__input)?
[INFO] [stdout]     |                                                         ^^^ could not find `ink` in the list of imported crates
[INFO] [stdout] 
[INFO] [stdout] 
[INFO] [stdout] error[E0433]: failed to resolve: could not find `ink` in the list of imported crates
[INFO] [stdout]    --> src/storage/tests/storable.rs:342:46
[INFO] [stdout]     |
[INFO] [stdout] 342 | ...                   <T1 as ::ink::storage::traits::Storable>::decode(__input)?,
[INFO] [stdout]     |                                ^^^ could not find `ink` in the list of imported crates
[INFO] [stdout] 
[INFO] [stdout] 
[INFO] [stdout] error[E0433]: failed to resolve: could not find `ink` in the list of imported crates
[INFO] [stdout]    --> src/storage/tests/storable.rs:343:46
[INFO] [stdout]     |
[INFO] [stdout] 343 | ...                   <T2 as ::ink::storage::traits::Storable>::decode(__input)?,
[INFO] [stdout]     |                                ^^^ could not find `ink` in the list of imported crates
[INFO] [stdout] 
[INFO] [stdout] 
[INFO] [stdout] error[E0433]: failed to resolve: could not find `ink` in the list of imported crates
[INFO] [stdout]    --> src/storage/tests/storable.rs:346:49
[INFO] [stdout]     |
[INFO] [stdout] 346 | ...                   a: <T1 as ::ink::storage::traits::Storable>::decode(__input)?,
[INFO] [stdout]     |                                   ^^^ could not find `ink` in the list of imported crates
[INFO] [stdout] 
[INFO] [stdout] 
[INFO] [stdout] error[E0433]: failed to resolve: could not find `ink` in the list of imported crates
[INFO] [stdout]    --> src/storage/tests/storable.rs:347:49
[INFO] [stdout]     |
[INFO] [stdout] 347 | ...                   b: <T2 as ::ink::storage::traits::Storable>::decode(__input)?,
[INFO] [stdout]     |                                   ^^^ could not find `ink` in the list of imported crates
[INFO] [stdout] 
[INFO] [stdout] 
[INFO] [stdout] error[E0433]: failed to resolve: could not find `ink` in the list of imported crates
[INFO] [stdout]    --> src/storage/tests/storable.rs:360:65
[INFO] [stdout]     |
[INFO] [stdout] 360 | ...                   <::core::primitive::u8 as ::ink::storage::traits::Storable>::encode(&0u8, __dest);
[INFO] [stdout]     |                                                   ^^^ could not find `ink` in the list of imported crates
[INFO] [stdout] 
[INFO] [stdout] 
[INFO] [stdout] error[E0433]: failed to resolve: could not find `ink` in the list of imported crates
[INFO] [stdout]    --> src/storage/tests/storable.rs:363:39
[INFO] [stdout]     |
[INFO] [stdout] 363 | ...                   ::ink::storage::traits::Storable::encode(
[INFO] [stdout]     |                         ^^^ could not find `ink` in the list of imported crates
[INFO] [stdout] 
[INFO] [stdout] 
[INFO] [stdout] error[E0433]: failed to resolve: could not find `ink` in the list of imported crates
[INFO] [stdout]    --> src/storage/tests/storable.rs:369:39
[INFO] [stdout]     |
[INFO] [stdout] 369 | ...                   ::ink::storage::traits::Storable::encode(
[INFO] [stdout]     |                         ^^^ could not find `ink` in the list of imported crates
[INFO] [stdout] 
[INFO] [stdout] 
[INFO] [stdout] error[E0433]: failed to resolve: could not find `ink` in the list of imported crates
[INFO] [stdout]    --> src/storage/tests/storable.rs:380:65
[INFO] [stdout]     |
[INFO] [stdout] 380 | ...                   <::core::primitive::u8 as ::ink::storage::traits::Storable>::encode(&1u8, __dest);
[INFO] [stdout]     |                                                   ^^^ could not find `ink` in the list of imported crates
[INFO] [stdout] 
[INFO] [stdout] 
[INFO] [stdout] error[E0433]: failed to resolve: could not find `ink` in the list of imported crates
[INFO] [stdout]    --> src/storage/tests/storable.rs:383:39
[INFO] [stdout]     |
[INFO] [stdout] 383 | ...                   ::ink::storage::traits::Storable::encode(
[INFO] [stdout]     |                         ^^^ could not find `ink` in the list of imported crates
[INFO] [stdout] 
[INFO] [stdout] 
[INFO] [stdout] error[E0433]: failed to resolve: could not find `ink` in the list of imported crates
[INFO] [stdout]    --> src/storage/tests/storable.rs:389:39
[INFO] [stdout]     |
[INFO] [stdout] 389 | ...                   ::ink::storage::traits::Storable::encode(
[INFO] [stdout]     |                         ^^^ could not find `ink` in the list of imported crates
[INFO] [stdout] 
[INFO] [stdout] 
[INFO] [stdout] error[E0433]: failed to resolve: could not find `ink` in the list of imported crates
[INFO] [stdout]   --> src/storage/tests/storage_layout.rs:25:24
[INFO] [stdout]    |
[INFO] [stdout] 25 |                 impl ::ink::storage::traits::StorageLayout for UnitStruct {
[INFO] [stdout]    |                        ^^^ could not find `ink` in the list of imported crates
[INFO] [stdout] 
[INFO] [stdout] 
[INFO] [stdout] error[E0433]: failed to resolve: could not find `ink` in the list of imported crates
[INFO] [stdout]   --> src/storage/tests/storage_layout.rs:26:41
[INFO] [stdout]    |
[INFO] [stdout] 26 |                     fn layout(__key: &::ink::primitives::Key) -> ::ink::metadata::layout::Layout {
[INFO] [stdout]    |                                         ^^^ could not find `ink` in the list of imported crates
[INFO] [stdout] 
[INFO] [stdout] 
[INFO] [stdout] error[E0433]: failed to resolve: could not find `ink` in the list of imported crates
[INFO] [stdout]   --> src/storage/tests/storage_layout.rs:26:68
[INFO] [stdout]    |
[INFO] [stdout] 26 |                     fn layout(__key: &::ink::primitives::Key) -> ::ink::metadata::layout::Layout {
[INFO] [stdout]    |                                                                    ^^^ could not find `ink` in the list of imported crates
[INFO] [stdout] 
[INFO] [stdout] 
[INFO] [stdout] error[E0433]: failed to resolve: could not find `ink` in the list of imported crates
[INFO] [stdout]   --> src/storage/tests/storage_layout.rs:28:31
[INFO] [stdout]    |
[INFO] [stdout] 28 | ...                   ::ink::metadata::layout::StructLayout::new(::core::stringify!(UnitStruct), [])
[INFO] [stdout]    |                         ^^^ could not find `ink` in the list of imported crates
[INFO] [stdout] 
[INFO] [stdout] 
[INFO] [stdout] error[E0433]: failed to resolve: could not find `ink` in the list of imported crates
[INFO] [stdout]   --> src/storage/tests/storage_layout.rs:45:24
[INFO] [stdout]    |
[INFO] [stdout] 45 |                 impl ::ink::storage::traits::StorageLayout for TupleStruct {
[INFO] [stdout]    |                        ^^^ could not find `ink` in the list of imported crates
[INFO] [stdout] 
[INFO] [stdout] 
[INFO] [stdout] error[E0433]: failed to resolve: could not find `ink` in the list of imported crates
[INFO] [stdout]   --> src/storage/tests/storage_layout.rs:46:41
[INFO] [stdout]    |
[INFO] [stdout] 46 |                     fn layout(__key: &::ink::primitives::Key) -> ::ink::metadata::layout::Layout {
[INFO] [stdout]    |                                         ^^^ could not find `ink` in the list of imported crates
[INFO] [stdout] 
[INFO] [stdout] 
[INFO] [stdout] error[E0433]: failed to resolve: could not find `ink` in the list of imported crates
[INFO] [stdout]   --> src/storage/tests/storage_layout.rs:46:68
[INFO] [stdout]    |
[INFO] [stdout] 46 |                     fn layout(__key: &::ink::primitives::Key) -> ::ink::metadata::layout::Layout {
[INFO] [stdout]    |                                                                    ^^^ could not find `ink` in the list of imported crates
[INFO] [stdout] 
[INFO] [stdout] 
[INFO] [stdout] error[E0433]: failed to resolve: could not find `ink` in the list of imported crates
[INFO] [stdout]   --> src/storage/tests/storage_layout.rs:48:31
[INFO] [stdout]    |
[INFO] [stdout] 48 | ...                   ::ink::metadata::layout::StructLayout::new(
[INFO] [stdout]    |                         ^^^ could not find `ink` in the list of imported crates
[INFO] [stdout] 
[INFO] [stdout] 
[INFO] [stdout] error[E0433]: failed to resolve: could not find `ink` in the list of imported crates
[INFO] [stdout]   --> src/storage/tests/storage_layout.rs:51:39
[INFO] [stdout]    |
[INFO] [stdout] 51 | ...                   ::ink::metadata::layout::FieldLayout::new(
[INFO] [stdout]    |                         ^^^ could not find `ink` in the list of imported crates
[INFO] [stdout] 
[INFO] [stdout] 
[INFO] [stdout] error[E0433]: failed to resolve: could not find `ink` in the list of imported crates
[INFO] [stdout]   --> src/storage/tests/storage_layout.rs:53:52
[INFO] [stdout]    |
[INFO] [stdout] 53 | ...                   <bool as ::ink::storage::traits::StorageLayout>::layout(__key),
[INFO] [stdout]    |                                  ^^^ could not find `ink` in the list of imported crates
[INFO] [stdout] 
[INFO] [stdout] 
[INFO] [stdout] error[E0433]: failed to resolve: could not find `ink` in the list of imported crates
[INFO] [stdout]   --> src/storage/tests/storage_layout.rs:55:39
[INFO] [stdout]    |
[INFO] [stdout] 55 | ...                   ::ink::metadata::layout::FieldLayout::new(
[INFO] [stdout]    |                         ^^^ could not find `ink` in the list of imported crates
[INFO] [stdout] 
[INFO] [stdout] 
[INFO] [stdout] error[E0433]: failed to resolve: could not find `ink` in the list of imported crates
[INFO] [stdout]   --> src/storage/tests/storage_layout.rs:57:51
[INFO] [stdout]    |
[INFO] [stdout] 57 | ...                   <u32 as ::ink::storage::traits::StorageLayout>::layout(__key),
[INFO] [stdout]    |                                 ^^^ could not find `ink` in the list of imported crates
[INFO] [stdout] 
[INFO] [stdout] 
[INFO] [stdout] error[E0433]: failed to resolve: could not find `ink` in the list of imported crates
[INFO] [stdout]   --> src/storage/tests/storage_layout.rs:59:39
[INFO] [stdout]    |
[INFO] [stdout] 59 | ...                   ::ink::metadata::layout::FieldLayout::new(
[INFO] [stdout]    |                         ^^^ could not find `ink` in the list of imported crates
[INFO] [stdout] 
[INFO] [stdout] 
[INFO] [stdout] error[E0433]: failed to resolve: could not find `ink` in the list of imported crates
[INFO] [stdout]   --> src/storage/tests/storage_layout.rs:61:51
[INFO] [stdout]    |
[INFO] [stdout] 61 | ...                   <i64 as ::ink::storage::traits::StorageLayout>::layout(__key),
[INFO] [stdout]    |                                 ^^^ could not find `ink` in the list of imported crates
[INFO] [stdout] 
[INFO] [stdout] 
[INFO] [stdout] error[E0433]: failed to resolve: could not find `ink` in the list of imported crates
[INFO] [stdout]   --> src/storage/tests/storage_layout.rs:85:24
[INFO] [stdout]    |
[INFO] [stdout] 85 |                 impl ::ink::storage::traits::StorageLayout for NamedFieldsStruct {
[INFO] [stdout]    |                        ^^^ could not find `ink` in the list of imported crates
[INFO] [stdout] 
[INFO] [stdout] 
[INFO] [stdout] error[E0433]: failed to resolve: could not find `ink` in the list of imported crates
[INFO] [stdout]   --> src/storage/tests/storage_layout.rs:86:41
[INFO] [stdout]    |
[INFO] [stdout] 86 |                     fn layout(__key: &::ink::primitives::Key) -> ::ink::metadata::layout::Layout {
[INFO] [stdout]    |                                         ^^^ could not find `ink` in the list of imported crates
[INFO] [stdout] 
[INFO] [stdout] 
[INFO] [stdout] error[E0433]: failed to resolve: could not find `ink` in the list of imported crates
[INFO] [stdout]   --> src/storage/tests/storage_layout.rs:86:68
[INFO] [stdout]    |
[INFO] [stdout] 86 |                     fn layout(__key: &::ink::primitives::Key) -> ::ink::metadata::layout::Layout {
[INFO] [stdout]    |                                                                    ^^^ could not find `ink` in the list of imported crates
[INFO] [stdout] 
[INFO] [stdout] 
[INFO] [stdout] error[E0433]: failed to resolve: could not find `ink` in the list of imported crates
[INFO] [stdout]   --> src/storage/tests/storage_layout.rs:88:31
[INFO] [stdout]    |
[INFO] [stdout] 88 | ...                   ::ink::metadata::layout::StructLayout::new(
[INFO] [stdout]    |                         ^^^ could not find `ink` in the list of imported crates
[INFO] [stdout] 
[INFO] [stdout] 
[INFO] [stdout] error[E0433]: failed to resolve: could not find `ink` in the list of imported crates
[INFO] [stdout]   --> src/storage/tests/storage_layout.rs:91:39
[INFO] [stdout]    |
[INFO] [stdout] 91 | ...                   ::ink::metadata::layout::FieldLayout::new(
[INFO] [stdout]    |                         ^^^ could not find `ink` in the list of imported crates
[INFO] [stdout] 
[INFO] [stdout] 
[INFO] [stdout] error[E0433]: failed to resolve: could not find `ink` in the list of imported crates
[INFO] [stdout]   --> src/storage/tests/storage_layout.rs:93:52
[INFO] [stdout]    |
[INFO] [stdout] 93 | ...                   <bool as ::ink::storage::traits::StorageLayout>::layout(__key),
[INFO] [stdout]    |                                  ^^^ could not find `ink` in the list of imported crates
[INFO] [stdout] 
[INFO] [stdout] 
[INFO] [stdout] error[E0433]: failed to resolve: could not find `ink` in the list of imported crates
[INFO] [stdout]   --> src/storage/tests/storage_layout.rs:95:39
[INFO] [stdout]    |
[INFO] [stdout] 95 | ...                   ::ink::metadata::layout::FieldLayout::new(
[INFO] [stdout]    |                         ^^^ could not find `ink` in the list of imported crates
[INFO] [stdout] 
[INFO] [stdout] 
[INFO] [stdout] error[E0433]: failed to resolve: could not find `ink` in the list of imported crates
[INFO] [stdout]   --> src/storage/tests/storage_layout.rs:97:51
[INFO] [stdout]    |
[INFO] [stdout] 97 | ...                   <u32 as ::ink::storage::traits::StorageLayout>::layout(__key),
[INFO] [stdout]    |                                 ^^^ could not find `ink` in the list of imported crates
[INFO] [stdout] 
[INFO] [stdout] 
[INFO] [stdout] error[E0433]: failed to resolve: could not find `ink` in the list of imported crates
[INFO] [stdout]   --> src/storage/tests/storage_layout.rs:99:39
[INFO] [stdout]    |
[INFO] [stdout] 99 | ...                   ::ink::metadata::layout::FieldLayout::new(
[INFO] [stdout]    |                         ^^^ could not find `ink` in the list of imported crates
[INFO] [stdout] 
[INFO] [stdout] 
[INFO] [stdout] error[E0433]: failed to resolve: could not find `ink` in the list of imported crates
[INFO] [stdout]    --> src/storage/tests/storage_layout.rs:101:51
[INFO] [stdout]     |
[INFO] [stdout] 101 | ...                   <i64 as ::ink::storage::traits::StorageLayout>::layout(__key),
[INFO] [stdout]     |                                 ^^^ could not find `ink` in the list of imported crates
[INFO] [stdout] 
[INFO] [stdout] 
[INFO] [stdout] error[E0433]: failed to resolve: could not find `ink` in the list of imported crates
[INFO] [stdout]    --> src/storage/tests/storage_layout.rs:121:24
[INFO] [stdout]     |
[INFO] [stdout] 121 |                 impl ::ink::storage::traits::StorageLayout for ClikeEnum {
[INFO] [stdout]     |                        ^^^ could not find `ink` in the list of imported crates
[INFO] [stdout] 
[INFO] [stdout] 
[INFO] [stdout] error[E0433]: failed to resolve: could not find `ink` in the list of imported crates
[INFO] [stdout]    --> src/storage/tests/storage_layout.rs:122:41
[INFO] [stdout]     |
[INFO] [stdout] 122 |                     fn layout(__key: &::ink::primitives::Key) -> ::ink::metadata::layout::Layout {
[INFO] [stdout]     |                                         ^^^ could not find `ink` in the list of imported crates
[INFO] [stdout] 
[INFO] [stdout] 
[INFO] [stdout] error[E0433]: failed to resolve: could not find `ink` in the list of imported crates
[INFO] [stdout]    --> src/storage/tests/storage_layout.rs:122:68
[INFO] [stdout]     |
[INFO] [stdout] 122 |                     fn layout(__key: &::ink::primitives::Key) -> ::ink::metadata::layout::Layout {
[INFO] [stdout]     |                                                                    ^^^ could not find `ink` in the list of imported crates
[INFO] [stdout] 
[INFO] [stdout] 
[INFO] [stdout] error[E0433]: failed to resolve: could not find `ink` in the list of imported crates
[INFO] [stdout]    --> src/storage/tests/storage_layout.rs:124:31
[INFO] [stdout]     |
[INFO] [stdout] 124 | ...                   ::ink::metadata::layout::EnumLayout::new(
[INFO] [stdout]     |                         ^^^ could not find `ink` in the list of imported crates
[INFO] [stdout] 
[INFO] [stdout] 
[INFO] [stdout] error[E0433]: failed to resolve: could not find `ink` in the list of imported crates
[INFO] [stdout]    --> src/storage/tests/storage_layout.rs:126:35
[INFO] [stdout]     |
[INFO] [stdout] 126 | ...                   ::ink::metadata::layout::LayoutKey::from(__key),
[INFO] [stdout]     |                         ^^^ could not find `ink` in the list of imported crates
[INFO] [stdout] 
[INFO] [stdout] 
[INFO] [stdout] error[E0433]: failed to resolve: could not find `ink` in the list of imported crates
[INFO] [stdout]    --> src/storage/tests/storage_layout.rs:131:47
[INFO] [stdout]     |
[INFO] [stdout] 131 | ...                   ::ink::metadata::layout::StructLayout::new(
[INFO] [stdout]     |                         ^^^ could not find `ink` in the list of imported crates
[INFO] [stdout] 
[INFO] [stdout] 
[INFO] [stdout] error[E0433]: failed to resolve: could not find `ink` in the list of imported crates
[INFO] [stdout]    --> src/storage/tests/storage_layout.rs:139:47
[INFO] [stdout]     |
[INFO] [stdout] 139 | ...                   ::ink::metadata::layout::StructLayout::new(
[INFO] [stdout]     |                         ^^^ could not find `ink` in the list of imported crates
[INFO] [stdout] 
[INFO] [stdout] 
[INFO] [stdout] error[E0433]: failed to resolve: could not find `ink` in the list of imported crates
[INFO] [stdout]    --> src/storage/tests/storage_layout.rs:147:47
[INFO] [stdout]     |
[INFO] [stdout] 147 | ...                   ::ink::metadata::layout::StructLayout::new(
[INFO] [stdout]     |                         ^^^ could not find `ink` in the list of imported crates
[INFO] [stdout] 
[INFO] [stdout] 
[INFO] [stdout] error[E0433]: failed to resolve: could not find `ink` in the list of imported crates
[INFO] [stdout]    --> src/storage/tests/storage_layout.rs:178:24
[INFO] [stdout]     |
[INFO] [stdout] 178 |                 impl ::ink::storage::traits::StorageLayout for MixedEnum {
[INFO] [stdout]     |                        ^^^ could not find `ink` in the list of imported crates
[INFO] [stdout] 
[INFO] [stdout] 
[INFO] [stdout] error[E0433]: failed to resolve: could not find `ink` in the list of imported crates
[INFO] [stdout]    --> src/storage/tests/storage_layout.rs:179:41
[INFO] [stdout]     |
[INFO] [stdout] 179 |                     fn layout(__key: &::ink::primitives::Key) -> ::ink::metadata::layout::Layout {
[INFO] [stdout]     |                                         ^^^ could not find `ink` in the list of imported crates
[INFO] [stdout] 
[INFO] [stdout] 
[INFO] [stdout] error[E0433]: failed to resolve: could not find `ink` in the list of imported crates
[INFO] [stdout]    --> src/storage/tests/storage_layout.rs:179:68
[INFO] [stdout]     |
[INFO] [stdout] 179 |                     fn layout(__key: &::ink::primitives::Key) -> ::ink::metadata::layout::Layout {
[INFO] [stdout]     |                                                                    ^^^ could not find `ink` in the list of imported crates
[INFO] [stdout] 
[INFO] [stdout] 
[INFO] [stdout] error[E0433]: failed to resolve: could not find `ink` in the list of imported crates
[INFO] [stdout]    --> src/storage/tests/storage_layout.rs:181:31
[INFO] [stdout]     |
[INFO] [stdout] 181 | ...                   ::ink::metadata::layout::EnumLayout::new(
[INFO] [stdout]     |                         ^^^ could not find `ink` in the list of imported crates
[INFO] [stdout] 
[INFO] [stdout] 
[INFO] [stdout] error[E0433]: failed to resolve: could not find `ink` in the list of imported crates
[INFO] [stdout]    --> src/storage/tests/storage_layout.rs:183:35
[INFO] [stdout]     |
[INFO] [stdout] 183 | ...                   ::ink::metadata::layout::LayoutKey::from(__key),
[INFO] [stdout]     |                         ^^^ could not find `ink` in the list of imported crates
[INFO] [stdout] 
[INFO] [stdout] 
[INFO] [stdout] error[E0433]: failed to resolve: could not find `ink` in the list of imported crates
[INFO] [stdout]    --> src/storage/tests/storage_layout.rs:188:47
[INFO] [stdout]     |
[INFO] [stdout] 188 | ...                   ::ink::metadata::layout::StructLayout::new(
[INFO] [stdout]     |                         ^^^ could not find `ink` in the list of imported crates
[INFO] [stdout] 
[INFO] [stdout] 
[INFO] [stdout] error[E0433]: failed to resolve: could not find `ink` in the list of imported crates
[INFO] [stdout]    --> src/storage/tests/storage_layout.rs:196:47
[INFO] [stdout]     |
[INFO] [stdout] 196 | ...                   ::ink::metadata::layout::StructLayout::new(
[INFO] [stdout]     |                         ^^^ could not find `ink` in the list of imported crates
[INFO] [stdout] 
[INFO] [stdout] 
[INFO] [stdout] error[E0433]: failed to resolve: could not find `ink` in the list of imported crates
[INFO] [stdout]    --> src/storage/tests/storage_layout.rs:199:55
[INFO] [stdout]     |
[INFO] [stdout] 199 | ...                   ::ink::metadata::layout::FieldLayout::new(
[INFO] [stdout]     |                         ^^^ could not find `ink` in the list of imported crates
[INFO] [stdout] 
[INFO] [stdout] 
[INFO] [stdout] error[E0433]: failed to resolve: could not find `ink` in the list of imported crates
[INFO] [stdout]    --> src/storage/tests/storage_layout.rs:201:68
[INFO] [stdout]     |
[INFO] [stdout] 201 | ...                   <bool as ::ink::storage::traits::StorageLayout>::layout(__key),
[INFO] [stdout]     |                                  ^^^ could not find `ink` in the list of imported crates
[INFO] [stdout] 
[INFO] [stdout] 
[INFO] [stdout] error[E0433]: failed to resolve: could not find `ink` in the list of imported crates
[INFO] [stdout]    --> src/storage/tests/storage_layout.rs:203:55
[INFO] [stdout]     |
[INFO] [stdout] 203 | ...                   ::ink::metadata::layout::FieldLayout::new(
[INFO] [stdout]     |                         ^^^ could not find `ink` in the list of imported crates
[INFO] [stdout] 
[INFO] [stdout] 
[INFO] [stdout] error[E0433]: failed to resolve: could not find `ink` in the list of imported crates
[INFO] [stdout]    --> src/storage/tests/storage_layout.rs:205:67
[INFO] [stdout]     |
[INFO] [stdout] 205 | ...                   <u32 as ::ink::storage::traits::StorageLayout>::layout(__key),
[INFO] [stdout]     |                                 ^^^ could not find `ink` in the list of imported crates
[INFO] [stdout] 
[INFO] [stdout] 
[INFO] [stdout] error[E0433]: failed to resolve: could not find `ink` in the list of imported crates
[INFO] [stdout]    --> src/storage/tests/storage_layout.rs:207:55
[INFO] [stdout]     |
[INFO] [stdout] 207 | ...                   ::ink::metadata::layout::FieldLayout::new(
[INFO] [stdout]     |                         ^^^ could not find `ink` in the list of imported crates
[INFO] [stdout] 
[INFO] [stdout] 
[INFO] [stdout] error[E0433]: failed to resolve: could not find `ink` in the list of imported crates
[INFO] [stdout]    --> src/storage/tests/storage_layout.rs:209:67
[INFO] [stdout]     |
[INFO] [stdout] 209 | ...                   <i64 as ::ink::storage::traits::StorageLayout>::layout(__key),
[INFO] [stdout]     |                                 ^^^ could not find `ink` in the list of imported crates
[INFO] [stdout] 
[INFO] [stdout] 
[INFO] [stdout] error[E0433]: failed to resolve: could not find `ink` in the list of imported crates
[INFO] [stdout]    --> src/storage/tests/storage_layout.rs:218:47
[INFO] [stdout]     |
[INFO] [stdout] 218 | ...                   ::ink::metadata::layout::StructLayout::new(
[INFO] [stdout]     |                         ^^^ could not find `ink` in the list of imported crates
[INFO] [stdout] 
[INFO] [stdout] 
[INFO] [stdout] error[E0433]: failed to resolve: could not find `ink` in the list of imported crates
[INFO] [stdout]    --> src/storage/tests/storage_layout.rs:221:55
[INFO] [stdout]     |
[INFO] [stdout] 221 | ...                   ::ink::metadata::layout::FieldLayout::new(
[INFO] [stdout]     |                         ^^^ could not find `ink` in the list of imported crates
[INFO] [stdout] 
[INFO] [stdout] 
[INFO] [stdout] error[E0433]: failed to resolve: could not find `ink` in the list of imported crates
[INFO] [stdout]    --> src/storage/tests/storage_layout.rs:223:68
[INFO] [stdout]     |
[INFO] [stdout] 223 | ...                   <bool as ::ink::storage::traits::StorageLayout>::layout(__key),
[INFO] [stdout]     |                                  ^^^ could not find `ink` in the list of imported crates
[INFO] [stdout] 
[INFO] [stdout] 
[INFO] [stdout] error[E0433]: failed to resolve: could not find `ink` in the list of imported crates
[INFO] [stdout]    --> src/storage/tests/storage_layout.rs:225:55
[INFO] [stdout]     |
[INFO] [stdout] 225 | ...                   ::ink::metadata::layout::FieldLayout::new(
[INFO] [stdout]     |                         ^^^ could not find `ink` in the list of imported crates
[INFO] [stdout] 
[INFO] [stdout] 
[INFO] [stdout] error[E0433]: failed to resolve: could not find `ink` in the list of imported crates
[INFO] [stdout]    --> src/storage/tests/storage_layout.rs:227:67
[INFO] [stdout]     |
[INFO] [stdout] 227 | ...                   <u32 as ::ink::storage::traits::StorageLayout>::layout(__key),
[INFO] [stdout]     |                                 ^^^ could not find `ink` in the list of imported crates
[INFO] [stdout] 
[INFO] [stdout] 
[INFO] [stdout] error[E0433]: failed to resolve: could not find `ink` in the list of imported crates
[INFO] [stdout]    --> src/storage/tests/storage_layout.rs:229:55
[INFO] [stdout]     |
[INFO] [stdout] 229 | ...                   ::ink::metadata::layout::FieldLayout::new(
[INFO] [stdout]     |                         ^^^ could not find `ink` in the list of imported crates
[INFO] [stdout] 
[INFO] [stdout] 
[INFO] [stdout] error[E0433]: failed to resolve: could not find `ink` in the list of imported crates
[INFO] [stdout]    --> src/storage/tests/storage_layout.rs:231:67
[INFO] [stdout]     |
[INFO] [stdout] 231 | ...                   <i64 as ::ink::storage::traits::StorageLayout>::layout(__key),
[INFO] [stdout]     |                                 ^^^ could not find `ink` in the list of imported crates
[INFO] [stdout] 
[INFO] [stdout] 
[INFO] [stdout] error[E0433]: failed to resolve: could not find `ink` in the list of imported crates
[INFO] [stdout]   --> src/storage/tests/storage_layout.rs:27:27
[INFO] [stdout]    |
[INFO] [stdout] 27 |                         ::ink::metadata::layout::Layout::Struct(
[INFO] [stdout]    |                           ^^^ could not find `ink` in the list of imported crates
[INFO] [stdout]    |
[INFO] [stdout] help: consider importing one of these items
[INFO] [stdout]    |
[INFO] [stdout] 15 | use core::alloc::Layout;
[INFO] [stdout]    |
[INFO] [stdout] 15 | use std::alloc::Layout;
[INFO] [stdout]    |
[INFO] [stdout] help: if you import `Layout`, refer to it directly
[INFO] [stdout]    |
[INFO] [stdout] 27 -                         ::ink::metadata::layout::Layout::Struct(
[INFO] [stdout] 27 +                         Layout::Struct(
[INFO] [stdout]    |
[INFO] [stdout] 
[INFO] [stdout] 
[INFO] [stdout] error[E0433]: failed to resolve: could not find `ink` in the list of imported crates
[INFO] [stdout]   --> src/storage/tests/storage_layout.rs:47:27
[INFO] [stdout]    |
[INFO] [stdout] 47 |                         ::ink::metadata::layout::Layout::Struct(
[INFO] [stdout]    |                           ^^^ could not find `ink` in the list of imported crates
[INFO] [stdout]    |
[INFO] [stdout] help: consider importing one of these items
[INFO] [stdout]    |
[INFO] [stdout] 15 | use core::alloc::Layout;
[INFO] [stdout]    |
[INFO] [stdout] 15 | use std::alloc::Layout;
[INFO] [stdout]    |
[INFO] [stdout] help: if you import `Layout`, refer to it directly
[INFO] [stdout]    |
[INFO] [stdout] 47 -                         ::ink::metadata::layout::Layout::Struct(
[INFO] [stdout] 47 +                         Layout::Struct(
[INFO] [stdout]    |
[INFO] [stdout] 
[INFO] [stdout] 
[INFO] [stdout] error[E0433]: failed to resolve: could not find `ink` in the list of imported crates
[INFO] [stdout]   --> src/storage/tests/storage_layout.rs:87:27
[INFO] [stdout]    |
[INFO] [stdout] 87 |                         ::ink::metadata::layout::Layout::Struct(
[INFO] [stdout]    |                           ^^^ could not find `ink` in the list of imported crates
[INFO] [stdout]    |
[INFO] [stdout] help: consider importing one of these items
[INFO] [stdout]    |
[INFO] [stdout] 15 | use core::alloc::Layout;
[INFO] [stdout]    |
[INFO] [stdout] 15 | use std::alloc::Layout;
[INFO] [stdout]    |
[INFO] [stdout] help: if you import `Layout`, refer to it directly
[INFO] [stdout]    |
[INFO] [stdout] 87 -                         ::ink::metadata::layout::Layout::Struct(
[INFO] [stdout] 87 +                         Layout::Struct(
[INFO] [stdout]    |
[INFO] [stdout] 
[INFO] [stdout] 
[INFO] [stdout] error[E0433]: failed to resolve: could not find `ink` in the list of imported crates
[INFO] [stdout]    --> src/storage/tests/storage_layout.rs:123:27
[INFO] [stdout]     |
[INFO] [stdout] 123 |                         ::ink::metadata::layout::Layout::Enum(
[INFO] [stdout]     |                           ^^^ could not find `ink` in the list of imported crates
[INFO] [stdout]     |
[INFO] [stdout] help: consider importing one of these items
[INFO] [stdout]     |
[INFO] [stdout] 15  | use core::alloc::Layout;
[INFO] [stdout]     |
[INFO] [stdout] 15  | use std::alloc::Layout;
[INFO] [stdout]     |
[INFO] [stdout] help: if you import `Layout`, refer to it directly
[INFO] [stdout]     |
[INFO] [stdout] 123 -                         ::ink::metadata::layout::Layout::Enum(
[INFO] [stdout] 123 +                         Layout::Enum(
[INFO] [stdout]     |
[INFO] [stdout] 
[INFO] [stdout] 
[INFO] [stdout] error[E0433]: failed to resolve: could not find `ink` in the list of imported crates
[INFO] [stdout]    --> src/storage/tests/storage_layout.rs:130:47
[INFO] [stdout]     |
[INFO] [stdout] 130 | ...                   ::ink::metadata::layout::Discriminant::from(0usize),
[INFO] [stdout]     |                         ^^^ could not find `ink` in the list of imported crates
[INFO] [stdout]     |
[INFO] [stdout] help: consider importing one of these items
[INFO] [stdout]     |
[INFO] [stdout] 15  | use core::mem::Discriminant;
[INFO] [stdout]     |
[INFO] [stdout] 15  | use scale_info::prelude::mem::Discriminant;
[INFO] [stdout]     |
[INFO] [stdout] 15  | use std::mem::Discriminant;
[INFO] [stdout]     |
[INFO] [stdout] help: if you import `Discriminant`, refer to it directly
[INFO] [stdout]     |
[INFO] [stdout] 130 -                                             ::ink::metadata::layout::Discriminant::from(0usize),
[INFO] [stdout] 130 +                                             Discriminant::from(0usize),
[INFO] [stdout]     |
[INFO] [stdout] 
[INFO] [stdout] 
[INFO] [stdout] error[E0433]: failed to resolve: could not find `ink` in the list of imported crates
[INFO] [stdout]    --> src/storage/tests/storage_layout.rs:138:47
[INFO] [stdout]     |
[INFO] [stdout] 138 | ...                   ::ink::metadata::layout::Discriminant::from(1usize),
[INFO] [stdout]     |                         ^^^ could not find `ink` in the list of imported crates
[INFO] [stdout]     |
[INFO] [stdout] help: consider importing one of these items
[INFO] [stdout]     |
[INFO] [stdout] 15  | use core::mem::Discriminant;
[INFO] [stdout]     |
[INFO] [stdout] 15  | use scale_info::prelude::mem::Discriminant;
[INFO] [stdout]     |
[INFO] [stdout] 15  | use std::mem::Discriminant;
[INFO] [stdout]     |
[INFO] [stdout] help: if you import `Discriminant`, refer to it directly
[INFO] [stdout]     |
[INFO] [stdout] 138 -                                             ::ink::metadata::layout::Discriminant::from(1usize),
[INFO] [stdout] 138 +                                             Discriminant::from(1usize),
[INFO] [stdout]     |
[INFO] [stdout] 
[INFO] [stdout] 
[INFO] [stdout] error[E0433]: failed to resolve: could not find `ink` in the list of imported crates
[INFO] [stdout]    --> src/storage/tests/storage_layout.rs:146:47
[INFO] [stdout]     |
[INFO] [stdout] 146 | ...                   ::ink::metadata::layout::Discriminant::from(2usize),
[INFO] [stdout]     |                         ^^^ could not find `ink` in the list of imported crates
[INFO] [stdout]     |
[INFO] [stdout] help: consider importing one of these items
[INFO] [stdout]     |
[INFO] [stdout] 15  | use core::mem::Discriminant;
[INFO] [stdout]     |
[INFO] [stdout] 15  | use scale_info::prelude::mem::Discriminant;
[INFO] [stdout]     |
[INFO] [stdout] 15  | use std::mem::Discriminant;
[INFO] [stdout]     |
[INFO] [stdout] help: if you import `Discriminant`, refer to it directly
[INFO] [stdout]     |
[INFO] [stdout] 146 -                                             ::ink::metadata::layout::Discriminant::from(2usize),
[INFO] [stdout] 146 +                                             Discriminant::from(2usize),
[INFO] [stdout]     |
[INFO] [stdout] 
[INFO] [stdout] 
[INFO] [stdout] error[E0433]: failed to resolve: could not find `ink` in the list of imported crates
[INFO] [stdout]    --> src/storage/tests/storage_layout.rs:180:27
[INFO] [stdout]     |
[INFO] [stdout] 180 |                         ::ink::metadata::layout::Layout::Enum(
[INFO] [stdout]     |                           ^^^ could not find `ink` in the list of imported crates
[INFO] [stdout]     |
[INFO] [stdout] help: consider importing one of these items
[INFO] [stdout]     |
[INFO] [stdout] 15  | use core::alloc::Layout;
[INFO] [stdout]     |
[INFO] [stdout] 15  | use std::alloc::Layout;
[INFO] [stdout]     |
[INFO] [stdout] help: if you import `Layout`, refer to it directly
[INFO] [stdout]     |
[INFO] [stdout] 180 -                         ::ink::metadata::layout::Layout::Enum(
[INFO] [stdout] 180 +                         Layout::Enum(
[INFO] [stdout]     |
[INFO] [stdout] 
[INFO] [stdout] 
[INFO] [stdout] error[E0433]: failed to resolve: could not find `ink` in the list of imported crates
[INFO] [stdout]    --> src/storage/tests/storage_layout.rs:187:47
[INFO] [stdout]     |
[INFO] [stdout] 187 | ...                   ::ink::metadata::layout::Discriminant::from(0usize),
[INFO] [stdout]     |                         ^^^ could not find `ink` in the list of imported crates
[INFO] [stdout]     |
[INFO] [stdout] help: consider importing one of these items
[INFO] [stdout]     |
[INFO] [stdout] 15  | use core::mem::Discriminant;
[INFO] [stdout]     |
[INFO] [stdout] 15  | use scale_info::prelude::mem::Discriminant;
[INFO] [stdout]     |
[INFO] [stdout] 15  | use std::mem::Discriminant;
[INFO] [stdout]     |
[INFO] [stdout] help: if you import `Discriminant`, refer to it directly
[INFO] [stdout]     |
[INFO] [stdout] 187 -                                             ::ink::metadata::layout::Discriminant::from(0usize),
[INFO] [stdout] 187 +                                             Discriminant::from(0usize),
[INFO] [stdout]     |
[INFO] [stdout] 
[INFO] [stdout] 
[INFO] [stdout] error[E0433]: failed to resolve: could not find `ink` in the list of imported crates
[INFO] [stdout]    --> src/storage/tests/storage_layout.rs:195:47
[INFO] [stdout]     |
[INFO] [stdout] 195 | ...                   ::ink::metadata::layout::Discriminant::from(1usize),
[INFO] [stdout]     |                         ^^^ could not find `ink` in the list of imported crates
[INFO] [stdout]     |
[INFO] [stdout] help: consider importing one of these items
[INFO] [stdout]     |
[INFO] [stdout] 15  | use core::mem::Discriminant;
[INFO] [stdout]     |
[INFO] [stdout] 15  | use scale_info::prelude::mem::Discriminant;
[INFO] [stdout]     |
[INFO] [stdout] 15  | use std::mem::Discriminant;
[INFO] [stdout]     |
[INFO] [stdout] help: if you import `Discriminant`, refer to it directly
[INFO] [stdout]     |
[INFO] [stdout] 195 -                                             ::ink::metadata::layout::Discriminant::from(1usize),
[INFO] [stdout] 195 +                                             Discriminant::from(1usize),
[INFO] [stdout]     |
[INFO] [stdout] 
[INFO] [stdout] 
[INFO] [stdout] error[E0433]: failed to resolve: could not find `ink` in the list of imported crates
[INFO] [stdout]    --> src/storage/tests/storage_layout.rs:217:47
[INFO] [stdout]     |
[INFO] [stdout] 217 | ...                   ::ink::metadata::layout::Discriminant::from(2usize),
[INFO] [stdout]     |                         ^^^ could not find `ink` in the list of imported crates
[INFO] [stdout]     |
[INFO] [stdout] help: consider importing one of these items
[INFO] [stdout]     |
[INFO] [stdout] 15  | use core::mem::Discriminant;
[INFO] [stdout]     |
[INFO] [stdout] 15  | use scale_info::prelude::mem::Discriminant;
[INFO] [stdout]     |
[INFO] [stdout] 15  | use std::mem::Discriminant;
[INFO] [stdout]     |
[INFO] [stdout] help: if you import `Discriminant`, refer to it directly
[INFO] [stdout]     |
[INFO] [stdout] 217 -                                             ::ink::metadata::layout::Discriminant::from(2usize),
[INFO] [stdout] 217 +                                             Discriminant::from(2usize),
[INFO] [stdout]     |
[INFO] [stdout] 
[INFO] [stdout] 
[INFO] [stdout] error: aborting due to 108 previous errors
[INFO] [stdout] 
[INFO] [stdout] 
[INFO] [stdout] For more information about this error, try `rustc --explain E0433`.
[INFO] [stdout] 
[INFO] [stderr] error: could not compile `ink_macro` due to 109 previous errors
[INFO] [stderr] warning: build failed, waiting for other jobs to finish...
[INFO] running `Command { std: "docker" "inspect" "e413975b222423b573a22c6096c5069bd43d9059e08612bff24e80a9353c3d20", kill_on_drop: false }`
[INFO] running `Command { std: "docker" "rm" "-f" "e413975b222423b573a22c6096c5069bd43d9059e08612bff24e80a9353c3d20", kill_on_drop: false }`
[INFO] [stdout] e413975b222423b573a22c6096c5069bd43d9059e08612bff24e80a9353c3d20
