[INFO] fetching crate ink_lang 3.4.0...
[INFO] testing ink_lang-3.4.0 against 1.69.0 for beta-1.70-1
[INFO] extracting crate ink_lang 3.4.0 into /workspace/builds/worker-1-tc1/source
[INFO] validating manifest of crates.io crate ink_lang 3.4.0 on toolchain 1.69.0
[INFO] running `Command { std: CARGO_HOME="/workspace/cargo-home" RUSTUP_HOME="/workspace/rustup-home" "/workspace/cargo-home/bin/cargo" "+1.69.0" "metadata" "--manifest-path" "Cargo.toml" "--no-deps", kill_on_drop: false }`
[INFO] started tweaking crates.io crate ink_lang 3.4.0
[INFO] finished tweaking crates.io crate ink_lang 3.4.0
[INFO] tweaked toml for crates.io crate ink_lang 3.4.0 written to /workspace/builds/worker-1-tc1/source/Cargo.toml
[INFO] running `Command { std: CARGO_HOME="/workspace/cargo-home" RUSTUP_HOME="/workspace/rustup-home" __CARGO_TEST_CHANNEL_OVERRIDE_DO_NOT_USE_THIS="nightly" "/workspace/cargo-home/bin/cargo" "+1.69.0" "generate-lockfile" "--manifest-path" "Cargo.toml" "-Zno-index-update", kill_on_drop: false }`
[INFO] running `Command { std: CARGO_HOME="/workspace/cargo-home" RUSTUP_HOME="/workspace/rustup-home" "/workspace/cargo-home/bin/cargo" "+1.69.0" "fetch" "--manifest-path" "Cargo.toml", kill_on_drop: false }`
[INFO] [stderr]  Downloading crates ...
[INFO] [stderr]   Downloaded ink_storage v3.4.0
[INFO] [stderr]   Downloaded ink_storage_derive v3.4.0
[INFO] [stderr]   Downloaded ink_prelude v3.4.0
[INFO] [stderr]   Downloaded ink_primitives v3.4.0
[INFO] [stderr]   Downloaded ink_metadata v3.4.0
[INFO] [stderr]   Downloaded ink_env v3.4.0
[INFO] [stderr]   Downloaded ink_allocator v3.4.0
[INFO] [stderr]   Downloaded ink_engine v3.4.0
[INFO] [stderr]   Downloaded ink_lang_ir v3.4.0
[INFO] [stderr]   Downloaded ink_lang_codegen v3.4.0
[INFO] [stderr]   Downloaded ink_lang_macro v3.4.0
[INFO] running `Command { std: "docker" "create" "-v" "/var/lib/crater-agent-workspace/builds/worker-1-tc1/target:/opt/rustwide/target:rw,Z" "-v" "/var/lib/crater-agent-workspace/builds/worker-1-tc1/source:/opt/rustwide/workdir:ro,Z" "-v" "/var/lib/crater-agent-workspace/cargo-home:/opt/rustwide/cargo-home:ro,Z" "-v" "/var/lib/crater-agent-workspace/rustup-home:/opt/rustwide/rustup-home:ro,Z" "-e" "SOURCE_DIR=/opt/rustwide/workdir" "-e" "CARGO_TARGET_DIR=/opt/rustwide/target" "-e" "CARGO_HOME=/opt/rustwide/cargo-home" "-e" "RUSTUP_HOME=/opt/rustwide/rustup-home" "-w" "/opt/rustwide/workdir" "-m" "1610612736" "--user" "0:0" "--network" "none" "ghcr.io/rust-lang/crates-build-env/linux@sha256:5ff2268d62e97bff2cde7d5815dd6ed5b47097566f13b8d0ca110b04b60e07ed" "/opt/rustwide/cargo-home/bin/cargo" "+1.69.0" "metadata" "--no-deps" "--format-version=1", kill_on_drop: false }`
[INFO] [stdout] f5d5efdc2254ae50378ba7f01ca266865ed4a54c8a1387361b9c646da804a424
[INFO] running `Command { std: "docker" "start" "-a" "f5d5efdc2254ae50378ba7f01ca266865ed4a54c8a1387361b9c646da804a424", kill_on_drop: false }`
[INFO] running `Command { std: "docker" "inspect" "f5d5efdc2254ae50378ba7f01ca266865ed4a54c8a1387361b9c646da804a424", kill_on_drop: false }`
[INFO] running `Command { std: "docker" "rm" "-f" "f5d5efdc2254ae50378ba7f01ca266865ed4a54c8a1387361b9c646da804a424", kill_on_drop: false }`
[INFO] [stdout] f5d5efdc2254ae50378ba7f01ca266865ed4a54c8a1387361b9c646da804a424
[INFO] running `Command { std: "docker" "create" "-v" "/var/lib/crater-agent-workspace/builds/worker-1-tc1/target:/opt/rustwide/target:rw,Z" "-v" "/var/lib/crater-agent-workspace/builds/worker-1-tc1/source:/opt/rustwide/workdir:ro,Z" "-v" "/var/lib/crater-agent-workspace/cargo-home:/opt/rustwide/cargo-home:ro,Z" "-v" "/var/lib/crater-agent-workspace/rustup-home:/opt/rustwide/rustup-home:ro,Z" "-e" "SOURCE_DIR=/opt/rustwide/workdir" "-e" "CARGO_TARGET_DIR=/opt/rustwide/target" "-e" "CARGO_INCREMENTAL=0" "-e" "RUST_BACKTRACE=full" "-e" "RUSTFLAGS=--cap-lints=warn" "-e" "RUSTDOCFLAGS=--cap-lints=warn" "-e" "CARGO_HOME=/opt/rustwide/cargo-home" "-e" "RUSTUP_HOME=/opt/rustwide/rustup-home" "-w" "/opt/rustwide/workdir" "-m" "1610612736" "--user" "0:0" "--network" "none" "ghcr.io/rust-lang/crates-build-env/linux@sha256:5ff2268d62e97bff2cde7d5815dd6ed5b47097566f13b8d0ca110b04b60e07ed" "/opt/rustwide/cargo-home/bin/cargo" "+1.69.0" "build" "--frozen" "--message-format=json", kill_on_drop: false }`
[INFO] [stdout] b46e326a102ddfa4df15ce58613c0381ffd47e2bae6598b9f4c2c2c45103a2b9
[INFO] running `Command { std: "docker" "start" "-a" "b46e326a102ddfa4df15ce58613c0381ffd47e2bae6598b9f4c2c2c45103a2b9", kill_on_drop: false }`
[INFO] [stderr]    Compiling syn v1.0.109
[INFO] [stderr]    Compiling once_cell v1.17.1
[INFO] [stderr]    Compiling byte-slice-cast v1.2.2
[INFO] [stderr]    Compiling arrayvec v0.7.2
[INFO] [stderr]    Compiling serde v1.0.160
[INFO] [stderr]    Compiling generic-array v0.14.7
[INFO] [stderr]    Compiling subtle v2.4.1
[INFO] [stderr]    Compiling libc v0.2.142
[INFO] [stderr]    Compiling ink_prelude v3.4.0
[INFO] [stderr]    Compiling secp256k1-sys v0.6.1
[INFO] [stderr]    Compiling num-traits v0.2.15
[INFO] [stderr]    Compiling keccak v0.1.3
[INFO] [stderr]    Compiling unicode-xid v0.2.4
[INFO] [stderr]    Compiling ink_allocator v3.4.0
[INFO] [stderr]    Compiling static_assertions v1.1.0
[INFO] [stderr]    Compiling heck v0.4.1
[INFO] [stderr]    Compiling array-init v2.1.0
[INFO] [stderr]    Compiling proc-macro-crate v1.3.1
[INFO] [stderr]    Compiling getrandom v0.2.9
[INFO] [stderr]    Compiling crypto-common v0.1.6
[INFO] [stderr]    Compiling block-buffer v0.10.4
[INFO] [stderr]    Compiling rand_core v0.6.4
[INFO] [stderr]    Compiling digest v0.10.6
[INFO] [stderr]    Compiling rand_chacha v0.3.1
[INFO] [stderr]    Compiling blake2 v0.10.6
[INFO] [stderr]    Compiling sha2 v0.10.6
[INFO] [stderr]    Compiling sha3 v0.10.7
[INFO] [stderr]    Compiling rand v0.8.5
[INFO] [stderr]    Compiling secp256k1 v0.24.3
[INFO] [stderr]    Compiling impl-serde v0.3.2
[INFO] [stderr]    Compiling synstructure v0.12.6
[INFO] [stderr]    Compiling ink_lang_ir v3.4.0
[INFO] [stderr]    Compiling impl-trait-for-tuples v0.2.2
[INFO] [stderr]    Compiling parity-scale-codec-derive v3.1.4
[INFO] [stderr]    Compiling derive_more v0.99.17
[INFO] [stderr]    Compiling scale-info-derive v2.6.0
[INFO] [stderr]    Compiling ink_storage_derive v3.4.0
[INFO] [stderr]    Compiling parity-scale-codec v3.4.0
[INFO] [stderr]    Compiling scale-info v2.6.0
[INFO] [stderr]    Compiling ink_engine v3.4.0
[INFO] [stderr]    Compiling ink_lang_codegen v3.4.0
[INFO] [stderr]    Compiling ink_primitives v3.4.0
[INFO] [stderr]    Compiling ink_metadata v3.4.0
[INFO] [stderr]    Compiling ink_env v3.4.0
[INFO] [stderr]    Compiling ink_storage v3.4.0
[INFO] [stderr]    Compiling ink_lang_macro v3.4.0
[INFO] [stderr]    Compiling ink_lang v3.4.0 (/opt/rustwide/workdir)
[INFO] [stderr]     Finished dev [unoptimized + debuginfo] target(s) in 13.23s
[INFO] running `Command { std: "docker" "inspect" "b46e326a102ddfa4df15ce58613c0381ffd47e2bae6598b9f4c2c2c45103a2b9", kill_on_drop: false }`
[INFO] running `Command { std: "docker" "rm" "-f" "b46e326a102ddfa4df15ce58613c0381ffd47e2bae6598b9f4c2c2c45103a2b9", kill_on_drop: false }`
[INFO] [stdout] b46e326a102ddfa4df15ce58613c0381ffd47e2bae6598b9f4c2c2c45103a2b9
[INFO] running `Command { std: "docker" "create" "-v" "/var/lib/crater-agent-workspace/builds/worker-1-tc1/target:/opt/rustwide/target:rw,Z" "-v" "/var/lib/crater-agent-workspace/builds/worker-1-tc1/source:/opt/rustwide/workdir:ro,Z" "-v" "/var/lib/crater-agent-workspace/cargo-home:/opt/rustwide/cargo-home:ro,Z" "-v" "/var/lib/crater-agent-workspace/rustup-home:/opt/rustwide/rustup-home:ro,Z" "-e" "SOURCE_DIR=/opt/rustwide/workdir" "-e" "CARGO_TARGET_DIR=/opt/rustwide/target" "-e" "CARGO_INCREMENTAL=0" "-e" "RUST_BACKTRACE=full" "-e" "RUSTFLAGS=--cap-lints=warn" "-e" "RUSTDOCFLAGS=--cap-lints=warn" "-e" "CARGO_HOME=/opt/rustwide/cargo-home" "-e" "RUSTUP_HOME=/opt/rustwide/rustup-home" "-w" "/opt/rustwide/workdir" "-m" "1610612736" "--user" "0:0" "--network" "none" "ghcr.io/rust-lang/crates-build-env/linux@sha256:5ff2268d62e97bff2cde7d5815dd6ed5b47097566f13b8d0ca110b04b60e07ed" "/opt/rustwide/cargo-home/bin/cargo" "+1.69.0" "test" "--frozen" "--no-run" "--message-format=json", kill_on_drop: false }`
[INFO] [stdout] c7932e5a34fba0f9c259d4b4b601b66e6a2cca6a0a9513c13c42dba2a131d561
[INFO] running `Command { std: "docker" "start" "-a" "c7932e5a34fba0f9c259d4b4b601b66e6a2cca6a0a9513c13c42dba2a131d561", kill_on_drop: false }`
[INFO] [stderr]    Compiling proc-macro2 v1.0.56
[INFO] [stderr]    Compiling unicode-ident v1.0.8
[INFO] [stderr]    Compiling quote v1.0.26
[INFO] [stderr]    Compiling either v1.8.1
[INFO] [stderr]    Compiling syn v1.0.109
[INFO] [stderr]    Compiling trybuild v1.0.80
[INFO] [stderr]    Compiling glob v0.3.1
[INFO] [stderr]    Compiling dissimilar v1.0.6
[INFO] [stderr]    Compiling termcolor v1.2.0
[INFO] [stderr]    Compiling itertools v0.10.5
[INFO] [stderr]    Compiling syn v2.0.15
[INFO] [stderr]    Compiling serde_derive v1.0.160
[INFO] [stderr]    Compiling ink_lang_ir v3.4.0
[INFO] [stderr]    Compiling synstructure v0.12.6
[INFO] [stderr]    Compiling serde v1.0.160
[INFO] [stderr]    Compiling impl-trait-for-tuples v0.2.2
[INFO] [stderr]    Compiling parity-scale-codec-derive v3.1.4
[INFO] [stderr]    Compiling derive_more v0.99.17
[INFO] [stderr]    Compiling scale-info-derive v2.6.0
[INFO] [stderr]    Compiling ink_storage_derive v3.4.0
[INFO] [stderr]    Compiling parity-scale-codec v3.4.0
[INFO] [stderr]    Compiling impl-serde v0.3.2
[INFO] [stderr]    Compiling serde_json v1.0.96
[INFO] [stderr]    Compiling basic-toml v0.1.2
[INFO] [stderr]    Compiling scale-info v2.6.0
[INFO] [stderr]    Compiling ink_lang_codegen v3.4.0
[INFO] [stderr]    Compiling ink_engine v3.4.0
[INFO] [stderr]    Compiling ink_primitives v3.4.0
[INFO] [stderr]    Compiling ink_metadata v3.4.0
[INFO] [stderr]    Compiling ink_lang_macro v3.4.0
[INFO] [stderr]    Compiling ink_env v3.4.0
[INFO] [stderr]    Compiling ink_storage v3.4.0
[INFO] [stderr]    Compiling ink_lang v3.4.0 (/opt/rustwide/workdir)
[INFO] [stderr]     Finished test [unoptimized + debuginfo] target(s) in 14.98s
[INFO] running `Command { std: "docker" "inspect" "c7932e5a34fba0f9c259d4b4b601b66e6a2cca6a0a9513c13c42dba2a131d561", kill_on_drop: false }`
[INFO] running `Command { std: "docker" "rm" "-f" "c7932e5a34fba0f9c259d4b4b601b66e6a2cca6a0a9513c13c42dba2a131d561", kill_on_drop: false }`
[INFO] [stdout] c7932e5a34fba0f9c259d4b4b601b66e6a2cca6a0a9513c13c42dba2a131d561
[INFO] running `Command { std: "docker" "create" "-v" "/var/lib/crater-agent-workspace/builds/worker-1-tc1/target:/opt/rustwide/target:rw,Z" "-v" "/var/lib/crater-agent-workspace/builds/worker-1-tc1/source:/opt/rustwide/workdir:ro,Z" "-v" "/var/lib/crater-agent-workspace/cargo-home:/opt/rustwide/cargo-home:ro,Z" "-v" "/var/lib/crater-agent-workspace/rustup-home:/opt/rustwide/rustup-home:ro,Z" "-e" "SOURCE_DIR=/opt/rustwide/workdir" "-e" "CARGO_TARGET_DIR=/opt/rustwide/target" "-e" "CARGO_INCREMENTAL=0" "-e" "RUST_BACKTRACE=full" "-e" "RUSTFLAGS=--cap-lints=warn" "-e" "RUSTDOCFLAGS=--cap-lints=warn" "-e" "CARGO_HOME=/opt/rustwide/cargo-home" "-e" "RUSTUP_HOME=/opt/rustwide/rustup-home" "-w" "/opt/rustwide/workdir" "-m" "1610612736" "--user" "0:0" "--network" "none" "ghcr.io/rust-lang/crates-build-env/linux@sha256:5ff2268d62e97bff2cde7d5815dd6ed5b47097566f13b8d0ca110b04b60e07ed" "/opt/rustwide/cargo-home/bin/cargo" "+1.69.0" "test" "--frozen", kill_on_drop: false }`
[INFO] [stdout] 7fc45ec3aadc9fe4246c511bf52d007827ab70e9b90e3119d844cd8306e48b98
[INFO] running `Command { std: "docker" "start" "-a" "7fc45ec3aadc9fe4246c511bf52d007827ab70e9b90e3119d844cd8306e48b98", kill_on_drop: false }`
[INFO] [stderr]     Finished test [unoptimized + debuginfo] target(s) in 0.08s
[INFO] [stderr]      Running unittests src/lib.rs (/opt/rustwide/target/debug/deps/ink_lang-f22f4b8e008b334a)
[INFO] [stdout] 
[INFO] [stdout] running 2 tests
[INFO] [stdout] test result_info::tests::is_result_err_works ... ok
[INFO] [stdout] test result_info::tests::is_result_type_works ... ok
[INFO] [stdout] 
[INFO] [stdout] test result: ok. 2 passed; 0 failed; 0 ignored; 0 measured; 0 filtered out; finished in 0.00s
[INFO] [stdout] 
[INFO] [stderr]    Doc-tests ink_lang
[INFO] [stdout] 
[INFO] [stdout] running 47 tests
[INFO] [stdout] test src/codegen/dispatch/type_check.rs - codegen::dispatch::type_check::DispatchOutput (line 61) - compile fail ... ok
[INFO] [stdout] test src/codegen/dispatch/type_check.rs - codegen::dispatch::type_check::DispatchInput (line 33) - compile fail ... ok
[INFO] [stdout] test src/codegen/utils/same_type.rs - codegen::utils::same_type::IsSameType (line 30) - compile fail ... ok
[INFO] [stdout] test src/codegen/utils/identity_type.rs - codegen::utils::identity_type::consume_type (line 37) - compile fail ... ok
[INFO] [stdout] test src/codegen/dispatch/type_check.rs - codegen::dispatch::type_check::DispatchOutput (line 54) ... ok
[INFO] [stdout] test src/codegen/utils/identity_type.rs - codegen::utils::identity_type::consume_type (line 25) ... ok
[INFO] [stdout] test src/codegen/utils/same_type.rs - codegen::utils::same_type::IsSameType (line 23) ... ok
[INFO] [stdout] test src/codegen/event/topics.rs - codegen::event::topics::EventRespectsTopicLimit (line 21) ... ok
[INFO] [stdout] test src/codegen/dispatch/type_check.rs - codegen::dispatch::type_check::DispatchInput (line 26) ... ok
[INFO] [stdout] test src/env_access.rs - env_access::EnvAccess<'a,E>::hash_bytes (line 726) ... ok
[INFO] [stdout] test src/env_access.rs - env_access::EnvAccess<'a,E>::minimum_balance (line 396) ... FAILED
[INFO] [stdout] test src/env_access.rs - env_access::EnvAccess<'a,E>::ecdsa_recover (line 782) ... FAILED
[INFO] [stdout] test src/env_access.rs - env_access::EnvAccess<'a,E>::caller (line 79) ... FAILED
[INFO] [stdout] test src/env_access.rs - env_access::EnvAccess<'a,E>::account_id (line 275) ... FAILED
[INFO] [stdout] test src/env_access.rs - env_access::EnvAccess<'a,E>::hash_encoded (line 750) ... ok
[INFO] [stdout] test src/env_access.rs - env_access::EnvAccess<'a,E>::own_code_hash (line 986) ... FAILED
[INFO] [stdout] test src/env_access.rs - env_access::EnvAccess<'a,E>::ecdsa_to_eth_address (line 842) ... ok
[INFO] [stdout] test src/env_access.rs - env_access::EnvAccess<'a,E>::block_timestamp (line 233) ... ok
[INFO] [stdout] test src/env_access.rs - env_access::EnvAccess<'a,E>::caller_is_origin (line 922) ... ok
[INFO] [stdout] test src/env_access.rs - env_access::EnvAccess<'a,E>::block_number (line 355) ... ok
[INFO] [stdout] test src/env_access.rs - env_access::EnvAccess<'a,E>::gas_left (line 194) ... ok
[INFO] [stdout] test src/env_access.rs - env_access::EnvAccess<'a,E>::balance (line 321) ... ok
[INFO] [stdout] test src/env_access.rs - env_access::EnvAccess<'a,E>::instantiate_contract (line 429) ... ok
[INFO] [stdout] test src/env_access.rs - env_access::EnvAccess<'a,E>::invoke_contract_delegate (line 562) ... ok
[INFO] [stdout] test src/env_access.rs - env_access::EnvAccess<'a,E>::invoke_contract (line 501) ... ok
[INFO] [stdout] test src/env_access.rs - env_access::EnvAccess<'a,E>::code_hash (line 954) ... ok
[INFO] [stdout] test src/env_access.rs - env_access::EnvAccess<'a,E>::is_contract (line 890) ... ok
[INFO] [stdout] test src/env_access.rs - env_access::EnvAccess<'a,E>::random (line 691) ... ok
[INFO] [stdout] test src/env_access.rs - env_access::EnvAccess<'a,E>::transferred_value (line 114) ... ok
[INFO] [stdout] test src/env_access.rs - env_access::EnvAccess<'a,E>::terminate_contract (line 622) ... ok
[INFO] [stdout] test src/env_access.rs - env_access::EnvAccess<'a,E>::transfer (line 656) ... ok
[INFO] [stdout] test src/env_access.rs - env_access::EnvAccess<'a,E>::weight_to_fee (line 151) ... ok
[INFO] [stdout] test src/reflect/contract.rs - reflect::contract::ContractEnv (line 68) ... ok
[INFO] [stdout] test src/reflect/contract.rs - reflect::contract::ContractEnv (line 99) ... ok
[INFO] [stdout] test src/reflect/contract.rs - reflect::contract::ContractName (line 23) ... ok
[INFO] [stdout] test src/reflect/dispatch.rs - reflect::dispatch::ContractConstructorDecoder (line 441) ... ok
[INFO] [stdout] test src/reflect/dispatch.rs - reflect::dispatch::ContractAmountDispatchables (line 27) ... ok
[INFO] [stdout] test src/reflect/contract.rs - reflect::contract::ContractReference (line 159) ... ok
[INFO] [stdout] test src/reflect/dispatch.rs - reflect::dispatch::DecodeDispatch (line 582) ... ok
[INFO] [stdout] test src/reflect/trait_def/registry.rs - reflect::trait_def::registry::TraitDefinitionRegistry (line 39) ... ok
[INFO] [stdout] test src/reflect/dispatch.rs - reflect::dispatch::ContractDispatchableMessages (line 76) ... ok
[INFO] [stdout] test src/reflect/dispatch.rs - reflect::dispatch::DispatchableConstructorInfo (line 276) ... ok
[INFO] [stdout] test src/reflect/dispatch.rs - reflect::dispatch::ContractDispatchableConstructors (line 126) ... ok
[INFO] [stdout] test src/reflect/dispatch.rs - reflect::dispatch::ContractMessageDecoder (line 361) ... ok
[INFO] [stdout] test src/reflect/event.rs - reflect::event::ContractEventBase (line 21) ... ok
[INFO] [stdout] test src/reflect/dispatch.rs - reflect::dispatch::DispatchableMessageInfo (line 178) ... ok
[INFO] [stdout] test src/reflect/trait_def/info.rs - reflect::trait_def::info::TraitMessageInfo (line 46) ... ok
[INFO] [stdout] 
[INFO] [stdout] failures:
[INFO] [stdout] 
[INFO] [stdout] ---- src/env_access.rs - env_access::EnvAccess<'a,E>::minimum_balance (line 396) stdout ----
[INFO] [stdout] Couldn't compile the test.
[INFO] [stdout] ---- src/env_access.rs - env_access::EnvAccess<'a,E>::ecdsa_recover (line 782) stdout ----
[INFO] [stdout] warning: constant `signature` should have an upper case name
[INFO] [stdout]   --> src/env_access.rs:798:11
[INFO] [stdout]    |
[INFO] [stdout] 19 |     const signature: [u8; 65] = [
[INFO] [stdout]    |           ^^^^^^^^^ help: convert the identifier to upper case: `SIGNATURE`
[INFO] [stdout]    |
[INFO] [stdout]    = note: `#[warn(non_upper_case_globals)]` on by default
[INFO] [stdout] 
[INFO] [stdout] warning: constant `message_hash` should have an upper case name
[INFO] [stdout]   --> src/env_access.rs:804:11
[INFO] [stdout]    |
[INFO] [stdout] 25 |     const message_hash: [u8; 32] = [
[INFO] [stdout]    |           ^^^^^^^^^^^^ help: convert the identifier to upper case: `MESSAGE_HASH`
[INFO] [stdout] 
[INFO] [stdout] Couldn't compile the test.
[INFO] [stdout] ---- src/env_access.rs - env_access::EnvAccess<'a,E>::caller (line 79) stdout ----
[INFO] [stdout] Couldn't compile the test.
[INFO] [stdout] ---- src/env_access.rs - env_access::EnvAccess<'a,E>::account_id (line 275) stdout ----
[INFO] [stdout] Couldn't compile the test.
[INFO] [stdout] ---- src/env_access.rs - env_access::EnvAccess<'a,E>::own_code_hash (line 986) stdout ----
[INFO] [stdout] Couldn't compile the test.
[INFO] [stdout] 
[INFO] [stdout] failures:
[INFO] [stdout]     src/env_access.rs - env_access::EnvAccess<'a,E>::account_id (line 275)
[INFO] [stdout]     src/env_access.rs - env_access::EnvAccess<'a,E>::caller (line 79)
[INFO] [stdout]     src/env_access.rs - env_access::EnvAccess<'a,E>::ecdsa_recover (line 782)
[INFO] [stdout]     src/env_access.rs - env_access::EnvAccess<'a,E>::minimum_balance (line 396)
[INFO] [stdout]     src/env_access.rs - env_access::EnvAccess<'a,E>::own_code_hash (line 986)
[INFO] [stdout] 
[INFO] [stdout] test result: FAILED. 42 passed; 5 failed; 0 ignored; 0 measured; 0 filtered out; finished in 3.35s
[INFO] [stdout] 
[INFO] [stderr] error: doctest failed, to rerun pass `--doc`
[INFO] running `Command { std: "docker" "inspect" "7fc45ec3aadc9fe4246c511bf52d007827ab70e9b90e3119d844cd8306e48b98", kill_on_drop: false }`
[INFO] running `Command { std: "docker" "rm" "-f" "7fc45ec3aadc9fe4246c511bf52d007827ab70e9b90e3119d844cd8306e48b98", kill_on_drop: false }`
[INFO] [stdout] 7fc45ec3aadc9fe4246c511bf52d007827ab70e9b90e3119d844cd8306e48b98
