[INFO] fetching crate ink 4.2.0...
[INFO] testing ink-4.2.0 against 1.69.0 for beta-1.70-1
[INFO] extracting crate ink 4.2.0 into /workspace/builds/worker-6-tc1/source
[INFO] validating manifest of crates.io crate ink 4.2.0 on toolchain 1.69.0
[INFO] running `Command { std: CARGO_HOME="/workspace/cargo-home" RUSTUP_HOME="/workspace/rustup-home" "/workspace/cargo-home/bin/cargo" "+1.69.0" "metadata" "--manifest-path" "Cargo.toml" "--no-deps", kill_on_drop: false }`
[INFO] started tweaking crates.io crate ink 4.2.0
[INFO] finished tweaking crates.io crate ink 4.2.0
[INFO] tweaked toml for crates.io crate ink 4.2.0 written to /workspace/builds/worker-6-tc1/source/Cargo.toml
[INFO] running `Command { std: CARGO_HOME="/workspace/cargo-home" RUSTUP_HOME="/workspace/rustup-home" __CARGO_TEST_CHANNEL_OVERRIDE_DO_NOT_USE_THIS="nightly" "/workspace/cargo-home/bin/cargo" "+1.69.0" "generate-lockfile" "--manifest-path" "Cargo.toml" "-Zno-index-update", kill_on_drop: false }`
[INFO] running `Command { std: CARGO_HOME="/workspace/cargo-home" RUSTUP_HOME="/workspace/rustup-home" "/workspace/cargo-home/bin/cargo" "+1.69.0" "fetch" "--manifest-path" "Cargo.toml", kill_on_drop: false }`
[INFO] [stderr]  Downloading crates ...
[INFO] [stderr]   Downloaded ink_engine v4.2.0
[INFO] [stderr]   Downloaded ink_allocator v4.2.0
[INFO] [stderr]   Downloaded xxhash-rust v0.8.6
[INFO] [stderr]   Downloaded synstructure v0.13.0
[INFO] [stderr]   Downloaded scale-info-derive v2.6.0
[INFO] [stderr]   Downloaded ink_primitives v4.2.0
[INFO] [stderr]   Downloaded ink_storage_traits v4.2.0
[INFO] [stderr]   Downloaded scale-encode-derive v0.1.2
[INFO] [stderr]   Downloaded scale-encode v0.1.2
[INFO] [stderr]   Downloaded scale-decode v0.5.0
[INFO] [stderr]   Downloaded scale-bits v0.3.0
[INFO] [stderr]   Downloaded ink_prelude v4.2.0
[INFO] [stderr]   Downloaded scale-decode-derive v0.5.0
[INFO] [stderr]   Downloaded scale-info v2.6.0
[INFO] [stderr]   Downloaded rlibc v1.0.0
[INFO] [stderr]   Downloaded ink_metadata v4.2.0
[INFO] [stderr]   Downloaded ink_codegen v4.2.0
[INFO] [stderr]   Downloaded ink_macro v4.2.0
[INFO] [stderr]   Downloaded ink_env v4.2.0
[INFO] [stderr]   Downloaded secp256k1 v0.27.0
[INFO] [stderr]   Downloaded ink_storage v4.2.0
[INFO] [stderr]   Downloaded ink_ir v4.2.0
[INFO] [stderr]   Downloaded secp256k1-sys v0.8.1
[INFO] running `Command { std: "docker" "create" "-v" "/var/lib/crater-agent-workspace/builds/worker-6-tc1/target:/opt/rustwide/target:rw,Z" "-v" "/var/lib/crater-agent-workspace/builds/worker-6-tc1/source:/opt/rustwide/workdir:ro,Z" "-v" "/var/lib/crater-agent-workspace/cargo-home:/opt/rustwide/cargo-home:ro,Z" "-v" "/var/lib/crater-agent-workspace/rustup-home:/opt/rustwide/rustup-home:ro,Z" "-e" "SOURCE_DIR=/opt/rustwide/workdir" "-e" "CARGO_TARGET_DIR=/opt/rustwide/target" "-e" "CARGO_HOME=/opt/rustwide/cargo-home" "-e" "RUSTUP_HOME=/opt/rustwide/rustup-home" "-w" "/opt/rustwide/workdir" "-m" "1610612736" "--user" "0:0" "--network" "none" "ghcr.io/rust-lang/crates-build-env/linux@sha256:5ff2268d62e97bff2cde7d5815dd6ed5b47097566f13b8d0ca110b04b60e07ed" "/opt/rustwide/cargo-home/bin/cargo" "+1.69.0" "metadata" "--no-deps" "--format-version=1", kill_on_drop: false }`
[INFO] [stdout] 4582e3dcfaa52c6d71a226601b2bd066d6796f2120a7cc8f90c0d7bb8a5bb718
[INFO] running `Command { std: "docker" "start" "-a" "4582e3dcfaa52c6d71a226601b2bd066d6796f2120a7cc8f90c0d7bb8a5bb718", kill_on_drop: false }`
[INFO] running `Command { std: "docker" "inspect" "4582e3dcfaa52c6d71a226601b2bd066d6796f2120a7cc8f90c0d7bb8a5bb718", kill_on_drop: false }`
[INFO] running `Command { std: "docker" "rm" "-f" "4582e3dcfaa52c6d71a226601b2bd066d6796f2120a7cc8f90c0d7bb8a5bb718", kill_on_drop: false }`
[INFO] [stdout] 4582e3dcfaa52c6d71a226601b2bd066d6796f2120a7cc8f90c0d7bb8a5bb718
[INFO] running `Command { std: "docker" "create" "-v" "/var/lib/crater-agent-workspace/builds/worker-6-tc1/target:/opt/rustwide/target:rw,Z" "-v" "/var/lib/crater-agent-workspace/builds/worker-6-tc1/source:/opt/rustwide/workdir:ro,Z" "-v" "/var/lib/crater-agent-workspace/cargo-home:/opt/rustwide/cargo-home:ro,Z" "-v" "/var/lib/crater-agent-workspace/rustup-home:/opt/rustwide/rustup-home:ro,Z" "-e" "SOURCE_DIR=/opt/rustwide/workdir" "-e" "CARGO_TARGET_DIR=/opt/rustwide/target" "-e" "CARGO_INCREMENTAL=0" "-e" "RUST_BACKTRACE=full" "-e" "RUSTFLAGS=--cap-lints=warn" "-e" "RUSTDOCFLAGS=--cap-lints=warn" "-e" "CARGO_HOME=/opt/rustwide/cargo-home" "-e" "RUSTUP_HOME=/opt/rustwide/rustup-home" "-w" "/opt/rustwide/workdir" "-m" "1610612736" "--user" "0:0" "--network" "none" "ghcr.io/rust-lang/crates-build-env/linux@sha256:5ff2268d62e97bff2cde7d5815dd6ed5b47097566f13b8d0ca110b04b60e07ed" "/opt/rustwide/cargo-home/bin/cargo" "+1.69.0" "build" "--frozen" "--message-format=json", kill_on_drop: false }`
[INFO] [stdout] 4779a15e6ff7ecb40e90383b466f3e266f9f7643f618d184d3132232c00ca3aa
[INFO] running `Command { std: "docker" "start" "-a" "4779a15e6ff7ecb40e90383b466f3e266f9f7643f618d184d3132232c00ca3aa", kill_on_drop: false }`
[INFO] [stderr]    Compiling radium v0.7.0
[INFO] [stderr]    Compiling tap v1.0.1
[INFO] [stderr]    Compiling byte-slice-cast v1.2.2
[INFO] [stderr]    Compiling funty v2.0.0
[INFO] [stderr]    Compiling strsim v0.10.0
[INFO] [stderr]    Compiling ident_case v1.0.1
[INFO] [stderr]    Compiling ink_prelude v4.2.0
[INFO] [stderr]    Compiling xxhash-rust v0.8.6
[INFO] [stderr]    Compiling libc v0.2.142
[INFO] [stderr]    Compiling cc v1.0.79
[INFO] [stderr]    Compiling impl-trait-for-tuples v0.2.2
[INFO] [stderr]    Compiling derive_more v0.99.17
[INFO] [stderr]    Compiling serde v1.0.160
[INFO] [stderr]    Compiling parity-scale-codec-derive v3.1.4
[INFO] [stderr]    Compiling scale-info-derive v2.6.0
[INFO] [stderr]    Compiling digest v0.10.6
[INFO] [stderr]    Compiling log v0.4.17
[INFO] [stderr]    Compiling either v1.8.1
[INFO] [stderr]    Compiling wyz v0.5.1
[INFO] [stderr]    Compiling regex-syntax v0.7.1
[INFO] [stderr]    Compiling serde_json v1.0.96
[INFO] [stderr]    Compiling darling_core v0.14.4
[INFO] [stderr]    Compiling blake2 v0.10.6
[INFO] [stderr]    Compiling itertools v0.10.5
[INFO] [stderr]    Compiling sha3 v0.10.7
[INFO] [stderr]    Compiling sha2 v0.10.6
[INFO] [stderr]    Compiling ryu v1.0.13
[INFO] [stderr]    Compiling bitvec v1.0.1
[INFO] [stderr]    Compiling humantime v2.1.0
[INFO] [stderr]    Compiling termcolor v1.2.0
[INFO] [stderr]    Compiling itoa v1.0.6
[INFO] [stderr]    Compiling ink_allocator v4.2.0
[INFO] [stderr]    Compiling unicode-xid v0.2.4
[INFO] [stderr]    Compiling heck v0.4.1
[INFO] [stderr]    Compiling synstructure v0.13.0
[INFO] [stderr]    Compiling array-init v2.1.0
[INFO] [stderr]    Compiling secp256k1-sys v0.8.1
[INFO] [stderr]    Compiling io-lifetimes v1.0.10
[INFO] [stderr]    Compiling rustix v0.37.18
[INFO] [stderr]    Compiling regex v1.8.1
[INFO] [stderr]    Compiling ink_ir v4.2.0
[INFO] [stderr]    Compiling darling_macro v0.14.4
[INFO] [stderr]    Compiling is-terminal v0.4.7
[INFO] [stderr]    Compiling env_logger v0.10.0
[INFO] [stderr]    Compiling darling v0.14.4
[INFO] [stderr]    Compiling scale-encode-derive v0.1.2
[INFO] [stderr]    Compiling scale-decode-derive v0.5.0
[INFO] [stderr]    Compiling parity-scale-codec v3.4.0
[INFO] [stderr]    Compiling impl-serde v0.4.0
[INFO] [stderr]    Compiling scale-info v2.6.0
[INFO] [stderr]    Compiling secp256k1 v0.27.0
[INFO] [stderr]    Compiling scale-bits v0.3.0
[INFO] [stderr]    Compiling scale-encode v0.1.2
[INFO] [stderr]    Compiling scale-decode v0.5.0
[INFO] [stderr]    Compiling ink_primitives v4.2.0
[INFO] [stderr]    Compiling ink_codegen v4.2.0
[INFO] [stderr]    Compiling ink_metadata v4.2.0
[INFO] [stderr]    Compiling ink_engine v4.2.0
[INFO] [stderr]    Compiling ink_storage_traits v4.2.0
[INFO] [stderr]    Compiling ink_env v4.2.0
[INFO] [stderr]    Compiling ink_storage v4.2.0
[INFO] [stderr]    Compiling ink_macro v4.2.0
[INFO] [stderr]    Compiling ink v4.2.0 (/opt/rustwide/workdir)
[INFO] [stderr]     Finished dev [unoptimized + debuginfo] target(s) in 11.93s
[INFO] running `Command { std: "docker" "inspect" "4779a15e6ff7ecb40e90383b466f3e266f9f7643f618d184d3132232c00ca3aa", kill_on_drop: false }`
[INFO] running `Command { std: "docker" "rm" "-f" "4779a15e6ff7ecb40e90383b466f3e266f9f7643f618d184d3132232c00ca3aa", kill_on_drop: false }`
[INFO] [stdout] 4779a15e6ff7ecb40e90383b466f3e266f9f7643f618d184d3132232c00ca3aa
[INFO] running `Command { std: "docker" "create" "-v" "/var/lib/crater-agent-workspace/builds/worker-6-tc1/target:/opt/rustwide/target:rw,Z" "-v" "/var/lib/crater-agent-workspace/builds/worker-6-tc1/source:/opt/rustwide/workdir:ro,Z" "-v" "/var/lib/crater-agent-workspace/cargo-home:/opt/rustwide/cargo-home:ro,Z" "-v" "/var/lib/crater-agent-workspace/rustup-home:/opt/rustwide/rustup-home:ro,Z" "-e" "SOURCE_DIR=/opt/rustwide/workdir" "-e" "CARGO_TARGET_DIR=/opt/rustwide/target" "-e" "CARGO_INCREMENTAL=0" "-e" "RUST_BACKTRACE=full" "-e" "RUSTFLAGS=--cap-lints=warn" "-e" "RUSTDOCFLAGS=--cap-lints=warn" "-e" "CARGO_HOME=/opt/rustwide/cargo-home" "-e" "RUSTUP_HOME=/opt/rustwide/rustup-home" "-w" "/opt/rustwide/workdir" "-m" "1610612736" "--user" "0:0" "--network" "none" "ghcr.io/rust-lang/crates-build-env/linux@sha256:5ff2268d62e97bff2cde7d5815dd6ed5b47097566f13b8d0ca110b04b60e07ed" "/opt/rustwide/cargo-home/bin/cargo" "+1.69.0" "test" "--frozen" "--no-run" "--message-format=json", kill_on_drop: false }`
[INFO] [stdout] ef15c17b8fcf1fbe96cdb10cf7f6c5e30f6795a6a08e9f7890dd0e709e170b09
[INFO] running `Command { std: "docker" "start" "-a" "ef15c17b8fcf1fbe96cdb10cf7f6c5e30f6795a6a08e9f7890dd0e709e170b09", kill_on_drop: false }`
[INFO] [stderr]    Compiling parity-scale-codec-derive v3.1.4
[INFO] [stderr]    Compiling scale-info-derive v2.6.0
[INFO] [stderr]    Compiling serde_json v1.0.96
[INFO] [stderr]    Compiling trybuild v1.0.80
[INFO] [stderr]    Compiling scale-encode-derive v0.1.2
[INFO] [stderr]    Compiling scale-decode-derive v0.5.0
[INFO] [stderr]    Compiling basic-toml v0.1.2
[INFO] [stderr]    Compiling dissimilar v1.0.6
[INFO] [stderr]    Compiling env_logger v0.10.0
[INFO] [stderr]    Compiling parity-scale-codec v3.4.0
[INFO] [stderr]    Compiling scale-info v2.6.0
[INFO] [stderr]    Compiling scale-bits v0.3.0
[INFO] [stderr]    Compiling scale-encode v0.1.2
[INFO] [stderr]    Compiling scale-decode v0.5.0
[INFO] [stderr]    Compiling ink_primitives v4.2.0
[INFO] [stderr]    Compiling ink_codegen v4.2.0
[INFO] [stderr]    Compiling ink_metadata v4.2.0
[INFO] [stderr]    Compiling ink_engine v4.2.0
[INFO] [stderr]    Compiling ink_storage_traits v4.2.0
[INFO] [stderr]    Compiling ink_env v4.2.0
[INFO] [stderr]    Compiling ink_storage v4.2.0
[INFO] [stderr]    Compiling ink_macro v4.2.0
[INFO] [stderr]    Compiling ink v4.2.0 (/opt/rustwide/workdir)
[INFO] [stderr]     Finished test [unoptimized + debuginfo] target(s) in 10.60s
[INFO] running `Command { std: "docker" "inspect" "ef15c17b8fcf1fbe96cdb10cf7f6c5e30f6795a6a08e9f7890dd0e709e170b09", kill_on_drop: false }`
[INFO] running `Command { std: "docker" "rm" "-f" "ef15c17b8fcf1fbe96cdb10cf7f6c5e30f6795a6a08e9f7890dd0e709e170b09", kill_on_drop: false }`
[INFO] [stdout] ef15c17b8fcf1fbe96cdb10cf7f6c5e30f6795a6a08e9f7890dd0e709e170b09
[INFO] running `Command { std: "docker" "create" "-v" "/var/lib/crater-agent-workspace/builds/worker-6-tc1/target:/opt/rustwide/target:rw,Z" "-v" "/var/lib/crater-agent-workspace/builds/worker-6-tc1/source:/opt/rustwide/workdir:ro,Z" "-v" "/var/lib/crater-agent-workspace/cargo-home:/opt/rustwide/cargo-home:ro,Z" "-v" "/var/lib/crater-agent-workspace/rustup-home:/opt/rustwide/rustup-home:ro,Z" "-e" "SOURCE_DIR=/opt/rustwide/workdir" "-e" "CARGO_TARGET_DIR=/opt/rustwide/target" "-e" "CARGO_INCREMENTAL=0" "-e" "RUST_BACKTRACE=full" "-e" "RUSTFLAGS=--cap-lints=warn" "-e" "RUSTDOCFLAGS=--cap-lints=warn" "-e" "CARGO_HOME=/opt/rustwide/cargo-home" "-e" "RUSTUP_HOME=/opt/rustwide/rustup-home" "-w" "/opt/rustwide/workdir" "-m" "1610612736" "--user" "0:0" "--network" "none" "ghcr.io/rust-lang/crates-build-env/linux@sha256:5ff2268d62e97bff2cde7d5815dd6ed5b47097566f13b8d0ca110b04b60e07ed" "/opt/rustwide/cargo-home/bin/cargo" "+1.69.0" "test" "--frozen", kill_on_drop: false }`
[INFO] [stdout] 30b24ece0226c5a500048092779c3a4ad0d4e6145319a625f46ed163956d8a67
[INFO] running `Command { std: "docker" "start" "-a" "30b24ece0226c5a500048092779c3a4ad0d4e6145319a625f46ed163956d8a67", kill_on_drop: false }`
[INFO] [stderr]     Finished test [unoptimized + debuginfo] target(s) in 0.08s
[INFO] [stderr]      Running unittests src/lib.rs (/opt/rustwide/target/debug/deps/ink-512e31c0d5300e7f)
[INFO] [stdout] 
[INFO] [stdout] running 2 tests
[INFO] [stdout] test result_info::tests::is_result_err_works ... ok
[INFO] [stdout] test result_info::tests::is_result_type_works ... ok
[INFO] [stdout] 
[INFO] [stdout] test result: ok. 2 passed; 0 failed; 0 ignored; 0 measured; 0 filtered out; finished in 0.00s
[INFO] [stdout] 
[INFO] [stderr]    Doc-tests ink
[INFO] [stdout] 
[INFO] [stdout] running 43 tests
[INFO] [stdout] test src/codegen/dispatch/type_check.rs - codegen::dispatch::type_check::DispatchInput (line 33) - compile fail ... ok
[INFO] [stdout] test src/codegen/dispatch/type_check.rs - codegen::dispatch::type_check::DispatchOutput (line 61) - compile fail ... ok
[INFO] [stdout] test src/codegen/utils/same_type.rs - codegen::utils::same_type::IsSameType (line 30) - compile fail ... ok
[INFO] [stdout] test src/codegen/utils/identity_type.rs - codegen::utils::identity_type::consume_type (line 37) - compile fail ... ok
[INFO] [stdout] test src/codegen/dispatch/type_check.rs - codegen::dispatch::type_check::DispatchOutput (line 54) ... ok
[INFO] [stdout] test src/codegen/dispatch/type_check.rs - codegen::dispatch::type_check::DispatchInput (line 26) ... ok
[INFO] [stdout] test src/codegen/event/topics.rs - codegen::event::topics::EventRespectsTopicLimit (line 21) ... ok
[INFO] [stdout] test src/codegen/utils/identity_type.rs - codegen::utils::identity_type::consume_type (line 25) ... ok
[INFO] [stdout] test src/codegen/utils/same_type.rs - codegen::utils::same_type::IsSameType (line 23) ... ok
[INFO] [stdout] test src/contract_ref.rs - contract_ref::contract_ref (line 120) ... ok
[INFO] [stdout] test src/contract_ref.rs - contract_ref::contract_ref (line 30) ... FAILED
[INFO] [stdout] test src/env_access.rs - env_access::EnvAccess<'a,E>::ecdsa_recover (line 778) ... FAILED
[INFO] [stdout] test src/env_access.rs - env_access::EnvAccess<'a,E>::block_number (line 349) ... FAILED
[INFO] [stdout] test src/env_access.rs - env_access::EnvAccess<'a,E>::gas_left (line 194) ... FAILED
[INFO] [stdout] test src/env_access.rs - env_access::EnvAccess<'a,E>::code_hash (line 950) ... FAILED
[INFO] [stdout] test src/env_access.rs - env_access::EnvAccess<'a,E>::block_timestamp (line 232) ... FAILED
[INFO] [stdout] test src/env_access.rs - env_access::EnvAccess<'a,E>::invoke_contract_delegate (line 577) ... FAILED
[INFO] [stdout] test src/env_access.rs - env_access::EnvAccess<'a,E>::instantiate_contract (line 420) ... FAILED
[INFO] [stdout] test src/env_access.rs - env_access::EnvAccess<'a,E>::account_id (line 272) ... FAILED
[INFO] [stdout] test src/env_access.rs - env_access::EnvAccess<'a,E>::invoke_contract (line 506) ... FAILED
[INFO] [stdout] test src/env_access.rs - env_access::EnvAccess<'a,E>::ecdsa_to_eth_address (line 840) ... FAILED
[INFO] [stdout] test src/env_access.rs - env_access::EnvAccess<'a,E>::caller (line 81) ... FAILED
[INFO] [stdout] test src/env_access.rs - env_access::EnvAccess<'a,E>::balance (line 316) ... FAILED
[INFO] [stdout] test src/env_access.rs - env_access::EnvAccess<'a,E>::terminate_contract (line 646) ... FAILED
[INFO] [stdout] test src/env_access.rs - env_access::EnvAccess<'a,E>::caller_is_origin (line 919) ... FAILED
[INFO] [stdout] test src/env_access.rs - env_access::EnvAccess<'a,E>::own_code_hash (line 981) ... FAILED
[INFO] [stdout] test src/env_access.rs - env_access::EnvAccess<'a,E>::is_contract (line 887) ... FAILED
[INFO] [stdout] test src/env_access.rs - env_access::EnvAccess<'a,E>::transferred_value (line 114) ... FAILED
[INFO] [stdout] test src/env_access.rs - env_access::EnvAccess<'a,E>::set_code_hash (line 1014) ... FAILED
[INFO] [stdout] test src/reflect/dispatch.rs - reflect::dispatch::DecodeDispatch (line 547) ... FAILED
[INFO] [stdout] test src/reflect/contract.rs - reflect::contract::ContractName (line 23) ... FAILED
[INFO] [stdout] test src/env_access.rs - env_access::EnvAccess<'a,E>::minimum_balance (line 388) ... FAILED
[INFO] [stdout] test src/env_access.rs - env_access::EnvAccess<'a,E>::transfer (line 679) ... FAILED
[INFO] [stdout] test src/reflect/dispatch.rs - reflect::dispatch::ContractConstructorDecoder (line 394) ... FAILED
[INFO] [stdout] test src/reflect/dispatch.rs - reflect::dispatch::ContractMessageDecoder (line 303) ... FAILED
[INFO] [stdout] test src/env_access.rs - env_access::EnvAccess<'a,E>::weight_to_fee (line 153) ... FAILED
[INFO] [stdout] test src/reflect/trait_def/registry.rs - reflect::trait_def::registry::TraitDefinitionRegistry (line 39) ... FAILED
[INFO] [stdout] test src/reflect/dispatch.rs - reflect::dispatch::DispatchableConstructorInfo (line 134) ... FAILED
[INFO] [stdout] test src/reflect/event.rs - reflect::event::ContractEventBase (line 21) ... FAILED
[INFO] [stdout] test src/reflect/trait_def/info.rs - reflect::trait_def::info::TraitMessageInfo (line 43) ... FAILED
[INFO] [stdout] test src/reflect/dispatch.rs - reflect::dispatch::DispatchableMessageInfo (line 27) ... FAILED
[INFO] [stdout] test src/env_access.rs - env_access::EnvAccess<'a,E>::hash_bytes (line 715) ... ok
[INFO] [stdout] test src/env_access.rs - env_access::EnvAccess<'a,E>::hash_encoded (line 743) ... ok
[INFO] [stdout] 
[INFO] [stdout] failures:
[INFO] [stdout] 
[INFO] [stdout] ---- src/contract_ref.rs - contract_ref::contract_ref (line 30) stdout ----
[INFO] [stdout] Couldn't compile the test.
[INFO] [stdout] ---- src/env_access.rs - env_access::EnvAccess<'a,E>::ecdsa_recover (line 778) stdout ----
[INFO] [stdout] warning: constant `signature` should have an upper case name
[INFO] [stdout]   --> src/env_access.rs:793:11
[INFO] [stdout]    |
[INFO] [stdout] 18 |     const signature: [u8; 65] = [
[INFO] [stdout]    |           ^^^^^^^^^ help: convert the identifier to upper case: `SIGNATURE`
[INFO] [stdout]    |
[INFO] [stdout]    = note: `#[warn(non_upper_case_globals)]` on by default
[INFO] [stdout] 
[INFO] [stdout] warning: constant `message_hash` should have an upper case name
[INFO] [stdout]   --> src/env_access.rs:799:11
[INFO] [stdout]    |
[INFO] [stdout] 24 |     const message_hash: [u8; 32] = [
[INFO] [stdout]    |           ^^^^^^^^^^^^ help: convert the identifier to upper case: `MESSAGE_HASH`
[INFO] [stdout] 
[INFO] [stdout] Couldn't compile the test.
[INFO] [stdout] ---- src/env_access.rs - env_access::EnvAccess<'a,E>::block_number (line 349) stdout ----
[INFO] [stdout] Couldn't compile the test.
[INFO] [stdout] ---- src/env_access.rs - env_access::EnvAccess<'a,E>::gas_left (line 194) stdout ----
[INFO] [stdout] Couldn't compile the test.
[INFO] [stdout] ---- src/env_access.rs - env_access::EnvAccess<'a,E>::code_hash (line 950) stdout ----
[INFO] [stdout] Couldn't compile the test.
[INFO] [stdout] ---- src/env_access.rs - env_access::EnvAccess<'a,E>::block_timestamp (line 232) stdout ----
[INFO] [stdout] Couldn't compile the test.
[INFO] [stdout] ---- src/env_access.rs - env_access::EnvAccess<'a,E>::invoke_contract_delegate (line 577) stdout ----
[INFO] [stdout] Couldn't compile the test.
[INFO] [stdout] ---- src/env_access.rs - env_access::EnvAccess<'a,E>::instantiate_contract (line 420) stdout ----
[INFO] [stdout] Couldn't compile the test.
[INFO] [stdout] ---- src/env_access.rs - env_access::EnvAccess<'a,E>::account_id (line 272) stdout ----
[INFO] [stdout] Couldn't compile the test.
[INFO] [stdout] ---- src/env_access.rs - env_access::EnvAccess<'a,E>::invoke_contract (line 506) stdout ----
[INFO] [stdout] Couldn't compile the test.
[INFO] [stdout] ---- src/env_access.rs - env_access::EnvAccess<'a,E>::ecdsa_to_eth_address (line 840) stdout ----
[INFO] [stdout] Couldn't compile the test.
[INFO] [stdout] ---- src/env_access.rs - env_access::EnvAccess<'a,E>::caller (line 81) stdout ----
[INFO] [stdout] Couldn't compile the test.
[INFO] [stdout] ---- src/env_access.rs - env_access::EnvAccess<'a,E>::balance (line 316) stdout ----
[INFO] [stdout] Couldn't compile the test.
[INFO] [stdout] ---- src/env_access.rs - env_access::EnvAccess<'a,E>::terminate_contract (line 646) stdout ----
[INFO] [stdout] Couldn't compile the test.
[INFO] [stdout] ---- src/env_access.rs - env_access::EnvAccess<'a,E>::caller_is_origin (line 919) stdout ----
[INFO] [stdout] Couldn't compile the test.
[INFO] [stdout] ---- src/env_access.rs - env_access::EnvAccess<'a,E>::own_code_hash (line 981) stdout ----
[INFO] [stdout] Couldn't compile the test.
[INFO] [stdout] ---- src/env_access.rs - env_access::EnvAccess<'a,E>::is_contract (line 887) stdout ----
[INFO] [stdout] Couldn't compile the test.
[INFO] [stdout] ---- src/env_access.rs - env_access::EnvAccess<'a,E>::transferred_value (line 114) stdout ----
[INFO] [stdout] Couldn't compile the test.
[INFO] [stdout] ---- src/env_access.rs - env_access::EnvAccess<'a,E>::set_code_hash (line 1014) stdout ----
[INFO] [stdout] Couldn't compile the test.
[INFO] [stdout] ---- src/reflect/dispatch.rs - reflect::dispatch::DecodeDispatch (line 547) stdout ----
[INFO] [stdout] Couldn't compile the test.
[INFO] [stdout] ---- src/reflect/contract.rs - reflect::contract::ContractName (line 23) stdout ----
[INFO] [stdout] Couldn't compile the test.
[INFO] [stdout] ---- src/env_access.rs - env_access::EnvAccess<'a,E>::minimum_balance (line 388) stdout ----
[INFO] [stdout] Couldn't compile the test.
[INFO] [stdout] ---- src/env_access.rs - env_access::EnvAccess<'a,E>::transfer (line 679) stdout ----
[INFO] [stdout] Couldn't compile the test.
[INFO] [stdout] ---- src/reflect/dispatch.rs - reflect::dispatch::ContractConstructorDecoder (line 394) stdout ----
[INFO] [stdout] Couldn't compile the test.
[INFO] [stdout] ---- src/reflect/dispatch.rs - reflect::dispatch::ContractMessageDecoder (line 303) stdout ----
[INFO] [stdout] Couldn't compile the test.
[INFO] [stdout] ---- src/env_access.rs - env_access::EnvAccess<'a,E>::weight_to_fee (line 153) stdout ----
[INFO] [stdout] Couldn't compile the test.
[INFO] [stdout] ---- src/reflect/trait_def/registry.rs - reflect::trait_def::registry::TraitDefinitionRegistry (line 39) stdout ----
[INFO] [stdout] Couldn't compile the test.
[INFO] [stdout] ---- src/reflect/dispatch.rs - reflect::dispatch::DispatchableConstructorInfo (line 134) stdout ----
[INFO] [stdout] Couldn't compile the test.
[INFO] [stdout] ---- src/reflect/event.rs - reflect::event::ContractEventBase (line 21) stdout ----
[INFO] [stdout] Couldn't compile the test.
[INFO] [stdout] ---- src/reflect/trait_def/info.rs - reflect::trait_def::info::TraitMessageInfo (line 43) stdout ----
[INFO] [stdout] Couldn't compile the test.
[INFO] [stdout] ---- src/reflect/dispatch.rs - reflect::dispatch::DispatchableMessageInfo (line 27) stdout ----
[INFO] [stdout] Couldn't compile the test.
[INFO] [stdout] 
[INFO] [stdout] failures:
[INFO] [stdout]     src/contract_ref.rs - contract_ref::contract_ref (line 30)
[INFO] [stdout]     src/env_access.rs - env_access::EnvAccess<'a,E>::account_id (line 272)
[INFO] [stdout]     src/env_access.rs - env_access::EnvAccess<'a,E>::balance (line 316)
[INFO] [stdout]     src/env_access.rs - env_access::EnvAccess<'a,E>::block_number (line 349)
[INFO] [stdout]     src/env_access.rs - env_access::EnvAccess<'a,E>::block_timestamp (line 232)
[INFO] [stdout]     src/env_access.rs - env_access::EnvAccess<'a,E>::caller (line 81)
[INFO] [stdout]     src/env_access.rs - env_access::EnvAccess<'a,E>::caller_is_origin (line 919)
[INFO] [stdout]     src/env_access.rs - env_access::EnvAccess<'a,E>::code_hash (line 950)
[INFO] [stdout]     src/env_access.rs - env_access::EnvAccess<'a,E>::ecdsa_recover (line 778)
[INFO] [stdout]     src/env_access.rs - env_access::EnvAccess<'a,E>::ecdsa_to_eth_address (line 840)
[INFO] [stdout]     src/env_access.rs - env_access::EnvAccess<'a,E>::gas_left (line 194)
[INFO] [stdout]     src/env_access.rs - env_access::EnvAccess<'a,E>::instantiate_contract (line 420)
[INFO] [stdout]     src/env_access.rs - env_access::EnvAccess<'a,E>::invoke_contract (line 506)
[INFO] [stdout]     src/env_access.rs - env_access::EnvAccess<'a,E>::invoke_contract_delegate (line 577)
[INFO] [stdout]     src/env_access.rs - env_access::EnvAccess<'a,E>::is_contract (line 887)
[INFO] [stdout]     src/env_access.rs - env_access::EnvAccess<'a,E>::minimum_balance (line 388)
[INFO] [stdout]     src/env_access.rs - env_access::EnvAccess<'a,E>::own_code_hash (line 981)
[INFO] [stdout]     src/env_access.rs - env_access::EnvAccess<'a,E>::set_code_hash (line 1014)
[INFO] [stdout]     src/env_access.rs - env_access::EnvAccess<'a,E>::terminate_contract (line 646)
[INFO] [stdout]     src/env_access.rs - env_access::EnvAccess<'a,E>::transfer (line 679)
[INFO] [stdout]     src/env_access.rs - env_access::EnvAccess<'a,E>::transferred_value (line 114)
[INFO] [stdout]     src/env_access.rs - env_access::EnvAccess<'a,E>::weight_to_fee (line 153)
[INFO] [stdout]     src/reflect/contract.rs - reflect::contract::ContractName (line 23)
[INFO] [stdout]     src/reflect/dispatch.rs - reflect::dispatch::ContractConstructorDecoder (line 394)
[INFO] [stdout]     src/reflect/dispatch.rs - reflect::dispatch::ContractMessageDecoder (line 303)
[INFO] [stdout]     src/reflect/dispatch.rs - reflect::dispatch::DecodeDispatch (line 547)
[INFO] [stdout]     src/reflect/dispatch.rs - reflect::dispatch::DispatchableConstructorInfo (line 134)
[INFO] [stdout]     src/reflect/dispatch.rs - reflect::dispatch::DispatchableMessageInfo (line 27)
[INFO] [stdout]     src/reflect/event.rs - reflect::event::ContractEventBase (line 21)
[INFO] [stdout]     src/reflect/trait_def/info.rs - reflect::trait_def::info::TraitMessageInfo (line 43)
[INFO] [stdout]     src/reflect/trait_def/registry.rs - reflect::trait_def::registry::TraitDefinitionRegistry (line 39)
[INFO] [stdout] 
[INFO] [stdout] test result: FAILED. 12 passed; 31 failed; 0 ignored; 0 measured; 0 filtered out; finished in 4.83s
[INFO] [stdout] 
[INFO] [stderr] error: doctest failed, to rerun pass `--doc`
[INFO] running `Command { std: "docker" "inspect" "30b24ece0226c5a500048092779c3a4ad0d4e6145319a625f46ed163956d8a67", kill_on_drop: false }`
[INFO] running `Command { std: "docker" "rm" "-f" "30b24ece0226c5a500048092779c3a4ad0d4e6145319a625f46ed163956d8a67", kill_on_drop: false }`
[INFO] [stdout] 30b24ece0226c5a500048092779c3a4ad0d4e6145319a625f46ed163956d8a67
