[INFO] fetching crate initial_conditions 0.4.0...
[INFO] testing initial_conditions-0.4.0 against 1.69.0 for beta-1.70-1
[INFO] extracting crate initial_conditions 0.4.0 into /workspace/builds/worker-3-tc1/source
[INFO] validating manifest of crates.io crate initial_conditions 0.4.0 on toolchain 1.69.0
[INFO] running `Command { std: CARGO_HOME="/workspace/cargo-home" RUSTUP_HOME="/workspace/rustup-home" "/workspace/cargo-home/bin/cargo" "+1.69.0" "metadata" "--manifest-path" "Cargo.toml" "--no-deps", kill_on_drop: false }`
[INFO] started tweaking crates.io crate initial_conditions 0.4.0
[INFO] finished tweaking crates.io crate initial_conditions 0.4.0
[INFO] tweaked toml for crates.io crate initial_conditions 0.4.0 written to /workspace/builds/worker-3-tc1/source/Cargo.toml
[INFO] running `Command { std: CARGO_HOME="/workspace/cargo-home" RUSTUP_HOME="/workspace/rustup-home" __CARGO_TEST_CHANNEL_OVERRIDE_DO_NOT_USE_THIS="nightly" "/workspace/cargo-home/bin/cargo" "+1.69.0" "generate-lockfile" "--manifest-path" "Cargo.toml" "-Zno-index-update", kill_on_drop: false }`
[INFO] running `Command { std: CARGO_HOME="/workspace/cargo-home" RUSTUP_HOME="/workspace/rustup-home" "/workspace/cargo-home/bin/cargo" "+1.69.0" "fetch" "--manifest-path" "Cargo.toml", kill_on_drop: false }`
[INFO] running `Command { std: "docker" "create" "-v" "/var/lib/crater-agent-workspace/builds/worker-3-tc1/target:/opt/rustwide/target:rw,Z" "-v" "/var/lib/crater-agent-workspace/builds/worker-3-tc1/source:/opt/rustwide/workdir:ro,Z" "-v" "/var/lib/crater-agent-workspace/cargo-home:/opt/rustwide/cargo-home:ro,Z" "-v" "/var/lib/crater-agent-workspace/rustup-home:/opt/rustwide/rustup-home:ro,Z" "-e" "SOURCE_DIR=/opt/rustwide/workdir" "-e" "CARGO_TARGET_DIR=/opt/rustwide/target" "-e" "CARGO_HOME=/opt/rustwide/cargo-home" "-e" "RUSTUP_HOME=/opt/rustwide/rustup-home" "-w" "/opt/rustwide/workdir" "-m" "1610612736" "--user" "0:0" "--network" "none" "ghcr.io/rust-lang/crates-build-env/linux@sha256:5ff2268d62e97bff2cde7d5815dd6ed5b47097566f13b8d0ca110b04b60e07ed" "/opt/rustwide/cargo-home/bin/cargo" "+1.69.0" "metadata" "--no-deps" "--format-version=1", kill_on_drop: false }`
[INFO] [stdout] 8d597fb9ee2373266fef0db23ef3703d6a6ac83d9fc535ce22bc368ab5d96761
[INFO] running `Command { std: "docker" "start" "-a" "8d597fb9ee2373266fef0db23ef3703d6a6ac83d9fc535ce22bc368ab5d96761", kill_on_drop: false }`
[INFO] running `Command { std: "docker" "inspect" "8d597fb9ee2373266fef0db23ef3703d6a6ac83d9fc535ce22bc368ab5d96761", kill_on_drop: false }`
[INFO] running `Command { std: "docker" "rm" "-f" "8d597fb9ee2373266fef0db23ef3703d6a6ac83d9fc535ce22bc368ab5d96761", kill_on_drop: false }`
[INFO] [stdout] 8d597fb9ee2373266fef0db23ef3703d6a6ac83d9fc535ce22bc368ab5d96761
[INFO] running `Command { std: "docker" "create" "-v" "/var/lib/crater-agent-workspace/builds/worker-3-tc1/target:/opt/rustwide/target:rw,Z" "-v" "/var/lib/crater-agent-workspace/builds/worker-3-tc1/source:/opt/rustwide/workdir:ro,Z" "-v" "/var/lib/crater-agent-workspace/cargo-home:/opt/rustwide/cargo-home:ro,Z" "-v" "/var/lib/crater-agent-workspace/rustup-home:/opt/rustwide/rustup-home:ro,Z" "-e" "SOURCE_DIR=/opt/rustwide/workdir" "-e" "CARGO_TARGET_DIR=/opt/rustwide/target" "-e" "CARGO_INCREMENTAL=0" "-e" "RUST_BACKTRACE=full" "-e" "RUSTFLAGS=--cap-lints=warn" "-e" "RUSTDOCFLAGS=--cap-lints=warn" "-e" "CARGO_HOME=/opt/rustwide/cargo-home" "-e" "RUSTUP_HOME=/opt/rustwide/rustup-home" "-w" "/opt/rustwide/workdir" "-m" "1610612736" "--user" "0:0" "--network" "none" "ghcr.io/rust-lang/crates-build-env/linux@sha256:5ff2268d62e97bff2cde7d5815dd6ed5b47097566f13b8d0ca110b04b60e07ed" "/opt/rustwide/cargo-home/bin/cargo" "+1.69.0" "build" "--frozen" "--message-format=json", kill_on_drop: false }`
[INFO] [stdout] 502fe730bdb9ebb087fa5e4ef39780314819faac17028360c3291cc370d8cdfb
[INFO] running `Command { std: "docker" "start" "-a" "502fe730bdb9ebb087fa5e4ef39780314819faac17028360c3291cc370d8cdfb", kill_on_drop: false }`
[INFO] [stderr]    Compiling num-integer v0.1.45
[INFO] [stderr]    Compiling rustc-serialize v0.3.24
[INFO] [stderr]    Compiling num-iter v0.1.43
[INFO] [stderr]    Compiling rand v0.4.6
[INFO] [stderr]    Compiling num-bigint v0.1.44
[INFO] [stderr]    Compiling num-complex v0.1.43
[INFO] [stderr]    Compiling num-rational v0.1.42
[INFO] [stderr]    Compiling num v0.1.42
[INFO] [stderr]    Compiling initial_conditions v0.4.0 (/opt/rustwide/workdir)
[INFO] [stderr]     Finished dev [unoptimized + debuginfo] target(s) in 5.25s
[INFO] [stderr] warning: the following packages contain code that will be rejected by a future version of Rust: rustc-serialize v0.3.24
[INFO] [stderr] note: to see what the problems were, use the option `--future-incompat-report`, or run `cargo report future-incompatibilities --id 1`
[INFO] running `Command { std: "docker" "inspect" "502fe730bdb9ebb087fa5e4ef39780314819faac17028360c3291cc370d8cdfb", kill_on_drop: false }`
[INFO] running `Command { std: "docker" "rm" "-f" "502fe730bdb9ebb087fa5e4ef39780314819faac17028360c3291cc370d8cdfb", kill_on_drop: false }`
[INFO] [stdout] 502fe730bdb9ebb087fa5e4ef39780314819faac17028360c3291cc370d8cdfb
[INFO] running `Command { std: "docker" "create" "-v" "/var/lib/crater-agent-workspace/builds/worker-3-tc1/target:/opt/rustwide/target:rw,Z" "-v" "/var/lib/crater-agent-workspace/builds/worker-3-tc1/source:/opt/rustwide/workdir:ro,Z" "-v" "/var/lib/crater-agent-workspace/cargo-home:/opt/rustwide/cargo-home:ro,Z" "-v" "/var/lib/crater-agent-workspace/rustup-home:/opt/rustwide/rustup-home:ro,Z" "-e" "SOURCE_DIR=/opt/rustwide/workdir" "-e" "CARGO_TARGET_DIR=/opt/rustwide/target" "-e" "CARGO_INCREMENTAL=0" "-e" "RUST_BACKTRACE=full" "-e" "RUSTFLAGS=--cap-lints=warn" "-e" "RUSTDOCFLAGS=--cap-lints=warn" "-e" "CARGO_HOME=/opt/rustwide/cargo-home" "-e" "RUSTUP_HOME=/opt/rustwide/rustup-home" "-w" "/opt/rustwide/workdir" "-m" "1610612736" "--user" "0:0" "--network" "none" "ghcr.io/rust-lang/crates-build-env/linux@sha256:5ff2268d62e97bff2cde7d5815dd6ed5b47097566f13b8d0ca110b04b60e07ed" "/opt/rustwide/cargo-home/bin/cargo" "+1.69.0" "test" "--frozen" "--no-run" "--message-format=json", kill_on_drop: false }`
[INFO] [stdout] 881c0236a3abd800751aebe7d85b7920943e36306d601adb9a164740741cc4a8
[INFO] running `Command { std: "docker" "start" "-a" "881c0236a3abd800751aebe7d85b7920943e36306d601adb9a164740741cc4a8", kill_on_drop: false }`
[INFO] [stderr]    Compiling initial_conditions v0.4.0 (/opt/rustwide/workdir)
[INFO] [stderr]     Finished test [unoptimized + debuginfo] target(s) in 0.83s
[INFO] [stderr] warning: the following packages contain code that will be rejected by a future version of Rust: rustc-serialize v0.3.24
[INFO] [stderr] note: to see what the problems were, use the option `--future-incompat-report`, or run `cargo report future-incompatibilities --id 1`
[INFO] running `Command { std: "docker" "inspect" "881c0236a3abd800751aebe7d85b7920943e36306d601adb9a164740741cc4a8", kill_on_drop: false }`
[INFO] running `Command { std: "docker" "rm" "-f" "881c0236a3abd800751aebe7d85b7920943e36306d601adb9a164740741cc4a8", kill_on_drop: false }`
[INFO] [stdout] 881c0236a3abd800751aebe7d85b7920943e36306d601adb9a164740741cc4a8
[INFO] running `Command { std: "docker" "create" "-v" "/var/lib/crater-agent-workspace/builds/worker-3-tc1/target:/opt/rustwide/target:rw,Z" "-v" "/var/lib/crater-agent-workspace/builds/worker-3-tc1/source:/opt/rustwide/workdir:ro,Z" "-v" "/var/lib/crater-agent-workspace/cargo-home:/opt/rustwide/cargo-home:ro,Z" "-v" "/var/lib/crater-agent-workspace/rustup-home:/opt/rustwide/rustup-home:ro,Z" "-e" "SOURCE_DIR=/opt/rustwide/workdir" "-e" "CARGO_TARGET_DIR=/opt/rustwide/target" "-e" "CARGO_INCREMENTAL=0" "-e" "RUST_BACKTRACE=full" "-e" "RUSTFLAGS=--cap-lints=warn" "-e" "RUSTDOCFLAGS=--cap-lints=warn" "-e" "CARGO_HOME=/opt/rustwide/cargo-home" "-e" "RUSTUP_HOME=/opt/rustwide/rustup-home" "-w" "/opt/rustwide/workdir" "-m" "1610612736" "--user" "0:0" "--network" "none" "ghcr.io/rust-lang/crates-build-env/linux@sha256:5ff2268d62e97bff2cde7d5815dd6ed5b47097566f13b8d0ca110b04b60e07ed" "/opt/rustwide/cargo-home/bin/cargo" "+1.69.0" "test" "--frozen", kill_on_drop: false }`
[INFO] [stdout] 21a23f9e5da15e35cfad41d177187f267ba9f61a13da0dc2e80350863adeaf59
[INFO] running `Command { std: "docker" "start" "-a" "21a23f9e5da15e35cfad41d177187f267ba9f61a13da0dc2e80350863adeaf59", kill_on_drop: false }`
[INFO] [stderr]     Finished test [unoptimized + debuginfo] target(s) in 0.02s
[INFO] [stderr] warning: the following packages contain code that will be rejected by a future version of Rust: rustc-serialize v0.3.24
[INFO] [stderr] note: to see what the problems were, use the option `--future-incompat-report`, or run `cargo report future-incompatibilities --id 1`
[INFO] [stderr]      Running unittests src/lib.rs (/opt/rustwide/target/debug/deps/initial_conditions-2d1000dcea353c56)
[INFO] [stdout] 
[INFO] [stdout] running 22 tests
[INFO] [stdout] test kinematics::circular_motion::tests::test_average_speed ... ok
[INFO] [stdout] test kinematics::linear_motion::tests::first_accel_2 ... ok
[INFO] [stdout] test kinematics::linear_motion::tests::first_velocity_2 ... ok
[INFO] [stdout] test utils::vec_traits::tests::add_vec ... ok
[INFO] [stdout] test kinematics::circular_motion::tests::test_acceleration ... ok
[INFO] [stdout] test utils::vec_traits::tests::cross_prod1 ... ok
[INFO] [stdout] test kinematics::linear_motion::tests::first_accel_1 ... ok
[INFO] [stdout] test kinematics::linear_motion::tests::first_velocity_1 ... ok
[INFO] [stdout] test kinematics::linear_motion::tests::test_second_position1 ... ok
[INFO] [stdout] test utils::vec_traits::tests::euc_norm1 ... ok
[INFO] [stdout] test utils::vec_traits::tests::euc_norm2 ... ok
[INFO] [stdout] test kinematics::work::tests::test_work2 ... ok
[INFO] [stdout] test utils::vec_traits::tests::dot ... ok
[INFO] [stdout] test utils::vec_traits::tests::scalar_div ... ok
[INFO] [stdout] test utils::vec_traits::tests::scalar_mult ... ok
[INFO] [stdout] test utils::vec_traits::tests::sub_vec ... ok
[INFO] [stdout] test kinematics::work::tests::test_work ... ok
[INFO] [stdout] test utils::vec_traits::tests::cross_prod2 - should panic ... ok
[INFO] [stdout] test utils::vec_traits::tests::add_vec_should_panic - should panic ... ok
[INFO] [stdout] test utils::vec_traits::tests::sub_vec_should_panic - should panic ... ok
[INFO] [stdout] test kinematics::linear_motion::tests::test_second_position2 - should panic ... ok
[INFO] [stderr]    Doc-tests initial_conditions
[INFO] [stdout] test utils::vec_traits::tests::dot_should_panic - should panic ... ok
[INFO] [stdout] 
[INFO] [stdout] test result: ok. 22 passed; 0 failed; 0 ignored; 0 measured; 0 filtered out; finished in 0.06s
[INFO] [stdout] 
[INFO] [stdout] 
[INFO] [stdout] running 2 tests
[INFO] [stdout] test src/utils/vec_traits.rs - utils::vec_traits::CrossProduct (line 52) ... FAILED
[INFO] [stdout] test src/utils/vec_traits.rs - utils::vec_traits::EuclideanNorm (line 45) ... FAILED
[INFO] [stdout] 
[INFO] [stdout] failures:
[INFO] [stdout] 
[INFO] [stdout] ---- src/utils/vec_traits.rs - utils::vec_traits::CrossProduct (line 52) stdout ----
[INFO] [stdout] error: unknown start of token: `
[INFO] [stdout]  --> src/utils/vec_traits.rs:53:34
[INFO] [stdout]   |
[INFO] [stdout] 3 | - Returns a vector orthogonal to `v1` and `v2`
[INFO] [stdout]   |                                  ^
[INFO] [stdout]   |
[INFO] [stdout] help: Unicode character '`' (Grave Accent) looks like ''' (Single Quote), but it is not
[INFO] [stdout]   |
[INFO] [stdout] 3 | - Returns a vector orthogonal to 'v1` and `v2`
[INFO] [stdout]   |                                  ~
[INFO] [stdout] 
[INFO] [stdout] error: unknown start of token: `
[INFO] [stdout]  --> src/utils/vec_traits.rs:53:37
[INFO] [stdout]   |
[INFO] [stdout] 3 | - Returns a vector orthogonal to `v1` and `v2`
[INFO] [stdout]   |                                     ^
[INFO] [stdout]   |
[INFO] [stdout] help: Unicode character '`' (Grave Accent) looks like ''' (Single Quote), but it is not
[INFO] [stdout]   |
[INFO] [stdout] 3 | - Returns a vector orthogonal to `v1' and `v2`
[INFO] [stdout]   |                                     ~
[INFO] [stdout] 
[INFO] [stdout] error: unknown start of token: `
[INFO] [stdout]  --> src/utils/vec_traits.rs:53:43
[INFO] [stdout]   |
[INFO] [stdout] 3 | - Returns a vector orthogonal to `v1` and `v2`
[INFO] [stdout]   |                                           ^
[INFO] [stdout]   |
[INFO] [stdout] help: Unicode character '`' (Grave Accent) looks like ''' (Single Quote), but it is not
[INFO] [stdout]   |
[INFO] [stdout] 3 | - Returns a vector orthogonal to `v1` and 'v2`
[INFO] [stdout]   |                                           ~
[INFO] [stdout] 
[INFO] [stdout] error: unknown start of token: `
[INFO] [stdout]  --> src/utils/vec_traits.rs:53:46
[INFO] [stdout]   |
[INFO] [stdout] 3 | - Returns a vector orthogonal to `v1` and `v2`
[INFO] [stdout]   |                                              ^
[INFO] [stdout]   |
[INFO] [stdout] help: Unicode character '`' (Grave Accent) looks like ''' (Single Quote), but it is not
[INFO] [stdout]   |
[INFO] [stdout] 3 | - Returns a vector orthogonal to `v1` and `v2'
[INFO] [stdout]   |                                              ~
[INFO] [stdout] 
[INFO] [stdout] error: expected one of `!`, `.`, `::`, `;`, `?`, `{`, `}`, or an operator, found `a`
[INFO] [stdout]  --> src/utils/vec_traits.rs:53:11
[INFO] [stdout]   |
[INFO] [stdout] 3 | - Returns a vector orthogonal to `v1` and `v2`
[INFO] [stdout]   |           ^ expected one of 8 possible tokens
[INFO] [stdout] 
[INFO] [stdout] error: aborting due to 5 previous errors
[INFO] [stdout] 
[INFO] [stdout] Couldn't compile the test.
[INFO] [stdout] ---- src/utils/vec_traits.rs - utils::vec_traits::EuclideanNorm (line 45) stdout ----
[INFO] [stdout] error: expected one of `!`, `.`, `::`, `;`, `?`, `{`, `}`, or an operator, found `the`
[INFO] [stdout]  --> src/utils/vec_traits.rs:46:11
[INFO] [stdout]   |
[INFO] [stdout] 3 | - Returns the Euclidean Norm (length) of the vector (n-dimensional)
[INFO] [stdout]   |           ^^^ expected one of 8 possible tokens
[INFO] [stdout] 
[INFO] [stdout] error: aborting due to previous error
[INFO] [stdout] 
[INFO] [stdout] Couldn't compile the test.
[INFO] [stdout] 
[INFO] [stdout] failures:
[INFO] [stdout]     src/utils/vec_traits.rs - utils::vec_traits::CrossProduct (line 52)
[INFO] [stdout]     src/utils/vec_traits.rs - utils::vec_traits::EuclideanNorm (line 45)
[INFO] [stdout] 
[INFO] [stdout] test result: FAILED. 0 passed; 2 failed; 0 ignored; 0 measured; 0 filtered out; finished in 0.07s
[INFO] [stdout] 
[INFO] [stderr] error: doctest failed, to rerun pass `--doc`
[INFO] running `Command { std: "docker" "inspect" "21a23f9e5da15e35cfad41d177187f267ba9f61a13da0dc2e80350863adeaf59", kill_on_drop: false }`
[INFO] running `Command { std: "docker" "rm" "-f" "21a23f9e5da15e35cfad41d177187f267ba9f61a13da0dc2e80350863adeaf59", kill_on_drop: false }`
[INFO] [stdout] 21a23f9e5da15e35cfad41d177187f267ba9f61a13da0dc2e80350863adeaf59
