[INFO] fetching crate include-crypt-bytes 0.1.3...
[INFO] testing include-crypt-bytes-0.1.3 against 1.69.0 for beta-1.70-1
[INFO] extracting crate include-crypt-bytes 0.1.3 into /workspace/builds/worker-6-tc1/source
[INFO] validating manifest of crates.io crate include-crypt-bytes 0.1.3 on toolchain 1.69.0
[INFO] running `Command { std: CARGO_HOME="/workspace/cargo-home" RUSTUP_HOME="/workspace/rustup-home" "/workspace/cargo-home/bin/cargo" "+1.69.0" "metadata" "--manifest-path" "Cargo.toml" "--no-deps", kill_on_drop: false }`
[INFO] started tweaking crates.io crate include-crypt-bytes 0.1.3
[INFO] finished tweaking crates.io crate include-crypt-bytes 0.1.3
[INFO] tweaked toml for crates.io crate include-crypt-bytes 0.1.3 written to /workspace/builds/worker-6-tc1/source/Cargo.toml
[INFO] running `Command { std: CARGO_HOME="/workspace/cargo-home" RUSTUP_HOME="/workspace/rustup-home" __CARGO_TEST_CHANNEL_OVERRIDE_DO_NOT_USE_THIS="nightly" "/workspace/cargo-home/bin/cargo" "+1.69.0" "generate-lockfile" "--manifest-path" "Cargo.toml" "-Zno-index-update", kill_on_drop: false }`
[INFO] running `Command { std: CARGO_HOME="/workspace/cargo-home" RUSTUP_HOME="/workspace/rustup-home" "/workspace/cargo-home/bin/cargo" "+1.69.0" "fetch" "--manifest-path" "Cargo.toml", kill_on_drop: false }`
[INFO] [stderr]  Downloading crates ...
[INFO] [stderr]   Downloaded rust-argon2 v1.0.0
[INFO] [stderr]   Downloaded chacha20 v0.9.1
[INFO] [stderr]   Downloaded include-crypt-bytes-cipher v0.1.1
[INFO] [stderr]   Downloaded include-crypt-bytes-macro v0.1.0
[INFO] running `Command { std: "docker" "create" "-v" "/var/lib/crater-agent-workspace/builds/worker-6-tc1/target:/opt/rustwide/target:rw,Z" "-v" "/var/lib/crater-agent-workspace/builds/worker-6-tc1/source:/opt/rustwide/workdir:ro,Z" "-v" "/var/lib/crater-agent-workspace/cargo-home:/opt/rustwide/cargo-home:ro,Z" "-v" "/var/lib/crater-agent-workspace/rustup-home:/opt/rustwide/rustup-home:ro,Z" "-e" "SOURCE_DIR=/opt/rustwide/workdir" "-e" "CARGO_TARGET_DIR=/opt/rustwide/target" "-e" "CARGO_HOME=/opt/rustwide/cargo-home" "-e" "RUSTUP_HOME=/opt/rustwide/rustup-home" "-w" "/opt/rustwide/workdir" "-m" "1610612736" "--user" "0:0" "--network" "none" "ghcr.io/rust-lang/crates-build-env/linux@sha256:5ff2268d62e97bff2cde7d5815dd6ed5b47097566f13b8d0ca110b04b60e07ed" "/opt/rustwide/cargo-home/bin/cargo" "+1.69.0" "metadata" "--no-deps" "--format-version=1", kill_on_drop: false }`
[INFO] [stdout] 4cdb7681a38b2a6c399ed1528684881043f56386d0c1a9a1135f42e26fcbb1ff
[INFO] running `Command { std: "docker" "start" "-a" "4cdb7681a38b2a6c399ed1528684881043f56386d0c1a9a1135f42e26fcbb1ff", kill_on_drop: false }`
[INFO] running `Command { std: "docker" "inspect" "4cdb7681a38b2a6c399ed1528684881043f56386d0c1a9a1135f42e26fcbb1ff", kill_on_drop: false }`
[INFO] running `Command { std: "docker" "rm" "-f" "4cdb7681a38b2a6c399ed1528684881043f56386d0c1a9a1135f42e26fcbb1ff", kill_on_drop: false }`
[INFO] [stdout] 4cdb7681a38b2a6c399ed1528684881043f56386d0c1a9a1135f42e26fcbb1ff
[INFO] running `Command { std: "docker" "create" "-v" "/var/lib/crater-agent-workspace/builds/worker-6-tc1/target:/opt/rustwide/target:rw,Z" "-v" "/var/lib/crater-agent-workspace/builds/worker-6-tc1/source:/opt/rustwide/workdir:ro,Z" "-v" "/var/lib/crater-agent-workspace/cargo-home:/opt/rustwide/cargo-home:ro,Z" "-v" "/var/lib/crater-agent-workspace/rustup-home:/opt/rustwide/rustup-home:ro,Z" "-e" "SOURCE_DIR=/opt/rustwide/workdir" "-e" "CARGO_TARGET_DIR=/opt/rustwide/target" "-e" "CARGO_INCREMENTAL=0" "-e" "RUST_BACKTRACE=full" "-e" "RUSTFLAGS=--cap-lints=warn" "-e" "RUSTDOCFLAGS=--cap-lints=warn" "-e" "CARGO_HOME=/opt/rustwide/cargo-home" "-e" "RUSTUP_HOME=/opt/rustwide/rustup-home" "-w" "/opt/rustwide/workdir" "-m" "1610612736" "--user" "0:0" "--network" "none" "ghcr.io/rust-lang/crates-build-env/linux@sha256:5ff2268d62e97bff2cde7d5815dd6ed5b47097566f13b8d0ca110b04b60e07ed" "/opt/rustwide/cargo-home/bin/cargo" "+1.69.0" "build" "--frozen" "--message-format=json", kill_on_drop: false }`
[INFO] [stdout] f0fd49e6110b8b3aae1a95221a39a95a9c92104a4d41e1f22381f16d9cb10dfc
[INFO] running `Command { std: "docker" "start" "-a" "f0fd49e6110b8b3aae1a95221a39a95a9c92104a4d41e1f22381f16d9cb10dfc", kill_on_drop: false }`
[INFO] [stderr]    Compiling zeroize v1.6.0
[INFO] [stderr]    Compiling ppv-lite86 v0.2.17
[INFO] [stderr]    Compiling constant_time_eq v0.2.5
[INFO] [stderr]    Compiling opaque-debug v0.3.0
[INFO] [stderr]    Compiling arrayvec v0.7.2
[INFO] [stderr]    Compiling constant_time_eq v0.1.5
[INFO] [stderr]    Compiling syn v1.0.109
[INFO] [stderr]    Compiling getrandom v0.2.9
[INFO] [stderr]    Compiling inout v0.1.3
[INFO] [stderr]    Compiling rand_core v0.6.4
[INFO] [stderr]    Compiling blake2b_simd v1.0.1
[INFO] [stderr]    Compiling crypto-common v0.1.6
[INFO] [stderr]    Compiling rand_chacha v0.3.1
[INFO] [stderr]    Compiling cipher v0.4.4
[INFO] [stderr]    Compiling universal-hash v0.5.0
[INFO] [stderr]    Compiling aead v0.5.2
[INFO] [stderr]    Compiling poly1305 v0.8.0
[INFO] [stderr]    Compiling rand v0.8.5
[INFO] [stderr]    Compiling chacha20 v0.9.1
[INFO] [stderr]    Compiling rust-argon2 v1.0.0
[INFO] [stderr]    Compiling chacha20poly1305 v0.10.1
[INFO] [stderr]    Compiling include-crypt-bytes-cipher v0.1.1
[INFO] [stderr]    Compiling include-crypt-bytes-macro v0.1.0
[INFO] [stderr]    Compiling include-crypt-bytes v0.1.3 (/opt/rustwide/workdir)
[INFO] [stderr]     Finished dev [unoptimized + debuginfo] target(s) in 4.54s
[INFO] running `Command { std: "docker" "inspect" "f0fd49e6110b8b3aae1a95221a39a95a9c92104a4d41e1f22381f16d9cb10dfc", kill_on_drop: false }`
[INFO] running `Command { std: "docker" "rm" "-f" "f0fd49e6110b8b3aae1a95221a39a95a9c92104a4d41e1f22381f16d9cb10dfc", kill_on_drop: false }`
[INFO] [stdout] f0fd49e6110b8b3aae1a95221a39a95a9c92104a4d41e1f22381f16d9cb10dfc
[INFO] running `Command { std: "docker" "create" "-v" "/var/lib/crater-agent-workspace/builds/worker-6-tc1/target:/opt/rustwide/target:rw,Z" "-v" "/var/lib/crater-agent-workspace/builds/worker-6-tc1/source:/opt/rustwide/workdir:ro,Z" "-v" "/var/lib/crater-agent-workspace/cargo-home:/opt/rustwide/cargo-home:ro,Z" "-v" "/var/lib/crater-agent-workspace/rustup-home:/opt/rustwide/rustup-home:ro,Z" "-e" "SOURCE_DIR=/opt/rustwide/workdir" "-e" "CARGO_TARGET_DIR=/opt/rustwide/target" "-e" "CARGO_INCREMENTAL=0" "-e" "RUST_BACKTRACE=full" "-e" "RUSTFLAGS=--cap-lints=warn" "-e" "RUSTDOCFLAGS=--cap-lints=warn" "-e" "CARGO_HOME=/opt/rustwide/cargo-home" "-e" "RUSTUP_HOME=/opt/rustwide/rustup-home" "-w" "/opt/rustwide/workdir" "-m" "1610612736" "--user" "0:0" "--network" "none" "ghcr.io/rust-lang/crates-build-env/linux@sha256:5ff2268d62e97bff2cde7d5815dd6ed5b47097566f13b8d0ca110b04b60e07ed" "/opt/rustwide/cargo-home/bin/cargo" "+1.69.0" "test" "--frozen" "--no-run" "--message-format=json", kill_on_drop: false }`
[INFO] [stdout] abcfdcc43299a6e4581b72022ca4fbb9eb98d7fd896122ab63246d943e47015b
[INFO] running `Command { std: "docker" "start" "-a" "abcfdcc43299a6e4581b72022ca4fbb9eb98d7fd896122ab63246d943e47015b", kill_on_drop: false }`
[INFO] [stderr]    Compiling include-crypt-bytes v0.1.3 (/opt/rustwide/workdir)
[INFO] [stderr]     Finished test [unoptimized + debuginfo] target(s) in 0.24s
[INFO] running `Command { std: "docker" "inspect" "abcfdcc43299a6e4581b72022ca4fbb9eb98d7fd896122ab63246d943e47015b", kill_on_drop: false }`
[INFO] running `Command { std: "docker" "rm" "-f" "abcfdcc43299a6e4581b72022ca4fbb9eb98d7fd896122ab63246d943e47015b", kill_on_drop: false }`
[INFO] [stdout] abcfdcc43299a6e4581b72022ca4fbb9eb98d7fd896122ab63246d943e47015b
[INFO] running `Command { std: "docker" "create" "-v" "/var/lib/crater-agent-workspace/builds/worker-6-tc1/target:/opt/rustwide/target:rw,Z" "-v" "/var/lib/crater-agent-workspace/builds/worker-6-tc1/source:/opt/rustwide/workdir:ro,Z" "-v" "/var/lib/crater-agent-workspace/cargo-home:/opt/rustwide/cargo-home:ro,Z" "-v" "/var/lib/crater-agent-workspace/rustup-home:/opt/rustwide/rustup-home:ro,Z" "-e" "SOURCE_DIR=/opt/rustwide/workdir" "-e" "CARGO_TARGET_DIR=/opt/rustwide/target" "-e" "CARGO_INCREMENTAL=0" "-e" "RUST_BACKTRACE=full" "-e" "RUSTFLAGS=--cap-lints=warn" "-e" "RUSTDOCFLAGS=--cap-lints=warn" "-e" "CARGO_HOME=/opt/rustwide/cargo-home" "-e" "RUSTUP_HOME=/opt/rustwide/rustup-home" "-w" "/opt/rustwide/workdir" "-m" "1610612736" "--user" "0:0" "--network" "none" "ghcr.io/rust-lang/crates-build-env/linux@sha256:5ff2268d62e97bff2cde7d5815dd6ed5b47097566f13b8d0ca110b04b60e07ed" "/opt/rustwide/cargo-home/bin/cargo" "+1.69.0" "test" "--frozen", kill_on_drop: false }`
[INFO] [stdout] 6fe29817b609441dd4e258dfc373611918100815f165c18cb80659fede3e4fa4
[INFO] running `Command { std: "docker" "start" "-a" "6fe29817b609441dd4e258dfc373611918100815f165c18cb80659fede3e4fa4", kill_on_drop: false }`
[INFO] [stderr]     Finished test [unoptimized + debuginfo] target(s) in 0.02s
[INFO] [stderr]      Running unittests src/lib.rs (/opt/rustwide/target/debug/deps/include_crypt_bytes-f72299280aa1dd7a)
[INFO] [stdout] 
[INFO] [stdout] running 0 tests
[INFO] [stdout] 
[INFO] [stdout] test result: ok. 0 passed; 0 failed; 0 ignored; 0 measured; 0 filtered out; finished in 0.00s
[INFO] [stdout] 
[INFO] [stderr]    Doc-tests include-crypt-bytes
[INFO] [stdout] 
[INFO] [stdout] running 2 tests
[INFO] [stdout] test src/lib.rs - (line 25) ... FAILED
[INFO] [stdout] test src/lib.rs - (line 8) ... FAILED
[INFO] [stdout] 
[INFO] [stdout] failures:
[INFO] [stdout] 
[INFO] [stdout] ---- src/lib.rs - (line 25) stdout ----
[INFO] [stdout] error: proc macro panicked
[INFO] [stdout]  --> src/lib.rs:28:18
[INFO] [stdout]   |
[INFO] [stdout] 6 | let file_bytes = include_bytes_obfuscate!("config.toml");
[INFO] [stdout]   |                  ^^^^^^^^^^^^^^^^^^^^^^^^^^^^^^^^^^^^^^^
[INFO] [stdout]   |
[INFO] [stdout]   = help: message: Could not read file at path config.toml
[INFO] [stdout] 
[INFO] [stdout] error: aborting due to previous error
[INFO] [stdout] 
[INFO] [stdout] Couldn't compile the test.
[INFO] [stdout] ---- src/lib.rs - (line 8) stdout ----
[INFO] [stdout] error: proc macro panicked
[INFO] [stdout]   --> src/lib.rs:17:18
[INFO] [stdout]    |
[INFO] [stdout] 12 |   let file_bytes = include_bytes_crypt!(
[INFO] [stdout]    |  __________________^
[INFO] [stdout] 13 | |                     "config.toml",
[INFO] [stdout] 14 | |                     password.as_bytes(),
[INFO] [stdout] 15 | |                     "CONFIG_PASSWORD");
[INFO] [stdout]    | |______________________________________^
[INFO] [stdout]    |
[INFO] [stdout]    = help: message: Could not read file at path config.toml
[INFO] [stdout] 
[INFO] [stdout] error: aborting due to previous error
[INFO] [stdout] 
[INFO] [stdout] Couldn't compile the test.
[INFO] [stdout] 
[INFO] [stdout] failures:
[INFO] [stdout]     src/lib.rs - (line 25)
[INFO] [stdout]     src/lib.rs - (line 8)
[INFO] [stdout] 
[INFO] [stdout] test result: FAILED. 0 passed; 2 failed; 0 ignored; 0 measured; 0 filtered out; finished in 0.03s
[INFO] [stdout] 
[INFO] [stderr] error: doctest failed, to rerun pass `--doc`
[INFO] running `Command { std: "docker" "inspect" "6fe29817b609441dd4e258dfc373611918100815f165c18cb80659fede3e4fa4", kill_on_drop: false }`
[INFO] running `Command { std: "docker" "rm" "-f" "6fe29817b609441dd4e258dfc373611918100815f165c18cb80659fede3e4fa4", kill_on_drop: false }`
[INFO] [stdout] 6fe29817b609441dd4e258dfc373611918100815f165c18cb80659fede3e4fa4
