[INFO] fetching crate inari_wasm 0.1.1...
[INFO] testing inari_wasm-0.1.1 against 1.69.0 for beta-1.70-1
[INFO] extracting crate inari_wasm 0.1.1 into /workspace/builds/worker-0-tc1/source
[INFO] validating manifest of crates.io crate inari_wasm 0.1.1 on toolchain 1.69.0
[INFO] running `Command { std: CARGO_HOME="/workspace/cargo-home" RUSTUP_HOME="/workspace/rustup-home" "/workspace/cargo-home/bin/cargo" "+1.69.0" "metadata" "--manifest-path" "Cargo.toml" "--no-deps", kill_on_drop: false }`
[INFO] started tweaking crates.io crate inari_wasm 0.1.1
[INFO] finished tweaking crates.io crate inari_wasm 0.1.1
[INFO] tweaked toml for crates.io crate inari_wasm 0.1.1 written to /workspace/builds/worker-0-tc1/source/Cargo.toml
[INFO] running `Command { std: CARGO_HOME="/workspace/cargo-home" RUSTUP_HOME="/workspace/rustup-home" __CARGO_TEST_CHANNEL_OVERRIDE_DO_NOT_USE_THIS="nightly" "/workspace/cargo-home/bin/cargo" "+1.69.0" "generate-lockfile" "--manifest-path" "Cargo.toml" "-Zno-index-update", kill_on_drop: false }`
[INFO] running `Command { std: CARGO_HOME="/workspace/cargo-home" RUSTUP_HOME="/workspace/rustup-home" "/workspace/cargo-home/bin/cargo" "+1.69.0" "fetch" "--manifest-path" "Cargo.toml", kill_on_drop: false }`
[INFO] running `Command { std: "docker" "create" "-v" "/var/lib/crater-agent-workspace/builds/worker-0-tc1/target:/opt/rustwide/target:rw,Z" "-v" "/var/lib/crater-agent-workspace/builds/worker-0-tc1/source:/opt/rustwide/workdir:ro,Z" "-v" "/var/lib/crater-agent-workspace/cargo-home:/opt/rustwide/cargo-home:ro,Z" "-v" "/var/lib/crater-agent-workspace/rustup-home:/opt/rustwide/rustup-home:ro,Z" "-e" "SOURCE_DIR=/opt/rustwide/workdir" "-e" "CARGO_TARGET_DIR=/opt/rustwide/target" "-e" "CARGO_HOME=/opt/rustwide/cargo-home" "-e" "RUSTUP_HOME=/opt/rustwide/rustup-home" "-w" "/opt/rustwide/workdir" "-m" "1610612736" "--user" "0:0" "--network" "none" "ghcr.io/rust-lang/crates-build-env/linux@sha256:5ff2268d62e97bff2cde7d5815dd6ed5b47097566f13b8d0ca110b04b60e07ed" "/opt/rustwide/cargo-home/bin/cargo" "+1.69.0" "metadata" "--no-deps" "--format-version=1", kill_on_drop: false }`
[INFO] [stdout] 137fba514ebaaf63bd050d6b2e037838f0e0b52aed82b02fd353f0e83312bfd6
[INFO] running `Command { std: "docker" "start" "-a" "137fba514ebaaf63bd050d6b2e037838f0e0b52aed82b02fd353f0e83312bfd6", kill_on_drop: false }`
[INFO] running `Command { std: "docker" "inspect" "137fba514ebaaf63bd050d6b2e037838f0e0b52aed82b02fd353f0e83312bfd6", kill_on_drop: false }`
[INFO] running `Command { std: "docker" "rm" "-f" "137fba514ebaaf63bd050d6b2e037838f0e0b52aed82b02fd353f0e83312bfd6", kill_on_drop: false }`
[INFO] [stdout] 137fba514ebaaf63bd050d6b2e037838f0e0b52aed82b02fd353f0e83312bfd6
[INFO] running `Command { std: "docker" "create" "-v" "/var/lib/crater-agent-workspace/builds/worker-0-tc1/target:/opt/rustwide/target:rw,Z" "-v" "/var/lib/crater-agent-workspace/builds/worker-0-tc1/source:/opt/rustwide/workdir:ro,Z" "-v" "/var/lib/crater-agent-workspace/cargo-home:/opt/rustwide/cargo-home:ro,Z" "-v" "/var/lib/crater-agent-workspace/rustup-home:/opt/rustwide/rustup-home:ro,Z" "-e" "SOURCE_DIR=/opt/rustwide/workdir" "-e" "CARGO_TARGET_DIR=/opt/rustwide/target" "-e" "CARGO_INCREMENTAL=0" "-e" "RUST_BACKTRACE=full" "-e" "RUSTFLAGS=--cap-lints=warn" "-e" "RUSTDOCFLAGS=--cap-lints=warn" "-e" "CARGO_HOME=/opt/rustwide/cargo-home" "-e" "RUSTUP_HOME=/opt/rustwide/rustup-home" "-w" "/opt/rustwide/workdir" "-m" "1610612736" "--user" "0:0" "--network" "none" "ghcr.io/rust-lang/crates-build-env/linux@sha256:5ff2268d62e97bff2cde7d5815dd6ed5b47097566f13b8d0ca110b04b60e07ed" "/opt/rustwide/cargo-home/bin/cargo" "+1.69.0" "build" "--frozen" "--message-format=json", kill_on_drop: false }`
[INFO] [stdout] 8b3a4a5af84d512c04edb33fe2d1e5a8f9d95f9ccc996336bbe77e88c47b70b6
[INFO] running `Command { std: "docker" "start" "-a" "8b3a4a5af84d512c04edb33fe2d1e5a8f9d95f9ccc996336bbe77e88c47b70b6", kill_on_drop: false }`
[INFO] [stderr]    Compiling libm v0.2.6
[INFO] [stderr]    Compiling forward_ref v1.0.0
[INFO] [stderr]    Compiling inari_wasm v0.1.1 (/opt/rustwide/workdir)
[INFO] [stderr]     Finished dev [unoptimized + debuginfo] target(s) in 0.73s
[INFO] running `Command { std: "docker" "inspect" "8b3a4a5af84d512c04edb33fe2d1e5a8f9d95f9ccc996336bbe77e88c47b70b6", kill_on_drop: false }`
[INFO] running `Command { std: "docker" "rm" "-f" "8b3a4a5af84d512c04edb33fe2d1e5a8f9d95f9ccc996336bbe77e88c47b70b6", kill_on_drop: false }`
[INFO] [stdout] 8b3a4a5af84d512c04edb33fe2d1e5a8f9d95f9ccc996336bbe77e88c47b70b6
[INFO] running `Command { std: "docker" "create" "-v" "/var/lib/crater-agent-workspace/builds/worker-0-tc1/target:/opt/rustwide/target:rw,Z" "-v" "/var/lib/crater-agent-workspace/builds/worker-0-tc1/source:/opt/rustwide/workdir:ro,Z" "-v" "/var/lib/crater-agent-workspace/cargo-home:/opt/rustwide/cargo-home:ro,Z" "-v" "/var/lib/crater-agent-workspace/rustup-home:/opt/rustwide/rustup-home:ro,Z" "-e" "SOURCE_DIR=/opt/rustwide/workdir" "-e" "CARGO_TARGET_DIR=/opt/rustwide/target" "-e" "CARGO_INCREMENTAL=0" "-e" "RUST_BACKTRACE=full" "-e" "RUSTFLAGS=--cap-lints=warn" "-e" "RUSTDOCFLAGS=--cap-lints=warn" "-e" "CARGO_HOME=/opt/rustwide/cargo-home" "-e" "RUSTUP_HOME=/opt/rustwide/rustup-home" "-w" "/opt/rustwide/workdir" "-m" "1610612736" "--user" "0:0" "--network" "none" "ghcr.io/rust-lang/crates-build-env/linux@sha256:5ff2268d62e97bff2cde7d5815dd6ed5b47097566f13b8d0ca110b04b60e07ed" "/opt/rustwide/cargo-home/bin/cargo" "+1.69.0" "test" "--frozen" "--no-run" "--message-format=json", kill_on_drop: false }`
[INFO] [stdout] 3060a08b8a3584ff87bb15e439f4a0137f33006bdc0b2d1c03f444be2fb6edf7
[INFO] running `Command { std: "docker" "start" "-a" "3060a08b8a3584ff87bb15e439f4a0137f33006bdc0b2d1c03f444be2fb6edf7", kill_on_drop: false }`
[INFO] [stderr]    Compiling inari_wasm v0.1.1 (/opt/rustwide/workdir)
[INFO] [stdout] warning: variable `sum` is assigned to, but never used
[INFO] [stdout]    --> src/interval.rs:181:17
[INFO] [stdout]     |
[INFO] [stdout] 181 |         let mut sum = 0.0;
[INFO] [stdout]     |                 ^^^
[INFO] [stdout]     |
[INFO] [stdout]     = note: consider using `_sum` instead
[INFO] [stdout]     = note: `#[warn(unused_variables)]` on by default
[INFO] [stdout] 
[INFO] [stdout] 
[INFO] [stdout] warning: variable `N` should have a snake case name
[INFO] [stdout]    --> src/interval.rs:177:13
[INFO] [stdout]     |
[INFO] [stdout] 177 |         let N = 1_000_000;
[INFO] [stdout]     |             ^ help: convert the identifier to snake case: `n`
[INFO] [stdout]     |
[INFO] [stdout]     = note: `#[warn(non_snake_case)]` on by default
[INFO] [stdout] 
[INFO] [stdout] 
[INFO] [stdout] warning: 2 warnings emitted
[INFO] [stdout] 
[INFO] [stdout] 
[INFO] [stderr]     Finished test [unoptimized + debuginfo] target(s) in 0.34s
[INFO] running `Command { std: "docker" "inspect" "3060a08b8a3584ff87bb15e439f4a0137f33006bdc0b2d1c03f444be2fb6edf7", kill_on_drop: false }`
[INFO] running `Command { std: "docker" "rm" "-f" "3060a08b8a3584ff87bb15e439f4a0137f33006bdc0b2d1c03f444be2fb6edf7", kill_on_drop: false }`
[INFO] [stdout] 3060a08b8a3584ff87bb15e439f4a0137f33006bdc0b2d1c03f444be2fb6edf7
[INFO] running `Command { std: "docker" "create" "-v" "/var/lib/crater-agent-workspace/builds/worker-0-tc1/target:/opt/rustwide/target:rw,Z" "-v" "/var/lib/crater-agent-workspace/builds/worker-0-tc1/source:/opt/rustwide/workdir:ro,Z" "-v" "/var/lib/crater-agent-workspace/cargo-home:/opt/rustwide/cargo-home:ro,Z" "-v" "/var/lib/crater-agent-workspace/rustup-home:/opt/rustwide/rustup-home:ro,Z" "-e" "SOURCE_DIR=/opt/rustwide/workdir" "-e" "CARGO_TARGET_DIR=/opt/rustwide/target" "-e" "CARGO_INCREMENTAL=0" "-e" "RUST_BACKTRACE=full" "-e" "RUSTFLAGS=--cap-lints=warn" "-e" "RUSTDOCFLAGS=--cap-lints=warn" "-e" "CARGO_HOME=/opt/rustwide/cargo-home" "-e" "RUSTUP_HOME=/opt/rustwide/rustup-home" "-w" "/opt/rustwide/workdir" "-m" "1610612736" "--user" "0:0" "--network" "none" "ghcr.io/rust-lang/crates-build-env/linux@sha256:5ff2268d62e97bff2cde7d5815dd6ed5b47097566f13b8d0ca110b04b60e07ed" "/opt/rustwide/cargo-home/bin/cargo" "+1.69.0" "test" "--frozen", kill_on_drop: false }`
[INFO] [stdout] 5117a729f8afd747469dc898f6ccb5ec06fc7d96123866647be69f08fe8b1633
[INFO] running `Command { std: "docker" "start" "-a" "5117a729f8afd747469dc898f6ccb5ec06fc7d96123866647be69f08fe8b1633", kill_on_drop: false }`
[INFO] [stderr] warning: variable `sum` is assigned to, but never used
[INFO] [stderr]    --> src/interval.rs:181:17
[INFO] [stderr]     |
[INFO] [stderr] 181 |         let mut sum = 0.0;
[INFO] [stderr]     |                 ^^^
[INFO] [stderr]     |
[INFO] [stderr]     = note: consider using `_sum` instead
[INFO] [stderr]     = note: `#[warn(unused_variables)]` on by default
[INFO] [stderr] 
[INFO] [stderr] warning: variable `N` should have a snake case name
[INFO] [stderr]    --> src/interval.rs:177:13
[INFO] [stderr]     |
[INFO] [stderr] 177 |         let N = 1_000_000;
[INFO] [stderr]     |             ^ help: convert the identifier to snake case: `n`
[INFO] [stderr]     |
[INFO] [stderr]     = note: `#[warn(non_snake_case)]` on by default
[INFO] [stderr] 
[INFO] [stderr] warning: `inari_wasm` (lib test) generated 2 warnings
[INFO] [stderr]     Finished test [unoptimized + debuginfo] target(s) in 0.00s
[INFO] [stderr]      Running unittests src/lib.rs (/opt/rustwide/target/debug/deps/inari_wasm-e8c96ec4c17f1030)
[INFO] [stdout] 
[INFO] [stdout] running 13 tests
[INFO] [stdout] test absmax::tests::empty ... ok
[INFO] [stdout] test arith::tests::add_assign ... ok
[INFO] [stdout] test arith::tests::div_assign ... ok
[INFO] [stdout] test arith::tests::ref_type_args ... ok
[INFO] [stdout] test arith::tests::mul_assign ... ok
[INFO] [stdout] test arith::tests::empty ... ok
[INFO] [stdout] test arith::tests::sub_assign ... ok
[INFO] [stdout] test classify::tests::classify ... ok
[INFO] [stdout] test interval::tests::main ... ok
[INFO] [stdout] test set_op::tests::empty ... ok
[INFO] [stdout] test elementary::tests::tan ... ok
[INFO] [stdout] test interval::tests::example ... ok
[INFO] [stdout] test interval::tests::benchmark ... ok
[INFO] [stdout] 
[INFO] [stdout] test result: ok. 13 passed; 0 failed; 0 ignored; 0 measured; 0 filtered out; finished in 0.18s
[INFO] [stdout] 
[INFO] [stderr]    Doc-tests inari_wasm
[INFO] [stdout] 
[INFO] [stdout] running 19 tests
[INFO] [stdout] test src/integer.rs - integer::Interval::ceil (line 14) ... FAILED
[INFO] [stdout] test src/integer.rs - integer::Interval::floor (line 42) ... FAILED
[INFO] [stdout] test src/integer.rs - integer::Interval::round (line 69) ... FAILED
[INFO] [stdout] test src/integer.rs - integer::Interval::sign (line 132) ... FAILED
[INFO] [stdout] test src/integer.rs - integer::Interval::trunc (line 161) ... FAILED
[INFO] [stdout] test src/integer.rs - integer::Interval::round_ties_to_even (line 100) ... FAILED
[INFO] [stdout] test src/boolean.rs - boolean::Interval::is_entire (line 145) ... ok
[INFO] [stdout] test src/boolean.rs - boolean::Interval::interior (line 91) ... ok
[INFO] [stdout] test src/boolean.rs - boolean::Interval::disjoint (line 55) ... ok
[INFO] [stdout] test src/boolean.rs - boolean::Interval::less (line 204) ... ok
[INFO] [stdout] test src/boolean.rs - boolean::Interval::is_common_interval (line 114) ... ok
[INFO] [stdout] test src/boolean.rs - boolean::Interval::is_empty (line 131) ... ok
[INFO] [stdout] test src/boolean.rs - boolean::Interval::is_singleton (line 166) ... ok
[INFO] [stdout] test src/boolean.rs - boolean::Interval::contains (line 12) ... ok
[INFO] [stdout] test src/boolean.rs - boolean::Interval::contains (line 21) ... ok
[INFO] [stdout] test src/boolean.rs - boolean::Interval::strict_less (line 273) ... ok
[INFO] [stdout] test src/boolean.rs - boolean::Interval::is_singleton (line 176) ... ok
[INFO] [stdout] test src/boolean.rs - boolean::Interval::subset (line 334) ... ok
[INFO] [stdout] test src/boolean.rs - boolean::Interval::precedes (line 237) ... ok
[INFO] [stdout] 
[INFO] [stdout] failures:
[INFO] [stdout] 
[INFO] [stdout] ---- src/integer.rs - integer::Interval::ceil (line 14) stdout ----
[INFO] [stdout] error[E0432]: unresolved import `inari`
[INFO] [stdout]  --> src/integer.rs:15:5
[INFO] [stdout]   |
[INFO] [stdout] 3 | use inari::*;
[INFO] [stdout]   |     ^^^^^ use of undeclared crate or module `inari`
[INFO] [stdout] 
[INFO] [stdout] error: cannot find macro `const_interval` in this scope
[INFO] [stdout]  --> src/integer.rs:16:12
[INFO] [stdout]   |
[INFO] [stdout] 4 | assert_eq!(const_interval!(0.2, 1.2).ceil(), const_interval!(1.0, 2.0));
[INFO] [stdout]   |            ^^^^^^^^^^^^^^
[INFO] [stdout]   |
[INFO] [stdout]   = help: consider importing this macro:
[INFO] [stdout]           inari_wasm::const_interval
[INFO] [stdout] 
[INFO] [stdout] error: cannot find macro `const_interval` in this scope
[INFO] [stdout]  --> src/integer.rs:16:46
[INFO] [stdout]   |
[INFO] [stdout] 4 | assert_eq!(const_interval!(0.2, 1.2).ceil(), const_interval!(1.0, 2.0));
[INFO] [stdout]   |                                              ^^^^^^^^^^^^^^
[INFO] [stdout]   |
[INFO] [stdout]   = help: consider importing this macro:
[INFO] [stdout]           inari_wasm::const_interval
[INFO] [stdout] 
[INFO] [stdout] error: cannot find macro `const_interval` in this scope
[INFO] [stdout]  --> src/integer.rs:17:12
[INFO] [stdout]   |
[INFO] [stdout] 5 | assert_eq!(const_interval!(0.8, 1.8).ceil(), const_interval!(1.0, 2.0));
[INFO] [stdout]   |            ^^^^^^^^^^^^^^
[INFO] [stdout]   |
[INFO] [stdout]   = help: consider importing this macro:
[INFO] [stdout]           inari_wasm::const_interval
[INFO] [stdout] 
[INFO] [stdout] error: cannot find macro `const_interval` in this scope
[INFO] [stdout]  --> src/integer.rs:17:46
[INFO] [stdout]   |
[INFO] [stdout] 5 | assert_eq!(const_interval!(0.8, 1.8).ceil(), const_interval!(1.0, 2.0));
[INFO] [stdout]   |                                              ^^^^^^^^^^^^^^
[INFO] [stdout]   |
[INFO] [stdout]   = help: consider importing this macro:
[INFO] [stdout]           inari_wasm::const_interval
[INFO] [stdout] 
[INFO] [stdout] error: cannot find macro `const_interval` in this scope
[INFO] [stdout]  --> src/integer.rs:18:12
[INFO] [stdout]   |
[INFO] [stdout] 6 | assert_eq!(const_interval!(-1.2, -0.2).ceil(), const_interval!(-1.0, 0.0));
[INFO] [stdout]   |            ^^^^^^^^^^^^^^
[INFO] [stdout]   |
[INFO] [stdout]   = help: consider importing this macro:
[INFO] [stdout]           inari_wasm::const_interval
[INFO] [stdout] 
[INFO] [stdout] error: cannot find macro `const_interval` in this scope
[INFO] [stdout]  --> src/integer.rs:18:48
[INFO] [stdout]   |
[INFO] [stdout] 6 | assert_eq!(const_interval!(-1.2, -0.2).ceil(), const_interval!(-1.0, 0.0));
[INFO] [stdout]   |                                                ^^^^^^^^^^^^^^
[INFO] [stdout]   |
[INFO] [stdout]   = help: consider importing this macro:
[INFO] [stdout]           inari_wasm::const_interval
[INFO] [stdout] 
[INFO] [stdout] error: cannot find macro `const_interval` in this scope
[INFO] [stdout]  --> src/integer.rs:19:12
[INFO] [stdout]   |
[INFO] [stdout] 7 | assert_eq!(const_interval!(-1.8, -0.8).ceil(), const_interval!(-1.0, 0.0));
[INFO] [stdout]   |            ^^^^^^^^^^^^^^
[INFO] [stdout]   |
[INFO] [stdout]   = help: consider importing this macro:
[INFO] [stdout]           inari_wasm::const_interval
[INFO] [stdout] 
[INFO] [stdout] error: cannot find macro `const_interval` in this scope
[INFO] [stdout]  --> src/integer.rs:19:48
[INFO] [stdout]   |
[INFO] [stdout] 7 | assert_eq!(const_interval!(-1.8, -0.8).ceil(), const_interval!(-1.0, 0.0));
[INFO] [stdout]   |                                                ^^^^^^^^^^^^^^
[INFO] [stdout]   |
[INFO] [stdout]   = help: consider importing this macro:
[INFO] [stdout]           inari_wasm::const_interval
[INFO] [stdout] 
[INFO] [stdout] error[E0433]: failed to resolve: use of undeclared type `Interval`
[INFO] [stdout]  --> src/integer.rs:20:12
[INFO] [stdout]   |
[INFO] [stdout] 8 | assert_eq!(Interval::EMPTY.ceil(), Interval::EMPTY);
[INFO] [stdout]   |            ^^^^^^^^ use of undeclared type `Interval`
[INFO] [stdout] 
[INFO] [stdout] error[E0433]: failed to resolve: use of undeclared type `Interval`
[INFO] [stdout]  --> src/integer.rs:20:36
[INFO] [stdout]   |
[INFO] [stdout] 8 | assert_eq!(Interval::EMPTY.ceil(), Interval::EMPTY);
[INFO] [stdout]   |                                    ^^^^^^^^ use of undeclared type `Interval`
[INFO] [stdout] 
[INFO] [stdout] error[E0433]: failed to resolve: use of undeclared type `Interval`
[INFO] [stdout]  --> src/integer.rs:21:12
[INFO] [stdout]   |
[INFO] [stdout] 9 | assert_eq!(Interval::ENTIRE.ceil(), Interval::ENTIRE);
[INFO] [stdout]   |            ^^^^^^^^ use of undeclared type `Interval`
[INFO] [stdout] 
[INFO] [stdout] error[E0433]: failed to resolve: use of undeclared type `Interval`
[INFO] [stdout]  --> src/integer.rs:21:37
[INFO] [stdout]   |
[INFO] [stdout] 9 | assert_eq!(Interval::ENTIRE.ceil(), Interval::ENTIRE);
[INFO] [stdout]   |                                     ^^^^^^^^ use of undeclared type `Interval`
[INFO] [stdout] 
[INFO] [stdout] error: aborting due to 13 previous errors
[INFO] [stdout] 
[INFO] [stdout] Some errors have detailed explanations: E0432, E0433.
[INFO] [stdout] For more information about an error, try `rustc --explain E0432`.
[INFO] [stdout] Couldn't compile the test.
[INFO] [stdout] ---- src/integer.rs - integer::Interval::floor (line 42) stdout ----
[INFO] [stdout] error[E0432]: unresolved import `inari`
[INFO] [stdout]  --> src/integer.rs:43:5
[INFO] [stdout]   |
[INFO] [stdout] 3 | use inari::*;
[INFO] [stdout]   |     ^^^^^ use of undeclared crate or module `inari`
[INFO] [stdout] 
[INFO] [stdout] error: cannot find macro `const_interval` in this scope
[INFO] [stdout]  --> src/integer.rs:44:12
[INFO] [stdout]   |
[INFO] [stdout] 4 | assert_eq!(const_interval!(0.2, 1.2).floor(), const_interval!(0.0, 1.0));
[INFO] [stdout]   |            ^^^^^^^^^^^^^^
[INFO] [stdout]   |
[INFO] [stdout]   = help: consider importing this macro:
[INFO] [stdout]           inari_wasm::const_interval
[INFO] [stdout] 
[INFO] [stdout] error: cannot find macro `const_interval` in this scope
[INFO] [stdout]  --> src/integer.rs:44:47
[INFO] [stdout]   |
[INFO] [stdout] 4 | assert_eq!(const_interval!(0.2, 1.2).floor(), const_interval!(0.0, 1.0));
[INFO] [stdout]   |                                               ^^^^^^^^^^^^^^
[INFO] [stdout]   |
[INFO] [stdout]   = help: consider importing this macro:
[INFO] [stdout]           inari_wasm::const_interval
[INFO] [stdout] 
[INFO] [stdout] error: cannot find macro `const_interval` in this scope
[INFO] [stdout]  --> src/integer.rs:45:12
[INFO] [stdout]   |
[INFO] [stdout] 5 | assert_eq!(const_interval!(0.8, 1.8).floor(), const_interval!(0.0, 1.0));
[INFO] [stdout]   |            ^^^^^^^^^^^^^^
[INFO] [stdout]   |
[INFO] [stdout]   = help: consider importing this macro:
[INFO] [stdout]           inari_wasm::const_interval
[INFO] [stdout] 
[INFO] [stdout] error: cannot find macro `const_interval` in this scope
[INFO] [stdout]  --> src/integer.rs:45:47
[INFO] [stdout]   |
[INFO] [stdout] 5 | assert_eq!(const_interval!(0.8, 1.8).floor(), const_interval!(0.0, 1.0));
[INFO] [stdout]   |                                               ^^^^^^^^^^^^^^
[INFO] [stdout]   |
[INFO] [stdout]   = help: consider importing this macro:
[INFO] [stdout]           inari_wasm::const_interval
[INFO] [stdout] 
[INFO] [stdout] error: cannot find macro `const_interval` in this scope
[INFO] [stdout]  --> src/integer.rs:46:12
[INFO] [stdout]   |
[INFO] [stdout] 6 | assert_eq!(const_interval!(-1.2, -0.2).floor(), const_interval!(-2.0, -1.0));
[INFO] [stdout]   |            ^^^^^^^^^^^^^^
[INFO] [stdout]   |
[INFO] [stdout]   = help: consider importing this macro:
[INFO] [stdout]           inari_wasm::const_interval
[INFO] [stdout] 
[INFO] [stdout] error: cannot find macro `const_interval` in this scope
[INFO] [stdout]  --> src/integer.rs:46:49
[INFO] [stdout]   |
[INFO] [stdout] 6 | assert_eq!(const_interval!(-1.2, -0.2).floor(), const_interval!(-2.0, -1.0));
[INFO] [stdout]   |                                                 ^^^^^^^^^^^^^^
[INFO] [stdout]   |
[INFO] [stdout]   = help: consider importing this macro:
[INFO] [stdout]           inari_wasm::const_interval
[INFO] [stdout] 
[INFO] [stdout] error: cannot find macro `const_interval` in this scope
[INFO] [stdout]  --> src/integer.rs:47:12
[INFO] [stdout]   |
[INFO] [stdout] 7 | assert_eq!(const_interval!(-1.8, -0.8).floor(), const_interval!(-2.0, -1.0));
[INFO] [stdout]   |            ^^^^^^^^^^^^^^
[INFO] [stdout]   |
[INFO] [stdout]   = help: consider importing this macro:
[INFO] [stdout]           inari_wasm::const_interval
[INFO] [stdout] 
[INFO] [stdout] error: cannot find macro `const_interval` in this scope
[INFO] [stdout]  --> src/integer.rs:47:49
[INFO] [stdout]   |
[INFO] [stdout] 7 | assert_eq!(const_interval!(-1.8, -0.8).floor(), const_interval!(-2.0, -1.0));
[INFO] [stdout]   |                                                 ^^^^^^^^^^^^^^
[INFO] [stdout]   |
[INFO] [stdout]   = help: consider importing this macro:
[INFO] [stdout]           inari_wasm::const_interval
[INFO] [stdout] 
[INFO] [stdout] error[E0433]: failed to resolve: use of undeclared type `Interval`
[INFO] [stdout]  --> src/integer.rs:48:12
[INFO] [stdout]   |
[INFO] [stdout] 8 | assert_eq!(Interval::EMPTY.floor(), Interval::EMPTY);
[INFO] [stdout]   |            ^^^^^^^^ use of undeclared type `Interval`
[INFO] [stdout] 
[INFO] [stdout] error[E0433]: failed to resolve: use of undeclared type `Interval`
[INFO] [stdout]  --> src/integer.rs:48:37
[INFO] [stdout]   |
[INFO] [stdout] 8 | assert_eq!(Interval::EMPTY.floor(), Interval::EMPTY);
[INFO] [stdout]   |                                     ^^^^^^^^ use of undeclared type `Interval`
[INFO] [stdout] 
[INFO] [stdout] error[E0433]: failed to resolve: use of undeclared type `Interval`
[INFO] [stdout]  --> src/integer.rs:49:12
[INFO] [stdout]   |
[INFO] [stdout] 9 | assert_eq!(Interval::ENTIRE.floor(), Interval::ENTIRE);
[INFO] [stdout]   |            ^^^^^^^^ use of undeclared type `Interval`
[INFO] [stdout] 
[INFO] [stdout] error[E0433]: failed to resolve: use of undeclared type `Interval`
[INFO] [stdout]  --> src/integer.rs:49:38
[INFO] [stdout]   |
[INFO] [stdout] 9 | assert_eq!(Interval::ENTIRE.floor(), Interval::ENTIRE);
[INFO] [stdout]   |                                      ^^^^^^^^ use of undeclared type `Interval`
[INFO] [stdout] 
[INFO] [stdout] error: aborting due to 13 previous errors
[INFO] [stdout] 
[INFO] [stdout] Some errors have detailed explanations: E0432, E0433.
[INFO] [stdout] For more information about an error, try `rustc --explain E0432`.
[INFO] [stdout] Couldn't compile the test.
[INFO] [stdout] ---- src/integer.rs - integer::Interval::round (line 69) stdout ----
[INFO] [stdout] error[E0432]: unresolved import `inari`
[INFO] [stdout]  --> src/integer.rs:70:5
[INFO] [stdout]   |
[INFO] [stdout] 3 | use inari::*;
[INFO] [stdout]   |     ^^^^^ use of undeclared crate or module `inari`
[INFO] [stdout] 
[INFO] [stdout] error: cannot find macro `const_interval` in this scope
[INFO] [stdout]  --> src/integer.rs:71:12
[INFO] [stdout]   |
[INFO] [stdout] 4 | assert_eq!(const_interval!(0.2, 1.2).round(), const_interval!(0.0, 1.0));
[INFO] [stdout]   |            ^^^^^^^^^^^^^^
[INFO] [stdout]   |
[INFO] [stdout]   = help: consider importing this macro:
[INFO] [stdout]           inari_wasm::const_interval
[INFO] [stdout] 
[INFO] [stdout] error: cannot find macro `const_interval` in this scope
[INFO] [stdout]  --> src/integer.rs:71:47
[INFO] [stdout]   |
[INFO] [stdout] 4 | assert_eq!(const_interval!(0.2, 1.2).round(), const_interval!(0.0, 1.0));
[INFO] [stdout]   |                                               ^^^^^^^^^^^^^^
[INFO] [stdout]   |
[INFO] [stdout]   = help: consider importing this macro:
[INFO] [stdout]           inari_wasm::const_interval
[INFO] [stdout] 
[INFO] [stdout] error: cannot find macro `const_interval` in this scope
[INFO] [stdout]  --> src/integer.rs:72:12
[INFO] [stdout]   |
[INFO] [stdout] 5 | assert_eq!(const_interval!(0.5, 1.5).round(), const_interval!(1.0, 2.0));
[INFO] [stdout]   |            ^^^^^^^^^^^^^^
[INFO] [stdout]   |
[INFO] [stdout]   = help: consider importing this macro:
[INFO] [stdout]           inari_wasm::const_interval
[INFO] [stdout] 
[INFO] [stdout] error: cannot find macro `const_interval` in this scope
[INFO] [stdout]  --> src/integer.rs:72:47
[INFO] [stdout]   |
[INFO] [stdout] 5 | assert_eq!(const_interval!(0.5, 1.5).round(), const_interval!(1.0, 2.0));
[INFO] [stdout]   |                                               ^^^^^^^^^^^^^^
[INFO] [stdout]   |
[INFO] [stdout]   = help: consider importing this macro:
[INFO] [stdout]           inari_wasm::const_interval
[INFO] [stdout] 
[INFO] [stdout] error: cannot find macro `const_interval` in this scope
[INFO] [stdout]  --> src/integer.rs:73:12
[INFO] [stdout]   |
[INFO] [stdout] 6 | assert_eq!(const_interval!(0.8, 1.8).round(), const_interval!(1.0, 2.0));
[INFO] [stdout]   |            ^^^^^^^^^^^^^^
[INFO] [stdout]   |
[INFO] [stdout]   = help: consider importing this macro:
[INFO] [stdout]           inari_wasm::const_interval
[INFO] [stdout] 
[INFO] [stdout] error: cannot find macro `const_interval` in this scope
[INFO] [stdout]  --> src/integer.rs:73:47
[INFO] [stdout]   |
[INFO] [stdout] 6 | assert_eq!(const_interval!(0.8, 1.8).round(), const_interval!(1.0, 2.0));
[INFO] [stdout]   |                                               ^^^^^^^^^^^^^^
[INFO] [stdout]   |
[INFO] [stdout]   = help: consider importing this macro:
[INFO] [stdout]           inari_wasm::const_interval
[INFO] [stdout] 
[INFO] [stdout] error: cannot find macro `const_interval` in this scope
[INFO] [stdout]  --> src/integer.rs:74:12
[INFO] [stdout]   |
[INFO] [stdout] 7 | assert_eq!(const_interval!(-1.2, -0.2).round(), const_interval!(-1.0, 0.0));
[INFO] [stdout]   |            ^^^^^^^^^^^^^^
[INFO] [stdout]   |
[INFO] [stdout]   = help: consider importing this macro:
[INFO] [stdout]           inari_wasm::const_interval
[INFO] [stdout] 
[INFO] [stdout] error: cannot find macro `const_interval` in this scope
[INFO] [stdout]  --> src/integer.rs:74:49
[INFO] [stdout]   |
[INFO] [stdout] 7 | assert_eq!(const_interval!(-1.2, -0.2).round(), const_interval!(-1.0, 0.0));
[INFO] [stdout]   |                                                 ^^^^^^^^^^^^^^
[INFO] [stdout]   |
[INFO] [stdout]   = help: consider importing this macro:
[INFO] [stdout]           inari_wasm::const_interval
[INFO] [stdout] 
[INFO] [stdout] error: cannot find macro `const_interval` in this scope
[INFO] [stdout]  --> src/integer.rs:75:12
[INFO] [stdout]   |
[INFO] [stdout] 8 | assert_eq!(const_interval!(-1.5, -0.5).round(), const_interval!(-2.0, -1.0));
[INFO] [stdout]   |            ^^^^^^^^^^^^^^
[INFO] [stdout]   |
[INFO] [stdout]   = help: consider importing this macro:
[INFO] [stdout]           inari_wasm::const_interval
[INFO] [stdout] 
[INFO] [stdout] error: cannot find macro `const_interval` in this scope
[INFO] [stdout]  --> src/integer.rs:75:49
[INFO] [stdout]   |
[INFO] [stdout] 8 | assert_eq!(const_interval!(-1.5, -0.5).round(), const_interval!(-2.0, -1.0));
[INFO] [stdout]   |                                                 ^^^^^^^^^^^^^^
[INFO] [stdout]   |
[INFO] [stdout]   = help: consider importing this macro:
[INFO] [stdout]           inari_wasm::const_interval
[INFO] [stdout] 
[INFO] [stdout] error: cannot find macro `const_interval` in this scope
[INFO] [stdout]  --> src/integer.rs:76:12
[INFO] [stdout]   |
[INFO] [stdout] 9 | assert_eq!(const_interval!(-1.8, -0.8).round(), const_interval!(-2.0, -1.0));
[INFO] [stdout]   |            ^^^^^^^^^^^^^^
[INFO] [stdout]   |
[INFO] [stdout]   = help: consider importing this macro:
[INFO] [stdout]           inari_wasm::const_interval
[INFO] [stdout] 
[INFO] [stdout] error: cannot find macro `const_interval` in this scope
[INFO] [stdout]  --> src/integer.rs:76:49
[INFO] [stdout]   |
[INFO] [stdout] 9 | assert_eq!(const_interval!(-1.8, -0.8).round(), const_interval!(-2.0, -1.0));
[INFO] [stdout]   |                                                 ^^^^^^^^^^^^^^
[INFO] [stdout]   |
[INFO] [stdout]   = help: consider importing this macro:
[INFO] [stdout]           inari_wasm::const_interval
[INFO] [stdout] 
[INFO] [stdout] error[E0433]: failed to resolve: use of undeclared type `Interval`
[INFO] [stdout]   --> src/integer.rs:77:12
[INFO] [stdout]    |
[INFO] [stdout] 10 | assert_eq!(Interval::EMPTY.round(), Interval::EMPTY);
[INFO] [stdout]    |            ^^^^^^^^ use of undeclared type `Interval`
[INFO] [stdout] 
[INFO] [stdout] error[E0433]: failed to resolve: use of undeclared type `Interval`
[INFO] [stdout]   --> src/integer.rs:77:37
[INFO] [stdout]    |
[INFO] [stdout] 10 | assert_eq!(Interval::EMPTY.round(), Interval::EMPTY);
[INFO] [stdout]    |                                     ^^^^^^^^ use of undeclared type `Interval`
[INFO] [stdout] 
[INFO] [stdout] error[E0433]: failed to resolve: use of undeclared type `Interval`
[INFO] [stdout]   --> src/integer.rs:78:12
[INFO] [stdout]    |
[INFO] [stdout] 11 | assert_eq!(Interval::ENTIRE.round(), Interval::ENTIRE);
[INFO] [stdout]    |            ^^^^^^^^ use of undeclared type `Interval`
[INFO] [stdout] 
[INFO] [stdout] error[E0433]: failed to resolve: use of undeclared type `Interval`
[INFO] [stdout]   --> src/integer.rs:78:38
[INFO] [stdout]    |
[INFO] [stdout] 11 | assert_eq!(Interval::ENTIRE.round(), Interval::ENTIRE);
[INFO] [stdout]    |                                      ^^^^^^^^ use of undeclared type `Interval`
[INFO] [stdout] 
[INFO] [stdout] error: aborting due to 17 previous errors
[INFO] [stdout] 
[INFO] [stdout] Some errors have detailed explanations: E0432, E0433.
[INFO] [stdout] For more information about an error, try `rustc --explain E0432`.
[INFO] [stdout] Couldn't compile the test.
[INFO] [stdout] ---- src/integer.rs - integer::Interval::sign (line 132) stdout ----
[INFO] [stdout] error[E0432]: unresolved import `inari`
[INFO] [stdout]  --> src/integer.rs:133:5
[INFO] [stdout]   |
[INFO] [stdout] 3 | use inari::*;
[INFO] [stdout]   |     ^^^^^ use of undeclared crate or module `inari`
[INFO] [stdout] 
[INFO] [stdout] error: cannot find macro `const_interval` in this scope
[INFO] [stdout]  --> src/integer.rs:134:12
[INFO] [stdout]   |
[INFO] [stdout] 4 | assert_eq!(const_interval!(-10.0, -0.1).sign(), const_interval!(-1.0, -1.0));
[INFO] [stdout]   |            ^^^^^^^^^^^^^^
[INFO] [stdout]   |
[INFO] [stdout]   = help: consider importing this macro:
[INFO] [stdout]           inari_wasm::const_interval
[INFO] [stdout] 
[INFO] [stdout] error: cannot find macro `const_interval` in this scope
[INFO] [stdout]  --> src/integer.rs:134:49
[INFO] [stdout]   |
[INFO] [stdout] 4 | assert_eq!(const_interval!(-10.0, -0.1).sign(), const_interval!(-1.0, -1.0));
[INFO] [stdout]   |                                                 ^^^^^^^^^^^^^^
[INFO] [stdout]   |
[INFO] [stdout]   = help: consider importing this macro:
[INFO] [stdout]           inari_wasm::const_interval
[INFO] [stdout] 
[INFO] [stdout] error: cannot find macro `const_interval` in this scope
[INFO] [stdout]  --> src/integer.rs:135:12
[INFO] [stdout]   |
[INFO] [stdout] 5 | assert_eq!(const_interval!(0.0, 0.0).sign(), const_interval!(0.0, 0.0));
[INFO] [stdout]   |            ^^^^^^^^^^^^^^
[INFO] [stdout]   |
[INFO] [stdout]   = help: consider importing this macro:
[INFO] [stdout]           inari_wasm::const_interval
[INFO] [stdout] 
[INFO] [stdout] error: cannot find macro `const_interval` in this scope
[INFO] [stdout]  --> src/integer.rs:135:46
[INFO] [stdout]   |
[INFO] [stdout] 5 | assert_eq!(const_interval!(0.0, 0.0).sign(), const_interval!(0.0, 0.0));
[INFO] [stdout]   |                                              ^^^^^^^^^^^^^^
[INFO] [stdout]   |
[INFO] [stdout]   = help: consider importing this macro:
[INFO] [stdout]           inari_wasm::const_interval
[INFO] [stdout] 
[INFO] [stdout] error: cannot find macro `const_interval` in this scope
[INFO] [stdout]  --> src/integer.rs:136:12
[INFO] [stdout]   |
[INFO] [stdout] 6 | assert_eq!(const_interval!(0.1, 10.0).sign(), const_interval!(1.0, 1.0));
[INFO] [stdout]   |            ^^^^^^^^^^^^^^
[INFO] [stdout]   |
[INFO] [stdout]   = help: consider importing this macro:
[INFO] [stdout]           inari_wasm::const_interval
[INFO] [stdout] 
[INFO] [stdout] error: cannot find macro `const_interval` in this scope
[INFO] [stdout]  --> src/integer.rs:136:47
[INFO] [stdout]   |
[INFO] [stdout] 6 | assert_eq!(const_interval!(0.1, 10.0).sign(), const_interval!(1.0, 1.0));
[INFO] [stdout]   |                                               ^^^^^^^^^^^^^^
[INFO] [stdout]   |
[INFO] [stdout]   = help: consider importing this macro:
[INFO] [stdout]           inari_wasm::const_interval
[INFO] [stdout] 
[INFO] [stdout] error: cannot find macro `const_interval` in this scope
[INFO] [stdout]  --> src/integer.rs:138:37
[INFO] [stdout]   |
[INFO] [stdout] 8 | assert_eq!(Interval::ENTIRE.sign(), const_interval!(-1.0, 1.0));
[INFO] [stdout]   |                                     ^^^^^^^^^^^^^^
[INFO] [stdout]   |
[INFO] [stdout]   = help: consider importing this macro:
[INFO] [stdout]           inari_wasm::const_interval
[INFO] [stdout] 
[INFO] [stdout] error[E0433]: failed to resolve: use of undeclared type `Interval`
[INFO] [stdout]  --> src/integer.rs:137:12
[INFO] [stdout]   |
[INFO] [stdout] 7 | assert_eq!(Interval::EMPTY.sign(), Interval::EMPTY);
[INFO] [stdout]   |            ^^^^^^^^ use of undeclared type `Interval`
[INFO] [stdout] 
[INFO] [stdout] error[E0433]: failed to resolve: use of undeclared type `Interval`
[INFO] [stdout]  --> src/integer.rs:137:36
[INFO] [stdout]   |
[INFO] [stdout] 7 | assert_eq!(Interval::EMPTY.sign(), Interval::EMPTY);
[INFO] [stdout]   |                                    ^^^^^^^^ use of undeclared type `Interval`
[INFO] [stdout] 
[INFO] [stdout] error[E0433]: failed to resolve: use of undeclared type `Interval`
[INFO] [stdout]  --> src/integer.rs:138:12
[INFO] [stdout]   |
[INFO] [stdout] 8 | assert_eq!(Interval::ENTIRE.sign(), const_interval!(-1.0, 1.0));
[INFO] [stdout]   |            ^^^^^^^^ use of undeclared type `Interval`
[INFO] [stdout] 
[INFO] [stdout] error: aborting due to 11 previous errors
[INFO] [stdout] 
[INFO] [stdout] Some errors have detailed explanations: E0432, E0433.
[INFO] [stdout] For more information about an error, try `rustc --explain E0432`.
[INFO] [stdout] Couldn't compile the test.
[INFO] [stdout] ---- src/integer.rs - integer::Interval::trunc (line 161) stdout ----
[INFO] [stdout] error[E0432]: unresolved import `inari`
[INFO] [stdout]  --> src/integer.rs:162:5
[INFO] [stdout]   |
[INFO] [stdout] 3 | use inari::*;
[INFO] [stdout]   |     ^^^^^ use of undeclared crate or module `inari`
[INFO] [stdout] 
[INFO] [stdout] error: cannot find macro `const_interval` in this scope
[INFO] [stdout]  --> src/integer.rs:163:12
[INFO] [stdout]   |
[INFO] [stdout] 4 | assert_eq!(const_interval!(0.2, 1.2).trunc(), const_interval!(0.0, 1.0));
[INFO] [stdout]   |            ^^^^^^^^^^^^^^
[INFO] [stdout]   |
[INFO] [stdout]   = help: consider importing this macro:
[INFO] [stdout]           inari_wasm::const_interval
[INFO] [stdout] 
[INFO] [stdout] error: cannot find macro `const_interval` in this scope
[INFO] [stdout]  --> src/integer.rs:163:47
[INFO] [stdout]   |
[INFO] [stdout] 4 | assert_eq!(const_interval!(0.2, 1.2).trunc(), const_interval!(0.0, 1.0));
[INFO] [stdout]   |                                               ^^^^^^^^^^^^^^
[INFO] [stdout]   |
[INFO] [stdout]   = help: consider importing this macro:
[INFO] [stdout]           inari_wasm::const_interval
[INFO] [stdout] 
[INFO] [stdout] error: cannot find macro `const_interval` in this scope
[INFO] [stdout]  --> src/integer.rs:164:12
[INFO] [stdout]   |
[INFO] [stdout] 5 | assert_eq!(const_interval!(0.8, 1.8).trunc(), const_interval!(0.0, 1.0));
[INFO] [stdout]   |            ^^^^^^^^^^^^^^
[INFO] [stdout]   |
[INFO] [stdout]   = help: consider importing this macro:
[INFO] [stdout]           inari_wasm::const_interval
[INFO] [stdout] 
[INFO] [stdout] error: cannot find macro `const_interval` in this scope
[INFO] [stdout]  --> src/integer.rs:164:47
[INFO] [stdout]   |
[INFO] [stdout] 5 | assert_eq!(const_interval!(0.8, 1.8).trunc(), const_interval!(0.0, 1.0));
[INFO] [stdout]   |                                               ^^^^^^^^^^^^^^
[INFO] [stdout]   |
[INFO] [stdout]   = help: consider importing this macro:
[INFO] [stdout]           inari_wasm::const_interval
[INFO] [stdout] 
[INFO] [stdout] error: cannot find macro `const_interval` in this scope
[INFO] [stdout]  --> src/integer.rs:165:12
[INFO] [stdout]   |
[INFO] [stdout] 6 | assert_eq!(const_interval!(-1.2, -0.2).trunc(), const_interval!(-1.0, 0.0));
[INFO] [stdout]   |            ^^^^^^^^^^^^^^
[INFO] [stdout]   |
[INFO] [stdout]   = help: consider importing this macro:
[INFO] [stdout]           inari_wasm::const_interval
[INFO] [stdout] 
[INFO] [stdout] error: cannot find macro `const_interval` in this scope
[INFO] [stdout]  --> src/integer.rs:165:49
[INFO] [stdout]   |
[INFO] [stdout] 6 | assert_eq!(const_interval!(-1.2, -0.2).trunc(), const_interval!(-1.0, 0.0));
[INFO] [stdout]   |                                                 ^^^^^^^^^^^^^^
[INFO] [stdout]   |
[INFO] [stdout]   = help: consider importing this macro:
[INFO] [stdout]           inari_wasm::const_interval
[INFO] [stdout] 
[INFO] [stdout] error: cannot find macro `const_interval` in this scope
[INFO] [stdout]  --> src/integer.rs:166:12
[INFO] [stdout]   |
[INFO] [stdout] 7 | assert_eq!(const_interval!(-1.8, -0.8).trunc(), const_interval!(-1.0, 0.0));
[INFO] [stdout]   |            ^^^^^^^^^^^^^^
[INFO] [stdout]   |
[INFO] [stdout]   = help: consider importing this macro:
[INFO] [stdout]           inari_wasm::const_interval
[INFO] [stdout] 
[INFO] [stdout] error: cannot find macro `const_interval` in this scope
[INFO] [stdout]  --> src/integer.rs:166:49
[INFO] [stdout]   |
[INFO] [stdout] 7 | assert_eq!(const_interval!(-1.8, -0.8).trunc(), const_interval!(-1.0, 0.0));
[INFO] [stdout]   |                                                 ^^^^^^^^^^^^^^
[INFO] [stdout]   |
[INFO] [stdout]   = help: consider importing this macro:
[INFO] [stdout]           inari_wasm::const_interval
[INFO] [stdout] 
[INFO] [stdout] error[E0433]: failed to resolve: use of undeclared type `Interval`
[INFO] [stdout]  --> src/integer.rs:167:12
[INFO] [stdout]   |
[INFO] [stdout] 8 | assert_eq!(Interval::EMPTY.trunc(), Interval::EMPTY);
[INFO] [stdout]   |            ^^^^^^^^ use of undeclared type `Interval`
[INFO] [stdout] 
[INFO] [stdout] error[E0433]: failed to resolve: use of undeclared type `Interval`
[INFO] [stdout]  --> src/integer.rs:167:37
[INFO] [stdout]   |
[INFO] [stdout] 8 | assert_eq!(Interval::EMPTY.trunc(), Interval::EMPTY);
[INFO] [stdout]   |                                     ^^^^^^^^ use of undeclared type `Interval`
[INFO] [stdout] 
[INFO] [stdout] error[E0433]: failed to resolve: use of undeclared type `Interval`
[INFO] [stdout]  --> src/integer.rs:168:12
[INFO] [stdout]   |
[INFO] [stdout] 9 | assert_eq!(Interval::ENTIRE.trunc(), Interval::ENTIRE);
[INFO] [stdout]   |            ^^^^^^^^ use of undeclared type `Interval`
[INFO] [stdout] 
[INFO] [stdout] error[E0433]: failed to resolve: use of undeclared type `Interval`
[INFO] [stdout]  --> src/integer.rs:168:38
[INFO] [stdout]   |
[INFO] [stdout] 9 | assert_eq!(Interval::ENTIRE.trunc(), Interval::ENTIRE);
[INFO] [stdout]   |                                      ^^^^^^^^ use of undeclared type `Interval`
[INFO] [stdout] 
[INFO] [stdout] error: aborting due to 13 previous errors
[INFO] [stdout] 
[INFO] [stdout] Some errors have detailed explanations: E0432, E0433.
[INFO] [stdout] For more information about an error, try `rustc --explain E0432`.
[INFO] [stdout] Couldn't compile the test.
[INFO] [stdout] ---- src/integer.rs - integer::Interval::round_ties_to_even (line 100) stdout ----
[INFO] [stdout] error[E0432]: unresolved import `inari`
[INFO] [stdout]  --> src/integer.rs:101:5
[INFO] [stdout]   |
[INFO] [stdout] 3 | use inari::*;
[INFO] [stdout]   |     ^^^^^ use of undeclared crate or module `inari`
[INFO] [stdout] 
[INFO] [stdout] error: cannot find macro `const_interval` in this scope
[INFO] [stdout]  --> src/integer.rs:102:12
[INFO] [stdout]   |
[INFO] [stdout] 4 | assert_eq!(const_interval!(0.2, 1.2).round_ties_to_even(), const_interval!(0.0, 1.0));
[INFO] [stdout]   |            ^^^^^^^^^^^^^^
[INFO] [stdout]   |
[INFO] [stdout]   = help: consider importing this macro:
[INFO] [stdout]           inari_wasm::const_interval
[INFO] [stdout] 
[INFO] [stdout] error: cannot find macro `const_interval` in this scope
[INFO] [stdout]  --> src/integer.rs:102:60
[INFO] [stdout]   |
[INFO] [stdout] 4 | assert_eq!(const_interval!(0.2, 1.2).round_ties_to_even(), const_interval!(0.0, 1.0));
[INFO] [stdout]   |                                                            ^^^^^^^^^^^^^^
[INFO] [stdout]   |
[INFO] [stdout]   = help: consider importing this macro:
[INFO] [stdout]           inari_wasm::const_interval
[INFO] [stdout] 
[INFO] [stdout] error: cannot find macro `const_interval` in this scope
[INFO] [stdout]  --> src/integer.rs:103:12
[INFO] [stdout]   |
[INFO] [stdout] 5 | assert_eq!(const_interval!(0.5, 1.5).round_ties_to_even(), const_interval!(0.0, 2.0));
[INFO] [stdout]   |            ^^^^^^^^^^^^^^
[INFO] [stdout]   |
[INFO] [stdout]   = help: consider importing this macro:
[INFO] [stdout]           inari_wasm::const_interval
[INFO] [stdout] 
[INFO] [stdout] error: cannot find macro `const_interval` in this scope
[INFO] [stdout]  --> src/integer.rs:103:60
[INFO] [stdout]   |
[INFO] [stdout] 5 | assert_eq!(const_interval!(0.5, 1.5).round_ties_to_even(), const_interval!(0.0, 2.0));
[INFO] [stdout]   |                                                            ^^^^^^^^^^^^^^
[INFO] [stdout]   |
[INFO] [stdout]   = help: consider importing this macro:
[INFO] [stdout]           inari_wasm::const_interval
[INFO] [stdout] 
[INFO] [stdout] error: cannot find macro `const_interval` in this scope
[INFO] [stdout]  --> src/integer.rs:104:12
[INFO] [stdout]   |
[INFO] [stdout] 6 | assert_eq!(const_interval!(0.8, 1.8).round_ties_to_even(), const_interval!(1.0, 2.0));
[INFO] [stdout]   |            ^^^^^^^^^^^^^^
[INFO] [stdout]   |
[INFO] [stdout]   = help: consider importing this macro:
[INFO] [stdout]           inari_wasm::const_interval
[INFO] [stdout] 
[INFO] [stdout] error: cannot find macro `const_interval` in this scope
[INFO] [stdout]  --> src/integer.rs:104:60
[INFO] [stdout]   |
[INFO] [stdout] 6 | assert_eq!(const_interval!(0.8, 1.8).round_ties_to_even(), const_interval!(1.0, 2.0));
[INFO] [stdout]   |                                                            ^^^^^^^^^^^^^^
[INFO] [stdout]   |
[INFO] [stdout]   = help: consider importing this macro:
[INFO] [stdout]           inari_wasm::const_interval
[INFO] [stdout] 
[INFO] [stdout] error: cannot find macro `const_interval` in this scope
[INFO] [stdout]  --> src/integer.rs:105:12
[INFO] [stdout]   |
[INFO] [stdout] 7 | assert_eq!(const_interval!(-1.2, -0.2).round_ties_to_even(), const_interval!(-1.0, 0.0));
[INFO] [stdout]   |            ^^^^^^^^^^^^^^
[INFO] [stdout]   |
[INFO] [stdout]   = help: consider importing this macro:
[INFO] [stdout]           inari_wasm::const_interval
[INFO] [stdout] 
[INFO] [stdout] error: cannot find macro `const_interval` in this scope
[INFO] [stdout]  --> src/integer.rs:105:62
[INFO] [stdout]   |
[INFO] [stdout] 7 | assert_eq!(const_interval!(-1.2, -0.2).round_ties_to_even(), const_interval!(-1.0, 0.0));
[INFO] [stdout]   |                                                              ^^^^^^^^^^^^^^
[INFO] [stdout]   |
[INFO] [stdout]   = help: consider importing this macro:
[INFO] [stdout]           inari_wasm::const_interval
[INFO] [stdout] 
[INFO] [stdout] error: cannot find macro `const_interval` in this scope
[INFO] [stdout]  --> src/integer.rs:106:12
[INFO] [stdout]   |
[INFO] [stdout] 8 | assert_eq!(const_interval!(-1.5, -0.5).round_ties_to_even(), const_interval!(-2.0, 0.0));
[INFO] [stdout]   |            ^^^^^^^^^^^^^^
[INFO] [stdout]   |
[INFO] [stdout]   = help: consider importing this macro:
[INFO] [stdout]           inari_wasm::const_interval
[INFO] [stdout] 
[INFO] [stdout] error: cannot find macro `const_interval` in this scope
[INFO] [stdout]  --> src/integer.rs:106:62
[INFO] [stdout]   |
[INFO] [stdout] 8 | assert_eq!(const_interval!(-1.5, -0.5).round_ties_to_even(), const_interval!(-2.0, 0.0));
[INFO] [stdout]   |                                                              ^^^^^^^^^^^^^^
[INFO] [stdout]   |
[INFO] [stdout]   = help: consider importing this macro:
[INFO] [stdout]           inari_wasm::const_interval
[INFO] [stdout] 
[INFO] [stdout] error: cannot find macro `const_interval` in this scope
[INFO] [stdout]  --> src/integer.rs:107:12
[INFO] [stdout]   |
[INFO] [stdout] 9 | assert_eq!(const_interval!(-1.8, -0.8).round_ties_to_even(), const_interval!(-2.0, -1.0));
[INFO] [stdout]   |            ^^^^^^^^^^^^^^
[INFO] [stdout]   |
[INFO] [stdout]   = help: consider importing this macro:
[INFO] [stdout]           inari_wasm::const_interval
[INFO] [stdout] 
[INFO] [stdout] error: cannot find macro `const_interval` in this scope
[INFO] [stdout]  --> src/integer.rs:107:62
[INFO] [stdout]   |
[INFO] [stdout] 9 | assert_eq!(const_interval!(-1.8, -0.8).round_ties_to_even(), const_interval!(-2.0, -1.0));
[INFO] [stdout]   |                                                              ^^^^^^^^^^^^^^
[INFO] [stdout]   |
[INFO] [stdout]   = help: consider importing this macro:
[INFO] [stdout]           inari_wasm::const_interval
[INFO] [stdout] 
[INFO] [stdout] error[E0433]: failed to resolve: use of undeclared type `Interval`
[INFO] [stdout]   --> src/integer.rs:108:12
[INFO] [stdout]    |
[INFO] [stdout] 10 | assert_eq!(Interval::EMPTY.round_ties_to_even(), Interval::EMPTY);
[INFO] [stdout]    |            ^^^^^^^^ use of undeclared type `Interval`
[INFO] [stdout] 
[INFO] [stdout] error[E0433]: failed to resolve: use of undeclared type `Interval`
[INFO] [stdout]   --> src/integer.rs:108:50
[INFO] [stdout]    |
[INFO] [stdout] 10 | assert_eq!(Interval::EMPTY.round_ties_to_even(), Interval::EMPTY);
[INFO] [stdout]    |                                                  ^^^^^^^^ use of undeclared type `Interval`
[INFO] [stdout] 
[INFO] [stdout] error[E0433]: failed to resolve: use of undeclared type `Interval`
[INFO] [stdout]   --> src/integer.rs:109:12
[INFO] [stdout]    |
[INFO] [stdout] 11 | assert_eq!(Interval::ENTIRE.round_ties_to_even(), Interval::ENTIRE);
[INFO] [stdout]    |            ^^^^^^^^ use of undeclared type `Interval`
[INFO] [stdout] 
[INFO] [stdout] error[E0433]: failed to resolve: use of undeclared type `Interval`
[INFO] [stdout]   --> src/integer.rs:109:51
[INFO] [stdout]    |
[INFO] [stdout] 11 | assert_eq!(Interval::ENTIRE.round_ties_to_even(), Interval::ENTIRE);
[INFO] [stdout]    |                                                   ^^^^^^^^ use of undeclared type `Interval`
[INFO] [stdout] 
[INFO] [stdout] error: aborting due to 17 previous errors
[INFO] [stdout] 
[INFO] [stdout] Some errors have detailed explanations: E0432, E0433.
[INFO] [stdout] For more information about an error, try `rustc --explain E0432`.
[INFO] [stdout] Couldn't compile the test.
[INFO] [stdout] 
[INFO] [stdout] failures:
[INFO] [stdout]     src/integer.rs - integer::Interval::ceil (line 14)
[INFO] [stdout]     src/integer.rs - integer::Interval::floor (line 42)
[INFO] [stdout]     src/integer.rs - integer::Interval::round (line 69)
[INFO] [stdout]     src/integer.rs - integer::Interval::round_ties_to_even (line 100)
[INFO] [stdout]     src/integer.rs - integer::Interval::sign (line 132)
[INFO] [stdout]     src/integer.rs - integer::Interval::trunc (line 161)
[INFO] [stdout] 
[INFO] [stdout] test result: FAILED. 13 passed; 6 failed; 0 ignored; 0 measured; 0 filtered out; finished in 0.27s
[INFO] [stdout] 
[INFO] [stderr] error: doctest failed, to rerun pass `--doc`
[INFO] running `Command { std: "docker" "inspect" "5117a729f8afd747469dc898f6ccb5ec06fc7d96123866647be69f08fe8b1633", kill_on_drop: false }`
[INFO] running `Command { std: "docker" "rm" "-f" "5117a729f8afd747469dc898f6ccb5ec06fc7d96123866647be69f08fe8b1633", kill_on_drop: false }`
[INFO] [stdout] 5117a729f8afd747469dc898f6ccb5ec06fc7d96123866647be69f08fe8b1633
