[INFO] fetching crate ina3221 0.4.5...
[INFO] testing ina3221-0.4.5 against 1.69.0 for beta-1.70-1
[INFO] extracting crate ina3221 0.4.5 into /workspace/builds/worker-7-tc1/source
[INFO] validating manifest of crates.io crate ina3221 0.4.5 on toolchain 1.69.0
[INFO] running `Command { std: CARGO_HOME="/workspace/cargo-home" RUSTUP_HOME="/workspace/rustup-home" "/workspace/cargo-home/bin/cargo" "+1.69.0" "metadata" "--manifest-path" "Cargo.toml" "--no-deps", kill_on_drop: false }`
[INFO] started tweaking crates.io crate ina3221 0.4.5
[INFO] finished tweaking crates.io crate ina3221 0.4.5
[INFO] tweaked toml for crates.io crate ina3221 0.4.5 written to /workspace/builds/worker-7-tc1/source/Cargo.toml
[INFO] running `Command { std: CARGO_HOME="/workspace/cargo-home" RUSTUP_HOME="/workspace/rustup-home" __CARGO_TEST_CHANNEL_OVERRIDE_DO_NOT_USE_THIS="nightly" "/workspace/cargo-home/bin/cargo" "+1.69.0" "generate-lockfile" "--manifest-path" "Cargo.toml" "-Zno-index-update", kill_on_drop: false }`
[INFO] running `Command { std: CARGO_HOME="/workspace/cargo-home" RUSTUP_HOME="/workspace/rustup-home" "/workspace/cargo-home/bin/cargo" "+1.69.0" "fetch" "--manifest-path" "Cargo.toml", kill_on_drop: false }`
[INFO] [stderr]  Downloading crates ...
[INFO] [stderr]   Downloaded embedded-hal v1.0.0-alpha.10
[INFO] [stderr]   Downloaded ohms v0.2.0
[INFO] running `Command { std: "docker" "create" "-v" "/var/lib/crater-agent-workspace/builds/worker-7-tc1/target:/opt/rustwide/target:rw,Z" "-v" "/var/lib/crater-agent-workspace/builds/worker-7-tc1/source:/opt/rustwide/workdir:ro,Z" "-v" "/var/lib/crater-agent-workspace/cargo-home:/opt/rustwide/cargo-home:ro,Z" "-v" "/var/lib/crater-agent-workspace/rustup-home:/opt/rustwide/rustup-home:ro,Z" "-e" "SOURCE_DIR=/opt/rustwide/workdir" "-e" "CARGO_TARGET_DIR=/opt/rustwide/target" "-e" "CARGO_HOME=/opt/rustwide/cargo-home" "-e" "RUSTUP_HOME=/opt/rustwide/rustup-home" "-w" "/opt/rustwide/workdir" "-m" "1610612736" "--user" "0:0" "--network" "none" "ghcr.io/rust-lang/crates-build-env/linux@sha256:5ff2268d62e97bff2cde7d5815dd6ed5b47097566f13b8d0ca110b04b60e07ed" "/opt/rustwide/cargo-home/bin/cargo" "+1.69.0" "metadata" "--no-deps" "--format-version=1", kill_on_drop: false }`
[INFO] [stdout] 787c1f97fc8452e4addc89d8997bc4f56957706ef32eb48fd174e0631aecef51
[INFO] running `Command { std: "docker" "start" "-a" "787c1f97fc8452e4addc89d8997bc4f56957706ef32eb48fd174e0631aecef51", kill_on_drop: false }`
[INFO] running `Command { std: "docker" "inspect" "787c1f97fc8452e4addc89d8997bc4f56957706ef32eb48fd174e0631aecef51", kill_on_drop: false }`
[INFO] running `Command { std: "docker" "rm" "-f" "787c1f97fc8452e4addc89d8997bc4f56957706ef32eb48fd174e0631aecef51", kill_on_drop: false }`
[INFO] [stdout] 787c1f97fc8452e4addc89d8997bc4f56957706ef32eb48fd174e0631aecef51
[INFO] running `Command { std: "docker" "create" "-v" "/var/lib/crater-agent-workspace/builds/worker-7-tc1/target:/opt/rustwide/target:rw,Z" "-v" "/var/lib/crater-agent-workspace/builds/worker-7-tc1/source:/opt/rustwide/workdir:ro,Z" "-v" "/var/lib/crater-agent-workspace/cargo-home:/opt/rustwide/cargo-home:ro,Z" "-v" "/var/lib/crater-agent-workspace/rustup-home:/opt/rustwide/rustup-home:ro,Z" "-e" "SOURCE_DIR=/opt/rustwide/workdir" "-e" "CARGO_TARGET_DIR=/opt/rustwide/target" "-e" "CARGO_INCREMENTAL=0" "-e" "RUST_BACKTRACE=full" "-e" "RUSTFLAGS=--cap-lints=warn" "-e" "RUSTDOCFLAGS=--cap-lints=warn" "-e" "CARGO_HOME=/opt/rustwide/cargo-home" "-e" "RUSTUP_HOME=/opt/rustwide/rustup-home" "-w" "/opt/rustwide/workdir" "-m" "1610612736" "--user" "0:0" "--network" "none" "ghcr.io/rust-lang/crates-build-env/linux@sha256:5ff2268d62e97bff2cde7d5815dd6ed5b47097566f13b8d0ca110b04b60e07ed" "/opt/rustwide/cargo-home/bin/cargo" "+1.69.0" "build" "--frozen" "--message-format=json", kill_on_drop: false }`
[INFO] [stdout] c536088158680f901538b4df3f12b3d7ce1c789d5726415893e5b117c9e8d593
[INFO] running `Command { std: "docker" "start" "-a" "c536088158680f901538b4df3f12b3d7ce1c789d5726415893e5b117c9e8d593", kill_on_drop: false }`
[INFO] [stderr]    Compiling ohms v0.2.0
[INFO] [stderr]    Compiling embedded-hal v1.0.0-alpha.10
[INFO] [stderr]    Compiling ina3221 v0.4.5 (/opt/rustwide/workdir)
[INFO] [stderr]     Finished dev [unoptimized + debuginfo] target(s) in 0.27s
[INFO] running `Command { std: "docker" "inspect" "c536088158680f901538b4df3f12b3d7ce1c789d5726415893e5b117c9e8d593", kill_on_drop: false }`
[INFO] running `Command { std: "docker" "rm" "-f" "c536088158680f901538b4df3f12b3d7ce1c789d5726415893e5b117c9e8d593", kill_on_drop: false }`
[INFO] [stdout] c536088158680f901538b4df3f12b3d7ce1c789d5726415893e5b117c9e8d593
[INFO] running `Command { std: "docker" "create" "-v" "/var/lib/crater-agent-workspace/builds/worker-7-tc1/target:/opt/rustwide/target:rw,Z" "-v" "/var/lib/crater-agent-workspace/builds/worker-7-tc1/source:/opt/rustwide/workdir:ro,Z" "-v" "/var/lib/crater-agent-workspace/cargo-home:/opt/rustwide/cargo-home:ro,Z" "-v" "/var/lib/crater-agent-workspace/rustup-home:/opt/rustwide/rustup-home:ro,Z" "-e" "SOURCE_DIR=/opt/rustwide/workdir" "-e" "CARGO_TARGET_DIR=/opt/rustwide/target" "-e" "CARGO_INCREMENTAL=0" "-e" "RUST_BACKTRACE=full" "-e" "RUSTFLAGS=--cap-lints=warn" "-e" "RUSTDOCFLAGS=--cap-lints=warn" "-e" "CARGO_HOME=/opt/rustwide/cargo-home" "-e" "RUSTUP_HOME=/opt/rustwide/rustup-home" "-w" "/opt/rustwide/workdir" "-m" "1610612736" "--user" "0:0" "--network" "none" "ghcr.io/rust-lang/crates-build-env/linux@sha256:5ff2268d62e97bff2cde7d5815dd6ed5b47097566f13b8d0ca110b04b60e07ed" "/opt/rustwide/cargo-home/bin/cargo" "+1.69.0" "test" "--frozen" "--no-run" "--message-format=json", kill_on_drop: false }`
[INFO] [stdout] c06bbf029870de717a21f242b628164f2223c673d831869c57b590b39a4decf4
[INFO] running `Command { std: "docker" "start" "-a" "c06bbf029870de717a21f242b628164f2223c673d831869c57b590b39a4decf4", kill_on_drop: false }`
[INFO] [stderr]    Compiling ina3221 v0.4.5 (/opt/rustwide/workdir)
[INFO] [stderr]     Finished test [unoptimized + debuginfo] target(s) in 0.27s
[INFO] running `Command { std: "docker" "inspect" "c06bbf029870de717a21f242b628164f2223c673d831869c57b590b39a4decf4", kill_on_drop: false }`
[INFO] running `Command { std: "docker" "rm" "-f" "c06bbf029870de717a21f242b628164f2223c673d831869c57b590b39a4decf4", kill_on_drop: false }`
[INFO] [stdout] c06bbf029870de717a21f242b628164f2223c673d831869c57b590b39a4decf4
[INFO] running `Command { std: "docker" "create" "-v" "/var/lib/crater-agent-workspace/builds/worker-7-tc1/target:/opt/rustwide/target:rw,Z" "-v" "/var/lib/crater-agent-workspace/builds/worker-7-tc1/source:/opt/rustwide/workdir:ro,Z" "-v" "/var/lib/crater-agent-workspace/cargo-home:/opt/rustwide/cargo-home:ro,Z" "-v" "/var/lib/crater-agent-workspace/rustup-home:/opt/rustwide/rustup-home:ro,Z" "-e" "SOURCE_DIR=/opt/rustwide/workdir" "-e" "CARGO_TARGET_DIR=/opt/rustwide/target" "-e" "CARGO_INCREMENTAL=0" "-e" "RUST_BACKTRACE=full" "-e" "RUSTFLAGS=--cap-lints=warn" "-e" "RUSTDOCFLAGS=--cap-lints=warn" "-e" "CARGO_HOME=/opt/rustwide/cargo-home" "-e" "RUSTUP_HOME=/opt/rustwide/rustup-home" "-w" "/opt/rustwide/workdir" "-m" "1610612736" "--user" "0:0" "--network" "none" "ghcr.io/rust-lang/crates-build-env/linux@sha256:5ff2268d62e97bff2cde7d5815dd6ed5b47097566f13b8d0ca110b04b60e07ed" "/opt/rustwide/cargo-home/bin/cargo" "+1.69.0" "test" "--frozen", kill_on_drop: false }`
[INFO] [stdout] 65b96eff3f2a6031ad39421144c97ed608826c044ba36cd6e9025788ea14afa3
[INFO] running `Command { std: "docker" "start" "-a" "65b96eff3f2a6031ad39421144c97ed608826c044ba36cd6e9025788ea14afa3", kill_on_drop: false }`
[INFO] [stderr]     Blocking waiting for file lock on package cache
[INFO] [stderr]     Finished test [unoptimized + debuginfo] target(s) in 0.11s
[INFO] [stderr]      Running unittests src/lib.rs (/opt/rustwide/target/debug/deps/ina3221-bacf9533aa2b5419)
[INFO] [stdout] 
[INFO] [stdout] running 0 tests
[INFO] [stdout] 
[INFO] [stderr]    Doc-tests ina3221
[INFO] [stdout] test result: ok. 0 passed; 0 failed; 0 ignored; 0 measured; 0 filtered out; finished in 0.00s
[INFO] [stdout] 
[INFO] [stdout] 
[INFO] [stdout] running 3 tests
[INFO] [stdout] test src/driver.rs - driver::INA3221 (line 72) ... FAILED
[INFO] [stdout] test src/driver.rs - driver::INA3221 (line 137) ... FAILED
[INFO] [stdout] test src/driver.rs - driver::INA3221 (line 88) ... FAILED
[INFO] [stdout] 
[INFO] [stdout] failures:
[INFO] [stdout] 
[INFO] [stdout] ---- src/driver.rs - driver::INA3221 (line 72) stdout ----
[INFO] [stdout] error[E0425]: cannot find value `ina` in this scope
[INFO] [stdout]  --> src/driver.rs:75:21
[INFO] [stdout]   |
[INFO] [stdout] 5 | let shunt_voltage = ina.get_shunt_voltage(0).unwrap();
[INFO] [stdout]   |                     ^^^ not found in this scope
[INFO] [stdout] 
[INFO] [stdout] error[E0599]: no method named `milli_ohms` found for type `u32` in the current scope
[INFO] [stdout]    --> src/driver.rs:74:29
[INFO] [stdout]     |
[INFO] [stdout] 4   | let shunt_resistor = 100u32.milli_ohms();
[INFO] [stdout]     |                             ^^^^^^^^^^ method not found in `u32`
[INFO] [stdout]     |
[INFO] [stdout]    ::: /opt/rustwide/cargo-home/registry/src/github.com-1ecc6299db9ec823/ohms-0.2.0/src/resistance.rs:263:8
[INFO] [stdout]     |
[INFO] [stdout] 263 |     fn milli_ohms(self) -> Resistance;
[INFO] [stdout]     |        ---------- the method is available for `u32` here
[INFO] [stdout]     |
[INFO] [stdout]     = help: items from traits can only be used if the trait is in scope
[INFO] [stdout] help: the following trait is implemented but not in scope; perhaps add a `use` for it:
[INFO] [stdout]     |
[INFO] [stdout] 3   | use ohms::ResistanceExtU32;
[INFO] [stdout]     |
[INFO] [stdout] 
[INFO] [stdout] error: aborting due to 2 previous errors
[INFO] [stdout] 
[INFO] [stdout] Some errors have detailed explanations: E0425, E0599.
[INFO] [stdout] For more information about an error, try `rustc --explain E0425`.
[INFO] [stdout] Couldn't compile the test.
[INFO] [stdout] ---- src/driver.rs - driver::INA3221 (line 137) stdout ----
[INFO] [stdout] error[E0425]: cannot find value `ina` in this scope
[INFO] [stdout]   --> src/driver.rs:145:1
[INFO] [stdout]    |
[INFO] [stdout] 10 | ina.set_critical_alert_limit(0, max_voltage.milli_volts()).unwrap();
[INFO] [stdout]    | ^^^ not found in this scope
[INFO] [stdout] 
[INFO] [stdout] error[E0599]: no method named `amps` found for type `u32` in the current scope
[INFO] [stdout]    --> src/driver.rs:138:24
[INFO] [stdout]     |
[INFO] [stdout] 3   | let max_current = 1u32.amps();  // 1A
[INFO] [stdout]     |                        ^^^^ method not found in `u32`
[INFO] [stdout]     |
[INFO] [stdout]    ::: /opt/rustwide/cargo-home/registry/src/github.com-1ecc6299db9ec823/ohms-0.2.0/src/current.rs:261:8
[INFO] [stdout]     |
[INFO] [stdout] 261 |     fn amps(self) -> Current;
[INFO] [stdout]     |        ---- the method is available for `u32` here
[INFO] [stdout]     |
[INFO] [stdout]     = help: items from traits can only be used if the trait is in scope
[INFO] [stdout] help: the following trait is implemented but not in scope; perhaps add a `use` for it:
[INFO] [stdout]     |
[INFO] [stdout] 2   | use ohms::CurrentExtU32;
[INFO] [stdout]     |
[INFO] [stdout] 
[INFO] [stdout] error[E0599]: no method named `ohms` found for type `u32` in the current scope
[INFO] [stdout]    --> src/driver.rs:139:29
[INFO] [stdout]     |
[INFO] [stdout] 4   | let shunt_resistor = 100u32.ohms(); // 0.1 ohms
[INFO] [stdout]     |                             ^^^^ method not found in `u32`
[INFO] [stdout]     |
[INFO] [stdout]    ::: /opt/rustwide/cargo-home/registry/src/github.com-1ecc6299db9ec823/ohms-0.2.0/src/resistance.rs:266:8
[INFO] [stdout]     |
[INFO] [stdout] 266 |     fn ohms(self) -> Resistance;
[INFO] [stdout]     |        ---- the method is available for `u32` here
[INFO] [stdout]     |
[INFO] [stdout]     = help: items from traits can only be used if the trait is in scope
[INFO] [stdout] help: the following trait is implemented but not in scope; perhaps add a `use` for it:
[INFO] [stdout]     |
[INFO] [stdout] 2   | use ohms::ResistanceExtU32;
[INFO] [stdout]     |
[INFO] [stdout] 
[INFO] [stdout] error: aborting due to 3 previous errors
[INFO] [stdout] 
[INFO] [stdout] Some errors have detailed explanations: E0425, E0599.
[INFO] [stdout] For more information about an error, try `rustc --explain E0425`.
[INFO] [stdout] Couldn't compile the test.
[INFO] [stdout] ---- src/driver.rs - driver::INA3221 (line 88) stdout ----
[INFO] [stdout] error[E0425]: cannot find value `ina` in this scope
[INFO] [stdout]  --> src/driver.rs:91:21
[INFO] [stdout]   |
[INFO] [stdout] 5 | let shunt_voltage = ina.get_shunt_voltage(0).unwrap();
[INFO] [stdout]   |                     ^^^ not found in this scope
[INFO] [stdout] 
[INFO] [stdout] error[E0425]: cannot find value `ina` in this scope
[INFO] [stdout]  --> src/driver.rs:92:19
[INFO] [stdout]   |
[INFO] [stdout] 6 | let bus_voltage = ina.get_bus_voltage(0).unwrap();
[INFO] [stdout]   |                   ^^^ not found in this scope
[INFO] [stdout] 
[INFO] [stdout] error[E0599]: no method named `milli_ohms` found for type `u32` in the current scope
[INFO] [stdout]    --> src/driver.rs:90:29
[INFO] [stdout]     |
[INFO] [stdout] 4   | let shunt_resistor = 100u32.milli_ohms();
[INFO] [stdout]     |                             ^^^^^^^^^^ method not found in `u32`
[INFO] [stdout]     |
[INFO] [stdout]    ::: /opt/rustwide/cargo-home/registry/src/github.com-1ecc6299db9ec823/ohms-0.2.0/src/resistance.rs:263:8
[INFO] [stdout]     |
[INFO] [stdout] 263 |     fn milli_ohms(self) -> Resistance;
[INFO] [stdout]     |        ---------- the method is available for `u32` here
[INFO] [stdout]     |
[INFO] [stdout]     = help: items from traits can only be used if the trait is in scope
[INFO] [stdout] help: the following trait is implemented but not in scope; perhaps add a `use` for it:
[INFO] [stdout]     |
[INFO] [stdout] 3   | use ohms::ResistanceExtU32;
[INFO] [stdout]     |
[INFO] [stdout] 
[INFO] [stdout] error: aborting due to 3 previous errors
[INFO] [stdout] 
[INFO] [stdout] Some errors have detailed explanations: E0425, E0599.
[INFO] [stdout] For more information about an error, try `rustc --explain E0425`.
[INFO] [stdout] Couldn't compile the test.
[INFO] [stdout] 
[INFO] [stdout] failures:
[INFO] [stdout]     src/driver.rs - driver::INA3221 (line 137)
[INFO] [stdout]     src/driver.rs - driver::INA3221 (line 72)
[INFO] [stdout]     src/driver.rs - driver::INA3221 (line 88)
[INFO] [stdout] 
[INFO] [stdout] test result: FAILED. 0 passed; 3 failed; 0 ignored; 0 measured; 0 filtered out; finished in 0.04s
[INFO] [stdout] 
[INFO] [stderr] error: doctest failed, to rerun pass `--doc`
[INFO] running `Command { std: "docker" "inspect" "65b96eff3f2a6031ad39421144c97ed608826c044ba36cd6e9025788ea14afa3", kill_on_drop: false }`
[INFO] running `Command { std: "docker" "rm" "-f" "65b96eff3f2a6031ad39421144c97ed608826c044ba36cd6e9025788ea14afa3", kill_on_drop: false }`
[INFO] [stdout] 65b96eff3f2a6031ad39421144c97ed608826c044ba36cd6e9025788ea14afa3
