[INFO] fetching crate imgui-winit-support 0.11.0...
[INFO] testing imgui-winit-support-0.11.0 against 1.69.0 for beta-1.70-1
[INFO] extracting crate imgui-winit-support 0.11.0 into /workspace/builds/worker-3-tc1/source
[INFO] validating manifest of crates.io crate imgui-winit-support 0.11.0 on toolchain 1.69.0
[INFO] running `Command { std: CARGO_HOME="/workspace/cargo-home" RUSTUP_HOME="/workspace/rustup-home" "/workspace/cargo-home/bin/cargo" "+1.69.0" "metadata" "--manifest-path" "Cargo.toml" "--no-deps", kill_on_drop: false }`
[INFO] started tweaking crates.io crate imgui-winit-support 0.11.0
[INFO] finished tweaking crates.io crate imgui-winit-support 0.11.0
[INFO] tweaked toml for crates.io crate imgui-winit-support 0.11.0 written to /workspace/builds/worker-3-tc1/source/Cargo.toml
[INFO] running `Command { std: CARGO_HOME="/workspace/cargo-home" RUSTUP_HOME="/workspace/rustup-home" __CARGO_TEST_CHANNEL_OVERRIDE_DO_NOT_USE_THIS="nightly" "/workspace/cargo-home/bin/cargo" "+1.69.0" "generate-lockfile" "--manifest-path" "Cargo.toml" "-Zno-index-update", kill_on_drop: false }`
[INFO] running `Command { std: CARGO_HOME="/workspace/cargo-home" RUSTUP_HOME="/workspace/rustup-home" "/workspace/cargo-home/bin/cargo" "+1.69.0" "fetch" "--manifest-path" "Cargo.toml", kill_on_drop: false }`
[INFO] [stderr]  Downloading crates ...
[INFO] [stderr]   Downloaded imgui v0.11.0
[INFO] [stderr]   Downloaded chlorine v1.0.10
[INFO] [stderr]   Downloaded imgui-sys v0.11.0
[INFO] running `Command { std: "docker" "create" "-v" "/var/lib/crater-agent-workspace/builds/worker-3-tc1/target:/opt/rustwide/target:rw,Z" "-v" "/var/lib/crater-agent-workspace/builds/worker-3-tc1/source:/opt/rustwide/workdir:ro,Z" "-v" "/var/lib/crater-agent-workspace/cargo-home:/opt/rustwide/cargo-home:ro,Z" "-v" "/var/lib/crater-agent-workspace/rustup-home:/opt/rustwide/rustup-home:ro,Z" "-e" "SOURCE_DIR=/opt/rustwide/workdir" "-e" "CARGO_TARGET_DIR=/opt/rustwide/target" "-e" "CARGO_HOME=/opt/rustwide/cargo-home" "-e" "RUSTUP_HOME=/opt/rustwide/rustup-home" "-w" "/opt/rustwide/workdir" "-m" "1610612736" "--user" "0:0" "--network" "none" "ghcr.io/rust-lang/crates-build-env/linux@sha256:5ff2268d62e97bff2cde7d5815dd6ed5b47097566f13b8d0ca110b04b60e07ed" "/opt/rustwide/cargo-home/bin/cargo" "+1.69.0" "metadata" "--no-deps" "--format-version=1", kill_on_drop: false }`
[INFO] [stdout] feca5cc2a2dd3bb957154094ab7acc273d3e4baeb64e006aa85af2c2d2c1436b
[INFO] running `Command { std: "docker" "start" "-a" "feca5cc2a2dd3bb957154094ab7acc273d3e4baeb64e006aa85af2c2d2c1436b", kill_on_drop: false }`
[INFO] running `Command { std: "docker" "inspect" "feca5cc2a2dd3bb957154094ab7acc273d3e4baeb64e006aa85af2c2d2c1436b", kill_on_drop: false }`
[INFO] running `Command { std: "docker" "rm" "-f" "feca5cc2a2dd3bb957154094ab7acc273d3e4baeb64e006aa85af2c2d2c1436b", kill_on_drop: false }`
[INFO] [stdout] feca5cc2a2dd3bb957154094ab7acc273d3e4baeb64e006aa85af2c2d2c1436b
[INFO] running `Command { std: "docker" "create" "-v" "/var/lib/crater-agent-workspace/builds/worker-3-tc1/target:/opt/rustwide/target:rw,Z" "-v" "/var/lib/crater-agent-workspace/builds/worker-3-tc1/source:/opt/rustwide/workdir:ro,Z" "-v" "/var/lib/crater-agent-workspace/cargo-home:/opt/rustwide/cargo-home:ro,Z" "-v" "/var/lib/crater-agent-workspace/rustup-home:/opt/rustwide/rustup-home:ro,Z" "-e" "SOURCE_DIR=/opt/rustwide/workdir" "-e" "CARGO_TARGET_DIR=/opt/rustwide/target" "-e" "CARGO_INCREMENTAL=0" "-e" "RUST_BACKTRACE=full" "-e" "RUSTFLAGS=--cap-lints=warn" "-e" "RUSTDOCFLAGS=--cap-lints=warn" "-e" "CARGO_HOME=/opt/rustwide/cargo-home" "-e" "RUSTUP_HOME=/opt/rustwide/rustup-home" "-w" "/opt/rustwide/workdir" "-m" "1610612736" "--user" "0:0" "--network" "none" "ghcr.io/rust-lang/crates-build-env/linux@sha256:5ff2268d62e97bff2cde7d5815dd6ed5b47097566f13b8d0ca110b04b60e07ed" "/opt/rustwide/cargo-home/bin/cargo" "+1.69.0" "build" "--frozen" "--message-format=json", kill_on_drop: false }`
[INFO] [stdout] 08947006fbbcfdcba203cfa5a425f8c757816c9a2be8fd4a45277f1f7cbd6f5f
[INFO] running `Command { std: "docker" "start" "-a" "08947006fbbcfdcba203cfa5a425f8c757816c9a2be8fd4a45277f1f7cbd6f5f", kill_on_drop: false }`
[INFO] [stderr]    Compiling mint v0.5.9
[INFO] [stderr]    Compiling chlorine v1.0.10
[INFO] [stderr]    Compiling cty v0.2.2
[INFO] [stderr]    Compiling instant v0.1.12
[INFO] [stderr]    Compiling raw-window-handle v0.5.2
[INFO] [stderr]    Compiling imgui-sys v0.11.0
[INFO] [stderr]    Compiling parking_lot_core v0.9.7
[INFO] [stderr]    Compiling raw-window-handle v0.4.3
[INFO] [stderr]    Compiling winit v0.27.5
[INFO] [stderr]    Compiling parking_lot v0.12.1
[INFO] [stdout] error: Please select a feature to build for unix: `x11`, `wayland`
[INFO] [stdout]   --> /opt/rustwide/cargo-home/registry/src/github.com-1ecc6299db9ec823/winit-0.27.5/src/platform_impl/linux/mod.rs:10:1
[INFO] [stdout]    |
[INFO] [stdout] 10 | compile_error!("Please select a feature to build for unix: `x11`, `wayland`");
[INFO] [stdout]    | ^^^^^^^^^^^^^^^^^^^^^^^^^^^^^^^^^^^^^^^^^^^^^^^^^^^^^^^^^^^^^^^^^^^^^^^^^^^^^
[INFO] [stdout] 
[INFO] [stdout] 
[INFO] [stdout] error[E0392]: parameter `T` is never used
[INFO] [stdout]   --> /opt/rustwide/cargo-home/registry/src/github.com-1ecc6299db9ec823/winit-0.27.5/src/event_loop.rs:35:22
[INFO] [stdout]    |
[INFO] [stdout] 35 | pub struct EventLoop<T: 'static> {
[INFO] [stdout]    |                      ^ unused parameter
[INFO] [stdout]    |
[INFO] [stdout]    = help: consider removing `T`, referring to it in a field, or using a marker such as `PhantomData`
[INFO] [stdout] 
[INFO] [stdout] 
[INFO] [stdout] error[E0392]: parameter `T` is never used
[INFO] [stdout]   --> /opt/rustwide/cargo-home/registry/src/github.com-1ecc6299db9ec823/winit-0.27.5/src/event_loop.rs:46:34
[INFO] [stdout]    |
[INFO] [stdout] 46 | pub struct EventLoopWindowTarget<T: 'static> {
[INFO] [stdout]    |                                  ^ unused parameter
[INFO] [stdout]    |
[INFO] [stdout]    = help: consider removing `T`, referring to it in a field, or using a marker such as `PhantomData`
[INFO] [stdout] 
[INFO] [stdout] 
[INFO] [stdout] error[E0392]: parameter `T` is never used
[INFO] [stdout]    --> /opt/rustwide/cargo-home/registry/src/github.com-1ecc6299db9ec823/winit-0.27.5/src/event_loop.rs:350:27
[INFO] [stdout]     |
[INFO] [stdout] 350 | pub struct EventLoopProxy<T: 'static> {
[INFO] [stdout]     |                           ^ unused parameter
[INFO] [stdout]     |
[INFO] [stdout]     = help: consider removing `T`, referring to it in a field, or using a marker such as `PhantomData`
[INFO] [stdout] 
[INFO] [stdout] 
[INFO] [stdout] error[E0392]: parameter `T` is never used
[INFO] [stdout]    --> /opt/rustwide/cargo-home/registry/src/github.com-1ecc6299db9ec823/winit-0.27.5/src/platform_impl/linux/mod.rs:635:20
[INFO] [stdout]     |
[INFO] [stdout] 635 | pub enum EventLoop<T: 'static> {
[INFO] [stdout]     |                    ^ unused parameter
[INFO] [stdout]     |
[INFO] [stdout]     = help: consider removing `T`, referring to it in a field, or using a marker such as `PhantomData`
[INFO] [stdout] 
[INFO] [stdout] 
[INFO] [stdout] error[E0392]: parameter `T` is never used
[INFO] [stdout]    --> /opt/rustwide/cargo-home/registry/src/github.com-1ecc6299db9ec823/winit-0.27.5/src/platform_impl/linux/mod.rs:642:25
[INFO] [stdout]     |
[INFO] [stdout] 642 | pub enum EventLoopProxy<T: 'static> {
[INFO] [stdout]     |                         ^ unused parameter
[INFO] [stdout]     |
[INFO] [stdout]     = help: consider removing `T`, referring to it in a field, or using a marker such as `PhantomData`
[INFO] [stdout] 
[INFO] [stdout] 
[INFO] [stdout] error[E0392]: parameter `T` is never used
[INFO] [stdout]    --> /opt/rustwide/cargo-home/registry/src/github.com-1ecc6299db9ec823/winit-0.27.5/src/platform_impl/linux/mod.rs:769:32
[INFO] [stdout]     |
[INFO] [stdout] 769 | pub enum EventLoopWindowTarget<T> {
[INFO] [stdout]     |                                ^ unused parameter
[INFO] [stdout]     |
[INFO] [stdout]     = help: consider removing `T`, referring to it in a field, or using a marker such as `PhantomData`
[INFO] [stdout]     = help: if you intended `T` to be a const parameter, use `const T: usize` instead
[INFO] [stdout] 
[INFO] [stdout] 
[INFO] [stdout] error: aborting due to 7 previous errors
[INFO] [stdout] 
[INFO] [stdout] 
[INFO] [stdout] For more information about this error, try `rustc --explain E0392`.
[INFO] [stdout] 
[INFO] [stderr] error: could not compile `winit` due to 8 previous errors
[INFO] [stderr] warning: build failed, waiting for other jobs to finish...
[INFO] running `Command { std: "docker" "inspect" "08947006fbbcfdcba203cfa5a425f8c757816c9a2be8fd4a45277f1f7cbd6f5f", kill_on_drop: false }`
[INFO] running `Command { std: "docker" "rm" "-f" "08947006fbbcfdcba203cfa5a425f8c757816c9a2be8fd4a45277f1f7cbd6f5f", kill_on_drop: false }`
[INFO] [stdout] 08947006fbbcfdcba203cfa5a425f8c757816c9a2be8fd4a45277f1f7cbd6f5f
