[INFO] fetching crate imag-counter 0.4.0...
[INFO] testing imag-counter-0.4.0 against 1.69.0 for beta-1.70-1
[INFO] extracting crate imag-counter 0.4.0 into /workspace/builds/worker-1-tc1/source
[INFO] validating manifest of crates.io crate imag-counter 0.4.0 on toolchain 1.69.0
[INFO] running `Command { std: CARGO_HOME="/workspace/cargo-home" RUSTUP_HOME="/workspace/rustup-home" "/workspace/cargo-home/bin/cargo" "+1.69.0" "metadata" "--manifest-path" "Cargo.toml" "--no-deps", kill_on_drop: false }`
[INFO] started tweaking crates.io crate imag-counter 0.4.0
[INFO] finished tweaking crates.io crate imag-counter 0.4.0
[INFO] tweaked toml for crates.io crate imag-counter 0.4.0 written to /workspace/builds/worker-1-tc1/source/Cargo.toml
[INFO] running `Command { std: CARGO_HOME="/workspace/cargo-home" RUSTUP_HOME="/workspace/rustup-home" __CARGO_TEST_CHANNEL_OVERRIDE_DO_NOT_USE_THIS="nightly" "/workspace/cargo-home/bin/cargo" "+1.69.0" "generate-lockfile" "--manifest-path" "Cargo.toml" "-Zno-index-update", kill_on_drop: false }`
[INFO] running `Command { std: CARGO_HOME="/workspace/cargo-home" RUSTUP_HOME="/workspace/rustup-home" "/workspace/cargo-home/bin/cargo" "+1.69.0" "fetch" "--manifest-path" "Cargo.toml", kill_on_drop: false }`
[INFO] [stderr]  Downloading crates ...
[INFO] [stderr]   Downloaded is-match v0.1.0
[INFO] [stderr]   Downloaded handlebars v0.29.1
[INFO] [stderr]   Downloaded env_logger v0.4.3
[INFO] [stderr]   Downloaded semver v0.8.0
[INFO] [stderr]   Downloaded pest v0.3.3
[INFO] [stderr]   Downloaded itertools v0.6.5
[INFO] [stderr]   Downloaded xdg-basedir v1.0.0
[INFO] [stderr]   Downloaded libimagcounter v0.4.0
[INFO] [stderr]   Downloaded toml-query v0.3.1
[INFO] [stderr]   Downloaded libimagerror v0.4.0
[INFO] [stderr]   Downloaded libimagrt v0.4.0
[INFO] [stderr]   Downloaded libimagstore v0.4.0
[INFO] [stderr]   Downloaded libimagutil v0.4.0
[INFO] [stderr]   Downloaded version v2.0.1
[INFO] running `Command { std: "docker" "create" "-v" "/var/lib/crater-agent-workspace/builds/worker-1-tc1/target:/opt/rustwide/target:rw,Z" "-v" "/var/lib/crater-agent-workspace/builds/worker-1-tc1/source:/opt/rustwide/workdir:ro,Z" "-v" "/var/lib/crater-agent-workspace/cargo-home:/opt/rustwide/cargo-home:ro,Z" "-v" "/var/lib/crater-agent-workspace/rustup-home:/opt/rustwide/rustup-home:ro,Z" "-e" "SOURCE_DIR=/opt/rustwide/workdir" "-e" "CARGO_TARGET_DIR=/opt/rustwide/target" "-e" "CARGO_HOME=/opt/rustwide/cargo-home" "-e" "RUSTUP_HOME=/opt/rustwide/rustup-home" "-w" "/opt/rustwide/workdir" "-m" "1610612736" "--user" "0:0" "--network" "none" "ghcr.io/rust-lang/crates-build-env/linux@sha256:5ff2268d62e97bff2cde7d5815dd6ed5b47097566f13b8d0ca110b04b60e07ed" "/opt/rustwide/cargo-home/bin/cargo" "+1.69.0" "metadata" "--no-deps" "--format-version=1", kill_on_drop: false }`
[INFO] [stdout] c78c0d04aa04db19184e371eeb628578137eb10ffad9d1e7807c2375bffef54a
[INFO] running `Command { std: "docker" "start" "-a" "c78c0d04aa04db19184e371eeb628578137eb10ffad9d1e7807c2375bffef54a", kill_on_drop: false }`
[INFO] running `Command { std: "docker" "inspect" "c78c0d04aa04db19184e371eeb628578137eb10ffad9d1e7807c2375bffef54a", kill_on_drop: false }`
[INFO] running `Command { std: "docker" "rm" "-f" "c78c0d04aa04db19184e371eeb628578137eb10ffad9d1e7807c2375bffef54a", kill_on_drop: false }`
[INFO] [stdout] c78c0d04aa04db19184e371eeb628578137eb10ffad9d1e7807c2375bffef54a
[INFO] running `Command { std: "docker" "create" "-v" "/var/lib/crater-agent-workspace/builds/worker-1-tc1/target:/opt/rustwide/target:rw,Z" "-v" "/var/lib/crater-agent-workspace/builds/worker-1-tc1/source:/opt/rustwide/workdir:ro,Z" "-v" "/var/lib/crater-agent-workspace/cargo-home:/opt/rustwide/cargo-home:ro,Z" "-v" "/var/lib/crater-agent-workspace/rustup-home:/opt/rustwide/rustup-home:ro,Z" "-e" "SOURCE_DIR=/opt/rustwide/workdir" "-e" "CARGO_TARGET_DIR=/opt/rustwide/target" "-e" "CARGO_INCREMENTAL=0" "-e" "RUST_BACKTRACE=full" "-e" "RUSTFLAGS=--cap-lints=warn" "-e" "RUSTDOCFLAGS=--cap-lints=warn" "-e" "CARGO_HOME=/opt/rustwide/cargo-home" "-e" "RUSTUP_HOME=/opt/rustwide/rustup-home" "-w" "/opt/rustwide/workdir" "-m" "1610612736" "--user" "0:0" "--network" "none" "ghcr.io/rust-lang/crates-build-env/linux@sha256:5ff2268d62e97bff2cde7d5815dd6ed5b47097566f13b8d0ca110b04b60e07ed" "/opt/rustwide/cargo-home/bin/cargo" "+1.69.0" "build" "--frozen" "--message-format=json", kill_on_drop: false }`
[INFO] [stdout] 928ebecbbbbc2679efa3588d217d8451dd3433d2aefca624425e6a0579e22f8b
[INFO] running `Command { std: "docker" "start" "-a" "928ebecbbbbc2679efa3588d217d8451dd3433d2aefca624425e6a0579e22f8b", kill_on_drop: false }`
[INFO] [stderr]    Compiling libc v0.2.142
[INFO] [stderr]    Compiling memchr v2.5.0
[INFO] [stderr]    Compiling ucd-util v0.1.10
[INFO] [stderr]    Compiling regex v0.2.11
[INFO] [stderr]    Compiling io-lifetimes v1.0.10
[INFO] [stderr]    Compiling utf8-ranges v1.0.5
[INFO] [stderr]    Compiling tinyvec_macros v0.1.1
[INFO] [stderr]    Compiling cc v1.0.79
[INFO] [stderr]    Compiling gimli v0.27.2
[INFO] [stderr]    Compiling thread_local v0.3.6
[INFO] [stderr]    Compiling rustix v0.37.18
[INFO] [stderr]    Compiling miniz_oxide v0.6.2
[INFO] [stderr]    Compiling serde_json v1.0.96
[INFO] [stderr]    Compiling rustc-demangle v0.1.23
[INFO] [stderr]    Compiling unicode-bidi v0.3.13
[INFO] [stderr]    Compiling linux-raw-sys v0.3.6
[INFO] [stderr]    Compiling tinyvec v1.6.0
[INFO] [stderr]    Compiling regex-syntax v0.5.6
[INFO] [stderr]    Compiling utf8parse v0.2.1
[INFO] [stderr]    Compiling percent-encoding v1.0.1
[INFO] [stderr]    Compiling anstyle-parse v0.2.0
[INFO] [stderr]    Compiling toml v0.4.10
[INFO] [stderr]    Compiling anstyle v1.0.0
[INFO] [stderr]    Compiling semver-parser v0.7.0
[INFO] [stderr]    Compiling anstyle-query v1.0.0
[INFO] [stderr]    Compiling same-file v0.1.3
[INFO] [stderr]    Compiling boolinator v2.4.0
[INFO] [stderr]    Compiling is-match v0.1.0
[INFO] [stderr]    Compiling ansi_term v0.9.0
[INFO] [stderr]    Compiling colorchoice v1.0.0
[INFO] [stderr]    Compiling semver v0.8.0
[INFO] [stderr]    Compiling aho-corasick v0.6.10
[INFO] [stderr]    Compiling object v0.30.3
[INFO] [stderr]    Compiling walkdir v1.0.7
[INFO] [stderr]    Compiling unicode-normalization v0.1.22
[INFO] [stderr]    Compiling libimagerror v0.4.0
[INFO] [stderr]    Compiling version v2.0.1
[INFO] [stderr]    Compiling glob v0.2.11
[INFO] [stderr]    Compiling clap_lex v0.4.1
[INFO] [stderr]    Compiling pest v0.3.3
[INFO] [stderr]    Compiling either v1.8.1
[INFO] [stderr]    Compiling xdg-basedir v1.0.0
[INFO] [stderr]    Compiling backtrace v0.3.67
[INFO] [stderr]    Compiling itertools v0.6.5
[INFO] [stderr]    Compiling idna v0.1.5
[INFO] [stderr]    Compiling rand v0.4.6
[INFO] [stderr]    Compiling url v1.7.2
[INFO] [stderr]    Compiling addr2line v0.19.0
[INFO] [stderr]    Compiling rand v0.3.23
[INFO] [stderr]    Compiling tempfile v2.2.0
[INFO] [stderr]    Compiling libimagutil v0.4.0
[INFO] [stderr]    Compiling env_logger v0.4.3
[INFO] [stderr]    Compiling handlebars v0.29.1
[INFO] [stderr]    Compiling is-terminal v0.4.7
[INFO] [stderr]    Compiling anstream v0.3.1
[INFO] [stderr]    Compiling clap_builder v4.2.5
[INFO] [stderr]    Compiling error-chain v0.10.0
[INFO] [stderr]    Compiling libimagstore v0.4.0
[INFO] [stderr]    Compiling toml-query v0.3.1
[INFO] [stderr]    Compiling libimagcounter v0.4.0
[INFO] [stderr]    Compiling clap v4.2.5
[INFO] [stderr]    Compiling libimagrt v0.4.0
[INFO] [stdout] error[E0432]: unresolved import `clap::App`
[INFO] [stdout]   --> /opt/rustwide/cargo-home/registry/src/github.com-1ecc6299db9ec823/libimagrt-0.4.0/src/configuration.rs:24:5
[INFO] [stdout]    |
[INFO] [stdout] 24 | use clap::App;
[INFO] [stdout]    |     ^^^^^^^^^ no `App` in the root
[INFO] [stdout] 
[INFO] [stdout] 
[INFO] [stdout] error[E0432]: unresolved import `clap::App`
[INFO] [stdout]   --> /opt/rustwide/cargo-home/registry/src/github.com-1ecc6299db9ec823/libimagrt-0.4.0/src/runtime.rs:25:9
[INFO] [stdout]    |
[INFO] [stdout] 25 | pub use clap::App;
[INFO] [stdout]    |         ^^^^^^^^^ no `App` in the root
[INFO] [stdout] 
[INFO] [stdout] 
[INFO] [stdout] error[E0432]: unresolved import `clap::Shell`
[INFO] [stdout]    --> /opt/rustwide/cargo-home/registry/src/github.com-1ecc6299db9ec823/libimagrt-0.4.0/src/runtime.rs:113:13
[INFO] [stdout]     |
[INFO] [stdout] 113 |         use clap::Shell;
[INFO] [stdout]     |             ^^^^^^^^^^^ no `Shell` in the root
[INFO] [stdout] 
[INFO] [stdout] 
[INFO] [stdout] error[E0432]: unresolved import `clap::App`
[INFO] [stdout]   --> /opt/rustwide/cargo-home/registry/src/github.com-1ecc6299db9ec823/libimagrt-0.4.0/src/setup.rs:20:5
[INFO] [stdout]    |
[INFO] [stdout] 20 | use clap::App;
[INFO] [stdout]    |     ^^^^^^^^^ no `App` in the root
[INFO] [stdout]    |
[INFO] [stdout] help: consider importing this unresolved item instead
[INFO] [stdout]    |
[INFO] [stdout] 20 | use runtime::App;
[INFO] [stdout]    |     ~~~~~~~~~~~~
[INFO] [stdout] 
[INFO] [stdout] 
[INFO] [stdout] error[E0432]: unresolved imports `clap::App`, `clap::Shell`
[INFO] [stdout]  --> /opt/rustwide/cargo-home/registry/src/github.com-1ecc6299db9ec823/libimagrt-0.4.0/src/spec.rs:3:12
[INFO] [stdout]   |
[INFO] [stdout] 3 | use clap::{App, ArgMatches, Shell};
[INFO] [stdout]   |            ^^^              ^^^^^ no `Shell` in the root
[INFO] [stdout]   |            |
[INFO] [stdout]   |            no `App` in the root
[INFO] [stdout]   |
[INFO] [stdout]   = help: consider importing this unresolved item instead:
[INFO] [stdout]           runtime::App
[INFO] [stdout] 
[INFO] [stdout] 
[INFO] [stdout] error[E0107]: struct takes 0 lifetime arguments but 1 lifetime argument was supplied
[INFO] [stdout]   --> /opt/rustwide/cargo-home/registry/src/github.com-1ecc6299db9ec823/libimagrt-0.4.0/src/runtime.rs:48:18
[INFO] [stdout]    |
[INFO] [stdout] 48 |     cli_matches: ArgMatches<'a>,
[INFO] [stdout]    |                  ^^^^^^^^^^---- help: remove these generics
[INFO] [stdout]    |                  |
[INFO] [stdout]    |                  expected 0 lifetime arguments
[INFO] [stdout]    |
[INFO] [stdout] note: struct defined here, with 0 lifetime parameters
[INFO] [stdout]   --> /opt/rustwide/cargo-home/registry/src/github.com-1ecc6299db9ec823/clap_builder-4.2.5/src/parser/matches/arg_matches.rs:67:12
[INFO] [stdout]    |
[INFO] [stdout] 67 | pub struct ArgMatches {
[INFO] [stdout]    |            ^^^^^^^^^^
[INFO] [stdout] 
[INFO] [stdout] 
[INFO] [stdout] error[E0107]: struct takes 0 lifetime arguments but 1 lifetime argument was supplied
[INFO] [stdout]    --> /opt/rustwide/cargo-home/registry/src/github.com-1ecc6299db9ec823/libimagrt-0.4.0/src/runtime.rs:528:32
[INFO] [stdout]     |
[INFO] [stdout] 528 | fn get_rtp_match<'a>(matches: &ArgMatches<'a>) -> PathBuf {
[INFO] [stdout]     |                                ^^^^^^^^^^---- help: remove these generics
[INFO] [stdout]     |                                |
[INFO] [stdout]     |                                expected 0 lifetime arguments
[INFO] [stdout]     |
[INFO] [stdout] note: struct defined here, with 0 lifetime parameters
[INFO] [stdout]    --> /opt/rustwide/cargo-home/registry/src/github.com-1ecc6299db9ec823/clap_builder-4.2.5/src/parser/matches/arg_matches.rs:67:12
[INFO] [stdout]     |
[INFO] [stdout] 67  | pub struct ArgMatches {
[INFO] [stdout]     |            ^^^^^^^^^^
[INFO] [stdout] 
[INFO] [stdout] 
[INFO] [stdout] error[E0107]: struct takes 0 lifetime arguments but 1 lifetime argument was supplied
[INFO] [stdout]    --> /opt/rustwide/cargo-home/registry/src/github.com-1ecc6299db9ec823/libimagrt-0.4.0/src/runtime.rs:108:41
[INFO] [stdout]     |
[INFO] [stdout] 108 |     fn _new<C>(mut cli_app: C, matches: ArgMatches<'a>, config: Option<Configuration>)
[INFO] [stdout]     |                                         ^^^^^^^^^^---- help: remove these generics
[INFO] [stdout]     |                                         |
[INFO] [stdout]     |                                         expected 0 lifetime arguments
[INFO] [stdout]     |
[INFO] [stdout] note: struct defined here, with 0 lifetime parameters
[INFO] [stdout]    --> /opt/rustwide/cargo-home/registry/src/github.com-1ecc6299db9ec823/clap_builder-4.2.5/src/parser/matches/arg_matches.rs:67:12
[INFO] [stdout]     |
[INFO] [stdout] 67  | pub struct ArgMatches {
[INFO] [stdout]     |            ^^^^^^^^^^
[INFO] [stdout] 
[INFO] [stdout] 
[INFO] [stdout] error[E0107]: struct takes 0 lifetime arguments but 1 lifetime argument was supplied
[INFO] [stdout]   --> /opt/rustwide/cargo-home/registry/src/github.com-1ecc6299db9ec823/libimagrt-0.4.0/src/spec.rs:10:25
[INFO] [stdout]    |
[INFO] [stdout] 10 |     fn matches(self) -> ArgMatches<'a>;
[INFO] [stdout]    |                         ^^^^^^^^^^---- help: remove these generics
[INFO] [stdout]    |                         |
[INFO] [stdout]    |                         expected 0 lifetime arguments
[INFO] [stdout]    |
[INFO] [stdout] note: struct defined here, with 0 lifetime parameters
[INFO] [stdout]   --> /opt/rustwide/cargo-home/registry/src/github.com-1ecc6299db9ec823/clap_builder-4.2.5/src/parser/matches/arg_matches.rs:67:12
[INFO] [stdout]    |
[INFO] [stdout] 67 | pub struct ArgMatches {
[INFO] [stdout]    |            ^^^^^^^^^^
[INFO] [stdout] 
[INFO] [stdout] 
[INFO] [stdout] error[E0107]: struct takes 0 lifetime arguments but 1 lifetime argument was supplied
[INFO] [stdout]   --> /opt/rustwide/cargo-home/registry/src/github.com-1ecc6299db9ec823/libimagrt-0.4.0/src/spec.rs:19:25
[INFO] [stdout]    |
[INFO] [stdout] 19 |     fn matches(self) -> ArgMatches<'a> {
[INFO] [stdout]    |                         ^^^^^^^^^^---- help: remove these generics
[INFO] [stdout]    |                         |
[INFO] [stdout]    |                         expected 0 lifetime arguments
[INFO] [stdout]    |
[INFO] [stdout] note: struct defined here, with 0 lifetime parameters
[INFO] [stdout]   --> /opt/rustwide/cargo-home/registry/src/github.com-1ecc6299db9ec823/clap_builder-4.2.5/src/parser/matches/arg_matches.rs:67:12
[INFO] [stdout]    |
[INFO] [stdout] 67 | pub struct ArgMatches {
[INFO] [stdout]    |            ^^^^^^^^^^
[INFO] [stdout] 
[INFO] [stdout] 
[INFO] [stdout] error: aborting due to 10 previous errors
[INFO] [stdout] 
[INFO] [stdout] 
[INFO] [stdout] Some errors have detailed explanations: E0107, E0432.
[INFO] [stdout] 
[INFO] [stdout] For more information about an error, try `rustc --explain E0107`.
[INFO] [stdout] 
[INFO] [stderr] error: could not compile `libimagrt` due to 11 previous errors
[INFO] [stderr] warning: build failed, waiting for other jobs to finish...
[INFO] running `Command { std: "docker" "inspect" "928ebecbbbbc2679efa3588d217d8451dd3433d2aefca624425e6a0579e22f8b", kill_on_drop: false }`
[INFO] running `Command { std: "docker" "rm" "-f" "928ebecbbbbc2679efa3588d217d8451dd3433d2aefca624425e6a0579e22f8b", kill_on_drop: false }`
[INFO] [stdout] 928ebecbbbbc2679efa3588d217d8451dd3433d2aefca624425e6a0579e22f8b
