[INFO] fetching crate idmap 0.2.21...
[INFO] testing idmap-0.2.21 against 1.69.0 for beta-1.70-1
[INFO] extracting crate idmap 0.2.21 into /workspace/builds/worker-5-tc1/source
[INFO] validating manifest of crates.io crate idmap 0.2.21 on toolchain 1.69.0
[INFO] running `Command { std: CARGO_HOME="/workspace/cargo-home" RUSTUP_HOME="/workspace/rustup-home" "/workspace/cargo-home/bin/cargo" "+1.69.0" "metadata" "--manifest-path" "Cargo.toml" "--no-deps", kill_on_drop: false }`
[INFO] started tweaking crates.io crate idmap 0.2.21
[INFO] finished tweaking crates.io crate idmap 0.2.21
[INFO] tweaked toml for crates.io crate idmap 0.2.21 written to /workspace/builds/worker-5-tc1/source/Cargo.toml
[INFO] running `Command { std: CARGO_HOME="/workspace/cargo-home" RUSTUP_HOME="/workspace/rustup-home" __CARGO_TEST_CHANNEL_OVERRIDE_DO_NOT_USE_THIS="nightly" "/workspace/cargo-home/bin/cargo" "+1.69.0" "generate-lockfile" "--manifest-path" "Cargo.toml" "-Zno-index-update", kill_on_drop: false }`
[INFO] running `Command { std: CARGO_HOME="/workspace/cargo-home" RUSTUP_HOME="/workspace/rustup-home" "/workspace/cargo-home/bin/cargo" "+1.69.0" "fetch" "--manifest-path" "Cargo.toml", kill_on_drop: false }`
[INFO] [stderr]  Downloading crates ...
[INFO] [stderr]   Downloaded idmap-derive v0.1.2
[INFO] running `Command { std: "docker" "create" "-v" "/var/lib/crater-agent-workspace/builds/worker-5-tc1/target:/opt/rustwide/target:rw,Z" "-v" "/var/lib/crater-agent-workspace/builds/worker-5-tc1/source:/opt/rustwide/workdir:ro,Z" "-v" "/var/lib/crater-agent-workspace/cargo-home:/opt/rustwide/cargo-home:ro,Z" "-v" "/var/lib/crater-agent-workspace/rustup-home:/opt/rustwide/rustup-home:ro,Z" "-e" "SOURCE_DIR=/opt/rustwide/workdir" "-e" "CARGO_TARGET_DIR=/opt/rustwide/target" "-e" "CARGO_HOME=/opt/rustwide/cargo-home" "-e" "RUSTUP_HOME=/opt/rustwide/rustup-home" "-w" "/opt/rustwide/workdir" "-m" "1610612736" "--user" "0:0" "--network" "none" "ghcr.io/rust-lang/crates-build-env/linux@sha256:5ff2268d62e97bff2cde7d5815dd6ed5b47097566f13b8d0ca110b04b60e07ed" "/opt/rustwide/cargo-home/bin/cargo" "+1.69.0" "metadata" "--no-deps" "--format-version=1", kill_on_drop: false }`
[INFO] [stdout] 647ae4af78de5fc34bc8061bfe1433ee872a850d6f194050d494ab192b1d9a77
[INFO] running `Command { std: "docker" "start" "-a" "647ae4af78de5fc34bc8061bfe1433ee872a850d6f194050d494ab192b1d9a77", kill_on_drop: false }`
[INFO] running `Command { std: "docker" "inspect" "647ae4af78de5fc34bc8061bfe1433ee872a850d6f194050d494ab192b1d9a77", kill_on_drop: false }`
[INFO] running `Command { std: "docker" "rm" "-f" "647ae4af78de5fc34bc8061bfe1433ee872a850d6f194050d494ab192b1d9a77", kill_on_drop: false }`
[INFO] [stdout] 647ae4af78de5fc34bc8061bfe1433ee872a850d6f194050d494ab192b1d9a77
[INFO] running `Command { std: "docker" "create" "-v" "/var/lib/crater-agent-workspace/builds/worker-5-tc1/target:/opt/rustwide/target:rw,Z" "-v" "/var/lib/crater-agent-workspace/builds/worker-5-tc1/source:/opt/rustwide/workdir:ro,Z" "-v" "/var/lib/crater-agent-workspace/cargo-home:/opt/rustwide/cargo-home:ro,Z" "-v" "/var/lib/crater-agent-workspace/rustup-home:/opt/rustwide/rustup-home:ro,Z" "-e" "SOURCE_DIR=/opt/rustwide/workdir" "-e" "CARGO_TARGET_DIR=/opt/rustwide/target" "-e" "CARGO_INCREMENTAL=0" "-e" "RUST_BACKTRACE=full" "-e" "RUSTFLAGS=--cap-lints=warn" "-e" "RUSTDOCFLAGS=--cap-lints=warn" "-e" "CARGO_HOME=/opt/rustwide/cargo-home" "-e" "RUSTUP_HOME=/opt/rustwide/rustup-home" "-w" "/opt/rustwide/workdir" "-m" "1610612736" "--user" "0:0" "--network" "none" "ghcr.io/rust-lang/crates-build-env/linux@sha256:5ff2268d62e97bff2cde7d5815dd6ed5b47097566f13b8d0ca110b04b60e07ed" "/opt/rustwide/cargo-home/bin/cargo" "+1.69.0" "build" "--frozen" "--message-format=json", kill_on_drop: false }`
[INFO] [stdout] ff839eb154af5f0290496b714533bebb5f1142027dd9406914bbb3d4b0dfec5b
[INFO] running `Command { std: "docker" "start" "-a" "ff839eb154af5f0290496b714533bebb5f1142027dd9406914bbb3d4b0dfec5b", kill_on_drop: false }`
[INFO] [stderr]    Compiling fixedbitset v0.4.2
[INFO] [stderr]    Compiling idmap v0.2.21 (/opt/rustwide/workdir)
[INFO] [stderr]     Finished dev [unoptimized + debuginfo] target(s) in 0.82s
[INFO] running `Command { std: "docker" "inspect" "ff839eb154af5f0290496b714533bebb5f1142027dd9406914bbb3d4b0dfec5b", kill_on_drop: false }`
[INFO] running `Command { std: "docker" "rm" "-f" "ff839eb154af5f0290496b714533bebb5f1142027dd9406914bbb3d4b0dfec5b", kill_on_drop: false }`
[INFO] [stdout] ff839eb154af5f0290496b714533bebb5f1142027dd9406914bbb3d4b0dfec5b
[INFO] running `Command { std: "docker" "create" "-v" "/var/lib/crater-agent-workspace/builds/worker-5-tc1/target:/opt/rustwide/target:rw,Z" "-v" "/var/lib/crater-agent-workspace/builds/worker-5-tc1/source:/opt/rustwide/workdir:ro,Z" "-v" "/var/lib/crater-agent-workspace/cargo-home:/opt/rustwide/cargo-home:ro,Z" "-v" "/var/lib/crater-agent-workspace/rustup-home:/opt/rustwide/rustup-home:ro,Z" "-e" "SOURCE_DIR=/opt/rustwide/workdir" "-e" "CARGO_TARGET_DIR=/opt/rustwide/target" "-e" "CARGO_INCREMENTAL=0" "-e" "RUST_BACKTRACE=full" "-e" "RUSTFLAGS=--cap-lints=warn" "-e" "RUSTDOCFLAGS=--cap-lints=warn" "-e" "CARGO_HOME=/opt/rustwide/cargo-home" "-e" "RUSTUP_HOME=/opt/rustwide/rustup-home" "-w" "/opt/rustwide/workdir" "-m" "1610612736" "--user" "0:0" "--network" "none" "ghcr.io/rust-lang/crates-build-env/linux@sha256:5ff2268d62e97bff2cde7d5815dd6ed5b47097566f13b8d0ca110b04b60e07ed" "/opt/rustwide/cargo-home/bin/cargo" "+1.69.0" "test" "--frozen" "--no-run" "--message-format=json", kill_on_drop: false }`
[INFO] [stdout] 1af48bb4a1c424a43e2052ab788abc9ee3ddf857ce4b01f30fbc822d6ef97f82
[INFO] running `Command { std: "docker" "start" "-a" "1af48bb4a1c424a43e2052ab788abc9ee3ddf857ce4b01f30fbc822d6ef97f82", kill_on_drop: false }`
[INFO] [stderr]    Compiling serde v1.0.160
[INFO] [stderr]    Compiling serde_test v1.0.160
[INFO] [stderr]    Compiling itertools v0.9.0
[INFO] [stderr]    Compiling idmap-derive v0.1.2
[INFO] [stderr]    Compiling idmap v0.2.21 (/opt/rustwide/workdir)
[INFO] [stdout] error[E0463]: can't find crate for `serde`
[INFO] [stdout]  --> tests/direct.rs:6:1
[INFO] [stdout]   |
[INFO] [stdout] 6 | extern crate serde;
[INFO] [stdout]   | ^^^^^^^^^^^^^^^^^^^ can't find crate
[INFO] [stdout] 
[INFO] [stdout] 
[INFO] [stdout] error[E0463]: can't find crate for `serde`
[INFO] [stdout]  --> tests/set.rs:6:1
[INFO] [stdout]   |
[INFO] [stdout] 6 | extern crate serde;
[INFO] [stdout]   | ^^^^^^^^^^^^^^^^^^^ can't find crate
[INFO] [stdout] 
[INFO] [stdout] 
[INFO] [stdout] error[E0463]: can't find crate for `serde`
[INFO] [stdout]    --> tests/direct.rs:148:52
[INFO] [stdout]     |
[INFO] [stdout] 148 | #[derive(IntegerId, Debug, Copy, Clone, PartialEq, Serialize, Deserialize, Ord, PartialOrd, Eq)]
[INFO] [stdout]     |                                                    ^^^^^^^^^ can't find crate
[INFO] [stdout]     |
[INFO] [stdout]     = note: this error originates in the derive macro `Serialize` (in Nightly builds, run with -Z macro-backtrace for more info)
[INFO] [stdout] 
[INFO] [stdout] 
[INFO] [stdout] error[E0463]: can't find crate for `serde`
[INFO] [stdout]    --> tests/set.rs:115:52
[INFO] [stdout]     |
[INFO] [stdout] 115 | #[derive(IntegerId, Debug, Copy, Clone, PartialEq, Serialize, Deserialize, Ord, PartialOrd, Eq)]
[INFO] [stdout]     |                                                    ^^^^^^^^^ can't find crate
[INFO] [stdout]     |
[INFO] [stdout]     = note: this error originates in the derive macro `Serialize` (in Nightly builds, run with -Z macro-backtrace for more info)
[INFO] [stdout] 
[INFO] [stdout] 
[INFO] [stdout] error[E0463]: can't find crate for `serde`
[INFO] [stdout]    --> tests/direct.rs:148:63
[INFO] [stdout]     |
[INFO] [stdout] 148 | #[derive(IntegerId, Debug, Copy, Clone, PartialEq, Serialize, Deserialize, Ord, PartialOrd, Eq)]
[INFO] [stdout]     |                                                               ^^^^^^^^^^^ can't find crate
[INFO] [stdout]     |
[INFO] [stdout]     = note: this error originates in the derive macro `Deserialize` (in Nightly builds, run with -Z macro-backtrace for more info)
[INFO] [stdout] 
[INFO] [stdout] 
[INFO] [stdout] error[E0463]: can't find crate for `serde`
[INFO] [stdout]    --> tests/set.rs:115:63
[INFO] [stdout]     |
[INFO] [stdout] 115 | #[derive(IntegerId, Debug, Copy, Clone, PartialEq, Serialize, Deserialize, Ord, PartialOrd, Eq)]
[INFO] [stdout]     |                                                               ^^^^^^^^^^^ can't find crate
[INFO] [stdout]     |
[INFO] [stdout]     = note: this error originates in the derive macro `Deserialize` (in Nightly builds, run with -Z macro-backtrace for more info)
[INFO] [stdout] 
[INFO] [stdout] 
[INFO] [stdout] error[E0463]: can't find crate for `serde`
[INFO] [stdout]  --> tests/basic.rs:6:1
[INFO] [stdout]   |
[INFO] [stdout] 6 | extern crate serde;
[INFO] [stdout]   | ^^^^^^^^^^^^^^^^^^^ can't find crate
[INFO] [stdout] 
[INFO] [stdout] 
[INFO] [stdout] error[E0463]: can't find crate for `serde`
[INFO] [stdout]    --> tests/basic.rs:149:52
[INFO] [stdout]     |
[INFO] [stdout] 149 | #[derive(IntegerId, Debug, Copy, Clone, PartialEq, Serialize, Deserialize)]
[INFO] [stdout]     |                                                    ^^^^^^^^^ can't find crate
[INFO] [stdout]     |
[INFO] [stdout]     = note: this error originates in the derive macro `Serialize` (in Nightly builds, run with -Z macro-backtrace for more info)
[INFO] [stdout] 
[INFO] [stdout] 
[INFO] [stdout] error[E0463]: can't find crate for `serde`
[INFO] [stdout]    --> tests/basic.rs:149:63
[INFO] [stdout]     |
[INFO] [stdout] 149 | #[derive(IntegerId, Debug, Copy, Clone, PartialEq, Serialize, Deserialize)]
[INFO] [stdout]     |                                                               ^^^^^^^^^^^ can't find crate
[INFO] [stdout]     |
[INFO] [stdout]     = note: this error originates in the derive macro `Deserialize` (in Nightly builds, run with -Z macro-backtrace for more info)
[INFO] [stdout] 
[INFO] [stdout] 
[INFO] [stdout] error: aborting due to 3 previous errors
[INFO] [stdout] 
[INFO] [stdout] 
[INFO] [stdout] error: aborting due to 3 previous errors
[INFO] [stdout] 
[INFO] [stdout] 
[INFO] [stdout] For more information about this error, try `rustc --explain E0463`.
[INFO] [stdout] 
[INFO] [stdout] error: aborting due to 3 previous errors
[INFO] [stdout] 
[INFO] [stdout] 
[INFO] [stdout] For more information about this error, try `rustc --explain E0463`.
[INFO] [stdout] 
[INFO] [stdout] For more information about this error, try `rustc --explain E0463`.
[INFO] [stdout] 
[INFO] [stderr] error: could not compile `idmap` due to 4 previous errors
[INFO] [stderr] warning: build failed, waiting for other jobs to finish...
[INFO] [stderr] error: could not compile `idmap` due to 4 previous errors
[INFO] [stderr] error: could not compile `idmap` due to 4 previous errors
[INFO] running `Command { std: "docker" "inspect" "1af48bb4a1c424a43e2052ab788abc9ee3ddf857ce4b01f30fbc822d6ef97f82", kill_on_drop: false }`
[INFO] running `Command { std: "docker" "rm" "-f" "1af48bb4a1c424a43e2052ab788abc9ee3ddf857ce4b01f30fbc822d6ef97f82", kill_on_drop: false }`
[INFO] [stdout] 1af48bb4a1c424a43e2052ab788abc9ee3ddf857ce4b01f30fbc822d6ef97f82
