[INFO] fetching crate icu_segmenter 1.2.1...
[INFO] testing icu_segmenter-1.2.1 against 1.69.0 for beta-1.70-1
[INFO] extracting crate icu_segmenter 1.2.1 into /workspace/builds/worker-5-tc1/source
[INFO] validating manifest of crates.io crate icu_segmenter 1.2.1 on toolchain 1.69.0
[INFO] running `Command { std: CARGO_HOME="/workspace/cargo-home" RUSTUP_HOME="/workspace/rustup-home" "/workspace/cargo-home/bin/cargo" "+1.69.0" "metadata" "--manifest-path" "Cargo.toml" "--no-deps", kill_on_drop: false }`
[INFO] started tweaking crates.io crate icu_segmenter 1.2.1
[INFO] removed 0 missing tests
[INFO] finished tweaking crates.io crate icu_segmenter 1.2.1
[INFO] tweaked toml for crates.io crate icu_segmenter 1.2.1 written to /workspace/builds/worker-5-tc1/source/Cargo.toml
[INFO] running `Command { std: CARGO_HOME="/workspace/cargo-home" RUSTUP_HOME="/workspace/rustup-home" __CARGO_TEST_CHANNEL_OVERRIDE_DO_NOT_USE_THIS="nightly" "/workspace/cargo-home/bin/cargo" "+1.69.0" "generate-lockfile" "--manifest-path" "Cargo.toml" "-Zno-index-update", kill_on_drop: false }`
[INFO] running `Command { std: CARGO_HOME="/workspace/cargo-home" RUSTUP_HOME="/workspace/rustup-home" "/workspace/cargo-home/bin/cargo" "+1.69.0" "fetch" "--manifest-path" "Cargo.toml", kill_on_drop: false }`
[INFO] [stderr]  Downloading crates ...
[INFO] [stderr]   Downloaded utf8_iter v1.0.3
[INFO] [stderr]   Downloaded icu_collections v1.2.0
[INFO] [stderr]   Downloaded icu_provider_macros v1.2.0
[INFO] running `Command { std: "docker" "create" "-v" "/var/lib/crater-agent-workspace/builds/worker-5-tc1/target:/opt/rustwide/target:rw,Z" "-v" "/var/lib/crater-agent-workspace/builds/worker-5-tc1/source:/opt/rustwide/workdir:ro,Z" "-v" "/var/lib/crater-agent-workspace/cargo-home:/opt/rustwide/cargo-home:ro,Z" "-v" "/var/lib/crater-agent-workspace/rustup-home:/opt/rustwide/rustup-home:ro,Z" "-e" "SOURCE_DIR=/opt/rustwide/workdir" "-e" "CARGO_TARGET_DIR=/opt/rustwide/target" "-e" "CARGO_HOME=/opt/rustwide/cargo-home" "-e" "RUSTUP_HOME=/opt/rustwide/rustup-home" "-w" "/opt/rustwide/workdir" "-m" "1610612736" "--user" "0:0" "--network" "none" "ghcr.io/rust-lang/crates-build-env/linux@sha256:5ff2268d62e97bff2cde7d5815dd6ed5b47097566f13b8d0ca110b04b60e07ed" "/opt/rustwide/cargo-home/bin/cargo" "+1.69.0" "metadata" "--no-deps" "--format-version=1", kill_on_drop: false }`
[INFO] [stdout] 0027e8ea2843213e5344cd02e7c946b46a1896ed5fee6f29eff8ff5977c7c9b8
[INFO] running `Command { std: "docker" "start" "-a" "0027e8ea2843213e5344cd02e7c946b46a1896ed5fee6f29eff8ff5977c7c9b8", kill_on_drop: false }`
[INFO] running `Command { std: "docker" "inspect" "0027e8ea2843213e5344cd02e7c946b46a1896ed5fee6f29eff8ff5977c7c9b8", kill_on_drop: false }`
[INFO] running `Command { std: "docker" "rm" "-f" "0027e8ea2843213e5344cd02e7c946b46a1896ed5fee6f29eff8ff5977c7c9b8", kill_on_drop: false }`
[INFO] [stdout] 0027e8ea2843213e5344cd02e7c946b46a1896ed5fee6f29eff8ff5977c7c9b8
[INFO] running `Command { std: "docker" "create" "-v" "/var/lib/crater-agent-workspace/builds/worker-5-tc1/target:/opt/rustwide/target:rw,Z" "-v" "/var/lib/crater-agent-workspace/builds/worker-5-tc1/source:/opt/rustwide/workdir:ro,Z" "-v" "/var/lib/crater-agent-workspace/cargo-home:/opt/rustwide/cargo-home:ro,Z" "-v" "/var/lib/crater-agent-workspace/rustup-home:/opt/rustwide/rustup-home:ro,Z" "-e" "SOURCE_DIR=/opt/rustwide/workdir" "-e" "CARGO_TARGET_DIR=/opt/rustwide/target" "-e" "CARGO_INCREMENTAL=0" "-e" "RUST_BACKTRACE=full" "-e" "RUSTFLAGS=--cap-lints=warn" "-e" "RUSTDOCFLAGS=--cap-lints=warn" "-e" "CARGO_HOME=/opt/rustwide/cargo-home" "-e" "RUSTUP_HOME=/opt/rustwide/rustup-home" "-w" "/opt/rustwide/workdir" "-m" "1610612736" "--user" "0:0" "--network" "none" "ghcr.io/rust-lang/crates-build-env/linux@sha256:5ff2268d62e97bff2cde7d5815dd6ed5b47097566f13b8d0ca110b04b60e07ed" "/opt/rustwide/cargo-home/bin/cargo" "+1.69.0" "build" "--frozen" "--message-format=json", kill_on_drop: false }`
[INFO] [stdout] 43d65e5341ce9e8a671220caff60e6a6e049214a30ea394f8a5505d566c57167
[INFO] running `Command { std: "docker" "start" "-a" "43d65e5341ce9e8a671220caff60e6a6e049214a30ea394f8a5505d566c57167", kill_on_drop: false }`
[INFO] [stderr]    Compiling proc-macro2 v1.0.56
[INFO] [stderr]    Compiling unicode-ident v1.0.8
[INFO] [stderr]    Compiling quote v1.0.26
[INFO] [stderr]    Compiling syn v1.0.109
[INFO] [stderr]    Compiling unicode-xid v0.2.4
[INFO] [stderr]    Compiling stable_deref_trait v1.2.0
[INFO] [stderr]    Compiling autocfg v1.1.0
[INFO] [stderr]    Compiling libm v0.2.6
[INFO] [stderr]    Compiling writeable v0.5.2
[INFO] [stderr]    Compiling litemap v0.7.0
[INFO] [stderr]    Compiling utf8_iter v1.0.3
[INFO] [stderr]    Compiling num-traits v0.2.15
[INFO] [stderr]    Compiling synstructure v0.12.6
[INFO] [stderr]    Compiling zerofrom-derive v0.1.2
[INFO] [stderr]    Compiling yoke-derive v0.7.1
[INFO] [stderr]    Compiling displaydoc v0.2.3
[INFO] [stderr]    Compiling zerovec-derive v0.9.4
[INFO] [stderr]    Compiling icu_provider_macros v1.2.0
[INFO] [stderr]    Compiling tinystr v0.7.1
[INFO] [stderr]    Compiling icu_locid v1.2.0
[INFO] [stderr]    Compiling zerofrom v0.1.2
[INFO] [stderr]    Compiling yoke v0.7.1
[INFO] [stderr]    Compiling zerovec v0.9.4
[INFO] [stderr]    Compiling icu_collections v1.2.0
[INFO] [stderr]    Compiling icu_provider v1.2.0
[INFO] [stderr]    Compiling icu_segmenter v1.2.1 (/opt/rustwide/workdir)
[INFO] [stderr]     Finished dev [unoptimized + debuginfo] target(s) in 13.72s
[INFO] running `Command { std: "docker" "inspect" "43d65e5341ce9e8a671220caff60e6a6e049214a30ea394f8a5505d566c57167", kill_on_drop: false }`
[INFO] running `Command { std: "docker" "rm" "-f" "43d65e5341ce9e8a671220caff60e6a6e049214a30ea394f8a5505d566c57167", kill_on_drop: false }`
[INFO] [stdout] 43d65e5341ce9e8a671220caff60e6a6e049214a30ea394f8a5505d566c57167
[INFO] running `Command { std: "docker" "create" "-v" "/var/lib/crater-agent-workspace/builds/worker-5-tc1/target:/opt/rustwide/target:rw,Z" "-v" "/var/lib/crater-agent-workspace/builds/worker-5-tc1/source:/opt/rustwide/workdir:ro,Z" "-v" "/var/lib/crater-agent-workspace/cargo-home:/opt/rustwide/cargo-home:ro,Z" "-v" "/var/lib/crater-agent-workspace/rustup-home:/opt/rustwide/rustup-home:ro,Z" "-e" "SOURCE_DIR=/opt/rustwide/workdir" "-e" "CARGO_TARGET_DIR=/opt/rustwide/target" "-e" "CARGO_INCREMENTAL=0" "-e" "RUST_BACKTRACE=full" "-e" "RUSTFLAGS=--cap-lints=warn" "-e" "RUSTDOCFLAGS=--cap-lints=warn" "-e" "CARGO_HOME=/opt/rustwide/cargo-home" "-e" "RUSTUP_HOME=/opt/rustwide/rustup-home" "-w" "/opt/rustwide/workdir" "-m" "1610612736" "--user" "0:0" "--network" "none" "ghcr.io/rust-lang/crates-build-env/linux@sha256:5ff2268d62e97bff2cde7d5815dd6ed5b47097566f13b8d0ca110b04b60e07ed" "/opt/rustwide/cargo-home/bin/cargo" "+1.69.0" "test" "--frozen" "--no-run" "--message-format=json", kill_on_drop: false }`
[INFO] [stdout] d47508b70da0f81b2c2e227ea539792ab741ba25f1eab9681c519e6b13a7509f
[INFO] running `Command { std: "docker" "start" "-a" "d47508b70da0f81b2c2e227ea539792ab741ba25f1eab9681c519e6b13a7509f", kill_on_drop: false }`
[INFO] [stderr]    Compiling crossbeam-utils v0.8.15
[INFO] [stderr]    Compiling libc v0.2.142
[INFO] [stderr]    Compiling serde_derive v1.0.160
[INFO] [stderr]    Compiling serde v1.0.160
[INFO] [stderr]    Compiling scopeguard v1.1.0
[INFO] [stderr]    Compiling serde_json v1.0.96
[INFO] [stderr]    Compiling either v1.8.1
[INFO] [stderr]    Compiling memoffset v0.8.0
[INFO] [stderr]    Compiling crossbeam-epoch v0.9.14
[INFO] [stderr]    Compiling num-traits v0.2.15
[INFO] [stderr]    Compiling indexmap v1.9.3
[INFO] [stderr]    Compiling rayon-core v1.11.0
[INFO] [stderr]    Compiling os_str_bytes v6.5.0
[INFO] [stderr]    Compiling syn v2.0.15
[INFO] [stderr]    Compiling itoa v1.0.6
[INFO] [stderr]    Compiling hashbrown v0.12.3
[INFO] [stderr]    Compiling half v1.8.2
[INFO] [stderr]    Compiling plotters-backend v0.3.4
[INFO] [stderr]    Compiling ciborium-io v0.2.0
[INFO] [stderr]    Compiling ryu v1.0.13
[INFO] [stderr]    Compiling itertools v0.10.5
[INFO] [stderr]    Compiling textwrap v0.16.0
[INFO] [stderr]    Compiling ciborium-ll v0.2.0
[INFO] [stderr]    Compiling clap_lex v0.2.4
[INFO] [stderr]    Compiling regex-syntax v0.7.1
[INFO] [stderr]    Compiling same-file v1.0.6
[INFO] [stderr]    Compiling plotters-svg v0.3.3
[INFO] [stderr]    Compiling cast v0.3.0
[INFO] [stderr]    Compiling lazy_static v1.4.0
[INFO] [stderr]    Compiling anes v0.1.6
[INFO] [stderr]    Compiling walkdir v2.3.3
[INFO] [stderr]    Compiling oorandom v11.1.3
[INFO] [stderr]    Compiling crossbeam-channel v0.5.8
[INFO] [stderr]    Compiling crossbeam-deque v0.8.3
[INFO] [stderr]    Compiling num_cpus v1.15.0
[INFO] [stderr]    Compiling atty v0.2.14
[INFO] [stderr]    Compiling clap v3.2.25
[INFO] [stderr]    Compiling criterion-plot v0.5.0
[INFO] [stderr]    Compiling regex v1.8.1
[INFO] [stderr]    Compiling rayon v1.7.0
[INFO] [stderr]    Compiling plotters v0.3.4
[INFO] [stderr]    Compiling icu_segmenter v1.2.1 (/opt/rustwide/workdir)
[INFO] [stderr]    Compiling ciborium v0.2.0
[INFO] [stderr]    Compiling tinytemplate v1.2.1
[INFO] [stderr]    Compiling criterion v0.4.0
[INFO] [stdout] error[E0433]: failed to resolve: use of undeclared crate or module `icu_testdata`
[INFO] [stdout]   --> tests/word_rule_status.rs:11:47
[INFO] [stdout]    |
[INFO] [stdout] 11 |         WordSegmenter::try_new_auto_unstable(&icu_testdata::unstable()).expect("Data exists");
[INFO] [stdout]    |                                               ^^^^^^^^^^^^ use of undeclared crate or module `icu_testdata`
[INFO] [stdout] 
[INFO] [stdout] 
[INFO] [stdout] error[E0433]: failed to resolve: use of undeclared crate or module `icu_testdata`
[INFO] [stdout]   --> tests/word_rule_status.rs:42:47
[INFO] [stdout]    |
[INFO] [stdout] 42 |         WordSegmenter::try_new_auto_unstable(&icu_testdata::unstable()).expect("Data exists");
[INFO] [stdout]    |                                               ^^^^^^^^^^^^ use of undeclared crate or module `icu_testdata`
[INFO] [stdout] 
[INFO] [stdout] 
[INFO] [stderr] error: could not compile `icu_segmenter` due to 3 previous errors
[INFO] [stderr] warning: build failed, waiting for other jobs to finish...
[INFO] [stdout] error: aborting due to 2 previous errors
[INFO] [stdout] 
[INFO] [stdout] 
[INFO] [stdout] For more information about this error, try `rustc --explain E0433`.
[INFO] [stdout] 
[INFO] [stdout] error[E0433]: failed to resolve: use of undeclared crate or module `icu_provider_adapters`
[INFO] [stdout]  --> tests/css_word_break.rs:6:5
[INFO] [stdout]   |
[INFO] [stdout] 6 | use icu_provider_adapters::fork::ForkByKeyProvider;
[INFO] [stdout]   |     ^^^^^^^^^^^^^^^^^^^^^ use of undeclared crate or module `icu_provider_adapters`
[INFO] [stdout] 
[INFO] [stdout] 
[INFO] [stdout] error[E0432]: unresolved import `icu_provider_fs`
[INFO] [stdout]  --> tests/css_word_break.rs:7:5
[INFO] [stdout]   |
[INFO] [stdout] 7 | use icu_provider_fs::FsDataProvider;
[INFO] [stdout]   |     ^^^^^^^^^^^^^^^ use of undeclared crate or module `icu_provider_fs`
[INFO] [stdout]   |
[INFO] [stdout] help: there is a crate or module with a similar name
[INFO] [stdout]   |
[INFO] [stdout] 7 | use icu_provider::FsDataProvider;
[INFO] [stdout]   |     ~~~~~~~~~~~~
[INFO] [stdout] 
[INFO] [stdout] 
[INFO] [stdout] error[E0433]: failed to resolve: use of undeclared crate or module `icu_provider_adapters`
[INFO] [stdout]  --> tests/complex_word.rs:6:5
[INFO] [stdout]   |
[INFO] [stdout] 6 | use icu_provider_adapters::fork::ForkByKeyProvider;
[INFO] [stdout]   |     ^^^^^^^^^^^^^^^^^^^^^ use of undeclared crate or module `icu_provider_adapters`
[INFO] [stdout] 
[INFO] [stdout] 
[INFO] [stdout] error[E0432]: unresolved import `icu_provider_fs`
[INFO] [stdout]  --> tests/complex_word.rs:7:5
[INFO] [stdout]   |
[INFO] [stdout] 7 | use icu_provider_fs::FsDataProvider;
[INFO] [stdout]   |     ^^^^^^^^^^^^^^^ use of undeclared crate or module `icu_provider_fs`
[INFO] [stdout]   |
[INFO] [stdout] help: there is a crate or module with a similar name
[INFO] [stdout]   |
[INFO] [stdout] 7 | use icu_provider::FsDataProvider;
[INFO] [stdout]   |     ~~~~~~~~~~~~
[INFO] [stdout] 
[INFO] [stdout] 
[INFO] [stdout] error[E0433]: failed to resolve: use of undeclared crate or module `icu_testdata`
[INFO] [stdout]   --> tests/css_word_break.rs:19:51
[INFO] [stdout]    |
[INFO] [stdout] 19 |     ForkByKeyProvider::new(segmenter_fs_provider, icu_testdata::buffer())
[INFO] [stdout]    |                                                   ^^^^^^^^^^^^ use of undeclared crate or module `icu_testdata`
[INFO] [stdout] 
[INFO] [stdout] 
[INFO] [stdout] error[E0433]: failed to resolve: use of undeclared crate or module `icu_testdata`
[INFO] [stdout]    --> tests/spec_test.rs:110:53
[INFO] [stdout]     |
[INFO] [stdout] 110 |         LineSegmenter::try_new_dictionary_unstable(&icu_testdata::unstable()).expect("Data exists");
[INFO] [stdout]     |                                                     ^^^^^^^^^^^^ use of undeclared crate or module `icu_testdata`
[INFO] [stdout] 
[INFO] [stdout] 
[INFO] [stdout] error[E0433]: failed to resolve: use of undeclared crate or module `icu_testdata`
[INFO] [stdout]    --> tests/spec_test.rs:147:53
[INFO] [stdout]     |
[INFO] [stdout] 147 |         WordSegmenter::try_new_dictionary_unstable(&icu_testdata::unstable()).expect("Data exists");
[INFO] [stdout]     |                                                     ^^^^^^^^^^^^ use of undeclared crate or module `icu_testdata`
[INFO] [stdout] 
[INFO] [stdout] 
[INFO] [stdout] error[E0433]: failed to resolve: use of undeclared crate or module `icu_testdata`
[INFO] [stdout]    --> tests/spec_test.rs:179:53
[INFO] [stdout]     |
[INFO] [stdout] 179 |         GraphemeClusterSegmenter::try_new_unstable(&icu_testdata::unstable()).expect("Data exists");
[INFO] [stdout]     |                                                     ^^^^^^^^^^^^ use of undeclared crate or module `icu_testdata`
[INFO] [stdout] 
[INFO] [stdout] 
[INFO] [stdout] error[E0433]: failed to resolve: use of undeclared crate or module `icu_testdata`
[INFO] [stdout]   --> tests/css_line_break.rs:17:66
[INFO] [stdout]    |
[INFO] [stdout] 17 |         LineSegmenter::try_new_dictionary_with_options_unstable(&icu_testdata::unstable(), options)
[INFO] [stdout]    |                                                                  ^^^^^^^^^^^^ use of undeclared crate or module `icu_testdata`
[INFO] [stdout] 
[INFO] [stdout] 
[INFO] [stdout] error[E0433]: failed to resolve: use of undeclared crate or module `icu_testdata`
[INFO] [stdout]    --> tests/spec_test.rs:210:46
[INFO] [stdout]     |
[INFO] [stdout] 210 |         SentenceSegmenter::try_new_unstable(&icu_testdata::unstable()).expect("Data exists");
[INFO] [stdout]     |                                              ^^^^^^^^^^^^ use of undeclared crate or module `icu_testdata`
[INFO] [stdout] 
[INFO] [stdout] 
[INFO] [stdout] error: aborting due to 4 previous errors
[INFO] [stdout] 
[INFO] [stdout] 
[INFO] [stdout] For more information about this error, try `rustc --explain E0433`.
[INFO] [stdout] 
[INFO] [stderr] error: could not compile `icu_segmenter` due to 5 previous errors
[INFO] [stdout] error: aborting due to previous error
[INFO] [stdout] 
[INFO] [stdout] 
[INFO] [stdout] For more information about this error, try `rustc --explain E0433`.
[INFO] [stdout] 
[INFO] [stdout] error[E0433]: failed to resolve: use of undeclared crate or module `icu_testdata`
[INFO] [stdout]   --> tests/complex_word.rs:18:51
[INFO] [stdout]    |
[INFO] [stdout] 18 |     ForkByKeyProvider::new(segmenter_fs_provider, icu_testdata::buffer())
[INFO] [stdout]    |                                                   ^^^^^^^^^^^^ use of undeclared crate or module `icu_testdata`
[INFO] [stdout] 
[INFO] [stdout] 
[INFO] [stdout] error[E0599]: no function or associated item named `try_new_dictionary_with_options_with_buffer_provider` found for struct `LineSegmenter` in the current scope
[INFO] [stdout]   --> tests/css_word_break.rs:28:36
[INFO] [stdout]    |
[INFO] [stdout] 28 |     let segmenter = LineSegmenter::try_new_dictionary_with_options_with_buffer_provider(
[INFO] [stdout]    |                                    ^^^^^^^^^^^^^^^^^^^^^^^^^^^^^^^^^^^^^^^^^^^^^^^^^^^^
[INFO] [stdout]    |                                    |
[INFO] [stdout]    |                                    function or associated item not found in `LineSegmenter`
[INFO] [stdout]    |                                    help: there is an associated function with a similar name: `try_new_dictionary_with_options_with_any_provider`
[INFO] [stdout] 
[INFO] [stdout] 
[INFO] [stdout] error[E0433]: failed to resolve: use of undeclared crate or module `icu_testdata`
[INFO] [stdout]   --> tests/complex_word.rs:24:47
[INFO] [stdout]    |
[INFO] [stdout] 24 |         WordSegmenter::try_new_auto_unstable(&icu_testdata::unstable()).expect("Data exists");
[INFO] [stdout]    |                                               ^^^^^^^^^^^^ use of undeclared crate or module `icu_testdata`
[INFO] [stdout] 
[INFO] [stdout] 
[INFO] [stdout] error[E0433]: failed to resolve: use of undeclared crate or module `icu_testdata`
[INFO] [stdout]   --> tests/complex_word.rs:26:47
[INFO] [stdout]    |
[INFO] [stdout] 26 |         WordSegmenter::try_new_lstm_unstable(&icu_testdata::unstable()).expect("Data exists");
[INFO] [stdout]    |                                               ^^^^^^^^^^^^ use of undeclared crate or module `icu_testdata`
[INFO] [stdout] 
[INFO] [stdout] 
[INFO] [stderr] error: could not compile `icu_segmenter` due to 2 previous errors
[INFO] [stdout] error[E0599]: no function or associated item named `try_new_auto_with_buffer_provider` found for struct `WordSegmenter` in the current scope
[INFO] [stdout]   --> tests/complex_word.rs:60:24
[INFO] [stdout]    |
[INFO] [stdout] 60 |         WordSegmenter::try_new_auto_with_buffer_provider(&get_segmenter_testdata_provider())
[INFO] [stdout]    |                        ^^^^^^^^^^^^^^^^^^^^^^^^^^^^^^^^^
[INFO] [stdout]    |                        |
[INFO] [stdout]    |                        function or associated item not found in `WordSegmenter`
[INFO] [stdout]    |                        help: there is an associated function with a similar name: `try_new_auto_with_any_provider`
[INFO] [stdout] 
[INFO] [stdout] 
[INFO] [stdout] error: aborting due to 4 previous errors
[INFO] [stdout] 
[INFO] [stdout] 
[INFO] [stdout] Some errors have detailed explanations: E0432, E0433, E0599.
[INFO] [stdout] 
[INFO] [stdout] For more information about an error, try `rustc --explain E0432`.
[INFO] [stdout] 
[INFO] [stdout] error[E0433]: failed to resolve: use of undeclared crate or module `icu_testdata`
[INFO] [stdout]   --> tests/complex_word.rs:76:47
[INFO] [stdout]    |
[INFO] [stdout] 76 |         WordSegmenter::try_new_auto_unstable(&icu_testdata::unstable()).expect("Data exists");
[INFO] [stdout]    |                                               ^^^^^^^^^^^^ use of undeclared crate or module `icu_testdata`
[INFO] [stdout] 
[INFO] [stdout] 
[INFO] [stdout] error[E0433]: failed to resolve: use of undeclared crate or module `icu_testdata`
[INFO] [stdout]   --> tests/complex_word.rs:78:53
[INFO] [stdout]    |
[INFO] [stdout] 78 |         WordSegmenter::try_new_dictionary_unstable(&icu_testdata::unstable()).expect("Data exists");
[INFO] [stdout]    |                                                     ^^^^^^^^^^^^ use of undeclared crate or module `icu_testdata`
[INFO] [stdout] 
[INFO] [stdout] 
[INFO] [stdout] error[E0433]: failed to resolve: use of undeclared crate or module `icu_testdata`
[INFO] [stdout]   --> tests/complex_word.rs:94:47
[INFO] [stdout]    |
[INFO] [stdout] 94 |         WordSegmenter::try_new_auto_unstable(&icu_testdata::unstable()).expect("Data exists");
[INFO] [stdout]    |                                               ^^^^^^^^^^^^ use of undeclared crate or module `icu_testdata`
[INFO] [stdout] 
[INFO] [stdout] 
[INFO] [stdout] error[E0433]: failed to resolve: use of undeclared crate or module `icu_testdata`
[INFO] [stdout]   --> tests/complex_word.rs:96:53
[INFO] [stdout]    |
[INFO] [stdout] 96 |         WordSegmenter::try_new_dictionary_unstable(&icu_testdata::unstable()).expect("Data exists");
[INFO] [stdout]    |                                                     ^^^^^^^^^^^^ use of undeclared crate or module `icu_testdata`
[INFO] [stdout] 
[INFO] [stdout] 
[INFO] [stderr] error: could not compile `icu_segmenter` due to 5 previous errors
[INFO] [stdout] error[E0433]: failed to resolve: use of undeclared crate or module `icu_testdata`
[INFO] [stdout]    --> tests/complex_word.rs:119:47
[INFO] [stdout]     |
[INFO] [stdout] 119 |         WordSegmenter::try_new_auto_unstable(&icu_testdata::unstable()).expect("Data exists");
[INFO] [stdout]     |                                               ^^^^^^^^^^^^ use of undeclared crate or module `icu_testdata`
[INFO] [stdout] 
[INFO] [stdout] 
[INFO] [stdout] error[E0433]: failed to resolve: use of undeclared crate or module `icu_testdata`
[INFO] [stdout]    --> tests/complex_word.rs:121:47
[INFO] [stdout]     |
[INFO] [stdout] 121 |         LineSegmenter::try_new_auto_unstable(&icu_testdata::unstable()).expect("Data exists");
[INFO] [stdout]     |                                               ^^^^^^^^^^^^ use of undeclared crate or module `icu_testdata`
[INFO] [stdout] 
[INFO] [stdout] 
[INFO] [stdout] error: aborting due to 12 previous errors
[INFO] [stdout] 
[INFO] [stdout] 
[INFO] [stdout] Some errors have detailed explanations: E0432, E0433, E0599.
[INFO] [stdout] 
[INFO] [stdout] For more information about an error, try `rustc --explain E0432`.
[INFO] [stdout] 
[INFO] [stderr] error: could not compile `icu_segmenter` due to 13 previous errors
[INFO] [stdout] error[E0433]: failed to resolve: use of undeclared crate or module `icu_testdata`
[INFO] [stdout]    --> src/lstm.rs:348:18
[INFO] [stdout]     |
[INFO] [stdout] 348 |                 &icu_testdata::buffer().as_deserializing(),
[INFO] [stdout]     |                  ^^^^^^^^^^^^ use of undeclared crate or module `icu_testdata`
[INFO] [stdout] 
[INFO] [stdout] 
[INFO] [stdout] error[E0433]: failed to resolve: use of undeclared crate or module `icu_testdata`
[INFO] [stdout]    --> src/lstm.rs:358:71
[INFO] [stdout]     |
[INFO] [stdout] 358 |         let grapheme: DataPayload<GraphemeClusterBreakDataV1Marker> = icu_testdata::buffer()
[INFO] [stdout]     |                                                                       ^^^^^^^^^^^^ use of undeclared crate or module `icu_testdata`
[INFO] [stdout] 
[INFO] [stdout] 
[INFO] [stdout] error: aborting due to 2 previous errors
[INFO] [stdout] 
[INFO] [stdout] 
[INFO] [stdout] For more information about this error, try `rustc --explain E0433`.
[INFO] [stdout] 
[INFO] [stderr] error: could not compile `icu_segmenter` due to 3 previous errors
[INFO] running `Command { std: "docker" "inspect" "d47508b70da0f81b2c2e227ea539792ab741ba25f1eab9681c519e6b13a7509f", kill_on_drop: false }`
[INFO] running `Command { std: "docker" "rm" "-f" "d47508b70da0f81b2c2e227ea539792ab741ba25f1eab9681c519e6b13a7509f", kill_on_drop: false }`
[INFO] [stdout] d47508b70da0f81b2c2e227ea539792ab741ba25f1eab9681c519e6b13a7509f
