[INFO] fetching crate icu_relativetime 0.1.1...
[INFO] testing icu_relativetime-0.1.1 against 1.69.0 for beta-1.70-1
[INFO] extracting crate icu_relativetime 0.1.1 into /workspace/builds/worker-3-tc1/source
[INFO] validating manifest of crates.io crate icu_relativetime 0.1.1 on toolchain 1.69.0
[INFO] running `Command { std: CARGO_HOME="/workspace/cargo-home" RUSTUP_HOME="/workspace/rustup-home" "/workspace/cargo-home/bin/cargo" "+1.69.0" "metadata" "--manifest-path" "Cargo.toml" "--no-deps", kill_on_drop: false }`
[INFO] started tweaking crates.io crate icu_relativetime 0.1.1
[INFO] removed 0 missing tests
[INFO] finished tweaking crates.io crate icu_relativetime 0.1.1
[INFO] tweaked toml for crates.io crate icu_relativetime 0.1.1 written to /workspace/builds/worker-3-tc1/source/Cargo.toml
[INFO] running `Command { std: CARGO_HOME="/workspace/cargo-home" RUSTUP_HOME="/workspace/rustup-home" __CARGO_TEST_CHANNEL_OVERRIDE_DO_NOT_USE_THIS="nightly" "/workspace/cargo-home/bin/cargo" "+1.69.0" "generate-lockfile" "--manifest-path" "Cargo.toml" "-Zno-index-update", kill_on_drop: false }`
[INFO] running `Command { std: CARGO_HOME="/workspace/cargo-home" RUSTUP_HOME="/workspace/rustup-home" "/workspace/cargo-home/bin/cargo" "+1.69.0" "fetch" "--manifest-path" "Cargo.toml", kill_on_drop: false }`
[INFO] running `Command { std: "docker" "create" "-v" "/var/lib/crater-agent-workspace/builds/worker-3-tc1/target:/opt/rustwide/target:rw,Z" "-v" "/var/lib/crater-agent-workspace/builds/worker-3-tc1/source:/opt/rustwide/workdir:ro,Z" "-v" "/var/lib/crater-agent-workspace/cargo-home:/opt/rustwide/cargo-home:ro,Z" "-v" "/var/lib/crater-agent-workspace/rustup-home:/opt/rustwide/rustup-home:ro,Z" "-e" "SOURCE_DIR=/opt/rustwide/workdir" "-e" "CARGO_TARGET_DIR=/opt/rustwide/target" "-e" "CARGO_HOME=/opt/rustwide/cargo-home" "-e" "RUSTUP_HOME=/opt/rustwide/rustup-home" "-w" "/opt/rustwide/workdir" "-m" "1610612736" "--user" "0:0" "--network" "none" "ghcr.io/rust-lang/crates-build-env/linux@sha256:5ff2268d62e97bff2cde7d5815dd6ed5b47097566f13b8d0ca110b04b60e07ed" "/opt/rustwide/cargo-home/bin/cargo" "+1.69.0" "metadata" "--no-deps" "--format-version=1", kill_on_drop: false }`
[INFO] [stdout] 161841ac490098dd462ff2e1289515d0170c4f9a57983d013e8e7153906e18c9
[INFO] running `Command { std: "docker" "start" "-a" "161841ac490098dd462ff2e1289515d0170c4f9a57983d013e8e7153906e18c9", kill_on_drop: false }`
[INFO] running `Command { std: "docker" "inspect" "161841ac490098dd462ff2e1289515d0170c4f9a57983d013e8e7153906e18c9", kill_on_drop: false }`
[INFO] running `Command { std: "docker" "rm" "-f" "161841ac490098dd462ff2e1289515d0170c4f9a57983d013e8e7153906e18c9", kill_on_drop: false }`
[INFO] [stdout] 161841ac490098dd462ff2e1289515d0170c4f9a57983d013e8e7153906e18c9
[INFO] running `Command { std: "docker" "create" "-v" "/var/lib/crater-agent-workspace/builds/worker-3-tc1/target:/opt/rustwide/target:rw,Z" "-v" "/var/lib/crater-agent-workspace/builds/worker-3-tc1/source:/opt/rustwide/workdir:ro,Z" "-v" "/var/lib/crater-agent-workspace/cargo-home:/opt/rustwide/cargo-home:ro,Z" "-v" "/var/lib/crater-agent-workspace/rustup-home:/opt/rustwide/rustup-home:ro,Z" "-e" "SOURCE_DIR=/opt/rustwide/workdir" "-e" "CARGO_TARGET_DIR=/opt/rustwide/target" "-e" "CARGO_INCREMENTAL=0" "-e" "RUST_BACKTRACE=full" "-e" "RUSTFLAGS=--cap-lints=warn" "-e" "RUSTDOCFLAGS=--cap-lints=warn" "-e" "CARGO_HOME=/opt/rustwide/cargo-home" "-e" "RUSTUP_HOME=/opt/rustwide/rustup-home" "-w" "/opt/rustwide/workdir" "-m" "1610612736" "--user" "0:0" "--network" "none" "ghcr.io/rust-lang/crates-build-env/linux@sha256:5ff2268d62e97bff2cde7d5815dd6ed5b47097566f13b8d0ca110b04b60e07ed" "/opt/rustwide/cargo-home/bin/cargo" "+1.69.0" "build" "--frozen" "--message-format=json", kill_on_drop: false }`
[INFO] [stdout] 49d22d70ab519f82957dcf768bbfe8ffc9ebf723dba124536eeb3393d0e724a1
[INFO] running `Command { std: "docker" "start" "-a" "49d22d70ab519f82957dcf768bbfe8ffc9ebf723dba124536eeb3393d0e724a1", kill_on_drop: false }`
[INFO] [stderr]    Compiling proc-macro2 v1.0.56
[INFO] [stderr]    Compiling unicode-ident v1.0.8
[INFO] [stderr]    Compiling quote v1.0.26
[INFO] [stderr]    Compiling syn v1.0.109
[INFO] [stderr]    Compiling unicode-xid v0.2.4
[INFO] [stderr]    Compiling stable_deref_trait v1.2.0
[INFO] [stderr]    Compiling writeable v0.5.2
[INFO] [stderr]    Compiling litemap v0.7.0
[INFO] [stderr]    Compiling smallvec v1.10.0
[INFO] [stderr]    Compiling synstructure v0.12.6
[INFO] [stderr]    Compiling displaydoc v0.2.3
[INFO] [stderr]    Compiling zerofrom-derive v0.1.2
[INFO] [stderr]    Compiling yoke-derive v0.7.1
[INFO] [stderr]    Compiling zerovec-derive v0.9.4
[INFO] [stderr]    Compiling icu_provider_macros v1.2.0
[INFO] [stderr]    Compiling tinystr v0.7.1
[INFO] [stderr]    Compiling fixed_decimal v0.5.3
[INFO] [stderr]    Compiling icu_locid v1.2.0
[INFO] [stderr]    Compiling zerofrom v0.1.2
[INFO] [stderr]    Compiling yoke v0.7.1
[INFO] [stderr]    Compiling zerovec v0.9.4
[INFO] [stderr]    Compiling icu_provider v1.2.0
[INFO] [stderr]    Compiling icu_plurals v1.2.0
[INFO] [stderr]    Compiling icu_decimal v1.2.0
[INFO] [stderr]    Compiling icu_relativetime v0.1.1 (/opt/rustwide/workdir)
[INFO] [stderr]     Finished dev [unoptimized + debuginfo] target(s) in 9.27s
[INFO] running `Command { std: "docker" "inspect" "49d22d70ab519f82957dcf768bbfe8ffc9ebf723dba124536eeb3393d0e724a1", kill_on_drop: false }`
[INFO] running `Command { std: "docker" "rm" "-f" "49d22d70ab519f82957dcf768bbfe8ffc9ebf723dba124536eeb3393d0e724a1", kill_on_drop: false }`
[INFO] [stdout] 49d22d70ab519f82957dcf768bbfe8ffc9ebf723dba124536eeb3393d0e724a1
[INFO] running `Command { std: "docker" "create" "-v" "/var/lib/crater-agent-workspace/builds/worker-3-tc1/target:/opt/rustwide/target:rw,Z" "-v" "/var/lib/crater-agent-workspace/builds/worker-3-tc1/source:/opt/rustwide/workdir:ro,Z" "-v" "/var/lib/crater-agent-workspace/cargo-home:/opt/rustwide/cargo-home:ro,Z" "-v" "/var/lib/crater-agent-workspace/rustup-home:/opt/rustwide/rustup-home:ro,Z" "-e" "SOURCE_DIR=/opt/rustwide/workdir" "-e" "CARGO_TARGET_DIR=/opt/rustwide/target" "-e" "CARGO_INCREMENTAL=0" "-e" "RUST_BACKTRACE=full" "-e" "RUSTFLAGS=--cap-lints=warn" "-e" "RUSTDOCFLAGS=--cap-lints=warn" "-e" "CARGO_HOME=/opt/rustwide/cargo-home" "-e" "RUSTUP_HOME=/opt/rustwide/rustup-home" "-w" "/opt/rustwide/workdir" "-m" "1610612736" "--user" "0:0" "--network" "none" "ghcr.io/rust-lang/crates-build-env/linux@sha256:5ff2268d62e97bff2cde7d5815dd6ed5b47097566f13b8d0ca110b04b60e07ed" "/opt/rustwide/cargo-home/bin/cargo" "+1.69.0" "test" "--frozen" "--no-run" "--message-format=json", kill_on_drop: false }`
[INFO] [stdout] 27c68b3a266dc9529449c2c28f6e56af336e0173dba6bf0037fcba1fd7946b35
[INFO] running `Command { std: "docker" "start" "-a" "27c68b3a266dc9529449c2c28f6e56af336e0173dba6bf0037fcba1fd7946b35", kill_on_drop: false }`
[INFO] [stderr]    Compiling icu_relativetime v0.1.1 (/opt/rustwide/workdir)
[INFO] [stdout] error[E0433]: failed to resolve: use of undeclared crate or module `icu`
[INFO] [stdout]  --> tests/tests.rs:6:5
[INFO] [stdout]   |
[INFO] [stdout] 6 | use icu::locid::locale;
[INFO] [stdout]   |     ^^^ use of undeclared crate or module `icu`
[INFO] [stdout] 
[INFO] [stdout] 
[INFO] [stdout] error: cannot determine resolution for the macro `locale`
[INFO] [stdout]   --> tests/tests.rs:18:18
[INFO] [stdout]    |
[INFO] [stdout] 18 |                   &locale!("en").into(),
[INFO] [stdout]    |                    ^^^^^^
[INFO] [stdout] ...
[INFO] [stdout] 46 | / generate_test!(
[INFO] [stdout] 47 | |     test_long_second_always,
[INFO] [stdout] 48 | |     try_new_long_second_unstable,
[INFO] [stdout] 49 | |     RelativeTimeFormatterOptions {
[INFO] [stdout] ...  |
[INFO] [stdout] 69 | |     ]
[INFO] [stdout] 70 | | );
[INFO] [stdout]    | |_- in this macro invocation
[INFO] [stdout]    |
[INFO] [stdout]    = note: import resolution is stuck, try simplifying macro imports
[INFO] [stdout]    = note: this error originates in the macro `generate_test` (in Nightly builds, run with -Z macro-backtrace for more info)
[INFO] [stdout] 
[INFO] [stdout] 
[INFO] [stdout] error: cannot determine resolution for the macro `locale`
[INFO] [stdout]   --> tests/tests.rs:32:18
[INFO] [stdout]    |
[INFO] [stdout] 32 |                   &locale!("ar").into(),
[INFO] [stdout]    |                    ^^^^^^
[INFO] [stdout] ...
[INFO] [stdout] 46 | / generate_test!(
[INFO] [stdout] 47 | |     test_long_second_always,
[INFO] [stdout] 48 | |     try_new_long_second_unstable,
[INFO] [stdout] 49 | |     RelativeTimeFormatterOptions {
[INFO] [stdout] ...  |
[INFO] [stdout] 69 | |     ]
[INFO] [stdout] 70 | | );
[INFO] [stdout]    | |_- in this macro invocation
[INFO] [stdout]    |
[INFO] [stdout]    = note: import resolution is stuck, try simplifying macro imports
[INFO] [stdout]    = note: this error originates in the macro `generate_test` (in Nightly builds, run with -Z macro-backtrace for more info)
[INFO] [stdout] 
[INFO] [stdout] 
[INFO] [stdout] error: cannot determine resolution for the macro `locale`
[INFO] [stdout]   --> tests/tests.rs:18:18
[INFO] [stdout]    |
[INFO] [stdout] 18 |                   &locale!("en").into(),
[INFO] [stdout]    |                    ^^^^^^
[INFO] [stdout] ...
[INFO] [stdout] 71 | / generate_test!(
[INFO] [stdout] 72 | |     test_long_second_auto,
[INFO] [stdout] 73 | |     try_new_long_second_unstable,
[INFO] [stdout] 74 | |     RelativeTimeFormatterOptions {
[INFO] [stdout] ...  |
[INFO] [stdout] 94 | |     ]
[INFO] [stdout] 95 | | );
[INFO] [stdout]    | |_- in this macro invocation
[INFO] [stdout]    |
[INFO] [stdout]    = note: import resolution is stuck, try simplifying macro imports
[INFO] [stdout]    = note: this error originates in the macro `generate_test` (in Nightly builds, run with -Z macro-backtrace for more info)
[INFO] [stdout] 
[INFO] [stdout] 
[INFO] [stdout] error: cannot determine resolution for the macro `locale`
[INFO] [stdout]   --> tests/tests.rs:32:18
[INFO] [stdout]    |
[INFO] [stdout] 32 |                   &locale!("ar").into(),
[INFO] [stdout]    |                    ^^^^^^
[INFO] [stdout] ...
[INFO] [stdout] 71 | / generate_test!(
[INFO] [stdout] 72 | |     test_long_second_auto,
[INFO] [stdout] 73 | |     try_new_long_second_unstable,
[INFO] [stdout] 74 | |     RelativeTimeFormatterOptions {
[INFO] [stdout] ...  |
[INFO] [stdout] 94 | |     ]
[INFO] [stdout] 95 | | );
[INFO] [stdout]    | |_- in this macro invocation
[INFO] [stdout]    |
[INFO] [stdout]    = note: import resolution is stuck, try simplifying macro imports
[INFO] [stdout]    = note: this error originates in the macro `generate_test` (in Nightly builds, run with -Z macro-backtrace for more info)
[INFO] [stdout] 
[INFO] [stdout] 
[INFO] [stdout] error: cannot determine resolution for the macro `locale`
[INFO] [stdout]    --> tests/tests.rs:18:18
[INFO] [stdout]     |
[INFO] [stdout] 18  |                   &locale!("en").into(),
[INFO] [stdout]     |                    ^^^^^^
[INFO] [stdout] ...
[INFO] [stdout] 96  | / generate_test!(
[INFO] [stdout] 97  | |     test_long_minute_always,
[INFO] [stdout] 98  | |     try_new_long_minute_unstable,
[INFO] [stdout] 99  | |     RelativeTimeFormatterOptions {
[INFO] [stdout] ...   |
[INFO] [stdout] 119 | |     ]
[INFO] [stdout] 120 | | );
[INFO] [stdout]     | |_- in this macro invocation
[INFO] [stdout]     |
[INFO] [stdout]     = note: import resolution is stuck, try simplifying macro imports
[INFO] [stdout]     = note: this error originates in the macro `generate_test` (in Nightly builds, run with -Z macro-backtrace for more info)
[INFO] [stdout] 
[INFO] [stdout] 
[INFO] [stdout] error: cannot determine resolution for the macro `locale`
[INFO] [stdout]    --> tests/tests.rs:32:18
[INFO] [stdout]     |
[INFO] [stdout] 32  |                   &locale!("ar").into(),
[INFO] [stdout]     |                    ^^^^^^
[INFO] [stdout] ...
[INFO] [stdout] 96  | / generate_test!(
[INFO] [stdout] 97  | |     test_long_minute_always,
[INFO] [stdout] 98  | |     try_new_long_minute_unstable,
[INFO] [stdout] 99  | |     RelativeTimeFormatterOptions {
[INFO] [stdout] ...   |
[INFO] [stdout] 119 | |     ]
[INFO] [stdout] 120 | | );
[INFO] [stdout]     | |_- in this macro invocation
[INFO] [stdout]     |
[INFO] [stdout]     = note: import resolution is stuck, try simplifying macro imports
[INFO] [stdout]     = note: this error originates in the macro `generate_test` (in Nightly builds, run with -Z macro-backtrace for more info)
[INFO] [stdout] 
[INFO] [stdout] 
[INFO] [stdout] error: cannot determine resolution for the macro `locale`
[INFO] [stdout]    --> tests/tests.rs:18:18
[INFO] [stdout]     |
[INFO] [stdout] 18  |                   &locale!("en").into(),
[INFO] [stdout]     |                    ^^^^^^
[INFO] [stdout] ...
[INFO] [stdout] 121 | / generate_test!(
[INFO] [stdout] 122 | |     test_long_minute_auto,
[INFO] [stdout] 123 | |     try_new_long_minute_unstable,
[INFO] [stdout] 124 | |     RelativeTimeFormatterOptions {
[INFO] [stdout] ...   |
[INFO] [stdout] 144 | |     ]
[INFO] [stdout] 145 | | );
[INFO] [stdout]     | |_- in this macro invocation
[INFO] [stdout]     |
[INFO] [stdout]     = note: import resolution is stuck, try simplifying macro imports
[INFO] [stdout]     = note: this error originates in the macro `generate_test` (in Nightly builds, run with -Z macro-backtrace for more info)
[INFO] [stdout] 
[INFO] [stdout] 
[INFO] [stdout] error: cannot determine resolution for the macro `locale`
[INFO] [stdout]    --> tests/tests.rs:32:18
[INFO] [stdout]     |
[INFO] [stdout] 32  |                   &locale!("ar").into(),
[INFO] [stdout]     |                    ^^^^^^
[INFO] [stdout] ...
[INFO] [stdout] 121 | / generate_test!(
[INFO] [stdout] 122 | |     test_long_minute_auto,
[INFO] [stdout] 123 | |     try_new_long_minute_unstable,
[INFO] [stdout] 124 | |     RelativeTimeFormatterOptions {
[INFO] [stdout] ...   |
[INFO] [stdout] 144 | |     ]
[INFO] [stdout] 145 | | );
[INFO] [stdout]     | |_- in this macro invocation
[INFO] [stdout]     |
[INFO] [stdout]     = note: import resolution is stuck, try simplifying macro imports
[INFO] [stdout]     = note: this error originates in the macro `generate_test` (in Nightly builds, run with -Z macro-backtrace for more info)
[INFO] [stdout] 
[INFO] [stdout] 
[INFO] [stdout] error: cannot determine resolution for the macro `locale`
[INFO] [stdout]    --> tests/tests.rs:18:18
[INFO] [stdout]     |
[INFO] [stdout] 18  |                   &locale!("en").into(),
[INFO] [stdout]     |                    ^^^^^^
[INFO] [stdout] ...
[INFO] [stdout] 146 | / generate_test!(
[INFO] [stdout] 147 | |     test_long_hour_always,
[INFO] [stdout] 148 | |     try_new_long_hour_unstable,
[INFO] [stdout] 149 | |     RelativeTimeFormatterOptions {
[INFO] [stdout] ...   |
[INFO] [stdout] 169 | |     ]
[INFO] [stdout] 170 | | );
[INFO] [stdout]     | |_- in this macro invocation
[INFO] [stdout]     |
[INFO] [stdout]     = note: import resolution is stuck, try simplifying macro imports
[INFO] [stdout]     = note: this error originates in the macro `generate_test` (in Nightly builds, run with -Z macro-backtrace for more info)
[INFO] [stdout] 
[INFO] [stdout] 
[INFO] [stdout] error: cannot determine resolution for the macro `locale`
[INFO] [stdout]    --> tests/tests.rs:32:18
[INFO] [stdout]     |
[INFO] [stdout] 32  |                   &locale!("ar").into(),
[INFO] [stdout]     |                    ^^^^^^
[INFO] [stdout] ...
[INFO] [stdout] 146 | / generate_test!(
[INFO] [stdout] 147 | |     test_long_hour_always,
[INFO] [stdout] 148 | |     try_new_long_hour_unstable,
[INFO] [stdout] 149 | |     RelativeTimeFormatterOptions {
[INFO] [stdout] ...   |
[INFO] [stdout] 169 | |     ]
[INFO] [stdout] 170 | | );
[INFO] [stdout]     | |_- in this macro invocation
[INFO] [stdout]     |
[INFO] [stdout]     = note: import resolution is stuck, try simplifying macro imports
[INFO] [stdout]     = note: this error originates in the macro `generate_test` (in Nightly builds, run with -Z macro-backtrace for more info)
[INFO] [stdout] 
[INFO] [stdout] 
[INFO] [stdout] error: cannot determine resolution for the macro `locale`
[INFO] [stdout]    --> tests/tests.rs:18:18
[INFO] [stdout]     |
[INFO] [stdout] 18  |                   &locale!("en").into(),
[INFO] [stdout]     |                    ^^^^^^
[INFO] [stdout] ...
[INFO] [stdout] 171 | / generate_test!(
[INFO] [stdout] 172 | |     test_long_hour_auto,
[INFO] [stdout] 173 | |     try_new_long_hour_unstable,
[INFO] [stdout] 174 | |     RelativeTimeFormatterOptions {
[INFO] [stdout] ...   |
[INFO] [stdout] 194 | |     ]
[INFO] [stdout] 195 | | );
[INFO] [stdout]     | |_- in this macro invocation
[INFO] [stdout]     |
[INFO] [stdout]     = note: import resolution is stuck, try simplifying macro imports
[INFO] [stdout]     = note: this error originates in the macro `generate_test` (in Nightly builds, run with -Z macro-backtrace for more info)
[INFO] [stdout] 
[INFO] [stdout] 
[INFO] [stdout] error: cannot determine resolution for the macro `locale`
[INFO] [stdout]    --> tests/tests.rs:32:18
[INFO] [stdout]     |
[INFO] [stdout] 32  |                   &locale!("ar").into(),
[INFO] [stdout]     |                    ^^^^^^
[INFO] [stdout] ...
[INFO] [stdout] 171 | / generate_test!(
[INFO] [stdout] 172 | |     test_long_hour_auto,
[INFO] [stdout] 173 | |     try_new_long_hour_unstable,
[INFO] [stdout] 174 | |     RelativeTimeFormatterOptions {
[INFO] [stdout] ...   |
[INFO] [stdout] 194 | |     ]
[INFO] [stdout] 195 | | );
[INFO] [stdout]     | |_- in this macro invocation
[INFO] [stdout]     |
[INFO] [stdout]     = note: import resolution is stuck, try simplifying macro imports
[INFO] [stdout]     = note: this error originates in the macro `generate_test` (in Nightly builds, run with -Z macro-backtrace for more info)
[INFO] [stdout] 
[INFO] [stdout] 
[INFO] [stdout] error: cannot determine resolution for the macro `locale`
[INFO] [stdout]    --> tests/tests.rs:18:18
[INFO] [stdout]     |
[INFO] [stdout] 18  |                   &locale!("en").into(),
[INFO] [stdout]     |                    ^^^^^^
[INFO] [stdout] ...
[INFO] [stdout] 196 | / generate_test!(
[INFO] [stdout] 197 | |     test_long_day_always,
[INFO] [stdout] 198 | |     try_new_long_day_unstable,
[INFO] [stdout] 199 | |     RelativeTimeFormatterOptions {
[INFO] [stdout] ...   |
[INFO] [stdout] 219 | |     ]
[INFO] [stdout] 220 | | );
[INFO] [stdout]     | |_- in this macro invocation
[INFO] [stdout]     |
[INFO] [stdout]     = note: import resolution is stuck, try simplifying macro imports
[INFO] [stdout]     = note: this error originates in the macro `generate_test` (in Nightly builds, run with -Z macro-backtrace for more info)
[INFO] [stdout] 
[INFO] [stdout] 
[INFO] [stdout] error: cannot determine resolution for the macro `locale`
[INFO] [stdout]    --> tests/tests.rs:32:18
[INFO] [stdout]     |
[INFO] [stdout] 32  |                   &locale!("ar").into(),
[INFO] [stdout]     |                    ^^^^^^
[INFO] [stdout] ...
[INFO] [stdout] 196 | / generate_test!(
[INFO] [stdout] 197 | |     test_long_day_always,
[INFO] [stdout] 198 | |     try_new_long_day_unstable,
[INFO] [stdout] 199 | |     RelativeTimeFormatterOptions {
[INFO] [stdout] ...   |
[INFO] [stdout] 219 | |     ]
[INFO] [stdout] 220 | | );
[INFO] [stdout]     | |_- in this macro invocation
[INFO] [stdout]     |
[INFO] [stdout]     = note: import resolution is stuck, try simplifying macro imports
[INFO] [stdout]     = note: this error originates in the macro `generate_test` (in Nightly builds, run with -Z macro-backtrace for more info)
[INFO] [stdout] 
[INFO] [stdout] 
[INFO] [stdout] error: cannot determine resolution for the macro `locale`
[INFO] [stdout]    --> tests/tests.rs:18:18
[INFO] [stdout]     |
[INFO] [stdout] 18  |                   &locale!("en").into(),
[INFO] [stdout]     |                    ^^^^^^
[INFO] [stdout] ...
[INFO] [stdout] 221 | / generate_test!(
[INFO] [stdout] 222 | |     test_long_day_auto,
[INFO] [stdout] 223 | |     try_new_long_day_unstable,
[INFO] [stdout] 224 | |     RelativeTimeFormatterOptions {
[INFO] [stdout] ...   |
[INFO] [stdout] 244 | |     ]
[INFO] [stdout] 245 | | );
[INFO] [stdout]     | |_- in this macro invocation
[INFO] [stdout]     |
[INFO] [stdout]     = note: import resolution is stuck, try simplifying macro imports
[INFO] [stdout]     = note: this error originates in the macro `generate_test` (in Nightly builds, run with -Z macro-backtrace for more info)
[INFO] [stdout] 
[INFO] [stdout] 
[INFO] [stdout] error: cannot determine resolution for the macro `locale`
[INFO] [stdout]    --> tests/tests.rs:32:18
[INFO] [stdout]     |
[INFO] [stdout] 32  |                   &locale!("ar").into(),
[INFO] [stdout]     |                    ^^^^^^
[INFO] [stdout] ...
[INFO] [stdout] 221 | / generate_test!(
[INFO] [stdout] 222 | |     test_long_day_auto,
[INFO] [stdout] 223 | |     try_new_long_day_unstable,
[INFO] [stdout] 224 | |     RelativeTimeFormatterOptions {
[INFO] [stdout] ...   |
[INFO] [stdout] 244 | |     ]
[INFO] [stdout] 245 | | );
[INFO] [stdout]     | |_- in this macro invocation
[INFO] [stdout]     |
[INFO] [stdout]     = note: import resolution is stuck, try simplifying macro imports
[INFO] [stdout]     = note: this error originates in the macro `generate_test` (in Nightly builds, run with -Z macro-backtrace for more info)
[INFO] [stdout] 
[INFO] [stdout] 
[INFO] [stdout] error: cannot determine resolution for the macro `locale`
[INFO] [stdout]    --> tests/tests.rs:18:18
[INFO] [stdout]     |
[INFO] [stdout] 18  |                   &locale!("en").into(),
[INFO] [stdout]     |                    ^^^^^^
[INFO] [stdout] ...
[INFO] [stdout] 246 | / generate_test!(
[INFO] [stdout] 247 | |     test_long_week_always,
[INFO] [stdout] 248 | |     try_new_long_week_unstable,
[INFO] [stdout] 249 | |     RelativeTimeFormatterOptions {
[INFO] [stdout] ...   |
[INFO] [stdout] 269 | |     ]
[INFO] [stdout] 270 | | );
[INFO] [stdout]     | |_- in this macro invocation
[INFO] [stdout]     |
[INFO] [stdout]     = note: import resolution is stuck, try simplifying macro imports
[INFO] [stdout]     = note: this error originates in the macro `generate_test` (in Nightly builds, run with -Z macro-backtrace for more info)
[INFO] [stdout] 
[INFO] [stdout] 
[INFO] [stdout] error: cannot determine resolution for the macro `locale`
[INFO] [stdout]    --> tests/tests.rs:32:18
[INFO] [stdout]     |
[INFO] [stdout] 32  |                   &locale!("ar").into(),
[INFO] [stdout]     |                    ^^^^^^
[INFO] [stdout] ...
[INFO] [stdout] 246 | / generate_test!(
[INFO] [stdout] 247 | |     test_long_week_always,
[INFO] [stdout] 248 | |     try_new_long_week_unstable,
[INFO] [stdout] 249 | |     RelativeTimeFormatterOptions {
[INFO] [stdout] ...   |
[INFO] [stdout] 269 | |     ]
[INFO] [stdout] 270 | | );
[INFO] [stdout]     | |_- in this macro invocation
[INFO] [stdout]     |
[INFO] [stdout]     = note: import resolution is stuck, try simplifying macro imports
[INFO] [stdout]     = note: this error originates in the macro `generate_test` (in Nightly builds, run with -Z macro-backtrace for more info)
[INFO] [stdout] 
[INFO] [stdout] 
[INFO] [stdout] error: cannot determine resolution for the macro `locale`
[INFO] [stdout]    --> tests/tests.rs:18:18
[INFO] [stdout]     |
[INFO] [stdout] 18  |                   &locale!("en").into(),
[INFO] [stdout]     |                    ^^^^^^
[INFO] [stdout] ...
[INFO] [stdout] 271 | / generate_test!(
[INFO] [stdout] 272 | |     test_long_week_auto,
[INFO] [stdout] 273 | |     try_new_long_week_unstable,
[INFO] [stdout] 274 | |     RelativeTimeFormatterOptions {
[INFO] [stdout] ...   |
[INFO] [stdout] 294 | |     ]
[INFO] [stdout] 295 | | );
[INFO] [stdout]     | |_- in this macro invocation
[INFO] [stdout]     |
[INFO] [stdout]     = note: import resolution is stuck, try simplifying macro imports
[INFO] [stdout]     = note: this error originates in the macro `generate_test` (in Nightly builds, run with -Z macro-backtrace for more info)
[INFO] [stdout] 
[INFO] [stdout] 
[INFO] [stdout] error: cannot determine resolution for the macro `locale`
[INFO] [stdout]    --> tests/tests.rs:32:18
[INFO] [stdout]     |
[INFO] [stdout] 32  |                   &locale!("ar").into(),
[INFO] [stdout]     |                    ^^^^^^
[INFO] [stdout] ...
[INFO] [stdout] 271 | / generate_test!(
[INFO] [stdout] 272 | |     test_long_week_auto,
[INFO] [stdout] 273 | |     try_new_long_week_unstable,
[INFO] [stdout] 274 | |     RelativeTimeFormatterOptions {
[INFO] [stdout] ...   |
[INFO] [stdout] 294 | |     ]
[INFO] [stdout] 295 | | );
[INFO] [stdout]     | |_- in this macro invocation
[INFO] [stdout]     |
[INFO] [stdout]     = note: import resolution is stuck, try simplifying macro imports
[INFO] [stdout]     = note: this error originates in the macro `generate_test` (in Nightly builds, run with -Z macro-backtrace for more info)
[INFO] [stdout] 
[INFO] [stdout] 
[INFO] [stdout] error: cannot determine resolution for the macro `locale`
[INFO] [stdout]    --> tests/tests.rs:18:18
[INFO] [stdout]     |
[INFO] [stdout] 18  |                   &locale!("en").into(),
[INFO] [stdout]     |                    ^^^^^^
[INFO] [stdout] ...
[INFO] [stdout] 296 | / generate_test!(
[INFO] [stdout] 297 | |     test_long_month_always,
[INFO] [stdout] 298 | |     try_new_long_month_unstable,
[INFO] [stdout] 299 | |     RelativeTimeFormatterOptions {
[INFO] [stdout] ...   |
[INFO] [stdout] 319 | |     ]
[INFO] [stdout] 320 | | );
[INFO] [stdout]     | |_- in this macro invocation
[INFO] [stdout]     |
[INFO] [stdout]     = note: import resolution is stuck, try simplifying macro imports
[INFO] [stdout]     = note: this error originates in the macro `generate_test` (in Nightly builds, run with -Z macro-backtrace for more info)
[INFO] [stdout] 
[INFO] [stdout] 
[INFO] [stdout] error: cannot determine resolution for the macro `locale`
[INFO] [stdout]    --> tests/tests.rs:32:18
[INFO] [stdout]     |
[INFO] [stdout] 32  |                   &locale!("ar").into(),
[INFO] [stdout]     |                    ^^^^^^
[INFO] [stdout] ...
[INFO] [stdout] 296 | / generate_test!(
[INFO] [stdout] 297 | |     test_long_month_always,
[INFO] [stdout] 298 | |     try_new_long_month_unstable,
[INFO] [stdout] 299 | |     RelativeTimeFormatterOptions {
[INFO] [stdout] ...   |
[INFO] [stdout] 319 | |     ]
[INFO] [stdout] 320 | | );
[INFO] [stdout]     | |_- in this macro invocation
[INFO] [stdout]     |
[INFO] [stdout]     = note: import resolution is stuck, try simplifying macro imports
[INFO] [stdout]     = note: this error originates in the macro `generate_test` (in Nightly builds, run with -Z macro-backtrace for more info)
[INFO] [stdout] 
[INFO] [stdout] 
[INFO] [stdout] error: cannot determine resolution for the macro `locale`
[INFO] [stdout]    --> tests/tests.rs:18:18
[INFO] [stdout]     |
[INFO] [stdout] 18  |                   &locale!("en").into(),
[INFO] [stdout]     |                    ^^^^^^
[INFO] [stdout] ...
[INFO] [stdout] 321 | / generate_test!(
[INFO] [stdout] 322 | |     test_long_month_auto,
[INFO] [stdout] 323 | |     try_new_long_month_unstable,
[INFO] [stdout] 324 | |     RelativeTimeFormatterOptions {
[INFO] [stdout] ...   |
[INFO] [stdout] 344 | |     ]
[INFO] [stdout] 345 | | );
[INFO] [stdout]     | |_- in this macro invocation
[INFO] [stdout]     |
[INFO] [stdout]     = note: import resolution is stuck, try simplifying macro imports
[INFO] [stdout]     = note: this error originates in the macro `generate_test` (in Nightly builds, run with -Z macro-backtrace for more info)
[INFO] [stdout] 
[INFO] [stdout] 
[INFO] [stdout] error: cannot determine resolution for the macro `locale`
[INFO] [stdout]    --> tests/tests.rs:32:18
[INFO] [stdout]     |
[INFO] [stdout] 32  |                   &locale!("ar").into(),
[INFO] [stdout]     |                    ^^^^^^
[INFO] [stdout] ...
[INFO] [stdout] 321 | / generate_test!(
[INFO] [stdout] 322 | |     test_long_month_auto,
[INFO] [stdout] 323 | |     try_new_long_month_unstable,
[INFO] [stdout] 324 | |     RelativeTimeFormatterOptions {
[INFO] [stdout] ...   |
[INFO] [stdout] 344 | |     ]
[INFO] [stdout] 345 | | );
[INFO] [stdout]     | |_- in this macro invocation
[INFO] [stdout]     |
[INFO] [stdout]     = note: import resolution is stuck, try simplifying macro imports
[INFO] [stdout]     = note: this error originates in the macro `generate_test` (in Nightly builds, run with -Z macro-backtrace for more info)
[INFO] [stdout] 
[INFO] [stdout] 
[INFO] [stdout] error: cannot determine resolution for the macro `locale`
[INFO] [stdout]    --> tests/tests.rs:18:18
[INFO] [stdout]     |
[INFO] [stdout] 18  |                   &locale!("en").into(),
[INFO] [stdout]     |                    ^^^^^^
[INFO] [stdout] ...
[INFO] [stdout] 346 | / generate_test!(
[INFO] [stdout] 347 | |     test_long_quarter_always,
[INFO] [stdout] 348 | |     try_new_long_quarter_unstable,
[INFO] [stdout] 349 | |     RelativeTimeFormatterOptions {
[INFO] [stdout] ...   |
[INFO] [stdout] 369 | |     ]
[INFO] [stdout] 370 | | );
[INFO] [stdout]     | |_- in this macro invocation
[INFO] [stdout]     |
[INFO] [stdout]     = note: import resolution is stuck, try simplifying macro imports
[INFO] [stdout]     = note: this error originates in the macro `generate_test` (in Nightly builds, run with -Z macro-backtrace for more info)
[INFO] [stdout] 
[INFO] [stdout] 
[INFO] [stdout] error: cannot determine resolution for the macro `locale`
[INFO] [stdout]    --> tests/tests.rs:32:18
[INFO] [stdout]     |
[INFO] [stdout] 32  |                   &locale!("ar").into(),
[INFO] [stdout]     |                    ^^^^^^
[INFO] [stdout] ...
[INFO] [stdout] 346 | / generate_test!(
[INFO] [stdout] 347 | |     test_long_quarter_always,
[INFO] [stdout] 348 | |     try_new_long_quarter_unstable,
[INFO] [stdout] 349 | |     RelativeTimeFormatterOptions {
[INFO] [stdout] ...   |
[INFO] [stdout] 369 | |     ]
[INFO] [stdout] 370 | | );
[INFO] [stdout]     | |_- in this macro invocation
[INFO] [stdout]     |
[INFO] [stdout]     = note: import resolution is stuck, try simplifying macro imports
[INFO] [stdout]     = note: this error originates in the macro `generate_test` (in Nightly builds, run with -Z macro-backtrace for more info)
[INFO] [stdout] 
[INFO] [stdout] 
[INFO] [stdout] error: cannot determine resolution for the macro `locale`
[INFO] [stdout]    --> tests/tests.rs:18:18
[INFO] [stdout]     |
[INFO] [stdout] 18  |                   &locale!("en").into(),
[INFO] [stdout]     |                    ^^^^^^
[INFO] [stdout] ...
[INFO] [stdout] 371 | / generate_test!(
[INFO] [stdout] 372 | |     test_long_quarter_auto,
[INFO] [stdout] 373 | |     try_new_long_quarter_unstable,
[INFO] [stdout] 374 | |     RelativeTimeFormatterOptions {
[INFO] [stdout] ...   |
[INFO] [stdout] 394 | |     ]
[INFO] [stdout] 395 | | );
[INFO] [stdout]     | |_- in this macro invocation
[INFO] [stdout]     |
[INFO] [stdout]     = note: import resolution is stuck, try simplifying macro imports
[INFO] [stdout]     = note: this error originates in the macro `generate_test` (in Nightly builds, run with -Z macro-backtrace for more info)
[INFO] [stdout] 
[INFO] [stdout] 
[INFO] [stdout] error: cannot determine resolution for the macro `locale`
[INFO] [stdout]    --> tests/tests.rs:32:18
[INFO] [stdout]     |
[INFO] [stdout] 32  |                   &locale!("ar").into(),
[INFO] [stdout]     |                    ^^^^^^
[INFO] [stdout] ...
[INFO] [stdout] 371 | / generate_test!(
[INFO] [stdout] 372 | |     test_long_quarter_auto,
[INFO] [stdout] 373 | |     try_new_long_quarter_unstable,
[INFO] [stdout] 374 | |     RelativeTimeFormatterOptions {
[INFO] [stdout] ...   |
[INFO] [stdout] 394 | |     ]
[INFO] [stdout] 395 | | );
[INFO] [stdout]     | |_- in this macro invocation
[INFO] [stdout]     |
[INFO] [stdout]     = note: import resolution is stuck, try simplifying macro imports
[INFO] [stdout]     = note: this error originates in the macro `generate_test` (in Nightly builds, run with -Z macro-backtrace for more info)
[INFO] [stdout] 
[INFO] [stdout] 
[INFO] [stdout] error: cannot determine resolution for the macro `locale`
[INFO] [stdout]    --> tests/tests.rs:18:18
[INFO] [stdout]     |
[INFO] [stdout] 18  |                   &locale!("en").into(),
[INFO] [stdout]     |                    ^^^^^^
[INFO] [stdout] ...
[INFO] [stdout] 396 | / generate_test!(
[INFO] [stdout] 397 | |     test_long_year_always,
[INFO] [stdout] 398 | |     try_new_long_year_unstable,
[INFO] [stdout] 399 | |     RelativeTimeFormatterOptions {
[INFO] [stdout] ...   |
[INFO] [stdout] 419 | |     ]
[INFO] [stdout] 420 | | );
[INFO] [stdout]     | |_- in this macro invocation
[INFO] [stdout]     |
[INFO] [stdout]     = note: import resolution is stuck, try simplifying macro imports
[INFO] [stdout]     = note: this error originates in the macro `generate_test` (in Nightly builds, run with -Z macro-backtrace for more info)
[INFO] [stdout] 
[INFO] [stdout] 
[INFO] [stdout] error: cannot determine resolution for the macro `locale`
[INFO] [stdout]    --> tests/tests.rs:32:18
[INFO] [stdout]     |
[INFO] [stdout] 32  |                   &locale!("ar").into(),
[INFO] [stdout]     |                    ^^^^^^
[INFO] [stdout] ...
[INFO] [stdout] 396 | / generate_test!(
[INFO] [stdout] 397 | |     test_long_year_always,
[INFO] [stdout] 398 | |     try_new_long_year_unstable,
[INFO] [stdout] 399 | |     RelativeTimeFormatterOptions {
[INFO] [stdout] ...   |
[INFO] [stdout] 419 | |     ]
[INFO] [stdout] 420 | | );
[INFO] [stdout]     | |_- in this macro invocation
[INFO] [stdout]     |
[INFO] [stdout]     = note: import resolution is stuck, try simplifying macro imports
[INFO] [stdout]     = note: this error originates in the macro `generate_test` (in Nightly builds, run with -Z macro-backtrace for more info)
[INFO] [stdout] 
[INFO] [stdout] 
[INFO] [stdout] error: cannot determine resolution for the macro `locale`
[INFO] [stdout]    --> tests/tests.rs:18:18
[INFO] [stdout]     |
[INFO] [stdout] 18  |                   &locale!("en").into(),
[INFO] [stdout]     |                    ^^^^^^
[INFO] [stdout] ...
[INFO] [stdout] 421 | / generate_test!(
[INFO] [stdout] 422 | |     test_long_year_auto,
[INFO] [stdout] 423 | |     try_new_long_year_unstable,
[INFO] [stdout] 424 | |     RelativeTimeFormatterOptions {
[INFO] [stdout] ...   |
[INFO] [stdout] 444 | |     ]
[INFO] [stdout] 445 | | );
[INFO] [stdout]     | |_- in this macro invocation
[INFO] [stdout]     |
[INFO] [stdout]     = note: import resolution is stuck, try simplifying macro imports
[INFO] [stdout]     = note: this error originates in the macro `generate_test` (in Nightly builds, run with -Z macro-backtrace for more info)
[INFO] [stdout] 
[INFO] [stdout] 
[INFO] [stdout] error: cannot determine resolution for the macro `locale`
[INFO] [stdout]    --> tests/tests.rs:32:18
[INFO] [stdout]     |
[INFO] [stdout] 32  |                   &locale!("ar").into(),
[INFO] [stdout]     |                    ^^^^^^
[INFO] [stdout] ...
[INFO] [stdout] 421 | / generate_test!(
[INFO] [stdout] 422 | |     test_long_year_auto,
[INFO] [stdout] 423 | |     try_new_long_year_unstable,
[INFO] [stdout] 424 | |     RelativeTimeFormatterOptions {
[INFO] [stdout] ...   |
[INFO] [stdout] 444 | |     ]
[INFO] [stdout] 445 | | );
[INFO] [stdout]     | |_- in this macro invocation
[INFO] [stdout]     |
[INFO] [stdout]     = note: import resolution is stuck, try simplifying macro imports
[INFO] [stdout]     = note: this error originates in the macro `generate_test` (in Nightly builds, run with -Z macro-backtrace for more info)
[INFO] [stdout] 
[INFO] [stdout] 
[INFO] [stdout] error: cannot determine resolution for the macro `locale`
[INFO] [stdout]    --> tests/tests.rs:18:18
[INFO] [stdout]     |
[INFO] [stdout] 18  |                   &locale!("en").into(),
[INFO] [stdout]     |                    ^^^^^^
[INFO] [stdout] ...
[INFO] [stdout] 446 | / generate_test!(
[INFO] [stdout] 447 | |     test_short_second_always,
[INFO] [stdout] 448 | |     try_new_short_second_unstable,
[INFO] [stdout] 449 | |     RelativeTimeFormatterOptions {
[INFO] [stdout] ...   |
[INFO] [stdout] 469 | |     ]
[INFO] [stdout] 470 | | );
[INFO] [stdout]     | |_- in this macro invocation
[INFO] [stdout]     |
[INFO] [stdout]     = note: import resolution is stuck, try simplifying macro imports
[INFO] [stdout]     = note: this error originates in the macro `generate_test` (in Nightly builds, run with -Z macro-backtrace for more info)
[INFO] [stdout] 
[INFO] [stdout] 
[INFO] [stdout] error: cannot determine resolution for the macro `locale`
[INFO] [stdout]    --> tests/tests.rs:32:18
[INFO] [stdout]     |
[INFO] [stdout] 32  |                   &locale!("ar").into(),
[INFO] [stdout]     |                    ^^^^^^
[INFO] [stdout] ...
[INFO] [stdout] 446 | / generate_test!(
[INFO] [stdout] 447 | |     test_short_second_always,
[INFO] [stdout] 448 | |     try_new_short_second_unstable,
[INFO] [stdout] 449 | |     RelativeTimeFormatterOptions {
[INFO] [stdout] ...   |
[INFO] [stdout] 469 | |     ]
[INFO] [stdout] 470 | | );
[INFO] [stdout]     | |_- in this macro invocation
[INFO] [stdout]     |
[INFO] [stdout]     = note: import resolution is stuck, try simplifying macro imports
[INFO] [stdout]     = note: this error originates in the macro `generate_test` (in Nightly builds, run with -Z macro-backtrace for more info)
[INFO] [stdout] 
[INFO] [stdout] 
[INFO] [stdout] error: cannot determine resolution for the macro `locale`
[INFO] [stdout]    --> tests/tests.rs:18:18
[INFO] [stdout]     |
[INFO] [stdout] 18  |                   &locale!("en").into(),
[INFO] [stdout]     |                    ^^^^^^
[INFO] [stdout] ...
[INFO] [stdout] 471 | / generate_test!(
[INFO] [stdout] 472 | |     test_short_second_auto,
[INFO] [stdout] 473 | |     try_new_short_second_unstable,
[INFO] [stdout] 474 | |     RelativeTimeFormatterOptions {
[INFO] [stdout] ...   |
[INFO] [stdout] 494 | |     ]
[INFO] [stdout] 495 | | );
[INFO] [stdout]     | |_- in this macro invocation
[INFO] [stdout]     |
[INFO] [stdout]     = note: import resolution is stuck, try simplifying macro imports
[INFO] [stdout]     = note: this error originates in the macro `generate_test` (in Nightly builds, run with -Z macro-backtrace for more info)
[INFO] [stdout] 
[INFO] [stdout] 
[INFO] [stdout] error: cannot determine resolution for the macro `locale`
[INFO] [stdout]    --> tests/tests.rs:32:18
[INFO] [stdout]     |
[INFO] [stdout] 32  |                   &locale!("ar").into(),
[INFO] [stdout]     |                    ^^^^^^
[INFO] [stdout] ...
[INFO] [stdout] 471 | / generate_test!(
[INFO] [stdout] 472 | |     test_short_second_auto,
[INFO] [stdout] 473 | |     try_new_short_second_unstable,
[INFO] [stdout] 474 | |     RelativeTimeFormatterOptions {
[INFO] [stdout] ...   |
[INFO] [stdout] 494 | |     ]
[INFO] [stdout] 495 | | );
[INFO] [stdout]     | |_- in this macro invocation
[INFO] [stdout]     |
[INFO] [stdout]     = note: import resolution is stuck, try simplifying macro imports
[INFO] [stdout]     = note: this error originates in the macro `generate_test` (in Nightly builds, run with -Z macro-backtrace for more info)
[INFO] [stdout] 
[INFO] [stdout] 
[INFO] [stdout] error: cannot determine resolution for the macro `locale`
[INFO] [stdout]    --> tests/tests.rs:18:18
[INFO] [stdout]     |
[INFO] [stdout] 18  |                   &locale!("en").into(),
[INFO] [stdout]     |                    ^^^^^^
[INFO] [stdout] ...
[INFO] [stdout] 496 | / generate_test!(
[INFO] [stdout] 497 | |     test_short_minute_always,
[INFO] [stdout] 498 | |     try_new_short_minute_unstable,
[INFO] [stdout] 499 | |     RelativeTimeFormatterOptions {
[INFO] [stdout] ...   |
[INFO] [stdout] 519 | |     ]
[INFO] [stdout] 520 | | );
[INFO] [stdout]     | |_- in this macro invocation
[INFO] [stdout]     |
[INFO] [stdout]     = note: import resolution is stuck, try simplifying macro imports
[INFO] [stdout]     = note: this error originates in the macro `generate_test` (in Nightly builds, run with -Z macro-backtrace for more info)
[INFO] [stdout] 
[INFO] [stdout] 
[INFO] [stdout] error: cannot determine resolution for the macro `locale`
[INFO] [stdout]    --> tests/tests.rs:32:18
[INFO] [stdout]     |
[INFO] [stdout] 32  |                   &locale!("ar").into(),
[INFO] [stdout]     |                    ^^^^^^
[INFO] [stdout] ...
[INFO] [stdout] 496 | / generate_test!(
[INFO] [stdout] 497 | |     test_short_minute_always,
[INFO] [stdout] 498 | |     try_new_short_minute_unstable,
[INFO] [stdout] 499 | |     RelativeTimeFormatterOptions {
[INFO] [stdout] ...   |
[INFO] [stdout] 519 | |     ]
[INFO] [stdout] 520 | | );
[INFO] [stdout]     | |_- in this macro invocation
[INFO] [stdout]     |
[INFO] [stdout]     = note: import resolution is stuck, try simplifying macro imports
[INFO] [stdout]     = note: this error originates in the macro `generate_test` (in Nightly builds, run with -Z macro-backtrace for more info)
[INFO] [stdout] 
[INFO] [stdout] 
[INFO] [stdout] error: cannot determine resolution for the macro `locale`
[INFO] [stdout]    --> tests/tests.rs:18:18
[INFO] [stdout]     |
[INFO] [stdout] 18  |                   &locale!("en").into(),
[INFO] [stdout]     |                    ^^^^^^
[INFO] [stdout] ...
[INFO] [stdout] 521 | / generate_test!(
[INFO] [stdout] 522 | |     test_short_minute_auto,
[INFO] [stdout] 523 | |     try_new_short_minute_unstable,
[INFO] [stdout] 524 | |     RelativeTimeFormatterOptions {
[INFO] [stdout] ...   |
[INFO] [stdout] 544 | |     ]
[INFO] [stdout] 545 | | );
[INFO] [stdout]     | |_- in this macro invocation
[INFO] [stdout]     |
[INFO] [stdout]     = note: import resolution is stuck, try simplifying macro imports
[INFO] [stdout]     = note: this error originates in the macro `generate_test` (in Nightly builds, run with -Z macro-backtrace for more info)
[INFO] [stdout] 
[INFO] [stdout] 
[INFO] [stdout] error: cannot determine resolution for the macro `locale`
[INFO] [stdout]    --> tests/tests.rs:32:18
[INFO] [stdout]     |
[INFO] [stdout] 32  |                   &locale!("ar").into(),
[INFO] [stdout]     |                    ^^^^^^
[INFO] [stdout] ...
[INFO] [stdout] 521 | / generate_test!(
[INFO] [stdout] 522 | |     test_short_minute_auto,
[INFO] [stdout] 523 | |     try_new_short_minute_unstable,
[INFO] [stdout] 524 | |     RelativeTimeFormatterOptions {
[INFO] [stdout] ...   |
[INFO] [stdout] 544 | |     ]
[INFO] [stdout] 545 | | );
[INFO] [stdout]     | |_- in this macro invocation
[INFO] [stdout]     |
[INFO] [stdout]     = note: import resolution is stuck, try simplifying macro imports
[INFO] [stdout]     = note: this error originates in the macro `generate_test` (in Nightly builds, run with -Z macro-backtrace for more info)
[INFO] [stdout] 
[INFO] [stdout] 
[INFO] [stdout] error: cannot determine resolution for the macro `locale`
[INFO] [stdout]    --> tests/tests.rs:18:18
[INFO] [stdout]     |
[INFO] [stdout] 18  |                   &locale!("en").into(),
[INFO] [stdout]     |                    ^^^^^^
[INFO] [stdout] ...
[INFO] [stdout] 546 | / generate_test!(
[INFO] [stdout] 547 | |     test_short_hour_always,
[INFO] [stdout] 548 | |     try_new_short_hour_unstable,
[INFO] [stdout] 549 | |     RelativeTimeFormatterOptions {
[INFO] [stdout] ...   |
[INFO] [stdout] 569 | |     ]
[INFO] [stdout] 570 | | );
[INFO] [stdout]     | |_- in this macro invocation
[INFO] [stdout]     |
[INFO] [stdout]     = note: import resolution is stuck, try simplifying macro imports
[INFO] [stdout]     = note: this error originates in the macro `generate_test` (in Nightly builds, run with -Z macro-backtrace for more info)
[INFO] [stdout] 
[INFO] [stdout] 
[INFO] [stdout] error: cannot determine resolution for the macro `locale`
[INFO] [stdout]    --> tests/tests.rs:32:18
[INFO] [stdout]     |
[INFO] [stdout] 32  |                   &locale!("ar").into(),
[INFO] [stdout]     |                    ^^^^^^
[INFO] [stdout] ...
[INFO] [stdout] 546 | / generate_test!(
[INFO] [stdout] 547 | |     test_short_hour_always,
[INFO] [stdout] 548 | |     try_new_short_hour_unstable,
[INFO] [stdout] 549 | |     RelativeTimeFormatterOptions {
[INFO] [stdout] ...   |
[INFO] [stdout] 569 | |     ]
[INFO] [stdout] 570 | | );
[INFO] [stdout]     | |_- in this macro invocation
[INFO] [stdout]     |
[INFO] [stdout]     = note: import resolution is stuck, try simplifying macro imports
[INFO] [stdout]     = note: this error originates in the macro `generate_test` (in Nightly builds, run with -Z macro-backtrace for more info)
[INFO] [stdout] 
[INFO] [stdout] 
[INFO] [stdout] error: cannot determine resolution for the macro `locale`
[INFO] [stdout]    --> tests/tests.rs:18:18
[INFO] [stdout]     |
[INFO] [stdout] 18  |                   &locale!("en").into(),
[INFO] [stdout]     |                    ^^^^^^
[INFO] [stdout] ...
[INFO] [stdout] 571 | / generate_test!(
[INFO] [stdout] 572 | |     test_short_hour_auto,
[INFO] [stdout] 573 | |     try_new_short_hour_unstable,
[INFO] [stdout] 574 | |     RelativeTimeFormatterOptions {
[INFO] [stdout] ...   |
[INFO] [stdout] 594 | |     ]
[INFO] [stdout] 595 | | );
[INFO] [stdout]     | |_- in this macro invocation
[INFO] [stdout]     |
[INFO] [stdout]     = note: import resolution is stuck, try simplifying macro imports
[INFO] [stdout]     = note: this error originates in the macro `generate_test` (in Nightly builds, run with -Z macro-backtrace for more info)
[INFO] [stdout] 
[INFO] [stdout] 
[INFO] [stdout] error: cannot determine resolution for the macro `locale`
[INFO] [stdout]    --> tests/tests.rs:32:18
[INFO] [stdout]     |
[INFO] [stdout] 32  |                   &locale!("ar").into(),
[INFO] [stdout]     |                    ^^^^^^
[INFO] [stdout] ...
[INFO] [stdout] 571 | / generate_test!(
[INFO] [stdout] 572 | |     test_short_hour_auto,
[INFO] [stdout] 573 | |     try_new_short_hour_unstable,
[INFO] [stdout] 574 | |     RelativeTimeFormatterOptions {
[INFO] [stdout] ...   |
[INFO] [stdout] 594 | |     ]
[INFO] [stdout] 595 | | );
[INFO] [stdout]     | |_- in this macro invocation
[INFO] [stdout]     |
[INFO] [stdout]     = note: import resolution is stuck, try simplifying macro imports
[INFO] [stdout]     = note: this error originates in the macro `generate_test` (in Nightly builds, run with -Z macro-backtrace for more info)
[INFO] [stdout] 
[INFO] [stdout] 
[INFO] [stdout] error: cannot determine resolution for the macro `locale`
[INFO] [stdout]    --> tests/tests.rs:18:18
[INFO] [stdout]     |
[INFO] [stdout] 18  |                   &locale!("en").into(),
[INFO] [stdout]     |                    ^^^^^^
[INFO] [stdout] ...
[INFO] [stdout] 596 | / generate_test!(
[INFO] [stdout] 597 | |     test_short_day_always,
[INFO] [stdout] 598 | |     try_new_short_day_unstable,
[INFO] [stdout] 599 | |     RelativeTimeFormatterOptions {
[INFO] [stdout] ...   |
[INFO] [stdout] 619 | |     ]
[INFO] [stdout] 620 | | );
[INFO] [stdout]     | |_- in this macro invocation
[INFO] [stdout]     |
[INFO] [stdout]     = note: import resolution is stuck, try simplifying macro imports
[INFO] [stdout]     = note: this error originates in the macro `generate_test` (in Nightly builds, run with -Z macro-backtrace for more info)
[INFO] [stdout] 
[INFO] [stdout] 
[INFO] [stdout] error: cannot determine resolution for the macro `locale`
[INFO] [stdout]    --> tests/tests.rs:32:18
[INFO] [stdout]     |
[INFO] [stdout] 32  |                   &locale!("ar").into(),
[INFO] [stdout]     |                    ^^^^^^
[INFO] [stdout] ...
[INFO] [stdout] 596 | / generate_test!(
[INFO] [stdout] 597 | |     test_short_day_always,
[INFO] [stdout] 598 | |     try_new_short_day_unstable,
[INFO] [stdout] 599 | |     RelativeTimeFormatterOptions {
[INFO] [stdout] ...   |
[INFO] [stdout] 619 | |     ]
[INFO] [stdout] 620 | | );
[INFO] [stdout]     | |_- in this macro invocation
[INFO] [stdout]     |
[INFO] [stdout]     = note: import resolution is stuck, try simplifying macro imports
[INFO] [stdout]     = note: this error originates in the macro `generate_test` (in Nightly builds, run with -Z macro-backtrace for more info)
[INFO] [stdout] 
[INFO] [stdout] 
[INFO] [stdout] error: cannot determine resolution for the macro `locale`
[INFO] [stdout]    --> tests/tests.rs:18:18
[INFO] [stdout]     |
[INFO] [stdout] 18  |                   &locale!("en").into(),
[INFO] [stdout]     |                    ^^^^^^
[INFO] [stdout] ...
[INFO] [stdout] 621 | / generate_test!(
[INFO] [stdout] 622 | |     test_short_day_auto,
[INFO] [stdout] 623 | |     try_new_short_day_unstable,
[INFO] [stdout] 624 | |     RelativeTimeFormatterOptions {
[INFO] [stdout] ...   |
[INFO] [stdout] 644 | |     ]
[INFO] [stdout] 645 | | );
[INFO] [stdout]     | |_- in this macro invocation
[INFO] [stdout]     |
[INFO] [stdout]     = note: import resolution is stuck, try simplifying macro imports
[INFO] [stdout]     = note: this error originates in the macro `generate_test` (in Nightly builds, run with -Z macro-backtrace for more info)
[INFO] [stdout] 
[INFO] [stdout] 
[INFO] [stdout] error: cannot determine resolution for the macro `locale`
[INFO] [stdout]    --> tests/tests.rs:32:18
[INFO] [stdout]     |
[INFO] [stdout] 32  |                   &locale!("ar").into(),
[INFO] [stdout]     |                    ^^^^^^
[INFO] [stdout] ...
[INFO] [stdout] 621 | / generate_test!(
[INFO] [stdout] 622 | |     test_short_day_auto,
[INFO] [stdout] 623 | |     try_new_short_day_unstable,
[INFO] [stdout] 624 | |     RelativeTimeFormatterOptions {
[INFO] [stdout] ...   |
[INFO] [stdout] 644 | |     ]
[INFO] [stdout] 645 | | );
[INFO] [stdout]     | |_- in this macro invocation
[INFO] [stdout]     |
[INFO] [stdout]     = note: import resolution is stuck, try simplifying macro imports
[INFO] [stdout]     = note: this error originates in the macro `generate_test` (in Nightly builds, run with -Z macro-backtrace for more info)
[INFO] [stdout] 
[INFO] [stdout] 
[INFO] [stdout] error: cannot determine resolution for the macro `locale`
[INFO] [stdout]    --> tests/tests.rs:18:18
[INFO] [stdout]     |
[INFO] [stdout] 18  |                   &locale!("en").into(),
[INFO] [stdout]     |                    ^^^^^^
[INFO] [stdout] ...
[INFO] [stdout] 646 | / generate_test!(
[INFO] [stdout] 647 | |     test_short_week_always,
[INFO] [stdout] 648 | |     try_new_short_week_unstable,
[INFO] [stdout] 649 | |     RelativeTimeFormatterOptions {
[INFO] [stdout] ...   |
[INFO] [stdout] 669 | |     ]
[INFO] [stdout] 670 | | );
[INFO] [stdout]     | |_- in this macro invocation
[INFO] [stdout]     |
[INFO] [stdout]     = note: import resolution is stuck, try simplifying macro imports
[INFO] [stdout]     = note: this error originates in the macro `generate_test` (in Nightly builds, run with -Z macro-backtrace for more info)
[INFO] [stdout] 
[INFO] [stdout] 
[INFO] [stdout] error: cannot determine resolution for the macro `locale`
[INFO] [stdout]    --> tests/tests.rs:32:18
[INFO] [stdout]     |
[INFO] [stdout] 32  |                   &locale!("ar").into(),
[INFO] [stdout]     |                    ^^^^^^
[INFO] [stdout] ...
[INFO] [stdout] 646 | / generate_test!(
[INFO] [stdout] 647 | |     test_short_week_always,
[INFO] [stdout] 648 | |     try_new_short_week_unstable,
[INFO] [stdout] 649 | |     RelativeTimeFormatterOptions {
[INFO] [stdout] ...   |
[INFO] [stdout] 669 | |     ]
[INFO] [stdout] 670 | | );
[INFO] [stdout]     | |_- in this macro invocation
[INFO] [stdout]     |
[INFO] [stdout]     = note: import resolution is stuck, try simplifying macro imports
[INFO] [stdout]     = note: this error originates in the macro `generate_test` (in Nightly builds, run with -Z macro-backtrace for more info)
[INFO] [stdout] 
[INFO] [stdout] 
[INFO] [stdout] error: cannot determine resolution for the macro `locale`
[INFO] [stdout]    --> tests/tests.rs:18:18
[INFO] [stdout]     |
[INFO] [stdout] 18  |                   &locale!("en").into(),
[INFO] [stdout]     |                    ^^^^^^
[INFO] [stdout] ...
[INFO] [stdout] 671 | / generate_test!(
[INFO] [stdout] 672 | |     test_short_week_auto,
[INFO] [stdout] 673 | |     try_new_short_week_unstable,
[INFO] [stdout] 674 | |     RelativeTimeFormatterOptions {
[INFO] [stdout] ...   |
[INFO] [stdout] 694 | |     ]
[INFO] [stdout] 695 | | );
[INFO] [stdout]     | |_- in this macro invocation
[INFO] [stdout]     |
[INFO] [stdout]     = note: import resolution is stuck, try simplifying macro imports
[INFO] [stdout]     = note: this error originates in the macro `generate_test` (in Nightly builds, run with -Z macro-backtrace for more info)
[INFO] [stdout] 
[INFO] [stdout] 
[INFO] [stdout] error: cannot determine resolution for the macro `locale`
[INFO] [stdout]    --> tests/tests.rs:32:18
[INFO] [stdout]     |
[INFO] [stdout] 32  |                   &locale!("ar").into(),
[INFO] [stdout]     |                    ^^^^^^
[INFO] [stdout] ...
[INFO] [stdout] 671 | / generate_test!(
[INFO] [stdout] 672 | |     test_short_week_auto,
[INFO] [stdout] 673 | |     try_new_short_week_unstable,
[INFO] [stdout] 674 | |     RelativeTimeFormatterOptions {
[INFO] [stdout] ...   |
[INFO] [stdout] 694 | |     ]
[INFO] [stdout] 695 | | );
[INFO] [stdout]     | |_- in this macro invocation
[INFO] [stdout]     |
[INFO] [stdout]     = note: import resolution is stuck, try simplifying macro imports
[INFO] [stdout]     = note: this error originates in the macro `generate_test` (in Nightly builds, run with -Z macro-backtrace for more info)
[INFO] [stdout] 
[INFO] [stdout] 
[INFO] [stdout] error: cannot determine resolution for the macro `locale`
[INFO] [stdout]    --> tests/tests.rs:18:18
[INFO] [stdout]     |
[INFO] [stdout] 18  |                   &locale!("en").into(),
[INFO] [stdout]     |                    ^^^^^^
[INFO] [stdout] ...
[INFO] [stdout] 696 | / generate_test!(
[INFO] [stdout] 697 | |     test_short_month_always,
[INFO] [stdout] 698 | |     try_new_short_month_unstable,
[INFO] [stdout] 699 | |     RelativeTimeFormatterOptions {
[INFO] [stdout] ...   |
[INFO] [stdout] 719 | |     ]
[INFO] [stdout] 720 | | );
[INFO] [stdout]     | |_- in this macro invocation
[INFO] [stdout]     |
[INFO] [stdout]     = note: import resolution is stuck, try simplifying macro imports
[INFO] [stdout]     = note: this error originates in the macro `generate_test` (in Nightly builds, run with -Z macro-backtrace for more info)
[INFO] [stdout] 
[INFO] [stdout] 
[INFO] [stdout] error: cannot determine resolution for the macro `locale`
[INFO] [stdout]    --> tests/tests.rs:32:18
[INFO] [stdout]     |
[INFO] [stdout] 32  |                   &locale!("ar").into(),
[INFO] [stdout]     |                    ^^^^^^
[INFO] [stdout] ...
[INFO] [stdout] 696 | / generate_test!(
[INFO] [stdout] 697 | |     test_short_month_always,
[INFO] [stdout] 698 | |     try_new_short_month_unstable,
[INFO] [stdout] 699 | |     RelativeTimeFormatterOptions {
[INFO] [stdout] ...   |
[INFO] [stdout] 719 | |     ]
[INFO] [stdout] 720 | | );
[INFO] [stdout]     | |_- in this macro invocation
[INFO] [stdout]     |
[INFO] [stdout]     = note: import resolution is stuck, try simplifying macro imports
[INFO] [stdout]     = note: this error originates in the macro `generate_test` (in Nightly builds, run with -Z macro-backtrace for more info)
[INFO] [stdout] 
[INFO] [stdout] 
[INFO] [stdout] error: cannot determine resolution for the macro `locale`
[INFO] [stdout]    --> tests/tests.rs:18:18
[INFO] [stdout]     |
[INFO] [stdout] 18  |                   &locale!("en").into(),
[INFO] [stdout]     |                    ^^^^^^
[INFO] [stdout] ...
[INFO] [stdout] 721 | / generate_test!(
[INFO] [stdout] 722 | |     test_short_month_auto,
[INFO] [stdout] 723 | |     try_new_short_month_unstable,
[INFO] [stdout] 724 | |     RelativeTimeFormatterOptions {
[INFO] [stdout] ...   |
[INFO] [stdout] 744 | |     ]
[INFO] [stdout] 745 | | );
[INFO] [stdout]     | |_- in this macro invocation
[INFO] [stdout]     |
[INFO] [stdout]     = note: import resolution is stuck, try simplifying macro imports
[INFO] [stdout]     = note: this error originates in the macro `generate_test` (in Nightly builds, run with -Z macro-backtrace for more info)
[INFO] [stdout] 
[INFO] [stdout] 
[INFO] [stdout] error: cannot determine resolution for the macro `locale`
[INFO] [stdout]    --> tests/tests.rs:32:18
[INFO] [stdout]     |
[INFO] [stdout] 32  |                   &locale!("ar").into(),
[INFO] [stdout]     |                    ^^^^^^
[INFO] [stdout] ...
[INFO] [stdout] 721 | / generate_test!(
[INFO] [stdout] 722 | |     test_short_month_auto,
[INFO] [stdout] 723 | |     try_new_short_month_unstable,
[INFO] [stdout] 724 | |     RelativeTimeFormatterOptions {
[INFO] [stdout] ...   |
[INFO] [stdout] 744 | |     ]
[INFO] [stdout] 745 | | );
[INFO] [stdout]     | |_- in this macro invocation
[INFO] [stdout]     |
[INFO] [stdout]     = note: import resolution is stuck, try simplifying macro imports
[INFO] [stdout]     = note: this error originates in the macro `generate_test` (in Nightly builds, run with -Z macro-backtrace for more info)
[INFO] [stdout] 
[INFO] [stdout] 
[INFO] [stdout] error: cannot determine resolution for the macro `locale`
[INFO] [stdout]    --> tests/tests.rs:18:18
[INFO] [stdout]     |
[INFO] [stdout] 18  |                   &locale!("en").into(),
[INFO] [stdout]     |                    ^^^^^^
[INFO] [stdout] ...
[INFO] [stdout] 746 | / generate_test!(
[INFO] [stdout] 747 | |     test_short_quarter_always,
[INFO] [stdout] 748 | |     try_new_short_quarter_unstable,
[INFO] [stdout] 749 | |     RelativeTimeFormatterOptions {
[INFO] [stdout] ...   |
[INFO] [stdout] 769 | |     ]
[INFO] [stdout] 770 | | );
[INFO] [stdout]     | |_- in this macro invocation
[INFO] [stdout]     |
[INFO] [stdout]     = note: import resolution is stuck, try simplifying macro imports
[INFO] [stdout]     = note: this error originates in the macro `generate_test` (in Nightly builds, run with -Z macro-backtrace for more info)
[INFO] [stdout] 
[INFO] [stdout] 
[INFO] [stdout] error: cannot determine resolution for the macro `locale`
[INFO] [stdout]    --> tests/tests.rs:32:18
[INFO] [stdout]     |
[INFO] [stdout] 32  |                   &locale!("ar").into(),
[INFO] [stdout]     |                    ^^^^^^
[INFO] [stdout] ...
[INFO] [stdout] 746 | / generate_test!(
[INFO] [stdout] 747 | |     test_short_quarter_always,
[INFO] [stdout] 748 | |     try_new_short_quarter_unstable,
[INFO] [stdout] 749 | |     RelativeTimeFormatterOptions {
[INFO] [stdout] ...   |
[INFO] [stdout] 769 | |     ]
[INFO] [stdout] 770 | | );
[INFO] [stdout]     | |_- in this macro invocation
[INFO] [stdout]     |
[INFO] [stdout]     = note: import resolution is stuck, try simplifying macro imports
[INFO] [stdout]     = note: this error originates in the macro `generate_test` (in Nightly builds, run with -Z macro-backtrace for more info)
[INFO] [stdout] 
[INFO] [stdout] 
[INFO] [stdout] error: cannot determine resolution for the macro `locale`
[INFO] [stdout]    --> tests/tests.rs:18:18
[INFO] [stdout]     |
[INFO] [stdout] 18  |                   &locale!("en").into(),
[INFO] [stdout]     |                    ^^^^^^
[INFO] [stdout] ...
[INFO] [stdout] 771 | / generate_test!(
[INFO] [stdout] 772 | |     test_short_quarter_auto,
[INFO] [stdout] 773 | |     try_new_short_quarter_unstable,
[INFO] [stdout] 774 | |     RelativeTimeFormatterOptions {
[INFO] [stdout] ...   |
[INFO] [stdout] 794 | |     ]
[INFO] [stdout] 795 | | );
[INFO] [stdout]     | |_- in this macro invocation
[INFO] [stdout]     |
[INFO] [stdout]     = note: import resolution is stuck, try simplifying macro imports
[INFO] [stdout]     = note: this error originates in the macro `generate_test` (in Nightly builds, run with -Z macro-backtrace for more info)
[INFO] [stdout] 
[INFO] [stdout] 
[INFO] [stdout] error: cannot determine resolution for the macro `locale`
[INFO] [stdout]    --> tests/tests.rs:32:18
[INFO] [stdout]     |
[INFO] [stdout] 32  |                   &locale!("ar").into(),
[INFO] [stdout]     |                    ^^^^^^
[INFO] [stdout] ...
[INFO] [stdout] 771 | / generate_test!(
[INFO] [stdout] 772 | |     test_short_quarter_auto,
[INFO] [stdout] 773 | |     try_new_short_quarter_unstable,
[INFO] [stdout] 774 | |     RelativeTimeFormatterOptions {
[INFO] [stdout] ...   |
[INFO] [stdout] 794 | |     ]
[INFO] [stdout] 795 | | );
[INFO] [stdout]     | |_- in this macro invocation
[INFO] [stdout]     |
[INFO] [stdout]     = note: import resolution is stuck, try simplifying macro imports
[INFO] [stdout]     = note: this error originates in the macro `generate_test` (in Nightly builds, run with -Z macro-backtrace for more info)
[INFO] [stdout] 
[INFO] [stdout] 
[INFO] [stdout] error: cannot determine resolution for the macro `locale`
[INFO] [stdout]    --> tests/tests.rs:18:18
[INFO] [stdout]     |
[INFO] [stdout] 18  |                   &locale!("en").into(),
[INFO] [stdout]     |                    ^^^^^^
[INFO] [stdout] ...
[INFO] [stdout] 796 | / generate_test!(
[INFO] [stdout] 797 | |     test_short_year_always,
[INFO] [stdout] 798 | |     try_new_short_year_unstable,
[INFO] [stdout] 799 | |     RelativeTimeFormatterOptions {
[INFO] [stdout] ...   |
[INFO] [stdout] 819 | |     ]
[INFO] [stdout] 820 | | );
[INFO] [stdout]     | |_- in this macro invocation
[INFO] [stdout]     |
[INFO] [stdout]     = note: import resolution is stuck, try simplifying macro imports
[INFO] [stdout]     = note: this error originates in the macro `generate_test` (in Nightly builds, run with -Z macro-backtrace for more info)
[INFO] [stdout] 
[INFO] [stdout] 
[INFO] [stdout] error: cannot determine resolution for the macro `locale`
[INFO] [stdout]    --> tests/tests.rs:32:18
[INFO] [stdout]     |
[INFO] [stdout] 32  |                   &locale!("ar").into(),
[INFO] [stdout]     |                    ^^^^^^
[INFO] [stdout] ...
[INFO] [stdout] 796 | / generate_test!(
[INFO] [stdout] 797 | |     test_short_year_always,
[INFO] [stdout] 798 | |     try_new_short_year_unstable,
[INFO] [stdout] 799 | |     RelativeTimeFormatterOptions {
[INFO] [stdout] ...   |
[INFO] [stdout] 819 | |     ]
[INFO] [stdout] 820 | | );
[INFO] [stdout]     | |_- in this macro invocation
[INFO] [stdout]     |
[INFO] [stdout]     = note: import resolution is stuck, try simplifying macro imports
[INFO] [stdout]     = note: this error originates in the macro `generate_test` (in Nightly builds, run with -Z macro-backtrace for more info)
[INFO] [stdout] 
[INFO] [stdout] 
[INFO] [stdout] error: cannot determine resolution for the macro `locale`
[INFO] [stdout]    --> tests/tests.rs:18:18
[INFO] [stdout]     |
[INFO] [stdout] 18  |                   &locale!("en").into(),
[INFO] [stdout]     |                    ^^^^^^
[INFO] [stdout] ...
[INFO] [stdout] 821 | / generate_test!(
[INFO] [stdout] 822 | |     test_short_year_auto,
[INFO] [stdout] 823 | |     try_new_short_year_unstable,
[INFO] [stdout] 824 | |     RelativeTimeFormatterOptions {
[INFO] [stdout] ...   |
[INFO] [stdout] 844 | |     ]
[INFO] [stdout] 845 | | );
[INFO] [stdout]     | |_- in this macro invocation
[INFO] [stdout]     |
[INFO] [stdout]     = note: import resolution is stuck, try simplifying macro imports
[INFO] [stdout]     = note: this error originates in the macro `generate_test` (in Nightly builds, run with -Z macro-backtrace for more info)
[INFO] [stdout] 
[INFO] [stdout] 
[INFO] [stdout] error: cannot determine resolution for the macro `locale`
[INFO] [stdout]    --> tests/tests.rs:32:18
[INFO] [stdout]     |
[INFO] [stdout] 32  |                   &locale!("ar").into(),
[INFO] [stdout]     |                    ^^^^^^
[INFO] [stdout] ...
[INFO] [stdout] 821 | / generate_test!(
[INFO] [stdout] 822 | |     test_short_year_auto,
[INFO] [stdout] 823 | |     try_new_short_year_unstable,
[INFO] [stdout] 824 | |     RelativeTimeFormatterOptions {
[INFO] [stdout] ...   |
[INFO] [stdout] 844 | |     ]
[INFO] [stdout] 845 | | );
[INFO] [stdout]     | |_- in this macro invocation
[INFO] [stdout]     |
[INFO] [stdout]     = note: import resolution is stuck, try simplifying macro imports
[INFO] [stdout]     = note: this error originates in the macro `generate_test` (in Nightly builds, run with -Z macro-backtrace for more info)
[INFO] [stdout] 
[INFO] [stdout] 
[INFO] [stdout] error: cannot determine resolution for the macro `locale`
[INFO] [stdout]    --> tests/tests.rs:18:18
[INFO] [stdout]     |
[INFO] [stdout] 18  |                   &locale!("en").into(),
[INFO] [stdout]     |                    ^^^^^^
[INFO] [stdout] ...
[INFO] [stdout] 846 | / generate_test!(
[INFO] [stdout] 847 | |     test_narrow_second_always,
[INFO] [stdout] 848 | |     try_new_narrow_second_unstable,
[INFO] [stdout] 849 | |     RelativeTimeFormatterOptions {
[INFO] [stdout] ...   |
[INFO] [stdout] 869 | |     ]
[INFO] [stdout] 870 | | );
[INFO] [stdout]     | |_- in this macro invocation
[INFO] [stdout]     |
[INFO] [stdout]     = note: import resolution is stuck, try simplifying macro imports
[INFO] [stdout]     = note: this error originates in the macro `generate_test` (in Nightly builds, run with -Z macro-backtrace for more info)
[INFO] [stdout] 
[INFO] [stdout] 
[INFO] [stdout] error: cannot determine resolution for the macro `locale`
[INFO] [stdout]    --> tests/tests.rs:32:18
[INFO] [stdout]     |
[INFO] [stdout] 32  |                   &locale!("ar").into(),
[INFO] [stdout]     |                    ^^^^^^
[INFO] [stdout] ...
[INFO] [stdout] 846 | / generate_test!(
[INFO] [stdout] 847 | |     test_narrow_second_always,
[INFO] [stdout] 848 | |     try_new_narrow_second_unstable,
[INFO] [stdout] 849 | |     RelativeTimeFormatterOptions {
[INFO] [stdout] ...   |
[INFO] [stdout] 869 | |     ]
[INFO] [stdout] 870 | | );
[INFO] [stdout]     | |_- in this macro invocation
[INFO] [stdout]     |
[INFO] [stdout]     = note: import resolution is stuck, try simplifying macro imports
[INFO] [stdout]     = note: this error originates in the macro `generate_test` (in Nightly builds, run with -Z macro-backtrace for more info)
[INFO] [stdout] 
[INFO] [stdout] 
[INFO] [stdout] error: cannot determine resolution for the macro `locale`
[INFO] [stdout]    --> tests/tests.rs:18:18
[INFO] [stdout]     |
[INFO] [stdout] 18  |                   &locale!("en").into(),
[INFO] [stdout]     |                    ^^^^^^
[INFO] [stdout] ...
[INFO] [stdout] 871 | / generate_test!(
[INFO] [stdout] 872 | |     test_narrow_second_auto,
[INFO] [stdout] 873 | |     try_new_narrow_second_unstable,
[INFO] [stdout] 874 | |     RelativeTimeFormatterOptions {
[INFO] [stdout] ...   |
[INFO] [stdout] 894 | |     ]
[INFO] [stdout] 895 | | );
[INFO] [stdout]     | |_- in this macro invocation
[INFO] [stdout]     |
[INFO] [stdout]     = note: import resolution is stuck, try simplifying macro imports
[INFO] [stdout]     = note: this error originates in the macro `generate_test` (in Nightly builds, run with -Z macro-backtrace for more info)
[INFO] [stdout] 
[INFO] [stdout] 
[INFO] [stdout] error: cannot determine resolution for the macro `locale`
[INFO] [stdout]    --> tests/tests.rs:32:18
[INFO] [stdout]     |
[INFO] [stdout] 32  |                   &locale!("ar").into(),
[INFO] [stdout]     |                    ^^^^^^
[INFO] [stdout] ...
[INFO] [stdout] 871 | / generate_test!(
[INFO] [stdout] 872 | |     test_narrow_second_auto,
[INFO] [stdout] 873 | |     try_new_narrow_second_unstable,
[INFO] [stdout] 874 | |     RelativeTimeFormatterOptions {
[INFO] [stdout] ...   |
[INFO] [stdout] 894 | |     ]
[INFO] [stdout] 895 | | );
[INFO] [stdout]     | |_- in this macro invocation
[INFO] [stdout]     |
[INFO] [stdout]     = note: import resolution is stuck, try simplifying macro imports
[INFO] [stdout]     = note: this error originates in the macro `generate_test` (in Nightly builds, run with -Z macro-backtrace for more info)
[INFO] [stdout] 
[INFO] [stdout] 
[INFO] [stdout] error: cannot determine resolution for the macro `locale`
[INFO] [stdout]    --> tests/tests.rs:18:18
[INFO] [stdout]     |
[INFO] [stdout] 18  |                   &locale!("en").into(),
[INFO] [stdout]     |                    ^^^^^^
[INFO] [stdout] ...
[INFO] [stdout] 896 | / generate_test!(
[INFO] [stdout] 897 | |     test_narrow_minute_always,
[INFO] [stdout] 898 | |     try_new_narrow_minute_unstable,
[INFO] [stdout] 899 | |     RelativeTimeFormatterOptions {
[INFO] [stdout] ...   |
[INFO] [stdout] 919 | |     ]
[INFO] [stdout] 920 | | );
[INFO] [stdout]     | |_- in this macro invocation
[INFO] [stdout]     |
[INFO] [stdout]     = note: import resolution is stuck, try simplifying macro imports
[INFO] [stdout]     = note: this error originates in the macro `generate_test` (in Nightly builds, run with -Z macro-backtrace for more info)
[INFO] [stdout] 
[INFO] [stdout] 
[INFO] [stdout] error: cannot determine resolution for the macro `locale`
[INFO] [stdout]    --> tests/tests.rs:32:18
[INFO] [stdout]     |
[INFO] [stdout] 32  |                   &locale!("ar").into(),
[INFO] [stdout]     |                    ^^^^^^
[INFO] [stdout] ...
[INFO] [stdout] 896 | / generate_test!(
[INFO] [stdout] 897 | |     test_narrow_minute_always,
[INFO] [stdout] 898 | |     try_new_narrow_minute_unstable,
[INFO] [stdout] 899 | |     RelativeTimeFormatterOptions {
[INFO] [stdout] ...   |
[INFO] [stdout] 919 | |     ]
[INFO] [stdout] 920 | | );
[INFO] [stdout]     | |_- in this macro invocation
[INFO] [stdout]     |
[INFO] [stdout]     = note: import resolution is stuck, try simplifying macro imports
[INFO] [stdout]     = note: this error originates in the macro `generate_test` (in Nightly builds, run with -Z macro-backtrace for more info)
[INFO] [stdout] 
[INFO] [stdout] 
[INFO] [stdout] error: cannot determine resolution for the macro `locale`
[INFO] [stdout]    --> tests/tests.rs:18:18
[INFO] [stdout]     |
[INFO] [stdout] 18  |                   &locale!("en").into(),
[INFO] [stdout]     |                    ^^^^^^
[INFO] [stdout] ...
[INFO] [stdout] 921 | / generate_test!(
[INFO] [stdout] 922 | |     test_narrow_minute_auto,
[INFO] [stdout] 923 | |     try_new_narrow_minute_unstable,
[INFO] [stdout] 924 | |     RelativeTimeFormatterOptions {
[INFO] [stdout] ...   |
[INFO] [stdout] 944 | |     ]
[INFO] [stdout] 945 | | );
[INFO] [stdout]     | |_- in this macro invocation
[INFO] [stdout]     |
[INFO] [stdout]     = note: import resolution is stuck, try simplifying macro imports
[INFO] [stdout]     = note: this error originates in the macro `generate_test` (in Nightly builds, run with -Z macro-backtrace for more info)
[INFO] [stdout] 
[INFO] [stdout] 
[INFO] [stdout] error: cannot determine resolution for the macro `locale`
[INFO] [stdout]    --> tests/tests.rs:32:18
[INFO] [stdout]     |
[INFO] [stdout] 32  |                   &locale!("ar").into(),
[INFO] [stdout]     |                    ^^^^^^
[INFO] [stdout] ...
[INFO] [stdout] 921 | / generate_test!(
[INFO] [stdout] 922 | |     test_narrow_minute_auto,
[INFO] [stdout] 923 | |     try_new_narrow_minute_unstable,
[INFO] [stdout] 924 | |     RelativeTimeFormatterOptions {
[INFO] [stdout] ...   |
[INFO] [stdout] 944 | |     ]
[INFO] [stdout] 945 | | );
[INFO] [stdout]     | |_- in this macro invocation
[INFO] [stdout]     |
[INFO] [stdout]     = note: import resolution is stuck, try simplifying macro imports
[INFO] [stdout]     = note: this error originates in the macro `generate_test` (in Nightly builds, run with -Z macro-backtrace for more info)
[INFO] [stdout] 
[INFO] [stdout] 
[INFO] [stdout] error: cannot determine resolution for the macro `locale`
[INFO] [stdout]    --> tests/tests.rs:18:18
[INFO] [stdout]     |
[INFO] [stdout] 18  |                   &locale!("en").into(),
[INFO] [stdout]     |                    ^^^^^^
[INFO] [stdout] ...
[INFO] [stdout] 946 | / generate_test!(
[INFO] [stdout] 947 | |     test_narrow_hour_always,
[INFO] [stdout] 948 | |     try_new_narrow_hour_unstable,
[INFO] [stdout] 949 | |     RelativeTimeFormatterOptions {
[INFO] [stdout] ...   |
[INFO] [stdout] 969 | |     ]
[INFO] [stdout] 970 | | );
[INFO] [stdout]     | |_- in this macro invocation
[INFO] [stdout]     |
[INFO] [stdout]     = note: import resolution is stuck, try simplifying macro imports
[INFO] [stdout]     = note: this error originates in the macro `generate_test` (in Nightly builds, run with -Z macro-backtrace for more info)
[INFO] [stdout] 
[INFO] [stdout] 
[INFO] [stdout] error: cannot determine resolution for the macro `locale`
[INFO] [stdout]    --> tests/tests.rs:32:18
[INFO] [stdout]     |
[INFO] [stdout] 32  |                   &locale!("ar").into(),
[INFO] [stdout]     |                    ^^^^^^
[INFO] [stdout] ...
[INFO] [stdout] 946 | / generate_test!(
[INFO] [stdout] 947 | |     test_narrow_hour_always,
[INFO] [stdout] 948 | |     try_new_narrow_hour_unstable,
[INFO] [stdout] 949 | |     RelativeTimeFormatterOptions {
[INFO] [stdout] ...   |
[INFO] [stdout] 969 | |     ]
[INFO] [stdout] 970 | | );
[INFO] [stdout]     | |_- in this macro invocation
[INFO] [stdout]     |
[INFO] [stdout]     = note: import resolution is stuck, try simplifying macro imports
[INFO] [stdout]     = note: this error originates in the macro `generate_test` (in Nightly builds, run with -Z macro-backtrace for more info)
[INFO] [stdout] 
[INFO] [stdout] 
[INFO] [stdout] error: cannot determine resolution for the macro `locale`
[INFO] [stdout]    --> tests/tests.rs:18:18
[INFO] [stdout]     |
[INFO] [stdout] 18  |                   &locale!("en").into(),
[INFO] [stdout]     |                    ^^^^^^
[INFO] [stdout] ...
[INFO] [stdout] 971 | / generate_test!(
[INFO] [stdout] 972 | |     test_narrow_hour_auto,
[INFO] [stdout] 973 | |     try_new_narrow_hour_unstable,
[INFO] [stdout] 974 | |     RelativeTimeFormatterOptions {
[INFO] [stdout] ...   |
[INFO] [stdout] 994 | |     ]
[INFO] [stdout] 995 | | );
[INFO] [stdout]     | |_- in this macro invocation
[INFO] [stdout]     |
[INFO] [stdout]     = note: import resolution is stuck, try simplifying macro imports
[INFO] [stdout]     = note: this error originates in the macro `generate_test` (in Nightly builds, run with -Z macro-backtrace for more info)
[INFO] [stdout] 
[INFO] [stdout] 
[INFO] [stdout] error: cannot determine resolution for the macro `locale`
[INFO] [stdout]    --> tests/tests.rs:32:18
[INFO] [stdout]     |
[INFO] [stdout] 32  |                   &locale!("ar").into(),
[INFO] [stdout]     |                    ^^^^^^
[INFO] [stdout] ...
[INFO] [stdout] 971 | / generate_test!(
[INFO] [stdout] 972 | |     test_narrow_hour_auto,
[INFO] [stdout] 973 | |     try_new_narrow_hour_unstable,
[INFO] [stdout] 974 | |     RelativeTimeFormatterOptions {
[INFO] [stdout] ...   |
[INFO] [stdout] 994 | |     ]
[INFO] [stdout] 995 | | );
[INFO] [stdout]     | |_- in this macro invocation
[INFO] [stdout]     |
[INFO] [stdout]     = note: import resolution is stuck, try simplifying macro imports
[INFO] [stdout]     = note: this error originates in the macro `generate_test` (in Nightly builds, run with -Z macro-backtrace for more info)
[INFO] [stdout] 
[INFO] [stdout] 
[INFO] [stdout] error: cannot determine resolution for the macro `locale`
[INFO] [stdout]     --> tests/tests.rs:18:18
[INFO] [stdout]      |
[INFO] [stdout] 18   |                   &locale!("en").into(),
[INFO] [stdout]      |                    ^^^^^^
[INFO] [stdout] ...
[INFO] [stdout] 996  | / generate_test!(
[INFO] [stdout] 997  | |     test_narrow_day_always,
[INFO] [stdout] 998  | |     try_new_narrow_day_unstable,
[INFO] [stdout] 999  | |     RelativeTimeFormatterOptions {
[INFO] [stdout] ...    |
[INFO] [stdout] 1019 | |     ]
[INFO] [stdout] 1020 | | );
[INFO] [stdout]      | |_- in this macro invocation
[INFO] [stdout]      |
[INFO] [stdout]      = note: import resolution is stuck, try simplifying macro imports
[INFO] [stdout]      = note: this error originates in the macro `generate_test` (in Nightly builds, run with -Z macro-backtrace for more info)
[INFO] [stdout] 
[INFO] [stdout] 
[INFO] [stdout] error: cannot determine resolution for the macro `locale`
[INFO] [stdout]     --> tests/tests.rs:32:18
[INFO] [stdout]      |
[INFO] [stdout] 32   |                   &locale!("ar").into(),
[INFO] [stdout]      |                    ^^^^^^
[INFO] [stdout] ...
[INFO] [stdout] 996  | / generate_test!(
[INFO] [stdout] 997  | |     test_narrow_day_always,
[INFO] [stdout] 998  | |     try_new_narrow_day_unstable,
[INFO] [stdout] 999  | |     RelativeTimeFormatterOptions {
[INFO] [stdout] ...    |
[INFO] [stdout] 1019 | |     ]
[INFO] [stdout] 1020 | | );
[INFO] [stdout]      | |_- in this macro invocation
[INFO] [stdout]      |
[INFO] [stdout]      = note: import resolution is stuck, try simplifying macro imports
[INFO] [stdout]      = note: this error originates in the macro `generate_test` (in Nightly builds, run with -Z macro-backtrace for more info)
[INFO] [stdout] 
[INFO] [stdout] 
[INFO] [stdout] error: cannot determine resolution for the macro `locale`
[INFO] [stdout]     --> tests/tests.rs:18:18
[INFO] [stdout]      |
[INFO] [stdout] 18   |                   &locale!("en").into(),
[INFO] [stdout]      |                    ^^^^^^
[INFO] [stdout] ...
[INFO] [stdout] 1021 | / generate_test!(
[INFO] [stdout] 1022 | |     test_narrow_day_auto,
[INFO] [stdout] 1023 | |     try_new_narrow_day_unstable,
[INFO] [stdout] 1024 | |     RelativeTimeFormatterOptions {
[INFO] [stdout] ...    |
[INFO] [stdout] 1044 | |     ]
[INFO] [stdout] 1045 | | );
[INFO] [stdout]      | |_- in this macro invocation
[INFO] [stdout]      |
[INFO] [stdout]      = note: import resolution is stuck, try simplifying macro imports
[INFO] [stdout]      = note: this error originates in the macro `generate_test` (in Nightly builds, run with -Z macro-backtrace for more info)
[INFO] [stdout] 
[INFO] [stdout] 
[INFO] [stdout] error: cannot determine resolution for the macro `locale`
[INFO] [stdout]     --> tests/tests.rs:32:18
[INFO] [stdout]      |
[INFO] [stdout] 32   |                   &locale!("ar").into(),
[INFO] [stdout]      |                    ^^^^^^
[INFO] [stdout] ...
[INFO] [stdout] 1021 | / generate_test!(
[INFO] [stdout] 1022 | |     test_narrow_day_auto,
[INFO] [stdout] 1023 | |     try_new_narrow_day_unstable,
[INFO] [stdout] 1024 | |     RelativeTimeFormatterOptions {
[INFO] [stdout] ...    |
[INFO] [stdout] 1044 | |     ]
[INFO] [stdout] 1045 | | );
[INFO] [stdout]      | |_- in this macro invocation
[INFO] [stdout]      |
[INFO] [stdout]      = note: import resolution is stuck, try simplifying macro imports
[INFO] [stdout]      = note: this error originates in the macro `generate_test` (in Nightly builds, run with -Z macro-backtrace for more info)
[INFO] [stdout] 
[INFO] [stdout] 
[INFO] [stdout] error: cannot determine resolution for the macro `locale`
[INFO] [stdout]     --> tests/tests.rs:18:18
[INFO] [stdout]      |
[INFO] [stdout] 18   |                   &locale!("en").into(),
[INFO] [stdout]      |                    ^^^^^^
[INFO] [stdout] ...
[INFO] [stdout] 1046 | / generate_test!(
[INFO] [stdout] 1047 | |     test_narrow_week_always,
[INFO] [stdout] 1048 | |     try_new_narrow_week_unstable,
[INFO] [stdout] 1049 | |     RelativeTimeFormatterOptions {
[INFO] [stdout] ...    |
[INFO] [stdout] 1069 | |     ]
[INFO] [stdout] 1070 | | );
[INFO] [stdout]      | |_- in this macro invocation
[INFO] [stdout]      |
[INFO] [stdout]      = note: import resolution is stuck, try simplifying macro imports
[INFO] [stdout]      = note: this error originates in the macro `generate_test` (in Nightly builds, run with -Z macro-backtrace for more info)
[INFO] [stdout] 
[INFO] [stdout] 
[INFO] [stdout] error: cannot determine resolution for the macro `locale`
[INFO] [stdout]     --> tests/tests.rs:32:18
[INFO] [stdout]      |
[INFO] [stdout] 32   |                   &locale!("ar").into(),
[INFO] [stdout]      |                    ^^^^^^
[INFO] [stdout] ...
[INFO] [stdout] 1046 | / generate_test!(
[INFO] [stdout] 1047 | |     test_narrow_week_always,
[INFO] [stdout] 1048 | |     try_new_narrow_week_unstable,
[INFO] [stdout] 1049 | |     RelativeTimeFormatterOptions {
[INFO] [stdout] ...    |
[INFO] [stdout] 1069 | |     ]
[INFO] [stdout] 1070 | | );
[INFO] [stdout]      | |_- in this macro invocation
[INFO] [stdout]      |
[INFO] [stdout]      = note: import resolution is stuck, try simplifying macro imports
[INFO] [stdout]      = note: this error originates in the macro `generate_test` (in Nightly builds, run with -Z macro-backtrace for more info)
[INFO] [stdout] 
[INFO] [stdout] 
[INFO] [stdout] error: cannot determine resolution for the macro `locale`
[INFO] [stdout]     --> tests/tests.rs:18:18
[INFO] [stdout]      |
[INFO] [stdout] 18   |                   &locale!("en").into(),
[INFO] [stdout]      |                    ^^^^^^
[INFO] [stdout] ...
[INFO] [stdout] 1071 | / generate_test!(
[INFO] [stdout] 1072 | |     test_narrow_week_auto,
[INFO] [stdout] 1073 | |     try_new_narrow_week_unstable,
[INFO] [stdout] 1074 | |     RelativeTimeFormatterOptions {
[INFO] [stdout] ...    |
[INFO] [stdout] 1094 | |     ]
[INFO] [stdout] 1095 | | );
[INFO] [stdout]      | |_- in this macro invocation
[INFO] [stdout]      |
[INFO] [stdout]      = note: import resolution is stuck, try simplifying macro imports
[INFO] [stdout]      = note: this error originates in the macro `generate_test` (in Nightly builds, run with -Z macro-backtrace for more info)
[INFO] [stdout] 
[INFO] [stdout] 
[INFO] [stdout] error: cannot determine resolution for the macro `locale`
[INFO] [stdout]     --> tests/tests.rs:32:18
[INFO] [stdout]      |
[INFO] [stdout] 32   |                   &locale!("ar").into(),
[INFO] [stdout]      |                    ^^^^^^
[INFO] [stdout] ...
[INFO] [stdout] 1071 | / generate_test!(
[INFO] [stdout] 1072 | |     test_narrow_week_auto,
[INFO] [stdout] 1073 | |     try_new_narrow_week_unstable,
[INFO] [stdout] 1074 | |     RelativeTimeFormatterOptions {
[INFO] [stdout] ...    |
[INFO] [stdout] 1094 | |     ]
[INFO] [stdout] 1095 | | );
[INFO] [stdout]      | |_- in this macro invocation
[INFO] [stdout]      |
[INFO] [stdout]      = note: import resolution is stuck, try simplifying macro imports
[INFO] [stdout]      = note: this error originates in the macro `generate_test` (in Nightly builds, run with -Z macro-backtrace for more info)
[INFO] [stdout] 
[INFO] [stdout] 
[INFO] [stdout] error: cannot determine resolution for the macro `locale`
[INFO] [stdout]     --> tests/tests.rs:18:18
[INFO] [stdout]      |
[INFO] [stdout] 18   |                   &locale!("en").into(),
[INFO] [stdout]      |                    ^^^^^^
[INFO] [stdout] ...
[INFO] [stdout] 1096 | / generate_test!(
[INFO] [stdout] 1097 | |     test_narrow_month_always,
[INFO] [stdout] 1098 | |     try_new_narrow_month_unstable,
[INFO] [stdout] 1099 | |     RelativeTimeFormatterOptions {
[INFO] [stdout] ...    |
[INFO] [stdout] 1119 | |     ]
[INFO] [stdout] 1120 | | );
[INFO] [stdout]      | |_- in this macro invocation
[INFO] [stdout]      |
[INFO] [stdout]      = note: import resolution is stuck, try simplifying macro imports
[INFO] [stdout]      = note: this error originates in the macro `generate_test` (in Nightly builds, run with -Z macro-backtrace for more info)
[INFO] [stdout] 
[INFO] [stdout] 
[INFO] [stdout] error: cannot determine resolution for the macro `locale`
[INFO] [stdout]     --> tests/tests.rs:32:18
[INFO] [stdout]      |
[INFO] [stdout] 32   |                   &locale!("ar").into(),
[INFO] [stdout]      |                    ^^^^^^
[INFO] [stdout] ...
[INFO] [stdout] 1096 | / generate_test!(
[INFO] [stdout] 1097 | |     test_narrow_month_always,
[INFO] [stdout] 1098 | |     try_new_narrow_month_unstable,
[INFO] [stdout] 1099 | |     RelativeTimeFormatterOptions {
[INFO] [stdout] ...    |
[INFO] [stdout] 1119 | |     ]
[INFO] [stdout] 1120 | | );
[INFO] [stdout]      | |_- in this macro invocation
[INFO] [stdout]      |
[INFO] [stdout]      = note: import resolution is stuck, try simplifying macro imports
[INFO] [stdout]      = note: this error originates in the macro `generate_test` (in Nightly builds, run with -Z macro-backtrace for more info)
[INFO] [stdout] 
[INFO] [stdout] 
[INFO] [stdout] error: cannot determine resolution for the macro `locale`
[INFO] [stdout]     --> tests/tests.rs:18:18
[INFO] [stdout]      |
[INFO] [stdout] 18   |                   &locale!("en").into(),
[INFO] [stdout]      |                    ^^^^^^
[INFO] [stdout] ...
[INFO] [stdout] 1121 | / generate_test!(
[INFO] [stdout] 1122 | |     test_narrow_month_auto,
[INFO] [stdout] 1123 | |     try_new_narrow_month_unstable,
[INFO] [stdout] 1124 | |     RelativeTimeFormatterOptions {
[INFO] [stdout] ...    |
[INFO] [stdout] 1144 | |     ]
[INFO] [stdout] 1145 | | );
[INFO] [stdout]      | |_- in this macro invocation
[INFO] [stdout]      |
[INFO] [stdout]      = note: import resolution is stuck, try simplifying macro imports
[INFO] [stdout]      = note: this error originates in the macro `generate_test` (in Nightly builds, run with -Z macro-backtrace for more info)
[INFO] [stdout] 
[INFO] [stdout] 
[INFO] [stdout] error: cannot determine resolution for the macro `locale`
[INFO] [stdout]     --> tests/tests.rs:32:18
[INFO] [stdout]      |
[INFO] [stdout] 32   |                   &locale!("ar").into(),
[INFO] [stdout]      |                    ^^^^^^
[INFO] [stdout] ...
[INFO] [stdout] 1121 | / generate_test!(
[INFO] [stdout] 1122 | |     test_narrow_month_auto,
[INFO] [stdout] 1123 | |     try_new_narrow_month_unstable,
[INFO] [stdout] 1124 | |     RelativeTimeFormatterOptions {
[INFO] [stdout] ...    |
[INFO] [stdout] 1144 | |     ]
[INFO] [stdout] 1145 | | );
[INFO] [stdout]      | |_- in this macro invocation
[INFO] [stdout]      |
[INFO] [stdout]      = note: import resolution is stuck, try simplifying macro imports
[INFO] [stdout]      = note: this error originates in the macro `generate_test` (in Nightly builds, run with -Z macro-backtrace for more info)
[INFO] [stdout] 
[INFO] [stdout] 
[INFO] [stdout] error: cannot determine resolution for the macro `locale`
[INFO] [stdout]     --> tests/tests.rs:18:18
[INFO] [stdout]      |
[INFO] [stdout] 18   |                   &locale!("en").into(),
[INFO] [stdout]      |                    ^^^^^^
[INFO] [stdout] ...
[INFO] [stdout] 1146 | / generate_test!(
[INFO] [stdout] 1147 | |     test_narrow_quarter_always,
[INFO] [stdout] 1148 | |     try_new_narrow_quarter_unstable,
[INFO] [stdout] 1149 | |     RelativeTimeFormatterOptions {
[INFO] [stdout] ...    |
[INFO] [stdout] 1169 | |     ]
[INFO] [stdout] 1170 | | );
[INFO] [stdout]      | |_- in this macro invocation
[INFO] [stdout]      |
[INFO] [stdout]      = note: import resolution is stuck, try simplifying macro imports
[INFO] [stdout]      = note: this error originates in the macro `generate_test` (in Nightly builds, run with -Z macro-backtrace for more info)
[INFO] [stdout] 
[INFO] [stdout] 
[INFO] [stdout] error: cannot determine resolution for the macro `locale`
[INFO] [stdout]     --> tests/tests.rs:32:18
[INFO] [stdout]      |
[INFO] [stdout] 32   |                   &locale!("ar").into(),
[INFO] [stdout]      |                    ^^^^^^
[INFO] [stdout] ...
[INFO] [stdout] 1146 | / generate_test!(
[INFO] [stdout] 1147 | |     test_narrow_quarter_always,
[INFO] [stdout] 1148 | |     try_new_narrow_quarter_unstable,
[INFO] [stdout] 1149 | |     RelativeTimeFormatterOptions {
[INFO] [stdout] ...    |
[INFO] [stdout] 1169 | |     ]
[INFO] [stdout] 1170 | | );
[INFO] [stdout]      | |_- in this macro invocation
[INFO] [stdout]      |
[INFO] [stdout]      = note: import resolution is stuck, try simplifying macro imports
[INFO] [stdout]      = note: this error originates in the macro `generate_test` (in Nightly builds, run with -Z macro-backtrace for more info)
[INFO] [stdout] 
[INFO] [stdout] 
[INFO] [stdout] error: cannot determine resolution for the macro `locale`
[INFO] [stdout]     --> tests/tests.rs:18:18
[INFO] [stdout]      |
[INFO] [stdout] 18   |                   &locale!("en").into(),
[INFO] [stdout]      |                    ^^^^^^
[INFO] [stdout] ...
[INFO] [stdout] 1171 | / generate_test!(
[INFO] [stdout] 1172 | |     test_narrow_quarter_auto,
[INFO] [stdout] 1173 | |     try_new_narrow_quarter_unstable,
[INFO] [stdout] 1174 | |     RelativeTimeFormatterOptions {
[INFO] [stdout] ...    |
[INFO] [stdout] 1194 | |     ]
[INFO] [stdout] 1195 | | );
[INFO] [stdout]      | |_- in this macro invocation
[INFO] [stdout]      |
[INFO] [stdout]      = note: import resolution is stuck, try simplifying macro imports
[INFO] [stdout]      = note: this error originates in the macro `generate_test` (in Nightly builds, run with -Z macro-backtrace for more info)
[INFO] [stdout] 
[INFO] [stdout] 
[INFO] [stdout] error: cannot determine resolution for the macro `locale`
[INFO] [stdout]     --> tests/tests.rs:32:18
[INFO] [stdout]      |
[INFO] [stdout] 32   |                   &locale!("ar").into(),
[INFO] [stdout]      |                    ^^^^^^
[INFO] [stdout] ...
[INFO] [stdout] 1171 | / generate_test!(
[INFO] [stdout] 1172 | |     test_narrow_quarter_auto,
[INFO] [stdout] 1173 | |     try_new_narrow_quarter_unstable,
[INFO] [stdout] 1174 | |     RelativeTimeFormatterOptions {
[INFO] [stdout] ...    |
[INFO] [stdout] 1194 | |     ]
[INFO] [stdout] 1195 | | );
[INFO] [stdout]      | |_- in this macro invocation
[INFO] [stdout]      |
[INFO] [stdout]      = note: import resolution is stuck, try simplifying macro imports
[INFO] [stdout]      = note: this error originates in the macro `generate_test` (in Nightly builds, run with -Z macro-backtrace for more info)
[INFO] [stdout] 
[INFO] [stdout] 
[INFO] [stdout] error: cannot determine resolution for the macro `locale`
[INFO] [stdout]     --> tests/tests.rs:18:18
[INFO] [stdout]      |
[INFO] [stdout] 18   |                   &locale!("en").into(),
[INFO] [stdout]      |                    ^^^^^^
[INFO] [stdout] ...
[INFO] [stdout] 1196 | / generate_test!(
[INFO] [stdout] 1197 | |     test_narrow_year_always,
[INFO] [stdout] 1198 | |     try_new_narrow_year_unstable,
[INFO] [stdout] 1199 | |     RelativeTimeFormatterOptions {
[INFO] [stdout] ...    |
[INFO] [stdout] 1219 | |     ]
[INFO] [stdout] 1220 | | );
[INFO] [stdout]      | |_- in this macro invocation
[INFO] [stdout]      |
[INFO] [stdout]      = note: import resolution is stuck, try simplifying macro imports
[INFO] [stdout]      = note: this error originates in the macro `generate_test` (in Nightly builds, run with -Z macro-backtrace for more info)
[INFO] [stdout] 
[INFO] [stdout] 
[INFO] [stdout] error: cannot determine resolution for the macro `locale`
[INFO] [stdout]     --> tests/tests.rs:32:18
[INFO] [stdout]      |
[INFO] [stdout] 32   |                   &locale!("ar").into(),
[INFO] [stdout]      |                    ^^^^^^
[INFO] [stdout] ...
[INFO] [stdout] 1196 | / generate_test!(
[INFO] [stdout] 1197 | |     test_narrow_year_always,
[INFO] [stdout] 1198 | |     try_new_narrow_year_unstable,
[INFO] [stdout] 1199 | |     RelativeTimeFormatterOptions {
[INFO] [stdout] ...    |
[INFO] [stdout] 1219 | |     ]
[INFO] [stdout] 1220 | | );
[INFO] [stdout]      | |_- in this macro invocation
[INFO] [stdout]      |
[INFO] [stdout]      = note: import resolution is stuck, try simplifying macro imports
[INFO] [stdout]      = note: this error originates in the macro `generate_test` (in Nightly builds, run with -Z macro-backtrace for more info)
[INFO] [stdout] 
[INFO] [stdout] 
[INFO] [stdout] error: cannot determine resolution for the macro `locale`
[INFO] [stdout]     --> tests/tests.rs:18:18
[INFO] [stdout]      |
[INFO] [stdout] 18   |                   &locale!("en").into(),
[INFO] [stdout]      |                    ^^^^^^
[INFO] [stdout] ...
[INFO] [stdout] 1221 | / generate_test!(
[INFO] [stdout] 1222 | |     test_narrow_year_auto,
[INFO] [stdout] 1223 | |     try_new_narrow_year_unstable,
[INFO] [stdout] 1224 | |     RelativeTimeFormatterOptions {
[INFO] [stdout] ...    |
[INFO] [stdout] 1244 | |     ]
[INFO] [stdout] 1245 | | );
[INFO] [stdout]      | |_- in this macro invocation
[INFO] [stdout]      |
[INFO] [stdout]      = note: import resolution is stuck, try simplifying macro imports
[INFO] [stdout]      = note: this error originates in the macro `generate_test` (in Nightly builds, run with -Z macro-backtrace for more info)
[INFO] [stdout] 
[INFO] [stdout] 
[INFO] [stdout] error: cannot determine resolution for the macro `locale`
[INFO] [stdout]     --> tests/tests.rs:32:18
[INFO] [stdout]      |
[INFO] [stdout] 32   |                   &locale!("ar").into(),
[INFO] [stdout]      |                    ^^^^^^
[INFO] [stdout] ...
[INFO] [stdout] 1221 | / generate_test!(
[INFO] [stdout] 1222 | |     test_narrow_year_auto,
[INFO] [stdout] 1223 | |     try_new_narrow_year_unstable,
[INFO] [stdout] 1224 | |     RelativeTimeFormatterOptions {
[INFO] [stdout] ...    |
[INFO] [stdout] 1244 | |     ]
[INFO] [stdout] 1245 | | );
[INFO] [stdout]      | |_- in this macro invocation
[INFO] [stdout]      |
[INFO] [stdout]      = note: import resolution is stuck, try simplifying macro imports
[INFO] [stdout]      = note: this error originates in the macro `generate_test` (in Nightly builds, run with -Z macro-backtrace for more info)
[INFO] [stdout] 
[INFO] [stdout] 
[INFO] [stdout] error[E0433]: failed to resolve: use of undeclared crate or module `icu_testdata`
[INFO] [stdout]   --> tests/tests.rs:17:18
[INFO] [stdout]    |
[INFO] [stdout] 17 |                   &icu_testdata::unstable(),
[INFO] [stdout]    |                    ^^^^^^^^^^^^ use of undeclared crate or module `icu_testdata`
[INFO] [stdout] ...
[INFO] [stdout] 46 | / generate_test!(
[INFO] [stdout] 47 | |     test_long_second_always,
[INFO] [stdout] 48 | |     try_new_long_second_unstable,
[INFO] [stdout] 49 | |     RelativeTimeFormatterOptions {
[INFO] [stdout] ...  |
[INFO] [stdout] 69 | |     ]
[INFO] [stdout] 70 | | );
[INFO] [stdout]    | |_- in this macro invocation
[INFO] [stdout]    |
[INFO] [stdout]    = note: this error originates in the macro `generate_test` (in Nightly builds, run with -Z macro-backtrace for more info)
[INFO] [stdout] 
[INFO] [stdout] 
[INFO] [stdout] error[E0433]: failed to resolve: use of undeclared crate or module `icu_testdata`
[INFO] [stdout]   --> tests/tests.rs:31:18
[INFO] [stdout]    |
[INFO] [stdout] 31 |                   &icu_testdata::unstable(),
[INFO] [stdout]    |                    ^^^^^^^^^^^^ use of undeclared crate or module `icu_testdata`
[INFO] [stdout] ...
[INFO] [stdout] 46 | / generate_test!(
[INFO] [stdout] 47 | |     test_long_second_always,
[INFO] [stdout] 48 | |     try_new_long_second_unstable,
[INFO] [stdout] 49 | |     RelativeTimeFormatterOptions {
[INFO] [stdout] ...  |
[INFO] [stdout] 69 | |     ]
[INFO] [stdout] 70 | | );
[INFO] [stdout]    | |_- in this macro invocation
[INFO] [stdout]    |
[INFO] [stdout]    = note: this error originates in the macro `generate_test` (in Nightly builds, run with -Z macro-backtrace for more info)
[INFO] [stdout] 
[INFO] [stdout] 
[INFO] [stdout] error[E0433]: failed to resolve: use of undeclared crate or module `icu_testdata`
[INFO] [stdout]   --> tests/tests.rs:17:18
[INFO] [stdout]    |
[INFO] [stdout] 17 |                   &icu_testdata::unstable(),
[INFO] [stdout]    |                    ^^^^^^^^^^^^ use of undeclared crate or module `icu_testdata`
[INFO] [stdout] ...
[INFO] [stdout] 71 | / generate_test!(
[INFO] [stdout] 72 | |     test_long_second_auto,
[INFO] [stdout] 73 | |     try_new_long_second_unstable,
[INFO] [stdout] 74 | |     RelativeTimeFormatterOptions {
[INFO] [stdout] ...  |
[INFO] [stdout] 94 | |     ]
[INFO] [stdout] 95 | | );
[INFO] [stdout]    | |_- in this macro invocation
[INFO] [stdout]    |
[INFO] [stdout]    = note: this error originates in the macro `generate_test` (in Nightly builds, run with -Z macro-backtrace for more info)
[INFO] [stdout] 
[INFO] [stdout] 
[INFO] [stdout] error[E0433]: failed to resolve: use of undeclared crate or module `icu_testdata`
[INFO] [stdout]   --> tests/tests.rs:31:18
[INFO] [stdout]    |
[INFO] [stdout] 31 |                   &icu_testdata::unstable(),
[INFO] [stdout]    |                    ^^^^^^^^^^^^ use of undeclared crate or module `icu_testdata`
[INFO] [stdout] ...
[INFO] [stdout] 71 | / generate_test!(
[INFO] [stdout] 72 | |     test_long_second_auto,
[INFO] [stdout] 73 | |     try_new_long_second_unstable,
[INFO] [stdout] 74 | |     RelativeTimeFormatterOptions {
[INFO] [stdout] ...  |
[INFO] [stdout] 94 | |     ]
[INFO] [stdout] 95 | | );
[INFO] [stdout]    | |_- in this macro invocation
[INFO] [stdout]    |
[INFO] [stdout]    = note: this error originates in the macro `generate_test` (in Nightly builds, run with -Z macro-backtrace for more info)
[INFO] [stdout] 
[INFO] [stdout] 
[INFO] [stdout] error[E0433]: failed to resolve: use of undeclared crate or module `icu_testdata`
[INFO] [stdout]    --> tests/tests.rs:17:18
[INFO] [stdout]     |
[INFO] [stdout] 17  |                   &icu_testdata::unstable(),
[INFO] [stdout]     |                    ^^^^^^^^^^^^ use of undeclared crate or module `icu_testdata`
[INFO] [stdout] ...
[INFO] [stdout] 96  | / generate_test!(
[INFO] [stdout] 97  | |     test_long_minute_always,
[INFO] [stdout] 98  | |     try_new_long_minute_unstable,
[INFO] [stdout] 99  | |     RelativeTimeFormatterOptions {
[INFO] [stdout] ...   |
[INFO] [stdout] 119 | |     ]
[INFO] [stdout] 120 | | );
[INFO] [stdout]     | |_- in this macro invocation
[INFO] [stdout]     |
[INFO] [stdout]     = note: this error originates in the macro `generate_test` (in Nightly builds, run with -Z macro-backtrace for more info)
[INFO] [stdout] 
[INFO] [stdout] 
[INFO] [stdout] error[E0433]: failed to resolve: use of undeclared crate or module `icu_testdata`
[INFO] [stdout]    --> tests/tests.rs:31:18
[INFO] [stdout]     |
[INFO] [stdout] 31  |                   &icu_testdata::unstable(),
[INFO] [stdout]     |                    ^^^^^^^^^^^^ use of undeclared crate or module `icu_testdata`
[INFO] [stdout] ...
[INFO] [stdout] 96  | / generate_test!(
[INFO] [stdout] 97  | |     test_long_minute_always,
[INFO] [stdout] 98  | |     try_new_long_minute_unstable,
[INFO] [stdout] 99  | |     RelativeTimeFormatterOptions {
[INFO] [stdout] ...   |
[INFO] [stdout] 119 | |     ]
[INFO] [stdout] 120 | | );
[INFO] [stdout]     | |_- in this macro invocation
[INFO] [stdout]     |
[INFO] [stdout]     = note: this error originates in the macro `generate_test` (in Nightly builds, run with -Z macro-backtrace for more info)
[INFO] [stdout] 
[INFO] [stdout] 
[INFO] [stdout] error[E0433]: failed to resolve: use of undeclared crate or module `icu_testdata`
[INFO] [stdout]    --> tests/tests.rs:17:18
[INFO] [stdout]     |
[INFO] [stdout] 17  |                   &icu_testdata::unstable(),
[INFO] [stdout]     |                    ^^^^^^^^^^^^ use of undeclared crate or module `icu_testdata`
[INFO] [stdout] ...
[INFO] [stdout] 121 | / generate_test!(
[INFO] [stdout] 122 | |     test_long_minute_auto,
[INFO] [stdout] 123 | |     try_new_long_minute_unstable,
[INFO] [stdout] 124 | |     RelativeTimeFormatterOptions {
[INFO] [stdout] ...   |
[INFO] [stdout] 144 | |     ]
[INFO] [stdout] 145 | | );
[INFO] [stdout]     | |_- in this macro invocation
[INFO] [stdout]     |
[INFO] [stdout]     = note: this error originates in the macro `generate_test` (in Nightly builds, run with -Z macro-backtrace for more info)
[INFO] [stdout] 
[INFO] [stdout] 
[INFO] [stdout] error[E0433]: failed to resolve: use of undeclared crate or module `icu_testdata`
[INFO] [stdout]    --> tests/tests.rs:31:18
[INFO] [stdout]     |
[INFO] [stdout] 31  |                   &icu_testdata::unstable(),
[INFO] [stdout]     |                    ^^^^^^^^^^^^ use of undeclared crate or module `icu_testdata`
[INFO] [stdout] ...
[INFO] [stdout] 121 | / generate_test!(
[INFO] [stdout] 122 | |     test_long_minute_auto,
[INFO] [stdout] 123 | |     try_new_long_minute_unstable,
[INFO] [stdout] 124 | |     RelativeTimeFormatterOptions {
[INFO] [stdout] ...   |
[INFO] [stdout] 144 | |     ]
[INFO] [stdout] 145 | | );
[INFO] [stdout]     | |_- in this macro invocation
[INFO] [stdout]     |
[INFO] [stdout]     = note: this error originates in the macro `generate_test` (in Nightly builds, run with -Z macro-backtrace for more info)
[INFO] [stdout] 
[INFO] [stdout] 
[INFO] [stdout] error[E0433]: failed to resolve: use of undeclared crate or module `icu_testdata`
[INFO] [stdout]    --> tests/tests.rs:17:18
[INFO] [stdout]     |
[INFO] [stdout] 17  |                   &icu_testdata::unstable(),
[INFO] [stdout]     |                    ^^^^^^^^^^^^ use of undeclared crate or module `icu_testdata`
[INFO] [stdout] ...
[INFO] [stdout] 146 | / generate_test!(
[INFO] [stdout] 147 | |     test_long_hour_always,
[INFO] [stdout] 148 | |     try_new_long_hour_unstable,
[INFO] [stdout] 149 | |     RelativeTimeFormatterOptions {
[INFO] [stdout] ...   |
[INFO] [stdout] 169 | |     ]
[INFO] [stdout] 170 | | );
[INFO] [stdout]     | |_- in this macro invocation
[INFO] [stdout]     |
[INFO] [stdout]     = note: this error originates in the macro `generate_test` (in Nightly builds, run with -Z macro-backtrace for more info)
[INFO] [stdout] 
[INFO] [stdout] 
[INFO] [stdout] error[E0433]: failed to resolve: use of undeclared crate or module `icu_testdata`
[INFO] [stdout]    --> tests/tests.rs:31:18
[INFO] [stdout]     |
[INFO] [stdout] 31  |                   &icu_testdata::unstable(),
[INFO] [stdout]     |                    ^^^^^^^^^^^^ use of undeclared crate or module `icu_testdata`
[INFO] [stdout] ...
[INFO] [stdout] 146 | / generate_test!(
[INFO] [stdout] 147 | |     test_long_hour_always,
[INFO] [stdout] 148 | |     try_new_long_hour_unstable,
[INFO] [stdout] 149 | |     RelativeTimeFormatterOptions {
[INFO] [stdout] ...   |
[INFO] [stdout] 169 | |     ]
[INFO] [stdout] 170 | | );
[INFO] [stdout]     | |_- in this macro invocation
[INFO] [stdout]     |
[INFO] [stdout]     = note: this error originates in the macro `generate_test` (in Nightly builds, run with -Z macro-backtrace for more info)
[INFO] [stdout] 
[INFO] [stdout] 
[INFO] [stdout] error[E0433]: failed to resolve: use of undeclared crate or module `icu_testdata`
[INFO] [stdout]    --> tests/tests.rs:17:18
[INFO] [stdout]     |
[INFO] [stdout] 17  |                   &icu_testdata::unstable(),
[INFO] [stdout]     |                    ^^^^^^^^^^^^ use of undeclared crate or module `icu_testdata`
[INFO] [stdout] ...
[INFO] [stdout] 171 | / generate_test!(
[INFO] [stdout] 172 | |     test_long_hour_auto,
[INFO] [stdout] 173 | |     try_new_long_hour_unstable,
[INFO] [stdout] 174 | |     RelativeTimeFormatterOptions {
[INFO] [stdout] ...   |
[INFO] [stdout] 194 | |     ]
[INFO] [stdout] 195 | | );
[INFO] [stdout]     | |_- in this macro invocation
[INFO] [stdout]     |
[INFO] [stdout]     = note: this error originates in the macro `generate_test` (in Nightly builds, run with -Z macro-backtrace for more info)
[INFO] [stdout] 
[INFO] [stdout] 
[INFO] [stdout] error[E0433]: failed to resolve: use of undeclared crate or module `icu_testdata`
[INFO] [stdout]    --> tests/tests.rs:31:18
[INFO] [stdout]     |
[INFO] [stdout] 31  |                   &icu_testdata::unstable(),
[INFO] [stdout]     |                    ^^^^^^^^^^^^ use of undeclared crate or module `icu_testdata`
[INFO] [stdout] ...
[INFO] [stdout] 171 | / generate_test!(
[INFO] [stdout] 172 | |     test_long_hour_auto,
[INFO] [stdout] 173 | |     try_new_long_hour_unstable,
[INFO] [stdout] 174 | |     RelativeTimeFormatterOptions {
[INFO] [stdout] ...   |
[INFO] [stdout] 194 | |     ]
[INFO] [stdout] 195 | | );
[INFO] [stdout]     | |_- in this macro invocation
[INFO] [stdout]     |
[INFO] [stdout]     = note: this error originates in the macro `generate_test` (in Nightly builds, run with -Z macro-backtrace for more info)
[INFO] [stdout] 
[INFO] [stdout] 
[INFO] [stdout] error[E0433]: failed to resolve: use of undeclared crate or module `icu_testdata`
[INFO] [stdout]    --> tests/tests.rs:17:18
[INFO] [stdout]     |
[INFO] [stdout] 17  |                   &icu_testdata::unstable(),
[INFO] [stdout]     |                    ^^^^^^^^^^^^ use of undeclared crate or module `icu_testdata`
[INFO] [stdout] ...
[INFO] [stdout] 196 | / generate_test!(
[INFO] [stdout] 197 | |     test_long_day_always,
[INFO] [stdout] 198 | |     try_new_long_day_unstable,
[INFO] [stdout] 199 | |     RelativeTimeFormatterOptions {
[INFO] [stdout] ...   |
[INFO] [stdout] 219 | |     ]
[INFO] [stdout] 220 | | );
[INFO] [stdout]     | |_- in this macro invocation
[INFO] [stdout]     |
[INFO] [stdout]     = note: this error originates in the macro `generate_test` (in Nightly builds, run with -Z macro-backtrace for more info)
[INFO] [stdout] 
[INFO] [stdout] 
[INFO] [stdout] error[E0433]: failed to resolve: use of undeclared crate or module `icu_testdata`
[INFO] [stdout]    --> tests/tests.rs:31:18
[INFO] [stdout]     |
[INFO] [stdout] 31  |                   &icu_testdata::unstable(),
[INFO] [stdout]     |                    ^^^^^^^^^^^^ use of undeclared crate or module `icu_testdata`
[INFO] [stdout] ...
[INFO] [stdout] 196 | / generate_test!(
[INFO] [stdout] 197 | |     test_long_day_always,
[INFO] [stdout] 198 | |     try_new_long_day_unstable,
[INFO] [stdout] 199 | |     RelativeTimeFormatterOptions {
[INFO] [stdout] ...   |
[INFO] [stdout] 219 | |     ]
[INFO] [stdout] 220 | | );
[INFO] [stdout]     | |_- in this macro invocation
[INFO] [stdout]     |
[INFO] [stdout]     = note: this error originates in the macro `generate_test` (in Nightly builds, run with -Z macro-backtrace for more info)
[INFO] [stdout] 
[INFO] [stdout] 
[INFO] [stdout] error[E0433]: failed to resolve: use of undeclared crate or module `icu_testdata`
[INFO] [stdout]    --> tests/tests.rs:17:18
[INFO] [stdout]     |
[INFO] [stdout] 17  |                   &icu_testdata::unstable(),
[INFO] [stdout]     |                    ^^^^^^^^^^^^ use of undeclared crate or module `icu_testdata`
[INFO] [stdout] ...
[INFO] [stdout] 221 | / generate_test!(
[INFO] [stdout] 222 | |     test_long_day_auto,
[INFO] [stdout] 223 | |     try_new_long_day_unstable,
[INFO] [stdout] 224 | |     RelativeTimeFormatterOptions {
[INFO] [stdout] ...   |
[INFO] [stdout] 244 | |     ]
[INFO] [stdout] 245 | | );
[INFO] [stdout]     | |_- in this macro invocation
[INFO] [stdout]     |
[INFO] [stdout]     = note: this error originates in the macro `generate_test` (in Nightly builds, run with -Z macro-backtrace for more info)
[INFO] [stdout] 
[INFO] [stdout] 
[INFO] [stdout] error[E0433]: failed to resolve: use of undeclared crate or module `icu_testdata`
[INFO] [stdout]    --> tests/tests.rs:31:18
[INFO] [stdout]     |
[INFO] [stdout] 31  |                   &icu_testdata::unstable(),
[INFO] [stdout]     |                    ^^^^^^^^^^^^ use of undeclared crate or module `icu_testdata`
[INFO] [stdout] ...
[INFO] [stdout] 221 | / generate_test!(
[INFO] [stdout] 222 | |     test_long_day_auto,
[INFO] [stdout] 223 | |     try_new_long_day_unstable,
[INFO] [stdout] 224 | |     RelativeTimeFormatterOptions {
[INFO] [stdout] ...   |
[INFO] [stdout] 244 | |     ]
[INFO] [stdout] 245 | | );
[INFO] [stdout]     | |_- in this macro invocation
[INFO] [stdout]     |
[INFO] [stdout]     = note: this error originates in the macro `generate_test` (in Nightly builds, run with -Z macro-backtrace for more info)
[INFO] [stdout] 
[INFO] [stdout] 
[INFO] [stdout] error[E0433]: failed to resolve: use of undeclared crate or module `icu_testdata`
[INFO] [stdout]    --> tests/tests.rs:17:18
[INFO] [stdout]     |
[INFO] [stdout] 17  |                   &icu_testdata::unstable(),
[INFO] [stdout]     |                    ^^^^^^^^^^^^ use of undeclared crate or module `icu_testdata`
[INFO] [stdout] ...
[INFO] [stdout] 246 | / generate_test!(
[INFO] [stdout] 247 | |     test_long_week_always,
[INFO] [stdout] 248 | |     try_new_long_week_unstable,
[INFO] [stdout] 249 | |     RelativeTimeFormatterOptions {
[INFO] [stdout] ...   |
[INFO] [stdout] 269 | |     ]
[INFO] [stdout] 270 | | );
[INFO] [stdout]     | |_- in this macro invocation
[INFO] [stdout]     |
[INFO] [stdout]     = note: this error originates in the macro `generate_test` (in Nightly builds, run with -Z macro-backtrace for more info)
[INFO] [stdout] 
[INFO] [stdout] 
[INFO] [stdout] error[E0433]: failed to resolve: use of undeclared crate or module `icu_testdata`
[INFO] [stdout]    --> tests/tests.rs:31:18
[INFO] [stdout]     |
[INFO] [stdout] 31  |                   &icu_testdata::unstable(),
[INFO] [stdout]     |                    ^^^^^^^^^^^^ use of undeclared crate or module `icu_testdata`
[INFO] [stdout] ...
[INFO] [stdout] 246 | / generate_test!(
[INFO] [stdout] 247 | |     test_long_week_always,
[INFO] [stdout] 248 | |     try_new_long_week_unstable,
[INFO] [stdout] 249 | |     RelativeTimeFormatterOptions {
[INFO] [stdout] ...   |
[INFO] [stdout] 269 | |     ]
[INFO] [stdout] 270 | | );
[INFO] [stdout]     | |_- in this macro invocation
[INFO] [stdout]     |
[INFO] [stdout]     = note: this error originates in the macro `generate_test` (in Nightly builds, run with -Z macro-backtrace for more info)
[INFO] [stdout] 
[INFO] [stdout] 
[INFO] [stdout] error[E0433]: failed to resolve: use of undeclared crate or module `icu_testdata`
[INFO] [stdout]    --> tests/tests.rs:17:18
[INFO] [stdout]     |
[INFO] [stdout] 17  |                   &icu_testdata::unstable(),
[INFO] [stdout]     |                    ^^^^^^^^^^^^ use of undeclared crate or module `icu_testdata`
[INFO] [stdout] ...
[INFO] [stdout] 271 | / generate_test!(
[INFO] [stdout] 272 | |     test_long_week_auto,
[INFO] [stdout] 273 | |     try_new_long_week_unstable,
[INFO] [stdout] 274 | |     RelativeTimeFormatterOptions {
[INFO] [stdout] ...   |
[INFO] [stdout] 294 | |     ]
[INFO] [stdout] 295 | | );
[INFO] [stdout]     | |_- in this macro invocation
[INFO] [stdout]     |
[INFO] [stdout]     = note: this error originates in the macro `generate_test` (in Nightly builds, run with -Z macro-backtrace for more info)
[INFO] [stdout] 
[INFO] [stdout] 
[INFO] [stdout] error[E0433]: failed to resolve: use of undeclared crate or module `icu_testdata`
[INFO] [stdout]    --> tests/tests.rs:31:18
[INFO] [stdout]     |
[INFO] [stdout] 31  |                   &icu_testdata::unstable(),
[INFO] [stdout]     |                    ^^^^^^^^^^^^ use of undeclared crate or module `icu_testdata`
[INFO] [stdout] ...
[INFO] [stdout] 271 | / generate_test!(
[INFO] [stdout] 272 | |     test_long_week_auto,
[INFO] [stdout] 273 | |     try_new_long_week_unstable,
[INFO] [stdout] 274 | |     RelativeTimeFormatterOptions {
[INFO] [stdout] ...   |
[INFO] [stdout] 294 | |     ]
[INFO] [stdout] 295 | | );
[INFO] [stdout]     | |_- in this macro invocation
[INFO] [stdout]     |
[INFO] [stdout]     = note: this error originates in the macro `generate_test` (in Nightly builds, run with -Z macro-backtrace for more info)
[INFO] [stdout] 
[INFO] [stdout] 
[INFO] [stdout] error[E0433]: failed to resolve: use of undeclared crate or module `icu_testdata`
[INFO] [stdout]    --> tests/tests.rs:17:18
[INFO] [stdout]     |
[INFO] [stdout] 17  |                   &icu_testdata::unstable(),
[INFO] [stdout]     |                    ^^^^^^^^^^^^ use of undeclared crate or module `icu_testdata`
[INFO] [stdout] ...
[INFO] [stdout] 296 | / generate_test!(
[INFO] [stdout] 297 | |     test_long_month_always,
[INFO] [stdout] 298 | |     try_new_long_month_unstable,
[INFO] [stdout] 299 | |     RelativeTimeFormatterOptions {
[INFO] [stdout] ...   |
[INFO] [stdout] 319 | |     ]
[INFO] [stdout] 320 | | );
[INFO] [stdout]     | |_- in this macro invocation
[INFO] [stdout]     |
[INFO] [stdout]     = note: this error originates in the macro `generate_test` (in Nightly builds, run with -Z macro-backtrace for more info)
[INFO] [stdout] 
[INFO] [stdout] 
[INFO] [stdout] error[E0433]: failed to resolve: use of undeclared crate or module `icu_testdata`
[INFO] [stdout]    --> tests/tests.rs:31:18
[INFO] [stdout]     |
[INFO] [stdout] 31  |                   &icu_testdata::unstable(),
[INFO] [stdout]     |                    ^^^^^^^^^^^^ use of undeclared crate or module `icu_testdata`
[INFO] [stdout] ...
[INFO] [stdout] 296 | / generate_test!(
[INFO] [stdout] 297 | |     test_long_month_always,
[INFO] [stdout] 298 | |     try_new_long_month_unstable,
[INFO] [stdout] 299 | |     RelativeTimeFormatterOptions {
[INFO] [stdout] ...   |
[INFO] [stdout] 319 | |     ]
[INFO] [stdout] 320 | | );
[INFO] [stdout]     | |_- in this macro invocation
[INFO] [stdout]     |
[INFO] [stdout]     = note: this error originates in the macro `generate_test` (in Nightly builds, run with -Z macro-backtrace for more info)
[INFO] [stdout] 
[INFO] [stdout] 
[INFO] [stdout] error[E0433]: failed to resolve: use of undeclared crate or module `icu_testdata`
[INFO] [stdout]    --> tests/tests.rs:17:18
[INFO] [stdout]     |
[INFO] [stdout] 17  |                   &icu_testdata::unstable(),
[INFO] [stdout]     |                    ^^^^^^^^^^^^ use of undeclared crate or module `icu_testdata`
[INFO] [stdout] ...
[INFO] [stdout] 321 | / generate_test!(
[INFO] [stdout] 322 | |     test_long_month_auto,
[INFO] [stdout] 323 | |     try_new_long_month_unstable,
[INFO] [stdout] 324 | |     RelativeTimeFormatterOptions {
[INFO] [stdout] ...   |
[INFO] [stdout] 344 | |     ]
[INFO] [stdout] 345 | | );
[INFO] [stdout]     | |_- in this macro invocation
[INFO] [stdout]     |
[INFO] [stdout]     = note: this error originates in the macro `generate_test` (in Nightly builds, run with -Z macro-backtrace for more info)
[INFO] [stdout] 
[INFO] [stdout] 
[INFO] [stdout] error[E0433]: failed to resolve: use of undeclared crate or module `icu_testdata`
[INFO] [stdout]    --> tests/tests.rs:31:18
[INFO] [stdout]     |
[INFO] [stdout] 31  |                   &icu_testdata::unstable(),
[INFO] [stdout]     |                    ^^^^^^^^^^^^ use of undeclared crate or module `icu_testdata`
[INFO] [stdout] ...
[INFO] [stdout] 321 | / generate_test!(
[INFO] [stdout] 322 | |     test_long_month_auto,
[INFO] [stdout] 323 | |     try_new_long_month_unstable,
[INFO] [stdout] 324 | |     RelativeTimeFormatterOptions {
[INFO] [stdout] ...   |
[INFO] [stdout] 344 | |     ]
[INFO] [stdout] 345 | | );
[INFO] [stdout]     | |_- in this macro invocation
[INFO] [stdout]     |
[INFO] [stdout]     = note: this error originates in the macro `generate_test` (in Nightly builds, run with -Z macro-backtrace for more info)
[INFO] [stdout] 
[INFO] [stdout] 
[INFO] [stdout] error[E0433]: failed to resolve: use of undeclared crate or module `icu_testdata`
[INFO] [stdout]    --> tests/tests.rs:17:18
[INFO] [stdout]     |
[INFO] [stdout] 17  |                   &icu_testdata::unstable(),
[INFO] [stdout]     |                    ^^^^^^^^^^^^ use of undeclared crate or module `icu_testdata`
[INFO] [stdout] ...
[INFO] [stdout] 346 | / generate_test!(
[INFO] [stdout] 347 | |     test_long_quarter_always,
[INFO] [stdout] 348 | |     try_new_long_quarter_unstable,
[INFO] [stdout] 349 | |     RelativeTimeFormatterOptions {
[INFO] [stdout] ...   |
[INFO] [stdout] 369 | |     ]
[INFO] [stdout] 370 | | );
[INFO] [stdout]     | |_- in this macro invocation
[INFO] [stdout]     |
[INFO] [stdout]     = note: this error originates in the macro `generate_test` (in Nightly builds, run with -Z macro-backtrace for more info)
[INFO] [stdout] 
[INFO] [stdout] 
[INFO] [stdout] error[E0433]: failed to resolve: use of undeclared crate or module `icu_testdata`
[INFO] [stdout]    --> tests/tests.rs:31:18
[INFO] [stdout]     |
[INFO] [stdout] 31  |                   &icu_testdata::unstable(),
[INFO] [stdout]     |                    ^^^^^^^^^^^^ use of undeclared crate or module `icu_testdata`
[INFO] [stdout] ...
[INFO] [stdout] 346 | / generate_test!(
[INFO] [stdout] 347 | |     test_long_quarter_always,
[INFO] [stdout] 348 | |     try_new_long_quarter_unstable,
[INFO] [stdout] 349 | |     RelativeTimeFormatterOptions {
[INFO] [stdout] ...   |
[INFO] [stdout] 369 | |     ]
[INFO] [stdout] 370 | | );
[INFO] [stdout]     | |_- in this macro invocation
[INFO] [stdout]     |
[INFO] [stdout]     = note: this error originates in the macro `generate_test` (in Nightly builds, run with -Z macro-backtrace for more info)
[INFO] [stdout] 
[INFO] [stdout] 
[INFO] [stdout] error[E0433]: failed to resolve: use of undeclared crate or module `icu_testdata`
[INFO] [stdout]    --> tests/tests.rs:17:18
[INFO] [stdout]     |
[INFO] [stdout] 17  |                   &icu_testdata::unstable(),
[INFO] [stdout]     |                    ^^^^^^^^^^^^ use of undeclared crate or module `icu_testdata`
[INFO] [stdout] ...
[INFO] [stdout] 371 | / generate_test!(
[INFO] [stdout] 372 | |     test_long_quarter_auto,
[INFO] [stdout] 373 | |     try_new_long_quarter_unstable,
[INFO] [stdout] 374 | |     RelativeTimeFormatterOptions {
[INFO] [stdout] ...   |
[INFO] [stdout] 394 | |     ]
[INFO] [stdout] 395 | | );
[INFO] [stdout]     | |_- in this macro invocation
[INFO] [stdout]     |
[INFO] [stdout]     = note: this error originates in the macro `generate_test` (in Nightly builds, run with -Z macro-backtrace for more info)
[INFO] [stdout] 
[INFO] [stdout] 
[INFO] [stdout] error[E0433]: failed to resolve: use of undeclared crate or module `icu_testdata`
[INFO] [stdout]    --> tests/tests.rs:31:18
[INFO] [stdout]     |
[INFO] [stdout] 31  |                   &icu_testdata::unstable(),
[INFO] [stdout]     |                    ^^^^^^^^^^^^ use of undeclared crate or module `icu_testdata`
[INFO] [stdout] ...
[INFO] [stdout] 371 | / generate_test!(
[INFO] [stdout] 372 | |     test_long_quarter_auto,
[INFO] [stdout] 373 | |     try_new_long_quarter_unstable,
[INFO] [stdout] 374 | |     RelativeTimeFormatterOptions {
[INFO] [stdout] ...   |
[INFO] [stdout] 394 | |     ]
[INFO] [stdout] 395 | | );
[INFO] [stdout]     | |_- in this macro invocation
[INFO] [stdout]     |
[INFO] [stdout]     = note: this error originates in the macro `generate_test` (in Nightly builds, run with -Z macro-backtrace for more info)
[INFO] [stdout] 
[INFO] [stdout] 
[INFO] [stdout] error[E0433]: failed to resolve: use of undeclared crate or module `icu_testdata`
[INFO] [stdout]    --> tests/tests.rs:17:18
[INFO] [stdout]     |
[INFO] [stdout] 17  |                   &icu_testdata::unstable(),
[INFO] [stdout]     |                    ^^^^^^^^^^^^ use of undeclared crate or module `icu_testdata`
[INFO] [stdout] ...
[INFO] [stdout] 396 | / generate_test!(
[INFO] [stdout] 397 | |     test_long_year_always,
[INFO] [stdout] 398 | |     try_new_long_year_unstable,
[INFO] [stdout] 399 | |     RelativeTimeFormatterOptions {
[INFO] [stdout] ...   |
[INFO] [stdout] 419 | |     ]
[INFO] [stdout] 420 | | );
[INFO] [stdout]     | |_- in this macro invocation
[INFO] [stdout]     |
[INFO] [stdout]     = note: this error originates in the macro `generate_test` (in Nightly builds, run with -Z macro-backtrace for more info)
[INFO] [stdout] 
[INFO] [stdout] 
[INFO] [stdout] error[E0433]: failed to resolve: use of undeclared crate or module `icu_testdata`
[INFO] [stdout]    --> tests/tests.rs:31:18
[INFO] [stdout]     |
[INFO] [stdout] 31  |                   &icu_testdata::unstable(),
[INFO] [stdout]     |                    ^^^^^^^^^^^^ use of undeclared crate or module `icu_testdata`
[INFO] [stdout] ...
[INFO] [stdout] 396 | / generate_test!(
[INFO] [stdout] 397 | |     test_long_year_always,
[INFO] [stdout] 398 | |     try_new_long_year_unstable,
[INFO] [stdout] 399 | |     RelativeTimeFormatterOptions {
[INFO] [stdout] ...   |
[INFO] [stdout] 419 | |     ]
[INFO] [stdout] 420 | | );
[INFO] [stdout]     | |_- in this macro invocation
[INFO] [stdout]     |
[INFO] [stdout]     = note: this error originates in the macro `generate_test` (in Nightly builds, run with -Z macro-backtrace for more info)
[INFO] [stdout] 
[INFO] [stdout] 
[INFO] [stdout] error[E0433]: failed to resolve: use of undeclared crate or module `icu_testdata`
[INFO] [stdout]    --> tests/tests.rs:17:18
[INFO] [stdout]     |
[INFO] [stdout] 17  |                   &icu_testdata::unstable(),
[INFO] [stdout]     |                    ^^^^^^^^^^^^ use of undeclared crate or module `icu_testdata`
[INFO] [stdout] ...
[INFO] [stdout] 421 | / generate_test!(
[INFO] [stdout] 422 | |     test_long_year_auto,
[INFO] [stdout] 423 | |     try_new_long_year_unstable,
[INFO] [stdout] 424 | |     RelativeTimeFormatterOptions {
[INFO] [stdout] ...   |
[INFO] [stdout] 444 | |     ]
[INFO] [stdout] 445 | | );
[INFO] [stdout]     | |_- in this macro invocation
[INFO] [stdout]     |
[INFO] [stdout]     = note: this error originates in the macro `generate_test` (in Nightly builds, run with -Z macro-backtrace for more info)
[INFO] [stdout] 
[INFO] [stdout] 
[INFO] [stdout] error[E0433]: failed to resolve: use of undeclared crate or module `icu_testdata`
[INFO] [stdout]    --> tests/tests.rs:31:18
[INFO] [stdout]     |
[INFO] [stdout] 31  |                   &icu_testdata::unstable(),
[INFO] [stdout]     |                    ^^^^^^^^^^^^ use of undeclared crate or module `icu_testdata`
[INFO] [stdout] ...
[INFO] [stdout] 421 | / generate_test!(
[INFO] [stdout] 422 | |     test_long_year_auto,
[INFO] [stdout] 423 | |     try_new_long_year_unstable,
[INFO] [stdout] 424 | |     RelativeTimeFormatterOptions {
[INFO] [stdout] ...   |
[INFO] [stdout] 444 | |     ]
[INFO] [stdout] 445 | | );
[INFO] [stdout]     | |_- in this macro invocation
[INFO] [stdout]     |
[INFO] [stdout]     = note: this error originates in the macro `generate_test` (in Nightly builds, run with -Z macro-backtrace for more info)
[INFO] [stdout] 
[INFO] [stdout] 
[INFO] [stdout] error[E0433]: failed to resolve: use of undeclared crate or module `icu_testdata`
[INFO] [stdout]    --> tests/tests.rs:17:18
[INFO] [stdout]     |
[INFO] [stdout] 17  |                   &icu_testdata::unstable(),
[INFO] [stdout]     |                    ^^^^^^^^^^^^ use of undeclared crate or module `icu_testdata`
[INFO] [stdout] ...
[INFO] [stdout] 446 | / generate_test!(
[INFO] [stdout] 447 | |     test_short_second_always,
[INFO] [stdout] 448 | |     try_new_short_second_unstable,
[INFO] [stdout] 449 | |     RelativeTimeFormatterOptions {
[INFO] [stdout] ...   |
[INFO] [stdout] 469 | |     ]
[INFO] [stdout] 470 | | );
[INFO] [stdout]     | |_- in this macro invocation
[INFO] [stdout]     |
[INFO] [stdout]     = note: this error originates in the macro `generate_test` (in Nightly builds, run with -Z macro-backtrace for more info)
[INFO] [stdout] 
[INFO] [stdout] 
[INFO] [stdout] error[E0433]: failed to resolve: use of undeclared crate or module `icu_testdata`
[INFO] [stdout]    --> tests/tests.rs:31:18
[INFO] [stdout]     |
[INFO] [stdout] 31  |                   &icu_testdata::unstable(),
[INFO] [stdout]     |                    ^^^^^^^^^^^^ use of undeclared crate or module `icu_testdata`
[INFO] [stdout] ...
[INFO] [stdout] 446 | / generate_test!(
[INFO] [stdout] 447 | |     test_short_second_always,
[INFO] [stdout] 448 | |     try_new_short_second_unstable,
[INFO] [stdout] 449 | |     RelativeTimeFormatterOptions {
[INFO] [stdout] ...   |
[INFO] [stdout] 469 | |     ]
[INFO] [stdout] 470 | | );
[INFO] [stdout]     | |_- in this macro invocation
[INFO] [stdout]     |
[INFO] [stdout]     = note: this error originates in the macro `generate_test` (in Nightly builds, run with -Z macro-backtrace for more info)
[INFO] [stdout] 
[INFO] [stdout] 
[INFO] [stdout] error[E0433]: failed to resolve: use of undeclared crate or module `icu_testdata`
[INFO] [stdout]    --> tests/tests.rs:17:18
[INFO] [stdout]     |
[INFO] [stdout] 17  |                   &icu_testdata::unstable(),
[INFO] [stdout]     |                    ^^^^^^^^^^^^ use of undeclared crate or module `icu_testdata`
[INFO] [stdout] ...
[INFO] [stdout] 471 | / generate_test!(
[INFO] [stdout] 472 | |     test_short_second_auto,
[INFO] [stdout] 473 | |     try_new_short_second_unstable,
[INFO] [stdout] 474 | |     RelativeTimeFormatterOptions {
[INFO] [stdout] ...   |
[INFO] [stdout] 494 | |     ]
[INFO] [stdout] 495 | | );
[INFO] [stdout]     | |_- in this macro invocation
[INFO] [stdout]     |
[INFO] [stdout]     = note: this error originates in the macro `generate_test` (in Nightly builds, run with -Z macro-backtrace for more info)
[INFO] [stdout] 
[INFO] [stdout] 
[INFO] [stdout] error[E0433]: failed to resolve: use of undeclared crate or module `icu_testdata`
[INFO] [stdout]    --> tests/tests.rs:31:18
[INFO] [stdout]     |
[INFO] [stdout] 31  |                   &icu_testdata::unstable(),
[INFO] [stdout]     |                    ^^^^^^^^^^^^ use of undeclared crate or module `icu_testdata`
[INFO] [stdout] ...
[INFO] [stdout] 471 | / generate_test!(
[INFO] [stdout] 472 | |     test_short_second_auto,
[INFO] [stdout] 473 | |     try_new_short_second_unstable,
[INFO] [stdout] 474 | |     RelativeTimeFormatterOptions {
[INFO] [stdout] ...   |
[INFO] [stdout] 494 | |     ]
[INFO] [stdout] 495 | | );
[INFO] [stdout]     | |_- in this macro invocation
[INFO] [stdout]     |
[INFO] [stdout]     = note: this error originates in the macro `generate_test` (in Nightly builds, run with -Z macro-backtrace for more info)
[INFO] [stdout] 
[INFO] [stdout] 
[INFO] [stdout] error[E0433]: failed to resolve: use of undeclared crate or module `icu_testdata`
[INFO] [stdout]    --> tests/tests.rs:17:18
[INFO] [stdout]     |
[INFO] [stdout] 17  |                   &icu_testdata::unstable(),
[INFO] [stdout]     |                    ^^^^^^^^^^^^ use of undeclared crate or module `icu_testdata`
[INFO] [stdout] ...
[INFO] [stdout] 496 | / generate_test!(
[INFO] [stdout] 497 | |     test_short_minute_always,
[INFO] [stdout] 498 | |     try_new_short_minute_unstable,
[INFO] [stdout] 499 | |     RelativeTimeFormatterOptions {
[INFO] [stdout] ...   |
[INFO] [stdout] 519 | |     ]
[INFO] [stdout] 520 | | );
[INFO] [stdout]     | |_- in this macro invocation
[INFO] [stdout]     |
[INFO] [stdout]     = note: this error originates in the macro `generate_test` (in Nightly builds, run with -Z macro-backtrace for more info)
[INFO] [stdout] 
[INFO] [stdout] 
[INFO] [stdout] error[E0433]: failed to resolve: use of undeclared crate or module `icu_testdata`
[INFO] [stdout]    --> tests/tests.rs:31:18
[INFO] [stdout]     |
[INFO] [stdout] 31  |                   &icu_testdata::unstable(),
[INFO] [stdout]     |                    ^^^^^^^^^^^^ use of undeclared crate or module `icu_testdata`
[INFO] [stdout] ...
[INFO] [stdout] 496 | / generate_test!(
[INFO] [stdout] 497 | |     test_short_minute_always,
[INFO] [stdout] 498 | |     try_new_short_minute_unstable,
[INFO] [stdout] 499 | |     RelativeTimeFormatterOptions {
[INFO] [stdout] ...   |
[INFO] [stdout] 519 | |     ]
[INFO] [stdout] 520 | | );
[INFO] [stdout]     | |_- in this macro invocation
[INFO] [stdout]     |
[INFO] [stdout]     = note: this error originates in the macro `generate_test` (in Nightly builds, run with -Z macro-backtrace for more info)
[INFO] [stdout] 
[INFO] [stdout] 
[INFO] [stdout] error[E0433]: failed to resolve: use of undeclared crate or module `icu_testdata`
[INFO] [stdout]    --> tests/tests.rs:17:18
[INFO] [stdout]     |
[INFO] [stdout] 17  |                   &icu_testdata::unstable(),
[INFO] [stdout]     |                    ^^^^^^^^^^^^ use of undeclared crate or module `icu_testdata`
[INFO] [stdout] ...
[INFO] [stdout] 521 | / generate_test!(
[INFO] [stdout] 522 | |     test_short_minute_auto,
[INFO] [stdout] 523 | |     try_new_short_minute_unstable,
[INFO] [stdout] 524 | |     RelativeTimeFormatterOptions {
[INFO] [stdout] ...   |
[INFO] [stdout] 544 | |     ]
[INFO] [stdout] 545 | | );
[INFO] [stdout]     | |_- in this macro invocation
[INFO] [stdout]     |
[INFO] [stdout]     = note: this error originates in the macro `generate_test` (in Nightly builds, run with -Z macro-backtrace for more info)
[INFO] [stdout] 
[INFO] [stdout] 
[INFO] [stdout] error[E0433]: failed to resolve: use of undeclared crate or module `icu_testdata`
[INFO] [stdout]    --> tests/tests.rs:31:18
[INFO] [stdout]     |
[INFO] [stdout] 31  |                   &icu_testdata::unstable(),
[INFO] [stdout]     |                    ^^^^^^^^^^^^ use of undeclared crate or module `icu_testdata`
[INFO] [stdout] ...
[INFO] [stdout] 521 | / generate_test!(
[INFO] [stdout] 522 | |     test_short_minute_auto,
[INFO] [stdout] 523 | |     try_new_short_minute_unstable,
[INFO] [stdout] 524 | |     RelativeTimeFormatterOptions {
[INFO] [stdout] ...   |
[INFO] [stdout] 544 | |     ]
[INFO] [stdout] 545 | | );
[INFO] [stdout]     | |_- in this macro invocation
[INFO] [stdout]     |
[INFO] [stdout]     = note: this error originates in the macro `generate_test` (in Nightly builds, run with -Z macro-backtrace for more info)
[INFO] [stdout] 
[INFO] [stdout] 
[INFO] [stdout] error[E0433]: failed to resolve: use of undeclared crate or module `icu_testdata`
[INFO] [stdout]    --> tests/tests.rs:17:18
[INFO] [stdout]     |
[INFO] [stdout] 17  |                   &icu_testdata::unstable(),
[INFO] [stdout]     |                    ^^^^^^^^^^^^ use of undeclared crate or module `icu_testdata`
[INFO] [stdout] ...
[INFO] [stdout] 546 | / generate_test!(
[INFO] [stdout] 547 | |     test_short_hour_always,
[INFO] [stdout] 548 | |     try_new_short_hour_unstable,
[INFO] [stdout] 549 | |     RelativeTimeFormatterOptions {
[INFO] [stdout] ...   |
[INFO] [stdout] 569 | |     ]
[INFO] [stdout] 570 | | );
[INFO] [stdout]     | |_- in this macro invocation
[INFO] [stdout]     |
[INFO] [stdout]     = note: this error originates in the macro `generate_test` (in Nightly builds, run with -Z macro-backtrace for more info)
[INFO] [stdout] 
[INFO] [stdout] 
[INFO] [stdout] error[E0433]: failed to resolve: use of undeclared crate or module `icu_testdata`
[INFO] [stdout]    --> tests/tests.rs:31:18
[INFO] [stdout]     |
[INFO] [stdout] 31  |                   &icu_testdata::unstable(),
[INFO] [stdout]     |                    ^^^^^^^^^^^^ use of undeclared crate or module `icu_testdata`
[INFO] [stdout] ...
[INFO] [stdout] 546 | / generate_test!(
[INFO] [stdout] 547 | |     test_short_hour_always,
[INFO] [stdout] 548 | |     try_new_short_hour_unstable,
[INFO] [stdout] 549 | |     RelativeTimeFormatterOptions {
[INFO] [stdout] ...   |
[INFO] [stdout] 569 | |     ]
[INFO] [stdout] 570 | | );
[INFO] [stdout]     | |_- in this macro invocation
[INFO] [stdout]     |
[INFO] [stdout]     = note: this error originates in the macro `generate_test` (in Nightly builds, run with -Z macro-backtrace for more info)
[INFO] [stdout] 
[INFO] [stdout] 
[INFO] [stdout] error[E0433]: failed to resolve: use of undeclared crate or module `icu_testdata`
[INFO] [stdout]    --> tests/tests.rs:17:18
[INFO] [stdout]     |
[INFO] [stdout] 17  |                   &icu_testdata::unstable(),
[INFO] [stdout]     |                    ^^^^^^^^^^^^ use of undeclared crate or module `icu_testdata`
[INFO] [stdout] ...
[INFO] [stdout] 571 | / generate_test!(
[INFO] [stdout] 572 | |     test_short_hour_auto,
[INFO] [stdout] 573 | |     try_new_short_hour_unstable,
[INFO] [stdout] 574 | |     RelativeTimeFormatterOptions {
[INFO] [stdout] ...   |
[INFO] [stdout] 594 | |     ]
[INFO] [stdout] 595 | | );
[INFO] [stdout]     | |_- in this macro invocation
[INFO] [stdout]     |
[INFO] [stdout]     = note: this error originates in the macro `generate_test` (in Nightly builds, run with -Z macro-backtrace for more info)
[INFO] [stdout] 
[INFO] [stdout] 
[INFO] [stdout] error[E0433]: failed to resolve: use of undeclared crate or module `icu_testdata`
[INFO] [stdout]    --> tests/tests.rs:31:18
[INFO] [stdout]     |
[INFO] [stdout] 31  |                   &icu_testdata::unstable(),
[INFO] [stdout]     |                    ^^^^^^^^^^^^ use of undeclared crate or module `icu_testdata`
[INFO] [stdout] ...
[INFO] [stdout] 571 | / generate_test!(
[INFO] [stdout] 572 | |     test_short_hour_auto,
[INFO] [stdout] 573 | |     try_new_short_hour_unstable,
[INFO] [stdout] 574 | |     RelativeTimeFormatterOptions {
[INFO] [stdout] ...   |
[INFO] [stdout] 594 | |     ]
[INFO] [stdout] 595 | | );
[INFO] [stdout]     | |_- in this macro invocation
[INFO] [stdout]     |
[INFO] [stdout]     = note: this error originates in the macro `generate_test` (in Nightly builds, run with -Z macro-backtrace for more info)
[INFO] [stdout] 
[INFO] [stdout] 
[INFO] [stdout] error[E0433]: failed to resolve: use of undeclared crate or module `icu_testdata`
[INFO] [stdout]    --> tests/tests.rs:17:18
[INFO] [stdout]     |
[INFO] [stdout] 17  |                   &icu_testdata::unstable(),
[INFO] [stdout]     |                    ^^^^^^^^^^^^ use of undeclared crate or module `icu_testdata`
[INFO] [stdout] ...
[INFO] [stdout] 596 | / generate_test!(
[INFO] [stdout] 597 | |     test_short_day_always,
[INFO] [stdout] 598 | |     try_new_short_day_unstable,
[INFO] [stdout] 599 | |     RelativeTimeFormatterOptions {
[INFO] [stdout] ...   |
[INFO] [stdout] 619 | |     ]
[INFO] [stdout] 620 | | );
[INFO] [stdout]     | |_- in this macro invocation
[INFO] [stdout]     |
[INFO] [stdout]     = note: this error originates in the macro `generate_test` (in Nightly builds, run with -Z macro-backtrace for more info)
[INFO] [stdout] 
[INFO] [stdout] 
[INFO] [stdout] error[E0433]: failed to resolve: use of undeclared crate or module `icu_testdata`
[INFO] [stdout]    --> tests/tests.rs:31:18
[INFO] [stdout]     |
[INFO] [stdout] 31  |                   &icu_testdata::unstable(),
[INFO] [stdout]     |                    ^^^^^^^^^^^^ use of undeclared crate or module `icu_testdata`
[INFO] [stdout] ...
[INFO] [stdout] 596 | / generate_test!(
[INFO] [stdout] 597 | |     test_short_day_always,
[INFO] [stdout] 598 | |     try_new_short_day_unstable,
[INFO] [stdout] 599 | |     RelativeTimeFormatterOptions {
[INFO] [stdout] ...   |
[INFO] [stdout] 619 | |     ]
[INFO] [stdout] 620 | | );
[INFO] [stdout]     | |_- in this macro invocation
[INFO] [stdout]     |
[INFO] [stdout]     = note: this error originates in the macro `generate_test` (in Nightly builds, run with -Z macro-backtrace for more info)
[INFO] [stdout] 
[INFO] [stdout] 
[INFO] [stdout] error[E0433]: failed to resolve: use of undeclared crate or module `icu_testdata`
[INFO] [stdout]    --> tests/tests.rs:17:18
[INFO] [stdout]     |
[INFO] [stdout] 17  |                   &icu_testdata::unstable(),
[INFO] [stdout]     |                    ^^^^^^^^^^^^ use of undeclared crate or module `icu_testdata`
[INFO] [stdout] ...
[INFO] [stdout] 621 | / generate_test!(
[INFO] [stdout] 622 | |     test_short_day_auto,
[INFO] [stdout] 623 | |     try_new_short_day_unstable,
[INFO] [stdout] 624 | |     RelativeTimeFormatterOptions {
[INFO] [stdout] ...   |
[INFO] [stdout] 644 | |     ]
[INFO] [stdout] 645 | | );
[INFO] [stdout]     | |_- in this macro invocation
[INFO] [stdout]     |
[INFO] [stdout]     = note: this error originates in the macro `generate_test` (in Nightly builds, run with -Z macro-backtrace for more info)
[INFO] [stdout] 
[INFO] [stdout] 
[INFO] [stdout] error[E0433]: failed to resolve: use of undeclared crate or module `icu_testdata`
[INFO] [stdout]    --> tests/tests.rs:31:18
[INFO] [stdout]     |
[INFO] [stdout] 31  |                   &icu_testdata::unstable(),
[INFO] [stdout]     |                    ^^^^^^^^^^^^ use of undeclared crate or module `icu_testdata`
[INFO] [stdout] ...
[INFO] [stdout] 621 | / generate_test!(
[INFO] [stdout] 622 | |     test_short_day_auto,
[INFO] [stdout] 623 | |     try_new_short_day_unstable,
[INFO] [stdout] 624 | |     RelativeTimeFormatterOptions {
[INFO] [stdout] ...   |
[INFO] [stdout] 644 | |     ]
[INFO] [stdout] 645 | | );
[INFO] [stdout]     | |_- in this macro invocation
[INFO] [stdout]     |
[INFO] [stdout]     = note: this error originates in the macro `generate_test` (in Nightly builds, run with -Z macro-backtrace for more info)
[INFO] [stdout] 
[INFO] [stdout] 
[INFO] [stdout] error[E0433]: failed to resolve: use of undeclared crate or module `icu_testdata`
[INFO] [stdout]    --> tests/tests.rs:17:18
[INFO] [stdout]     |
[INFO] [stdout] 17  |                   &icu_testdata::unstable(),
[INFO] [stdout]     |                    ^^^^^^^^^^^^ use of undeclared crate or module `icu_testdata`
[INFO] [stdout] ...
[INFO] [stdout] 646 | / generate_test!(
[INFO] [stdout] 647 | |     test_short_week_always,
[INFO] [stdout] 648 | |     try_new_short_week_unstable,
[INFO] [stdout] 649 | |     RelativeTimeFormatterOptions {
[INFO] [stdout] ...   |
[INFO] [stdout] 669 | |     ]
[INFO] [stdout] 670 | | );
[INFO] [stdout]     | |_- in this macro invocation
[INFO] [stdout]     |
[INFO] [stdout]     = note: this error originates in the macro `generate_test` (in Nightly builds, run with -Z macro-backtrace for more info)
[INFO] [stdout] 
[INFO] [stdout] 
[INFO] [stdout] error[E0433]: failed to resolve: use of undeclared crate or module `icu_testdata`
[INFO] [stdout]    --> tests/tests.rs:31:18
[INFO] [stdout]     |
[INFO] [stdout] 31  |                   &icu_testdata::unstable(),
[INFO] [stdout]     |                    ^^^^^^^^^^^^ use of undeclared crate or module `icu_testdata`
[INFO] [stdout] ...
[INFO] [stdout] 646 | / generate_test!(
[INFO] [stdout] 647 | |     test_short_week_always,
[INFO] [stdout] 648 | |     try_new_short_week_unstable,
[INFO] [stdout] 649 | |     RelativeTimeFormatterOptions {
[INFO] [stdout] ...   |
[INFO] [stdout] 669 | |     ]
[INFO] [stdout] 670 | | );
[INFO] [stdout]     | |_- in this macro invocation
[INFO] [stdout]     |
[INFO] [stdout]     = note: this error originates in the macro `generate_test` (in Nightly builds, run with -Z macro-backtrace for more info)
[INFO] [stdout] 
[INFO] [stdout] 
[INFO] [stdout] error[E0433]: failed to resolve: use of undeclared crate or module `icu_testdata`
[INFO] [stdout]    --> tests/tests.rs:17:18
[INFO] [stdout]     |
[INFO] [stdout] 17  |                   &icu_testdata::unstable(),
[INFO] [stdout]     |                    ^^^^^^^^^^^^ use of undeclared crate or module `icu_testdata`
[INFO] [stdout] ...
[INFO] [stdout] 671 | / generate_test!(
[INFO] [stdout] 672 | |     test_short_week_auto,
[INFO] [stdout] 673 | |     try_new_short_week_unstable,
[INFO] [stdout] 674 | |     RelativeTimeFormatterOptions {
[INFO] [stdout] ...   |
[INFO] [stdout] 694 | |     ]
[INFO] [stdout] 695 | | );
[INFO] [stdout]     | |_- in this macro invocation
[INFO] [stdout]     |
[INFO] [stdout]     = note: this error originates in the macro `generate_test` (in Nightly builds, run with -Z macro-backtrace for more info)
[INFO] [stdout] 
[INFO] [stdout] 
[INFO] [stdout] error[E0433]: failed to resolve: use of undeclared crate or module `icu_testdata`
[INFO] [stdout]    --> tests/tests.rs:31:18
[INFO] [stdout]     |
[INFO] [stdout] 31  |                   &icu_testdata::unstable(),
[INFO] [stdout]     |                    ^^^^^^^^^^^^ use of undeclared crate or module `icu_testdata`
[INFO] [stdout] ...
[INFO] [stdout] 671 | / generate_test!(
[INFO] [stdout] 672 | |     test_short_week_auto,
[INFO] [stdout] 673 | |     try_new_short_week_unstable,
[INFO] [stdout] 674 | |     RelativeTimeFormatterOptions {
[INFO] [stdout] ...   |
[INFO] [stdout] 694 | |     ]
[INFO] [stdout] 695 | | );
[INFO] [stdout]     | |_- in this macro invocation
[INFO] [stdout]     |
[INFO] [stdout]     = note: this error originates in the macro `generate_test` (in Nightly builds, run with -Z macro-backtrace for more info)
[INFO] [stdout] 
[INFO] [stdout] 
[INFO] [stdout] error[E0433]: failed to resolve: use of undeclared crate or module `icu_testdata`
[INFO] [stdout]    --> tests/tests.rs:17:18
[INFO] [stdout]     |
[INFO] [stdout] 17  |                   &icu_testdata::unstable(),
[INFO] [stdout]     |                    ^^^^^^^^^^^^ use of undeclared crate or module `icu_testdata`
[INFO] [stdout] ...
[INFO] [stdout] 696 | / generate_test!(
[INFO] [stdout] 697 | |     test_short_month_always,
[INFO] [stdout] 698 | |     try_new_short_month_unstable,
[INFO] [stdout] 699 | |     RelativeTimeFormatterOptions {
[INFO] [stdout] ...   |
[INFO] [stdout] 719 | |     ]
[INFO] [stdout] 720 | | );
[INFO] [stdout]     | |_- in this macro invocation
[INFO] [stdout]     |
[INFO] [stdout]     = note: this error originates in the macro `generate_test` (in Nightly builds, run with -Z macro-backtrace for more info)
[INFO] [stdout] 
[INFO] [stdout] 
[INFO] [stdout] error[E0433]: failed to resolve: use of undeclared crate or module `icu_testdata`
[INFO] [stdout]    --> tests/tests.rs:31:18
[INFO] [stdout]     |
[INFO] [stdout] 31  |                   &icu_testdata::unstable(),
[INFO] [stdout]     |                    ^^^^^^^^^^^^ use of undeclared crate or module `icu_testdata`
[INFO] [stdout] ...
[INFO] [stdout] 696 | / generate_test!(
[INFO] [stdout] 697 | |     test_short_month_always,
[INFO] [stdout] 698 | |     try_new_short_month_unstable,
[INFO] [stdout] 699 | |     RelativeTimeFormatterOptions {
[INFO] [stdout] ...   |
[INFO] [stdout] 719 | |     ]
[INFO] [stdout] 720 | | );
[INFO] [stdout]     | |_- in this macro invocation
[INFO] [stdout]     |
[INFO] [stdout]     = note: this error originates in the macro `generate_test` (in Nightly builds, run with -Z macro-backtrace for more info)
[INFO] [stdout] 
[INFO] [stdout] 
[INFO] [stdout] error[E0433]: failed to resolve: use of undeclared crate or module `icu_testdata`
[INFO] [stdout]    --> tests/tests.rs:17:18
[INFO] [stdout]     |
[INFO] [stdout] 17  |                   &icu_testdata::unstable(),
[INFO] [stdout]     |                    ^^^^^^^^^^^^ use of undeclared crate or module `icu_testdata`
[INFO] [stdout] ...
[INFO] [stdout] 721 | / generate_test!(
[INFO] [stdout] 722 | |     test_short_month_auto,
[INFO] [stdout] 723 | |     try_new_short_month_unstable,
[INFO] [stdout] 724 | |     RelativeTimeFormatterOptions {
[INFO] [stdout] ...   |
[INFO] [stdout] 744 | |     ]
[INFO] [stdout] 745 | | );
[INFO] [stdout]     | |_- in this macro invocation
[INFO] [stdout]     |
[INFO] [stdout]     = note: this error originates in the macro `generate_test` (in Nightly builds, run with -Z macro-backtrace for more info)
[INFO] [stdout] 
[INFO] [stdout] 
[INFO] [stdout] error[E0433]: failed to resolve: use of undeclared crate or module `icu_testdata`
[INFO] [stdout]    --> tests/tests.rs:31:18
[INFO] [stdout]     |
[INFO] [stdout] 31  |                   &icu_testdata::unstable(),
[INFO] [stdout]     |                    ^^^^^^^^^^^^ use of undeclared crate or module `icu_testdata`
[INFO] [stdout] ...
[INFO] [stdout] 721 | / generate_test!(
[INFO] [stdout] 722 | |     test_short_month_auto,
[INFO] [stdout] 723 | |     try_new_short_month_unstable,
[INFO] [stdout] 724 | |     RelativeTimeFormatterOptions {
[INFO] [stdout] ...   |
[INFO] [stdout] 744 | |     ]
[INFO] [stdout] 745 | | );
[INFO] [stdout]     | |_- in this macro invocation
[INFO] [stdout]     |
[INFO] [stdout]     = note: this error originates in the macro `generate_test` (in Nightly builds, run with -Z macro-backtrace for more info)
[INFO] [stdout] 
[INFO] [stdout] 
[INFO] [stdout] error[E0433]: failed to resolve: use of undeclared crate or module `icu_testdata`
[INFO] [stdout]    --> tests/tests.rs:17:18
[INFO] [stdout]     |
[INFO] [stdout] 17  |                   &icu_testdata::unstable(),
[INFO] [stdout]     |                    ^^^^^^^^^^^^ use of undeclared crate or module `icu_testdata`
[INFO] [stdout] ...
[INFO] [stdout] 746 | / generate_test!(
[INFO] [stdout] 747 | |     test_short_quarter_always,
[INFO] [stdout] 748 | |     try_new_short_quarter_unstable,
[INFO] [stdout] 749 | |     RelativeTimeFormatterOptions {
[INFO] [stdout] ...   |
[INFO] [stdout] 769 | |     ]
[INFO] [stdout] 770 | | );
[INFO] [stdout]     | |_- in this macro invocation
[INFO] [stdout]     |
[INFO] [stdout]     = note: this error originates in the macro `generate_test` (in Nightly builds, run with -Z macro-backtrace for more info)
[INFO] [stdout] 
[INFO] [stdout] 
[INFO] [stdout] error[E0433]: failed to resolve: use of undeclared crate or module `icu_testdata`
[INFO] [stdout]    --> tests/tests.rs:31:18
[INFO] [stdout]     |
[INFO] [stdout] 31  |                   &icu_testdata::unstable(),
[INFO] [stdout]     |                    ^^^^^^^^^^^^ use of undeclared crate or module `icu_testdata`
[INFO] [stdout] ...
[INFO] [stdout] 746 | / generate_test!(
[INFO] [stdout] 747 | |     test_short_quarter_always,
[INFO] [stdout] 748 | |     try_new_short_quarter_unstable,
[INFO] [stdout] 749 | |     RelativeTimeFormatterOptions {
[INFO] [stdout] ...   |
[INFO] [stdout] 769 | |     ]
[INFO] [stdout] 770 | | );
[INFO] [stdout]     | |_- in this macro invocation
[INFO] [stdout]     |
[INFO] [stdout]     = note: this error originates in the macro `generate_test` (in Nightly builds, run with -Z macro-backtrace for more info)
[INFO] [stdout] 
[INFO] [stdout] 
[INFO] [stdout] error[E0433]: failed to resolve: use of undeclared crate or module `icu_testdata`
[INFO] [stdout]    --> tests/tests.rs:17:18
[INFO] [stdout]     |
[INFO] [stdout] 17  |                   &icu_testdata::unstable(),
[INFO] [stdout]     |                    ^^^^^^^^^^^^ use of undeclared crate or module `icu_testdata`
[INFO] [stdout] ...
[INFO] [stdout] 771 | / generate_test!(
[INFO] [stdout] 772 | |     test_short_quarter_auto,
[INFO] [stdout] 773 | |     try_new_short_quarter_unstable,
[INFO] [stdout] 774 | |     RelativeTimeFormatterOptions {
[INFO] [stdout] ...   |
[INFO] [stdout] 794 | |     ]
[INFO] [stdout] 795 | | );
[INFO] [stdout]     | |_- in this macro invocation
[INFO] [stdout]     |
[INFO] [stdout]     = note: this error originates in the macro `generate_test` (in Nightly builds, run with -Z macro-backtrace for more info)
[INFO] [stdout] 
[INFO] [stdout] 
[INFO] [stdout] error[E0433]: failed to resolve: use of undeclared crate or module `icu_testdata`
[INFO] [stdout]    --> tests/tests.rs:31:18
[INFO] [stdout]     |
[INFO] [stdout] 31  |                   &icu_testdata::unstable(),
[INFO] [stdout]     |                    ^^^^^^^^^^^^ use of undeclared crate or module `icu_testdata`
[INFO] [stdout] ...
[INFO] [stdout] 771 | / generate_test!(
[INFO] [stdout] 772 | |     test_short_quarter_auto,
[INFO] [stdout] 773 | |     try_new_short_quarter_unstable,
[INFO] [stdout] 774 | |     RelativeTimeFormatterOptions {
[INFO] [stdout] ...   |
[INFO] [stdout] 794 | |     ]
[INFO] [stdout] 795 | | );
[INFO] [stdout]     | |_- in this macro invocation
[INFO] [stdout]     |
[INFO] [stdout]     = note: this error originates in the macro `generate_test` (in Nightly builds, run with -Z macro-backtrace for more info)
[INFO] [stdout] 
[INFO] [stdout] 
[INFO] [stdout] error[E0433]: failed to resolve: use of undeclared crate or module `icu_testdata`
[INFO] [stdout]    --> tests/tests.rs:17:18
[INFO] [stdout]     |
[INFO] [stdout] 17  |                   &icu_testdata::unstable(),
[INFO] [stdout]     |                    ^^^^^^^^^^^^ use of undeclared crate or module `icu_testdata`
[INFO] [stdout] ...
[INFO] [stdout] 796 | / generate_test!(
[INFO] [stdout] 797 | |     test_short_year_always,
[INFO] [stdout] 798 | |     try_new_short_year_unstable,
[INFO] [stdout] 799 | |     RelativeTimeFormatterOptions {
[INFO] [stdout] ...   |
[INFO] [stdout] 819 | |     ]
[INFO] [stdout] 820 | | );
[INFO] [stdout]     | |_- in this macro invocation
[INFO] [stdout]     |
[INFO] [stdout]     = note: this error originates in the macro `generate_test` (in Nightly builds, run with -Z macro-backtrace for more info)
[INFO] [stdout] 
[INFO] [stdout] 
[INFO] [stdout] error[E0433]: failed to resolve: use of undeclared crate or module `icu_testdata`
[INFO] [stdout]    --> tests/tests.rs:31:18
[INFO] [stdout]     |
[INFO] [stdout] 31  |                   &icu_testdata::unstable(),
[INFO] [stdout]     |                    ^^^^^^^^^^^^ use of undeclared crate or module `icu_testdata`
[INFO] [stdout] ...
[INFO] [stdout] 796 | / generate_test!(
[INFO] [stdout] 797 | |     test_short_year_always,
[INFO] [stdout] 798 | |     try_new_short_year_unstable,
[INFO] [stdout] 799 | |     RelativeTimeFormatterOptions {
[INFO] [stdout] ...   |
[INFO] [stdout] 819 | |     ]
[INFO] [stdout] 820 | | );
[INFO] [stdout]     | |_- in this macro invocation
[INFO] [stdout]     |
[INFO] [stdout]     = note: this error originates in the macro `generate_test` (in Nightly builds, run with -Z macro-backtrace for more info)
[INFO] [stdout] 
[INFO] [stdout] 
[INFO] [stdout] error[E0433]: failed to resolve: use of undeclared crate or module `icu_testdata`
[INFO] [stdout]    --> tests/tests.rs:17:18
[INFO] [stdout]     |
[INFO] [stdout] 17  |                   &icu_testdata::unstable(),
[INFO] [stdout]     |                    ^^^^^^^^^^^^ use of undeclared crate or module `icu_testdata`
[INFO] [stdout] ...
[INFO] [stdout] 821 | / generate_test!(
[INFO] [stdout] 822 | |     test_short_year_auto,
[INFO] [stdout] 823 | |     try_new_short_year_unstable,
[INFO] [stdout] 824 | |     RelativeTimeFormatterOptions {
[INFO] [stdout] ...   |
[INFO] [stdout] 844 | |     ]
[INFO] [stdout] 845 | | );
[INFO] [stdout]     | |_- in this macro invocation
[INFO] [stdout]     |
[INFO] [stdout]     = note: this error originates in the macro `generate_test` (in Nightly builds, run with -Z macro-backtrace for more info)
[INFO] [stdout] 
[INFO] [stdout] 
[INFO] [stdout] error[E0433]: failed to resolve: use of undeclared crate or module `icu_testdata`
[INFO] [stdout]    --> tests/tests.rs:31:18
[INFO] [stdout]     |
[INFO] [stdout] 31  |                   &icu_testdata::unstable(),
[INFO] [stdout]     |                    ^^^^^^^^^^^^ use of undeclared crate or module `icu_testdata`
[INFO] [stdout] ...
[INFO] [stdout] 821 | / generate_test!(
[INFO] [stdout] 822 | |     test_short_year_auto,
[INFO] [stdout] 823 | |     try_new_short_year_unstable,
[INFO] [stdout] 824 | |     RelativeTimeFormatterOptions {
[INFO] [stdout] ...   |
[INFO] [stdout] 844 | |     ]
[INFO] [stdout] 845 | | );
[INFO] [stdout]     | |_- in this macro invocation
[INFO] [stdout]     |
[INFO] [stdout]     = note: this error originates in the macro `generate_test` (in Nightly builds, run with -Z macro-backtrace for more info)
[INFO] [stdout] 
[INFO] [stdout] 
[INFO] [stdout] error[E0433]: failed to resolve: use of undeclared crate or module `icu_testdata`
[INFO] [stdout]    --> tests/tests.rs:17:18
[INFO] [stdout]     |
[INFO] [stdout] 17  |                   &icu_testdata::unstable(),
[INFO] [stdout]     |                    ^^^^^^^^^^^^ use of undeclared crate or module `icu_testdata`
[INFO] [stdout] ...
[INFO] [stdout] 846 | / generate_test!(
[INFO] [stdout] 847 | |     test_narrow_second_always,
[INFO] [stdout] 848 | |     try_new_narrow_second_unstable,
[INFO] [stdout] 849 | |     RelativeTimeFormatterOptions {
[INFO] [stdout] ...   |
[INFO] [stdout] 869 | |     ]
[INFO] [stdout] 870 | | );
[INFO] [stdout]     | |_- in this macro invocation
[INFO] [stdout]     |
[INFO] [stdout]     = note: this error originates in the macro `generate_test` (in Nightly builds, run with -Z macro-backtrace for more info)
[INFO] [stdout] 
[INFO] [stdout] 
[INFO] [stdout] error[E0433]: failed to resolve: use of undeclared crate or module `icu_testdata`
[INFO] [stdout]    --> tests/tests.rs:31:18
[INFO] [stdout]     |
[INFO] [stdout] 31  |                   &icu_testdata::unstable(),
[INFO] [stdout]     |                    ^^^^^^^^^^^^ use of undeclared crate or module `icu_testdata`
[INFO] [stdout] ...
[INFO] [stdout] 846 | / generate_test!(
[INFO] [stdout] 847 | |     test_narrow_second_always,
[INFO] [stdout] 848 | |     try_new_narrow_second_unstable,
[INFO] [stdout] 849 | |     RelativeTimeFormatterOptions {
[INFO] [stdout] ...   |
[INFO] [stdout] 869 | |     ]
[INFO] [stdout] 870 | | );
[INFO] [stdout]     | |_- in this macro invocation
[INFO] [stdout]     |
[INFO] [stdout]     = note: this error originates in the macro `generate_test` (in Nightly builds, run with -Z macro-backtrace for more info)
[INFO] [stdout] 
[INFO] [stdout] 
[INFO] [stdout] error[E0433]: failed to resolve: use of undeclared crate or module `icu_testdata`
[INFO] [stdout]    --> tests/tests.rs:17:18
[INFO] [stdout]     |
[INFO] [stdout] 17  |                   &icu_testdata::unstable(),
[INFO] [stdout]     |                    ^^^^^^^^^^^^ use of undeclared crate or module `icu_testdata`
[INFO] [stdout] ...
[INFO] [stdout] 871 | / generate_test!(
[INFO] [stdout] 872 | |     test_narrow_second_auto,
[INFO] [stdout] 873 | |     try_new_narrow_second_unstable,
[INFO] [stdout] 874 | |     RelativeTimeFormatterOptions {
[INFO] [stdout] ...   |
[INFO] [stdout] 894 | |     ]
[INFO] [stdout] 895 | | );
[INFO] [stdout]     | |_- in this macro invocation
[INFO] [stdout]     |
[INFO] [stdout]     = note: this error originates in the macro `generate_test` (in Nightly builds, run with -Z macro-backtrace for more info)
[INFO] [stdout] 
[INFO] [stdout] 
[INFO] [stdout] error[E0433]: failed to resolve: use of undeclared crate or module `icu_testdata`
[INFO] [stdout]    --> tests/tests.rs:31:18
[INFO] [stdout]     |
[INFO] [stdout] 31  |                   &icu_testdata::unstable(),
[INFO] [stdout]     |                    ^^^^^^^^^^^^ use of undeclared crate or module `icu_testdata`
[INFO] [stdout] ...
[INFO] [stdout] 871 | / generate_test!(
[INFO] [stdout] 872 | |     test_narrow_second_auto,
[INFO] [stdout] 873 | |     try_new_narrow_second_unstable,
[INFO] [stdout] 874 | |     RelativeTimeFormatterOptions {
[INFO] [stdout] ...   |
[INFO] [stdout] 894 | |     ]
[INFO] [stdout] 895 | | );
[INFO] [stdout]     | |_- in this macro invocation
[INFO] [stdout]     |
[INFO] [stdout]     = note: this error originates in the macro `generate_test` (in Nightly builds, run with -Z macro-backtrace for more info)
[INFO] [stdout] 
[INFO] [stdout] 
[INFO] [stdout] error[E0433]: failed to resolve: use of undeclared crate or module `icu_testdata`
[INFO] [stdout]    --> tests/tests.rs:17:18
[INFO] [stdout]     |
[INFO] [stdout] 17  |                   &icu_testdata::unstable(),
[INFO] [stdout]     |                    ^^^^^^^^^^^^ use of undeclared crate or module `icu_testdata`
[INFO] [stdout] ...
[INFO] [stdout] 896 | / generate_test!(
[INFO] [stdout] 897 | |     test_narrow_minute_always,
[INFO] [stdout] 898 | |     try_new_narrow_minute_unstable,
[INFO] [stdout] 899 | |     RelativeTimeFormatterOptions {
[INFO] [stdout] ...   |
[INFO] [stdout] 919 | |     ]
[INFO] [stdout] 920 | | );
[INFO] [stdout]     | |_- in this macro invocation
[INFO] [stdout]     |
[INFO] [stdout]     = note: this error originates in the macro `generate_test` (in Nightly builds, run with -Z macro-backtrace for more info)
[INFO] [stdout] 
[INFO] [stdout] 
[INFO] [stdout] error[E0433]: failed to resolve: use of undeclared crate or module `icu_testdata`
[INFO] [stdout]    --> tests/tests.rs:31:18
[INFO] [stdout]     |
[INFO] [stdout] 31  |                   &icu_testdata::unstable(),
[INFO] [stdout]     |                    ^^^^^^^^^^^^ use of undeclared crate or module `icu_testdata`
[INFO] [stdout] ...
[INFO] [stdout] 896 | / generate_test!(
[INFO] [stdout] 897 | |     test_narrow_minute_always,
[INFO] [stdout] 898 | |     try_new_narrow_minute_unstable,
[INFO] [stdout] 899 | |     RelativeTimeFormatterOptions {
[INFO] [stdout] ...   |
[INFO] [stdout] 919 | |     ]
[INFO] [stdout] 920 | | );
[INFO] [stdout]     | |_- in this macro invocation
[INFO] [stdout]     |
[INFO] [stdout]     = note: this error originates in the macro `generate_test` (in Nightly builds, run with -Z macro-backtrace for more info)
[INFO] [stdout] 
[INFO] [stdout] 
[INFO] [stdout] error[E0433]: failed to resolve: use of undeclared crate or module `icu_testdata`
[INFO] [stdout]    --> tests/tests.rs:17:18
[INFO] [stdout]     |
[INFO] [stdout] 17  |                   &icu_testdata::unstable(),
[INFO] [stdout]     |                    ^^^^^^^^^^^^ use of undeclared crate or module `icu_testdata`
[INFO] [stdout] ...
[INFO] [stdout] 921 | / generate_test!(
[INFO] [stdout] 922 | |     test_narrow_minute_auto,
[INFO] [stdout] 923 | |     try_new_narrow_minute_unstable,
[INFO] [stdout] 924 | |     RelativeTimeFormatterOptions {
[INFO] [stdout] ...   |
[INFO] [stdout] 944 | |     ]
[INFO] [stdout] 945 | | );
[INFO] [stdout]     | |_- in this macro invocation
[INFO] [stdout]     |
[INFO] [stdout]     = note: this error originates in the macro `generate_test` (in Nightly builds, run with -Z macro-backtrace for more info)
[INFO] [stdout] 
[INFO] [stdout] 
[INFO] [stdout] error[E0433]: failed to resolve: use of undeclared crate or module `icu_testdata`
[INFO] [stdout]    --> tests/tests.rs:31:18
[INFO] [stdout]     |
[INFO] [stdout] 31  |                   &icu_testdata::unstable(),
[INFO] [stdout]     |                    ^^^^^^^^^^^^ use of undeclared crate or module `icu_testdata`
[INFO] [stdout] ...
[INFO] [stdout] 921 | / generate_test!(
[INFO] [stdout] 922 | |     test_narrow_minute_auto,
[INFO] [stdout] 923 | |     try_new_narrow_minute_unstable,
[INFO] [stdout] 924 | |     RelativeTimeFormatterOptions {
[INFO] [stdout] ...   |
[INFO] [stdout] 944 | |     ]
[INFO] [stdout] 945 | | );
[INFO] [stdout]     | |_- in this macro invocation
[INFO] [stdout]     |
[INFO] [stdout]     = note: this error originates in the macro `generate_test` (in Nightly builds, run with -Z macro-backtrace for more info)
[INFO] [stdout] 
[INFO] [stdout] 
[INFO] [stdout] error[E0433]: failed to resolve: use of undeclared crate or module `icu_testdata`
[INFO] [stdout]    --> tests/tests.rs:17:18
[INFO] [stdout]     |
[INFO] [stdout] 17  |                   &icu_testdata::unstable(),
[INFO] [stdout]     |                    ^^^^^^^^^^^^ use of undeclared crate or module `icu_testdata`
[INFO] [stdout] ...
[INFO] [stdout] 946 | / generate_test!(
[INFO] [stdout] 947 | |     test_narrow_hour_always,
[INFO] [stdout] 948 | |     try_new_narrow_hour_unstable,
[INFO] [stdout] 949 | |     RelativeTimeFormatterOptions {
[INFO] [stdout] ...   |
[INFO] [stdout] 969 | |     ]
[INFO] [stdout] 970 | | );
[INFO] [stdout]     | |_- in this macro invocation
[INFO] [stdout]     |
[INFO] [stdout]     = note: this error originates in the macro `generate_test` (in Nightly builds, run with -Z macro-backtrace for more info)
[INFO] [stdout] 
[INFO] [stdout] 
[INFO] [stdout] error[E0433]: failed to resolve: use of undeclared crate or module `icu_testdata`
[INFO] [stdout]    --> tests/tests.rs:31:18
[INFO] [stdout]     |
[INFO] [stdout] 31  |                   &icu_testdata::unstable(),
[INFO] [stdout]     |                    ^^^^^^^^^^^^ use of undeclared crate or module `icu_testdata`
[INFO] [stdout] ...
[INFO] [stdout] 946 | / generate_test!(
[INFO] [stdout] 947 | |     test_narrow_hour_always,
[INFO] [stdout] 948 | |     try_new_narrow_hour_unstable,
[INFO] [stdout] 949 | |     RelativeTimeFormatterOptions {
[INFO] [stdout] ...   |
[INFO] [stdout] 969 | |     ]
[INFO] [stdout] 970 | | );
[INFO] [stdout]     | |_- in this macro invocation
[INFO] [stdout]     |
[INFO] [stdout]     = note: this error originates in the macro `generate_test` (in Nightly builds, run with -Z macro-backtrace for more info)
[INFO] [stdout] 
[INFO] [stdout] 
[INFO] [stdout] error[E0433]: failed to resolve: use of undeclared crate or module `icu_testdata`
[INFO] [stdout]    --> tests/tests.rs:17:18
[INFO] [stdout]     |
[INFO] [stdout] 17  |                   &icu_testdata::unstable(),
[INFO] [stdout]     |                    ^^^^^^^^^^^^ use of undeclared crate or module `icu_testdata`
[INFO] [stdout] ...
[INFO] [stdout] 971 | / generate_test!(
[INFO] [stdout] 972 | |     test_narrow_hour_auto,
[INFO] [stdout] 973 | |     try_new_narrow_hour_unstable,
[INFO] [stdout] 974 | |     RelativeTimeFormatterOptions {
[INFO] [stdout] ...   |
[INFO] [stdout] 994 | |     ]
[INFO] [stdout] 995 | | );
[INFO] [stdout]     | |_- in this macro invocation
[INFO] [stdout]     |
[INFO] [stdout]     = note: this error originates in the macro `generate_test` (in Nightly builds, run with -Z macro-backtrace for more info)
[INFO] [stdout] 
[INFO] [stdout] 
[INFO] [stdout] error[E0433]: failed to resolve: use of undeclared crate or module `icu_testdata`
[INFO] [stdout]    --> tests/tests.rs:31:18
[INFO] [stdout]     |
[INFO] [stdout] 31  |                   &icu_testdata::unstable(),
[INFO] [stdout]     |                    ^^^^^^^^^^^^ use of undeclared crate or module `icu_testdata`
[INFO] [stdout] ...
[INFO] [stdout] 971 | / generate_test!(
[INFO] [stdout] 972 | |     test_narrow_hour_auto,
[INFO] [stdout] 973 | |     try_new_narrow_hour_unstable,
[INFO] [stdout] 974 | |     RelativeTimeFormatterOptions {
[INFO] [stdout] ...   |
[INFO] [stdout] 994 | |     ]
[INFO] [stdout] 995 | | );
[INFO] [stdout]     | |_- in this macro invocation
[INFO] [stdout]     |
[INFO] [stdout]     = note: this error originates in the macro `generate_test` (in Nightly builds, run with -Z macro-backtrace for more info)
[INFO] [stdout] 
[INFO] [stdout] 
[INFO] [stdout] error[E0433]: failed to resolve: use of undeclared crate or module `icu_testdata`
[INFO] [stdout]     --> tests/tests.rs:17:18
[INFO] [stdout]      |
[INFO] [stdout] 17   |                   &icu_testdata::unstable(),
[INFO] [stdout]      |                    ^^^^^^^^^^^^ use of undeclared crate or module `icu_testdata`
[INFO] [stdout] ...
[INFO] [stdout] 996  | / generate_test!(
[INFO] [stdout] 997  | |     test_narrow_day_always,
[INFO] [stdout] 998  | |     try_new_narrow_day_unstable,
[INFO] [stdout] 999  | |     RelativeTimeFormatterOptions {
[INFO] [stdout] ...    |
[INFO] [stdout] 1019 | |     ]
[INFO] [stdout] 1020 | | );
[INFO] [stdout]      | |_- in this macro invocation
[INFO] [stdout]      |
[INFO] [stdout]      = note: this error originates in the macro `generate_test` (in Nightly builds, run with -Z macro-backtrace for more info)
[INFO] [stdout] 
[INFO] [stdout] 
[INFO] [stdout] error[E0433]: failed to resolve: use of undeclared crate or module `icu_testdata`
[INFO] [stdout]     --> tests/tests.rs:31:18
[INFO] [stdout]      |
[INFO] [stdout] 31   |                   &icu_testdata::unstable(),
[INFO] [stdout]      |                    ^^^^^^^^^^^^ use of undeclared crate or module `icu_testdata`
[INFO] [stdout] ...
[INFO] [stdout] 996  | / generate_test!(
[INFO] [stdout] 997  | |     test_narrow_day_always,
[INFO] [stdout] 998  | |     try_new_narrow_day_unstable,
[INFO] [stdout] 999  | |     RelativeTimeFormatterOptions {
[INFO] [stdout] ...    |
[INFO] [stdout] 1019 | |     ]
[INFO] [stdout] 1020 | | );
[INFO] [stdout]      | |_- in this macro invocation
[INFO] [stdout]      |
[INFO] [stdout]      = note: this error originates in the macro `generate_test` (in Nightly builds, run with -Z macro-backtrace for more info)
[INFO] [stdout] 
[INFO] [stdout] 
[INFO] [stdout] error[E0433]: failed to resolve: use of undeclared crate or module `icu_testdata`
[INFO] [stdout]     --> tests/tests.rs:17:18
[INFO] [stdout]      |
[INFO] [stdout] 17   |                   &icu_testdata::unstable(),
[INFO] [stdout]      |                    ^^^^^^^^^^^^ use of undeclared crate or module `icu_testdata`
[INFO] [stdout] ...
[INFO] [stdout] 1021 | / generate_test!(
[INFO] [stdout] 1022 | |     test_narrow_day_auto,
[INFO] [stdout] 1023 | |     try_new_narrow_day_unstable,
[INFO] [stdout] 1024 | |     RelativeTimeFormatterOptions {
[INFO] [stdout] ...    |
[INFO] [stdout] 1044 | |     ]
[INFO] [stdout] 1045 | | );
[INFO] [stdout]      | |_- in this macro invocation
[INFO] [stdout]      |
[INFO] [stdout]      = note: this error originates in the macro `generate_test` (in Nightly builds, run with -Z macro-backtrace for more info)
[INFO] [stdout] 
[INFO] [stdout] 
[INFO] [stdout] error[E0433]: failed to resolve: use of undeclared crate or module `icu_testdata`
[INFO] [stdout]     --> tests/tests.rs:31:18
[INFO] [stdout]      |
[INFO] [stdout] 31   |                   &icu_testdata::unstable(),
[INFO] [stdout]      |                    ^^^^^^^^^^^^ use of undeclared crate or module `icu_testdata`
[INFO] [stdout] ...
[INFO] [stdout] 1021 | / generate_test!(
[INFO] [stdout] 1022 | |     test_narrow_day_auto,
[INFO] [stdout] 1023 | |     try_new_narrow_day_unstable,
[INFO] [stdout] 1024 | |     RelativeTimeFormatterOptions {
[INFO] [stdout] ...    |
[INFO] [stdout] 1044 | |     ]
[INFO] [stdout] 1045 | | );
[INFO] [stdout]      | |_- in this macro invocation
[INFO] [stdout]      |
[INFO] [stdout]      = note: this error originates in the macro `generate_test` (in Nightly builds, run with -Z macro-backtrace for more info)
[INFO] [stdout] 
[INFO] [stdout] 
[INFO] [stdout] error[E0433]: failed to resolve: use of undeclared crate or module `icu_testdata`
[INFO] [stdout]     --> tests/tests.rs:17:18
[INFO] [stdout]      |
[INFO] [stdout] 17   |                   &icu_testdata::unstable(),
[INFO] [stdout]      |                    ^^^^^^^^^^^^ use of undeclared crate or module `icu_testdata`
[INFO] [stdout] ...
[INFO] [stdout] 1046 | / generate_test!(
[INFO] [stdout] 1047 | |     test_narrow_week_always,
[INFO] [stdout] 1048 | |     try_new_narrow_week_unstable,
[INFO] [stdout] 1049 | |     RelativeTimeFormatterOptions {
[INFO] [stdout] ...    |
[INFO] [stdout] 1069 | |     ]
[INFO] [stdout] 1070 | | );
[INFO] [stdout]      | |_- in this macro invocation
[INFO] [stdout]      |
[INFO] [stdout]      = note: this error originates in the macro `generate_test` (in Nightly builds, run with -Z macro-backtrace for more info)
[INFO] [stdout] 
[INFO] [stdout] 
[INFO] [stdout] error[E0433]: failed to resolve: use of undeclared crate or module `icu_testdata`
[INFO] [stdout]     --> tests/tests.rs:31:18
[INFO] [stdout]      |
[INFO] [stdout] 31   |                   &icu_testdata::unstable(),
[INFO] [stdout]      |                    ^^^^^^^^^^^^ use of undeclared crate or module `icu_testdata`
[INFO] [stdout] ...
[INFO] [stdout] 1046 | / generate_test!(
[INFO] [stdout] 1047 | |     test_narrow_week_always,
[INFO] [stdout] 1048 | |     try_new_narrow_week_unstable,
[INFO] [stdout] 1049 | |     RelativeTimeFormatterOptions {
[INFO] [stdout] ...    |
[INFO] [stdout] 1069 | |     ]
[INFO] [stdout] 1070 | | );
[INFO] [stdout]      | |_- in this macro invocation
[INFO] [stdout]      |
[INFO] [stdout]      = note: this error originates in the macro `generate_test` (in Nightly builds, run with -Z macro-backtrace for more info)
[INFO] [stdout] 
[INFO] [stdout] 
[INFO] [stdout] error[E0433]: failed to resolve: use of undeclared crate or module `icu_testdata`
[INFO] [stdout]     --> tests/tests.rs:17:18
[INFO] [stdout]      |
[INFO] [stdout] 17   |                   &icu_testdata::unstable(),
[INFO] [stdout]      |                    ^^^^^^^^^^^^ use of undeclared crate or module `icu_testdata`
[INFO] [stdout] ...
[INFO] [stdout] 1071 | / generate_test!(
[INFO] [stdout] 1072 | |     test_narrow_week_auto,
[INFO] [stdout] 1073 | |     try_new_narrow_week_unstable,
[INFO] [stdout] 1074 | |     RelativeTimeFormatterOptions {
[INFO] [stdout] ...    |
[INFO] [stdout] 1094 | |     ]
[INFO] [stdout] 1095 | | );
[INFO] [stdout]      | |_- in this macro invocation
[INFO] [stdout]      |
[INFO] [stdout]      = note: this error originates in the macro `generate_test` (in Nightly builds, run with -Z macro-backtrace for more info)
[INFO] [stdout] 
[INFO] [stdout] 
[INFO] [stdout] error[E0433]: failed to resolve: use of undeclared crate or module `icu_testdata`
[INFO] [stdout]     --> tests/tests.rs:31:18
[INFO] [stdout]      |
[INFO] [stdout] 31   |                   &icu_testdata::unstable(),
[INFO] [stdout]      |                    ^^^^^^^^^^^^ use of undeclared crate or module `icu_testdata`
[INFO] [stdout] ...
[INFO] [stdout] 1071 | / generate_test!(
[INFO] [stdout] 1072 | |     test_narrow_week_auto,
[INFO] [stdout] 1073 | |     try_new_narrow_week_unstable,
[INFO] [stdout] 1074 | |     RelativeTimeFormatterOptions {
[INFO] [stdout] ...    |
[INFO] [stdout] 1094 | |     ]
[INFO] [stdout] 1095 | | );
[INFO] [stdout]      | |_- in this macro invocation
[INFO] [stdout]      |
[INFO] [stdout]      = note: this error originates in the macro `generate_test` (in Nightly builds, run with -Z macro-backtrace for more info)
[INFO] [stdout] 
[INFO] [stdout] 
[INFO] [stdout] error[E0433]: failed to resolve: use of undeclared crate or module `icu_testdata`
[INFO] [stdout]     --> tests/tests.rs:17:18
[INFO] [stdout]      |
[INFO] [stdout] 17   |                   &icu_testdata::unstable(),
[INFO] [stdout]      |                    ^^^^^^^^^^^^ use of undeclared crate or module `icu_testdata`
[INFO] [stdout] ...
[INFO] [stdout] 1096 | / generate_test!(
[INFO] [stdout] 1097 | |     test_narrow_month_always,
[INFO] [stdout] 1098 | |     try_new_narrow_month_unstable,
[INFO] [stdout] 1099 | |     RelativeTimeFormatterOptions {
[INFO] [stdout] ...    |
[INFO] [stdout] 1119 | |     ]
[INFO] [stdout] 1120 | | );
[INFO] [stdout]      | |_- in this macro invocation
[INFO] [stdout]      |
[INFO] [stdout]      = note: this error originates in the macro `generate_test` (in Nightly builds, run with -Z macro-backtrace for more info)
[INFO] [stdout] 
[INFO] [stdout] 
[INFO] [stdout] error[E0433]: failed to resolve: use of undeclared crate or module `icu_testdata`
[INFO] [stdout]     --> tests/tests.rs:31:18
[INFO] [stdout]      |
[INFO] [stdout] 31   |                   &icu_testdata::unstable(),
[INFO] [stdout]      |                    ^^^^^^^^^^^^ use of undeclared crate or module `icu_testdata`
[INFO] [stdout] ...
[INFO] [stdout] 1096 | / generate_test!(
[INFO] [stdout] 1097 | |     test_narrow_month_always,
[INFO] [stdout] 1098 | |     try_new_narrow_month_unstable,
[INFO] [stdout] 1099 | |     RelativeTimeFormatterOptions {
[INFO] [stdout] ...    |
[INFO] [stdout] 1119 | |     ]
[INFO] [stdout] 1120 | | );
[INFO] [stdout]      | |_- in this macro invocation
[INFO] [stdout]      |
[INFO] [stdout]      = note: this error originates in the macro `generate_test` (in Nightly builds, run with -Z macro-backtrace for more info)
[INFO] [stdout] 
[INFO] [stdout] 
[INFO] [stdout] error[E0433]: failed to resolve: use of undeclared crate or module `icu_testdata`
[INFO] [stdout]     --> tests/tests.rs:17:18
[INFO] [stdout]      |
[INFO] [stdout] 17   |                   &icu_testdata::unstable(),
[INFO] [stdout]      |                    ^^^^^^^^^^^^ use of undeclared crate or module `icu_testdata`
[INFO] [stdout] ...
[INFO] [stdout] 1121 | / generate_test!(
[INFO] [stdout] 1122 | |     test_narrow_month_auto,
[INFO] [stdout] 1123 | |     try_new_narrow_month_unstable,
[INFO] [stdout] 1124 | |     RelativeTimeFormatterOptions {
[INFO] [stdout] ...    |
[INFO] [stdout] 1144 | |     ]
[INFO] [stdout] 1145 | | );
[INFO] [stdout]      | |_- in this macro invocation
[INFO] [stdout]      |
[INFO] [stdout]      = note: this error originates in the macro `generate_test` (in Nightly builds, run with -Z macro-backtrace for more info)
[INFO] [stdout] 
[INFO] [stdout] 
[INFO] [stdout] error[E0433]: failed to resolve: use of undeclared crate or module `icu_testdata`
[INFO] [stdout]     --> tests/tests.rs:31:18
[INFO] [stdout]      |
[INFO] [stdout] 31   |                   &icu_testdata::unstable(),
[INFO] [stdout]      |                    ^^^^^^^^^^^^ use of undeclared crate or module `icu_testdata`
[INFO] [stdout] ...
[INFO] [stdout] 1121 | / generate_test!(
[INFO] [stdout] 1122 | |     test_narrow_month_auto,
[INFO] [stdout] 1123 | |     try_new_narrow_month_unstable,
[INFO] [stdout] 1124 | |     RelativeTimeFormatterOptions {
[INFO] [stdout] ...    |
[INFO] [stdout] 1144 | |     ]
[INFO] [stdout] 1145 | | );
[INFO] [stdout]      | |_- in this macro invocation
[INFO] [stdout]      |
[INFO] [stdout]      = note: this error originates in the macro `generate_test` (in Nightly builds, run with -Z macro-backtrace for more info)
[INFO] [stdout] 
[INFO] [stdout] 
[INFO] [stdout] error[E0433]: failed to resolve: use of undeclared crate or module `icu_testdata`
[INFO] [stdout]     --> tests/tests.rs:17:18
[INFO] [stdout]      |
[INFO] [stdout] 17   |                   &icu_testdata::unstable(),
[INFO] [stdout]      |                    ^^^^^^^^^^^^ use of undeclared crate or module `icu_testdata`
[INFO] [stdout] ...
[INFO] [stdout] 1146 | / generate_test!(
[INFO] [stdout] 1147 | |     test_narrow_quarter_always,
[INFO] [stdout] 1148 | |     try_new_narrow_quarter_unstable,
[INFO] [stdout] 1149 | |     RelativeTimeFormatterOptions {
[INFO] [stdout] ...    |
[INFO] [stdout] 1169 | |     ]
[INFO] [stdout] 1170 | | );
[INFO] [stdout]      | |_- in this macro invocation
[INFO] [stdout]      |
[INFO] [stdout]      = note: this error originates in the macro `generate_test` (in Nightly builds, run with -Z macro-backtrace for more info)
[INFO] [stdout] 
[INFO] [stdout] 
[INFO] [stdout] error[E0433]: failed to resolve: use of undeclared crate or module `icu_testdata`
[INFO] [stdout]     --> tests/tests.rs:31:18
[INFO] [stdout]      |
[INFO] [stdout] 31   |                   &icu_testdata::unstable(),
[INFO] [stdout]      |                    ^^^^^^^^^^^^ use of undeclared crate or module `icu_testdata`
[INFO] [stdout] ...
[INFO] [stdout] 1146 | / generate_test!(
[INFO] [stdout] 1147 | |     test_narrow_quarter_always,
[INFO] [stdout] 1148 | |     try_new_narrow_quarter_unstable,
[INFO] [stdout] 1149 | |     RelativeTimeFormatterOptions {
[INFO] [stdout] ...    |
[INFO] [stdout] 1169 | |     ]
[INFO] [stdout] 1170 | | );
[INFO] [stdout]      | |_- in this macro invocation
[INFO] [stdout]      |
[INFO] [stdout]      = note: this error originates in the macro `generate_test` (in Nightly builds, run with -Z macro-backtrace for more info)
[INFO] [stdout] 
[INFO] [stdout] 
[INFO] [stdout] error[E0433]: failed to resolve: use of undeclared crate or module `icu_testdata`
[INFO] [stdout]     --> tests/tests.rs:17:18
[INFO] [stdout]      |
[INFO] [stdout] 17   |                   &icu_testdata::unstable(),
[INFO] [stdout]      |                    ^^^^^^^^^^^^ use of undeclared crate or module `icu_testdata`
[INFO] [stdout] ...
[INFO] [stdout] 1171 | / generate_test!(
[INFO] [stdout] 1172 | |     test_narrow_quarter_auto,
[INFO] [stdout] 1173 | |     try_new_narrow_quarter_unstable,
[INFO] [stdout] 1174 | |     RelativeTimeFormatterOptions {
[INFO] [stdout] ...    |
[INFO] [stdout] 1194 | |     ]
[INFO] [stdout] 1195 | | );
[INFO] [stdout]      | |_- in this macro invocation
[INFO] [stdout]      |
[INFO] [stdout]      = note: this error originates in the macro `generate_test` (in Nightly builds, run with -Z macro-backtrace for more info)
[INFO] [stdout] 
[INFO] [stdout] 
[INFO] [stdout] error[E0433]: failed to resolve: use of undeclared crate or module `icu_testdata`
[INFO] [stdout]     --> tests/tests.rs:31:18
[INFO] [stdout]      |
[INFO] [stdout] 31   |                   &icu_testdata::unstable(),
[INFO] [stdout]      |                    ^^^^^^^^^^^^ use of undeclared crate or module `icu_testdata`
[INFO] [stdout] ...
[INFO] [stdout] 1171 | / generate_test!(
[INFO] [stdout] 1172 | |     test_narrow_quarter_auto,
[INFO] [stdout] 1173 | |     try_new_narrow_quarter_unstable,
[INFO] [stdout] 1174 | |     RelativeTimeFormatterOptions {
[INFO] [stdout] ...    |
[INFO] [stdout] 1194 | |     ]
[INFO] [stdout] 1195 | | );
[INFO] [stdout]      | |_- in this macro invocation
[INFO] [stdout]      |
[INFO] [stdout]      = note: this error originates in the macro `generate_test` (in Nightly builds, run with -Z macro-backtrace for more info)
[INFO] [stdout] 
[INFO] [stdout] 
[INFO] [stdout] error[E0433]: failed to resolve: use of undeclared crate or module `icu_testdata`
[INFO] [stdout]     --> tests/tests.rs:17:18
[INFO] [stdout]      |
[INFO] [stdout] 17   |                   &icu_testdata::unstable(),
[INFO] [stdout]      |                    ^^^^^^^^^^^^ use of undeclared crate or module `icu_testdata`
[INFO] [stdout] ...
[INFO] [stdout] 1196 | / generate_test!(
[INFO] [stdout] 1197 | |     test_narrow_year_always,
[INFO] [stdout] 1198 | |     try_new_narrow_year_unstable,
[INFO] [stdout] 1199 | |     RelativeTimeFormatterOptions {
[INFO] [stdout] ...    |
[INFO] [stdout] 1219 | |     ]
[INFO] [stdout] 1220 | | );
[INFO] [stdout]      | |_- in this macro invocation
[INFO] [stdout]      |
[INFO] [stdout]      = note: this error originates in the macro `generate_test` (in Nightly builds, run with -Z macro-backtrace for more info)
[INFO] [stdout] 
[INFO] [stdout] 
[INFO] [stdout] error[E0433]: failed to resolve: use of undeclared crate or module `icu_testdata`
[INFO] [stdout]     --> tests/tests.rs:31:18
[INFO] [stdout]      |
[INFO] [stdout] 31   |                   &icu_testdata::unstable(),
[INFO] [stdout]      |                    ^^^^^^^^^^^^ use of undeclared crate or module `icu_testdata`
[INFO] [stdout] ...
[INFO] [stdout] 1196 | / generate_test!(
[INFO] [stdout] 1197 | |     test_narrow_year_always,
[INFO] [stdout] 1198 | |     try_new_narrow_year_unstable,
[INFO] [stdout] 1199 | |     RelativeTimeFormatterOptions {
[INFO] [stdout] ...    |
[INFO] [stdout] 1219 | |     ]
[INFO] [stdout] 1220 | | );
[INFO] [stdout]      | |_- in this macro invocation
[INFO] [stdout]      |
[INFO] [stdout]      = note: this error originates in the macro `generate_test` (in Nightly builds, run with -Z macro-backtrace for more info)
[INFO] [stdout] 
[INFO] [stdout] 
[INFO] [stdout] error[E0433]: failed to resolve: use of undeclared crate or module `icu_testdata`
[INFO] [stdout]     --> tests/tests.rs:17:18
[INFO] [stdout]      |
[INFO] [stdout] 17   |                   &icu_testdata::unstable(),
[INFO] [stdout]      |                    ^^^^^^^^^^^^ use of undeclared crate or module `icu_testdata`
[INFO] [stdout] ...
[INFO] [stdout] 1221 | / generate_test!(
[INFO] [stdout] 1222 | |     test_narrow_year_auto,
[INFO] [stdout] 1223 | |     try_new_narrow_year_unstable,
[INFO] [stdout] 1224 | |     RelativeTimeFormatterOptions {
[INFO] [stdout] ...    |
[INFO] [stdout] 1244 | |     ]
[INFO] [stdout] 1245 | | );
[INFO] [stdout]      | |_- in this macro invocation
[INFO] [stdout]      |
[INFO] [stdout]      = note: this error originates in the macro `generate_test` (in Nightly builds, run with -Z macro-backtrace for more info)
[INFO] [stdout] 
[INFO] [stdout] 
[INFO] [stdout] error[E0433]: failed to resolve: use of undeclared crate or module `icu_testdata`
[INFO] [stdout]     --> tests/tests.rs:31:18
[INFO] [stdout]      |
[INFO] [stdout] 31   |                   &icu_testdata::unstable(),
[INFO] [stdout]      |                    ^^^^^^^^^^^^ use of undeclared crate or module `icu_testdata`
[INFO] [stdout] ...
[INFO] [stdout] 1221 | / generate_test!(
[INFO] [stdout] 1222 | |     test_narrow_year_auto,
[INFO] [stdout] 1223 | |     try_new_narrow_year_unstable,
[INFO] [stdout] 1224 | |     RelativeTimeFormatterOptions {
[INFO] [stdout] ...    |
[INFO] [stdout] 1244 | |     ]
[INFO] [stdout] 1245 | | );
[INFO] [stdout]      | |_- in this macro invocation
[INFO] [stdout]      |
[INFO] [stdout]      = note: this error originates in the macro `generate_test` (in Nightly builds, run with -Z macro-backtrace for more info)
[INFO] [stdout] 
[INFO] [stdout] 
[INFO] [stdout] error: aborting due to 193 previous errors
[INFO] [stdout] 
[INFO] [stdout] 
[INFO] [stdout] For more information about this error, try `rustc --explain E0433`.
[INFO] [stdout] 
[INFO] [stderr] error: could not compile `icu_relativetime` due to 194 previous errors
[INFO] running `Command { std: "docker" "inspect" "27c68b3a266dc9529449c2c28f6e56af336e0173dba6bf0037fcba1fd7946b35", kill_on_drop: false }`
[INFO] running `Command { std: "docker" "rm" "-f" "27c68b3a266dc9529449c2c28f6e56af336e0173dba6bf0037fcba1fd7946b35", kill_on_drop: false }`
[INFO] [stdout] 27c68b3a266dc9529449c2c28f6e56af336e0173dba6bf0037fcba1fd7946b35
