[INFO] fetching crate icu_properties 1.2.0...
[INFO] testing icu_properties-1.2.0 against 1.69.0 for beta-1.70-1
[INFO] extracting crate icu_properties 1.2.0 into /workspace/builds/worker-3-tc1/source
[INFO] validating manifest of crates.io crate icu_properties 1.2.0 on toolchain 1.69.0
[INFO] running `Command { std: CARGO_HOME="/workspace/cargo-home" RUSTUP_HOME="/workspace/rustup-home" "/workspace/cargo-home/bin/cargo" "+1.69.0" "metadata" "--manifest-path" "Cargo.toml" "--no-deps", kill_on_drop: false }`
[INFO] started tweaking crates.io crate icu_properties 1.2.0
[INFO] finished tweaking crates.io crate icu_properties 1.2.0
[INFO] tweaked toml for crates.io crate icu_properties 1.2.0 written to /workspace/builds/worker-3-tc1/source/Cargo.toml
[INFO] running `Command { std: CARGO_HOME="/workspace/cargo-home" RUSTUP_HOME="/workspace/rustup-home" __CARGO_TEST_CHANNEL_OVERRIDE_DO_NOT_USE_THIS="nightly" "/workspace/cargo-home/bin/cargo" "+1.69.0" "generate-lockfile" "--manifest-path" "Cargo.toml" "-Zno-index-update", kill_on_drop: false }`
[INFO] running `Command { std: CARGO_HOME="/workspace/cargo-home" RUSTUP_HOME="/workspace/rustup-home" "/workspace/cargo-home/bin/cargo" "+1.69.0" "fetch" "--manifest-path" "Cargo.toml", kill_on_drop: false }`
[INFO] [stderr]  Downloading crates ...
[INFO] [stderr]   Downloaded databake-derive v0.1.5
[INFO] [stderr]   Downloaded zerofrom v0.1.2
[INFO] [stderr]   Downloaded databake v0.1.5
[INFO] [stderr]   Downloaded zerofrom-derive v0.1.2
[INFO] [stderr]   Downloaded yoke v0.7.1
[INFO] [stderr]   Downloaded yoke-derive v0.7.1
[INFO] [stderr]   Downloaded writeable v0.5.2
[INFO] [stderr]   Downloaded icu_collections v1.2.0
[INFO] [stderr]   Downloaded icu_provider_macros v1.2.0
[INFO] [stderr]   Downloaded zerovec-derive v0.9.4
[INFO] [stderr]   Downloaded icu_locid v1.2.0
[INFO] [stderr]   Downloaded icu_provider v1.2.0
[INFO] [stderr]   Downloaded litemap v0.7.0
[INFO] [stderr]   Downloaded zerovec v0.9.4
[INFO] running `Command { std: "docker" "create" "-v" "/var/lib/crater-agent-workspace/builds/worker-3-tc1/target:/opt/rustwide/target:rw,Z" "-v" "/var/lib/crater-agent-workspace/builds/worker-3-tc1/source:/opt/rustwide/workdir:ro,Z" "-v" "/var/lib/crater-agent-workspace/cargo-home:/opt/rustwide/cargo-home:ro,Z" "-v" "/var/lib/crater-agent-workspace/rustup-home:/opt/rustwide/rustup-home:ro,Z" "-e" "SOURCE_DIR=/opt/rustwide/workdir" "-e" "CARGO_TARGET_DIR=/opt/rustwide/target" "-e" "CARGO_HOME=/opt/rustwide/cargo-home" "-e" "RUSTUP_HOME=/opt/rustwide/rustup-home" "-w" "/opt/rustwide/workdir" "-m" "1610612736" "--user" "0:0" "--network" "none" "ghcr.io/rust-lang/crates-build-env/linux@sha256:5ff2268d62e97bff2cde7d5815dd6ed5b47097566f13b8d0ca110b04b60e07ed" "/opt/rustwide/cargo-home/bin/cargo" "+1.69.0" "metadata" "--no-deps" "--format-version=1", kill_on_drop: false }`
[INFO] [stdout] 2f96aa26f58e05fbb80d07753258974804edd634ac855a0f5daaafd58aa9053b
[INFO] running `Command { std: "docker" "start" "-a" "2f96aa26f58e05fbb80d07753258974804edd634ac855a0f5daaafd58aa9053b", kill_on_drop: false }`
[INFO] running `Command { std: "docker" "inspect" "2f96aa26f58e05fbb80d07753258974804edd634ac855a0f5daaafd58aa9053b", kill_on_drop: false }`
[INFO] running `Command { std: "docker" "rm" "-f" "2f96aa26f58e05fbb80d07753258974804edd634ac855a0f5daaafd58aa9053b", kill_on_drop: false }`
[INFO] [stdout] 2f96aa26f58e05fbb80d07753258974804edd634ac855a0f5daaafd58aa9053b
[INFO] running `Command { std: "docker" "create" "-v" "/var/lib/crater-agent-workspace/builds/worker-3-tc1/target:/opt/rustwide/target:rw,Z" "-v" "/var/lib/crater-agent-workspace/builds/worker-3-tc1/source:/opt/rustwide/workdir:ro,Z" "-v" "/var/lib/crater-agent-workspace/cargo-home:/opt/rustwide/cargo-home:ro,Z" "-v" "/var/lib/crater-agent-workspace/rustup-home:/opt/rustwide/rustup-home:ro,Z" "-e" "SOURCE_DIR=/opt/rustwide/workdir" "-e" "CARGO_TARGET_DIR=/opt/rustwide/target" "-e" "CARGO_INCREMENTAL=0" "-e" "RUST_BACKTRACE=full" "-e" "RUSTFLAGS=--cap-lints=warn" "-e" "RUSTDOCFLAGS=--cap-lints=warn" "-e" "CARGO_HOME=/opt/rustwide/cargo-home" "-e" "RUSTUP_HOME=/opt/rustwide/rustup-home" "-w" "/opt/rustwide/workdir" "-m" "1610612736" "--user" "0:0" "--network" "none" "ghcr.io/rust-lang/crates-build-env/linux@sha256:5ff2268d62e97bff2cde7d5815dd6ed5b47097566f13b8d0ca110b04b60e07ed" "/opt/rustwide/cargo-home/bin/cargo" "+1.69.0" "build" "--frozen" "--message-format=json", kill_on_drop: false }`
[INFO] [stdout] 4950d33a56b2371dda86aea707ed89ae4ef03552107560f7fb1a9aac54e0aaa4
[INFO] running `Command { std: "docker" "start" "-a" "4950d33a56b2371dda86aea707ed89ae4ef03552107560f7fb1a9aac54e0aaa4", kill_on_drop: false }`
[INFO] [stderr]    Compiling stable_deref_trait v1.2.0
[INFO] [stderr]    Compiling litemap v0.7.0
[INFO] [stderr]    Compiling writeable v0.5.2
[INFO] [stderr]    Compiling synstructure v0.12.6
[INFO] [stderr]    Compiling displaydoc v0.2.3
[INFO] [stderr]    Compiling icu_provider_macros v1.2.0
[INFO] [stderr]    Compiling zerofrom-derive v0.1.2
[INFO] [stderr]    Compiling yoke-derive v0.7.1
[INFO] [stderr]    Compiling zerovec-derive v0.9.4
[INFO] [stderr]    Compiling zerofrom v0.1.2
[INFO] [stderr]    Compiling yoke v0.7.1
[INFO] [stderr]    Compiling zerovec v0.9.4
[INFO] [stderr]    Compiling tinystr v0.7.1
[INFO] [stderr]    Compiling icu_collections v1.2.0
[INFO] [stderr]    Compiling icu_locid v1.2.0
[INFO] [stderr]    Compiling icu_provider v1.2.0
[INFO] [stderr]    Compiling icu_properties v1.2.0 (/opt/rustwide/workdir)
[INFO] [stderr]     Finished dev [unoptimized + debuginfo] target(s) in 4.63s
[INFO] running `Command { std: "docker" "inspect" "4950d33a56b2371dda86aea707ed89ae4ef03552107560f7fb1a9aac54e0aaa4", kill_on_drop: false }`
[INFO] running `Command { std: "docker" "rm" "-f" "4950d33a56b2371dda86aea707ed89ae4ef03552107560f7fb1a9aac54e0aaa4", kill_on_drop: false }`
[INFO] [stdout] 4950d33a56b2371dda86aea707ed89ae4ef03552107560f7fb1a9aac54e0aaa4
[INFO] running `Command { std: "docker" "create" "-v" "/var/lib/crater-agent-workspace/builds/worker-3-tc1/target:/opt/rustwide/target:rw,Z" "-v" "/var/lib/crater-agent-workspace/builds/worker-3-tc1/source:/opt/rustwide/workdir:ro,Z" "-v" "/var/lib/crater-agent-workspace/cargo-home:/opt/rustwide/cargo-home:ro,Z" "-v" "/var/lib/crater-agent-workspace/rustup-home:/opt/rustwide/rustup-home:ro,Z" "-e" "SOURCE_DIR=/opt/rustwide/workdir" "-e" "CARGO_TARGET_DIR=/opt/rustwide/target" "-e" "CARGO_INCREMENTAL=0" "-e" "RUST_BACKTRACE=full" "-e" "RUSTFLAGS=--cap-lints=warn" "-e" "RUSTDOCFLAGS=--cap-lints=warn" "-e" "CARGO_HOME=/opt/rustwide/cargo-home" "-e" "RUSTUP_HOME=/opt/rustwide/rustup-home" "-w" "/opt/rustwide/workdir" "-m" "1610612736" "--user" "0:0" "--network" "none" "ghcr.io/rust-lang/crates-build-env/linux@sha256:5ff2268d62e97bff2cde7d5815dd6ed5b47097566f13b8d0ca110b04b60e07ed" "/opt/rustwide/cargo-home/bin/cargo" "+1.69.0" "test" "--frozen" "--no-run" "--message-format=json", kill_on_drop: false }`
[INFO] [stdout] 5fda784e52fd989fbafb6d9eb1953d9de2b6c9f88fc78b6acef7896f7f23429e
[INFO] running `Command { std: "docker" "start" "-a" "5fda784e52fd989fbafb6d9eb1953d9de2b6c9f88fc78b6acef7896f7f23429e", kill_on_drop: false }`
[INFO] [stderr]    Compiling icu_properties v1.2.0 (/opt/rustwide/workdir)
[INFO] [stdout] error[E0433]: failed to resolve: use of undeclared crate or module `icu`
[INFO] [stdout]     --> src/sets.rs:2068:13
[INFO] [stdout]      |
[INFO] [stdout] 2068 |         use icu::properties::sets;
[INFO] [stdout]      |             ^^^ use of undeclared crate or module `icu`
[INFO] [stdout] 
[INFO] [stdout] 
[INFO] [stdout] error[E0433]: failed to resolve: use of undeclared crate or module `icu`
[INFO] [stdout]     --> src/sets.rs:2069:13
[INFO] [stdout]      |
[INFO] [stdout] 2069 |         use icu::properties::GeneralCategoryGroup;
[INFO] [stdout]      |             ^^^ use of undeclared crate or module `icu`
[INFO] [stdout] 
[INFO] [stdout] 
[INFO] [stdout] error[E0433]: failed to resolve: use of undeclared crate or module `icu`
[INFO] [stdout]     --> src/sets.rs:2087:13
[INFO] [stdout]      |
[INFO] [stdout] 2087 |         use icu::properties::maps;
[INFO] [stdout]      |             ^^^ use of undeclared crate or module `icu`
[INFO] [stdout] 
[INFO] [stdout] 
[INFO] [stdout] error[E0433]: failed to resolve: use of undeclared crate or module `icu`
[INFO] [stdout]     --> src/sets.rs:2088:13
[INFO] [stdout]      |
[INFO] [stdout] 2088 |         use icu::properties::Script;
[INFO] [stdout]      |             ^^^ use of undeclared crate or module `icu`
[INFO] [stdout] 
[INFO] [stdout] 
[INFO] [stdout] error[E0433]: failed to resolve: use of undeclared crate or module `icu`
[INFO] [stdout]     --> src/sets.rs:2103:13
[INFO] [stdout]      |
[INFO] [stdout] 2103 |         use icu::properties::{maps, sets};
[INFO] [stdout]      |             ^^^ use of undeclared crate or module `icu`
[INFO] [stdout] 
[INFO] [stdout] 
[INFO] [stdout] error[E0433]: failed to resolve: use of undeclared crate or module `icu`
[INFO] [stdout]     --> src/sets.rs:2104:13
[INFO] [stdout]      |
[INFO] [stdout] 2104 |         use icu::properties::{GeneralCategory, GeneralCategoryGroup};
[INFO] [stdout]      |             ^^^ use of undeclared crate or module `icu`
[INFO] [stdout] 
[INFO] [stdout] 
[INFO] [stdout] error[E0433]: failed to resolve: use of undeclared crate or module `icu`
[INFO] [stdout]     --> src/sets.rs:2204:13
[INFO] [stdout]      |
[INFO] [stdout] 2204 |         use icu::properties::maps;
[INFO] [stdout]      |             ^^^ use of undeclared crate or module `icu`
[INFO] [stdout] 
[INFO] [stdout] 
[INFO] [stdout] error[E0433]: failed to resolve: use of undeclared crate or module `icu`
[INFO] [stdout]     --> src/sets.rs:2205:13
[INFO] [stdout]      |
[INFO] [stdout] 2205 |         use icu::properties::GeneralCategory;
[INFO] [stdout]      |             ^^^ use of undeclared crate or module `icu`
[INFO] [stdout] 
[INFO] [stdout] 
[INFO] [stdout] error[E0433]: failed to resolve: use of undeclared crate or module `icu_testdata`
[INFO] [stdout]     --> src/sets.rs:2072:14
[INFO] [stdout]      |
[INFO] [stdout] 2072 |             &icu_testdata::unstable(),
[INFO] [stdout]      |              ^^^^^^^^^^^^ use of undeclared crate or module `icu_testdata`
[INFO] [stdout] 
[INFO] [stdout] 
[INFO] [stdout] error[E0433]: failed to resolve: use of undeclared crate or module `icu_testdata`
[INFO] [stdout]     --> src/sets.rs:2090:39
[INFO] [stdout]      |
[INFO] [stdout] 2090 |         let data = maps::load_script(&icu_testdata::unstable()).expect("The data should be valid");
[INFO] [stdout]      |                                       ^^^^^^^^^^^^ use of undeclared crate or module `icu_testdata`
[INFO] [stdout] 
[INFO] [stdout] 
[INFO] [stdout] error[E0433]: failed to resolve: use of undeclared crate or module `icu_testdata`
[INFO] [stdout]     --> src/sets.rs:2109:56
[INFO] [stdout]      |
[INFO] [stdout] 2109 |                 sets::load_for_general_category_group(&icu_testdata::unstable(), category)
[INFO] [stdout]      |                                                        ^^^^^^^^^^^^ use of undeclared crate or module `icu_testdata`
[INFO] [stdout] 
[INFO] [stdout] 
[INFO] [stdout] error[E0433]: failed to resolve: use of undeclared crate or module `icu_testdata`
[INFO] [stdout]     --> src/sets.rs:2115:53
[INFO] [stdout]      |
[INFO] [stdout] 2115 |             let data = maps::load_general_category(&icu_testdata::unstable())
[INFO] [stdout]      |                                                     ^^^^^^^^^^^^ use of undeclared crate or module `icu_testdata`
[INFO] [stdout] 
[INFO] [stdout] 
[INFO] [stdout] error[E0433]: failed to resolve: use of undeclared crate or module `icu_testdata`
[INFO] [stdout]     --> src/sets.rs:2207:49
[INFO] [stdout]      |
[INFO] [stdout] 2207 |         let data = maps::load_general_category(&icu_testdata::unstable())
[INFO] [stdout]      |                                                 ^^^^^^^^^^^^ use of undeclared crate or module `icu_testdata`
[INFO] [stdout] 
[INFO] [stdout] 
[INFO] [stdout] error: aborting due to 13 previous errors
[INFO] [stdout] 
[INFO] [stdout] 
[INFO] [stdout] For more information about this error, try `rustc --explain E0433`.
[INFO] [stdout] 
[INFO] [stderr] error: could not compile `icu_properties` due to 14 previous errors
[INFO] running `Command { std: "docker" "inspect" "5fda784e52fd989fbafb6d9eb1953d9de2b6c9f88fc78b6acef7896f7f23429e", kill_on_drop: false }`
[INFO] running `Command { std: "docker" "rm" "-f" "5fda784e52fd989fbafb6d9eb1953d9de2b6c9f88fc78b6acef7896f7f23429e", kill_on_drop: false }`
[INFO] [stdout] 5fda784e52fd989fbafb6d9eb1953d9de2b6c9f88fc78b6acef7896f7f23429e
