[INFO] fetching crate icu_normalizer 1.2.0...
[INFO] testing icu_normalizer-1.2.0 against 1.69.0 for beta-1.70-1
[INFO] extracting crate icu_normalizer 1.2.0 into /workspace/builds/worker-7-tc1/source
[INFO] validating manifest of crates.io crate icu_normalizer 1.2.0 on toolchain 1.69.0
[INFO] running `Command { std: CARGO_HOME="/workspace/cargo-home" RUSTUP_HOME="/workspace/rustup-home" "/workspace/cargo-home/bin/cargo" "+1.69.0" "metadata" "--manifest-path" "Cargo.toml" "--no-deps", kill_on_drop: false }`
[INFO] started tweaking crates.io crate icu_normalizer 1.2.0
[INFO] removed 0 missing tests
[INFO] finished tweaking crates.io crate icu_normalizer 1.2.0
[INFO] tweaked toml for crates.io crate icu_normalizer 1.2.0 written to /workspace/builds/worker-7-tc1/source/Cargo.toml
[INFO] running `Command { std: CARGO_HOME="/workspace/cargo-home" RUSTUP_HOME="/workspace/rustup-home" __CARGO_TEST_CHANNEL_OVERRIDE_DO_NOT_USE_THIS="nightly" "/workspace/cargo-home/bin/cargo" "+1.69.0" "generate-lockfile" "--manifest-path" "Cargo.toml" "-Zno-index-update", kill_on_drop: false }`
[INFO] running `Command { std: CARGO_HOME="/workspace/cargo-home" RUSTUP_HOME="/workspace/rustup-home" "/workspace/cargo-home/bin/cargo" "+1.69.0" "fetch" "--manifest-path" "Cargo.toml", kill_on_drop: false }`
[INFO] [stderr]  Downloading crates ...
[INFO] [stderr]   Downloaded utf8_iter v1.0.3
[INFO] [stderr]   Downloaded write16 v1.0.0
[INFO] [stderr]   Downloaded databake-derive v0.1.5
[INFO] [stderr]   Downloaded detone v1.0.0
[INFO] [stderr]   Downloaded icu_properties v1.2.0
[INFO] [stderr]   Downloaded utf16_iter v1.0.4
[INFO] [stderr]   Downloaded databake v0.1.5
[INFO] [stderr]   Downloaded arraystring v0.3.0
[INFO] running `Command { std: "docker" "create" "-v" "/var/lib/crater-agent-workspace/builds/worker-7-tc1/target:/opt/rustwide/target:rw,Z" "-v" "/var/lib/crater-agent-workspace/builds/worker-7-tc1/source:/opt/rustwide/workdir:ro,Z" "-v" "/var/lib/crater-agent-workspace/cargo-home:/opt/rustwide/cargo-home:ro,Z" "-v" "/var/lib/crater-agent-workspace/rustup-home:/opt/rustwide/rustup-home:ro,Z" "-e" "SOURCE_DIR=/opt/rustwide/workdir" "-e" "CARGO_TARGET_DIR=/opt/rustwide/target" "-e" "CARGO_HOME=/opt/rustwide/cargo-home" "-e" "RUSTUP_HOME=/opt/rustwide/rustup-home" "-w" "/opt/rustwide/workdir" "-m" "1610612736" "--user" "0:0" "--network" "none" "ghcr.io/rust-lang/crates-build-env/linux@sha256:5ff2268d62e97bff2cde7d5815dd6ed5b47097566f13b8d0ca110b04b60e07ed" "/opt/rustwide/cargo-home/bin/cargo" "+1.69.0" "metadata" "--no-deps" "--format-version=1", kill_on_drop: false }`
[INFO] [stdout] 5326faad52a96186ec8a87c905bd2797a8e3bbcc46614199e8b77acd5f4f0158
[INFO] running `Command { std: "docker" "start" "-a" "5326faad52a96186ec8a87c905bd2797a8e3bbcc46614199e8b77acd5f4f0158", kill_on_drop: false }`
[INFO] running `Command { std: "docker" "inspect" "5326faad52a96186ec8a87c905bd2797a8e3bbcc46614199e8b77acd5f4f0158", kill_on_drop: false }`
[INFO] running `Command { std: "docker" "rm" "-f" "5326faad52a96186ec8a87c905bd2797a8e3bbcc46614199e8b77acd5f4f0158", kill_on_drop: false }`
[INFO] [stdout] 5326faad52a96186ec8a87c905bd2797a8e3bbcc46614199e8b77acd5f4f0158
[INFO] running `Command { std: "docker" "create" "-v" "/var/lib/crater-agent-workspace/builds/worker-7-tc1/target:/opt/rustwide/target:rw,Z" "-v" "/var/lib/crater-agent-workspace/builds/worker-7-tc1/source:/opt/rustwide/workdir:ro,Z" "-v" "/var/lib/crater-agent-workspace/cargo-home:/opt/rustwide/cargo-home:ro,Z" "-v" "/var/lib/crater-agent-workspace/rustup-home:/opt/rustwide/rustup-home:ro,Z" "-e" "SOURCE_DIR=/opt/rustwide/workdir" "-e" "CARGO_TARGET_DIR=/opt/rustwide/target" "-e" "CARGO_INCREMENTAL=0" "-e" "RUST_BACKTRACE=full" "-e" "RUSTFLAGS=--cap-lints=warn" "-e" "RUSTDOCFLAGS=--cap-lints=warn" "-e" "CARGO_HOME=/opt/rustwide/cargo-home" "-e" "RUSTUP_HOME=/opt/rustwide/rustup-home" "-w" "/opt/rustwide/workdir" "-m" "1610612736" "--user" "0:0" "--network" "none" "ghcr.io/rust-lang/crates-build-env/linux@sha256:5ff2268d62e97bff2cde7d5815dd6ed5b47097566f13b8d0ca110b04b60e07ed" "/opt/rustwide/cargo-home/bin/cargo" "+1.69.0" "build" "--frozen" "--message-format=json", kill_on_drop: false }`
[INFO] [stdout] 191e337ce27a5666ecb0d49380fe618343fb9b3913953db7f50261826fc616ac
[INFO] running `Command { std: "docker" "start" "-a" "191e337ce27a5666ecb0d49380fe618343fb9b3913953db7f50261826fc616ac", kill_on_drop: false }`
[INFO] [stderr]    Compiling stable_deref_trait v1.2.0
[INFO] [stderr]    Compiling writeable v0.5.2
[INFO] [stderr]    Compiling litemap v0.7.0
[INFO] [stderr]    Compiling write16 v1.0.0
[INFO] [stderr]    Compiling utf16_iter v1.0.4
[INFO] [stderr]    Compiling utf8_iter v1.0.3
[INFO] [stderr]    Compiling syn v1.0.109
[INFO] [stderr]    Compiling synstructure v0.12.6
[INFO] [stderr]    Compiling zerofrom-derive v0.1.2
[INFO] [stderr]    Compiling yoke-derive v0.7.1
[INFO] [stderr]    Compiling zerovec-derive v0.9.4
[INFO] [stderr]    Compiling displaydoc v0.2.3
[INFO] [stderr]    Compiling icu_provider_macros v1.2.0
[INFO] [stderr]    Compiling zerofrom v0.1.2
[INFO] [stderr]    Compiling yoke v0.7.1
[INFO] [stderr]    Compiling zerovec v0.9.4
[INFO] [stderr]    Compiling tinystr v0.7.1
[INFO] [stderr]    Compiling icu_collections v1.2.0
[INFO] [stderr]    Compiling icu_locid v1.2.0
[INFO] [stderr]    Compiling icu_provider v1.2.0
[INFO] [stderr]    Compiling icu_properties v1.2.0
[INFO] [stderr]    Compiling icu_normalizer v1.2.0 (/opt/rustwide/workdir)
[INFO] [stderr]     Finished dev [unoptimized + debuginfo] target(s) in 20.10s
[INFO] running `Command { std: "docker" "inspect" "191e337ce27a5666ecb0d49380fe618343fb9b3913953db7f50261826fc616ac", kill_on_drop: false }`
[INFO] running `Command { std: "docker" "rm" "-f" "191e337ce27a5666ecb0d49380fe618343fb9b3913953db7f50261826fc616ac", kill_on_drop: false }`
[INFO] [stdout] 191e337ce27a5666ecb0d49380fe618343fb9b3913953db7f50261826fc616ac
[INFO] running `Command { std: "docker" "create" "-v" "/var/lib/crater-agent-workspace/builds/worker-7-tc1/target:/opt/rustwide/target:rw,Z" "-v" "/var/lib/crater-agent-workspace/builds/worker-7-tc1/source:/opt/rustwide/workdir:ro,Z" "-v" "/var/lib/crater-agent-workspace/cargo-home:/opt/rustwide/cargo-home:ro,Z" "-v" "/var/lib/crater-agent-workspace/rustup-home:/opt/rustwide/rustup-home:ro,Z" "-e" "SOURCE_DIR=/opt/rustwide/workdir" "-e" "CARGO_TARGET_DIR=/opt/rustwide/target" "-e" "CARGO_INCREMENTAL=0" "-e" "RUST_BACKTRACE=full" "-e" "RUSTFLAGS=--cap-lints=warn" "-e" "RUSTDOCFLAGS=--cap-lints=warn" "-e" "CARGO_HOME=/opt/rustwide/cargo-home" "-e" "RUSTUP_HOME=/opt/rustwide/rustup-home" "-w" "/opt/rustwide/workdir" "-m" "1610612736" "--user" "0:0" "--network" "none" "ghcr.io/rust-lang/crates-build-env/linux@sha256:5ff2268d62e97bff2cde7d5815dd6ed5b47097566f13b8d0ca110b04b60e07ed" "/opt/rustwide/cargo-home/bin/cargo" "+1.69.0" "test" "--frozen" "--no-run" "--message-format=json", kill_on_drop: false }`
[INFO] [stdout] 2babd282220c7930ec976ddd66b9c2fd53f2f61223c0d6087d366e09976733a2
[INFO] running `Command { std: "docker" "start" "-a" "2babd282220c7930ec976ddd66b9c2fd53f2f61223c0d6087d366e09976733a2", kill_on_drop: false }`
[INFO] [stderr]    Compiling libc v0.2.142
[INFO] [stderr]    Compiling num-traits v0.2.15
[INFO] [stderr]    Compiling arrayvec v0.7.2
[INFO] [stderr]    Compiling regex-syntax v0.7.1
[INFO] [stderr]    Compiling clap v3.2.25
[INFO] [stderr]    Compiling arraystring v0.3.0
[INFO] [stderr]    Compiling detone v1.0.0
[INFO] [stderr]    Compiling write16 v1.0.0
[INFO] [stderr]    Compiling icu_normalizer v1.2.0 (/opt/rustwide/workdir)
[INFO] [stderr]    Compiling num_cpus v1.15.0
[INFO] [stderr]    Compiling atty v0.2.14
[INFO] [stderr]    Compiling rayon-core v1.11.0
[INFO] [stderr]    Compiling regex v1.8.1
[INFO] [stderr]    Compiling rayon v1.7.0
[INFO] [stderr]    Compiling plotters v0.3.4
[INFO] [stderr]    Compiling atoi v1.0.0
[INFO] [stderr]    Compiling criterion v0.4.0
[INFO] [stdout] error[E0433]: failed to resolve: use of undeclared crate or module `icu_testdata`
[INFO] [stdout]   --> tests/tests.rs:15:54
[INFO] [stdout]    |
[INFO] [stdout] 15 |         DecomposingNormalizer::try_new_nfd_unstable(&icu_testdata::unstable()).unwrap();
[INFO] [stdout]    |                                                      ^^^^^^^^^^^^ use of undeclared crate or module `icu_testdata`
[INFO] [stdout] 
[INFO] [stdout] 
[INFO] [stdout] error[E0433]: failed to resolve: use of undeclared crate or module `icu_testdata`
[INFO] [stdout]   --> tests/tests.rs:33:55
[INFO] [stdout]    |
[INFO] [stdout] 33 |         DecomposingNormalizer::try_new_nfkd_unstable(&icu_testdata::unstable()).unwrap();
[INFO] [stdout]    |                                                       ^^^^^^^^^^^^ use of undeclared crate or module `icu_testdata`
[INFO] [stdout] 
[INFO] [stdout] 
[INFO] [stdout] error[E0433]: failed to resolve: use of undeclared crate or module `icu_testdata`
[INFO] [stdout]   --> tests/tests.rs:83:52
[INFO] [stdout]    |
[INFO] [stdout] 83 |         ComposingNormalizer::try_new_nfc_unstable(&icu_testdata::unstable()).unwrap();
[INFO] [stdout]    |                                                    ^^^^^^^^^^^^ use of undeclared crate or module `icu_testdata`
[INFO] [stdout] 
[INFO] [stdout] 
[INFO] [stdout] error[E0433]: failed to resolve: use of undeclared crate or module `icu_testdata`
[INFO] [stdout]    --> tests/tests.rs:102:53
[INFO] [stdout]     |
[INFO] [stdout] 102 |         ComposingNormalizer::try_new_nfkc_unstable(&icu_testdata::unstable()).unwrap();
[INFO] [stdout]     |                                                     ^^^^^^^^^^^^ use of undeclared crate or module `icu_testdata`
[INFO] [stdout] 
[INFO] [stdout] 
[INFO] [stdout] error[E0433]: failed to resolve: use of undeclared crate or module `icu_testdata`
[INFO] [stdout]    --> tests/tests.rs:156:54
[INFO] [stdout]     |
[INFO] [stdout] 156 |         DecomposingNormalizer::try_new_nfd_unstable(&icu_testdata::unstable()).unwrap();
[INFO] [stdout]     |                                                      ^^^^^^^^^^^^ use of undeclared crate or module `icu_testdata`
[INFO] [stdout] 
[INFO] [stdout] 
[INFO] [stdout] error[E0433]: failed to resolve: use of undeclared crate or module `icu_testdata`
[INFO] [stdout]    --> tests/tests.rs:170:54
[INFO] [stdout]     |
[INFO] [stdout] 170 |         DecomposingNormalizer::try_new_nfd_unstable(&icu_testdata::unstable()).unwrap();
[INFO] [stdout]     |                                                      ^^^^^^^^^^^^ use of undeclared crate or module `icu_testdata`
[INFO] [stdout] 
[INFO] [stdout] 
[INFO] [stdout] error[E0433]: failed to resolve: use of undeclared crate or module `icu_testdata`
[INFO] [stdout]    --> tests/tests.rs:190:54
[INFO] [stdout]     |
[INFO] [stdout] 190 |         DecomposingNormalizer::try_new_nfd_unstable(&icu_testdata::unstable()).unwrap();
[INFO] [stdout]     |                                                      ^^^^^^^^^^^^ use of undeclared crate or module `icu_testdata`
[INFO] [stdout] 
[INFO] [stdout] 
[INFO] [stdout] error[E0433]: failed to resolve: use of undeclared crate or module `icu_testdata`
[INFO] [stdout]    --> tests/tests.rs:208:52
[INFO] [stdout]     |
[INFO] [stdout] 208 |         ComposingNormalizer::try_new_nfc_unstable(&icu_testdata::unstable()).unwrap();
[INFO] [stdout]     |                                                    ^^^^^^^^^^^^ use of undeclared crate or module `icu_testdata`
[INFO] [stdout] 
[INFO] [stdout] 
[INFO] [stdout] error[E0433]: failed to resolve: use of undeclared crate or module `icu_testdata`
[INFO] [stdout]    --> tests/tests.rs:224:52
[INFO] [stdout]     |
[INFO] [stdout] 224 |         ComposingNormalizer::try_new_nfc_unstable(&icu_testdata::unstable()).unwrap();
[INFO] [stdout]     |                                                    ^^^^^^^^^^^^ use of undeclared crate or module `icu_testdata`
[INFO] [stdout] 
[INFO] [stdout] 
[INFO] [stdout] error[E0433]: failed to resolve: use of undeclared crate or module `icu_testdata`
[INFO] [stdout]    --> tests/tests.rs:242:52
[INFO] [stdout]     |
[INFO] [stdout] 242 |         ComposingNormalizer::try_new_nfc_unstable(&icu_testdata::unstable()).unwrap();
[INFO] [stdout]     |                                                    ^^^^^^^^^^^^ use of undeclared crate or module `icu_testdata`
[INFO] [stdout] 
[INFO] [stdout] 
[INFO] [stdout] error[E0433]: failed to resolve: use of undeclared crate or module `icu_testdata`
[INFO] [stdout]    --> tests/tests.rs:260:52
[INFO] [stdout]     |
[INFO] [stdout] 260 |         ComposingNormalizer::try_new_nfc_unstable(&icu_testdata::unstable()).unwrap();
[INFO] [stdout]     |                                                    ^^^^^^^^^^^^ use of undeclared crate or module `icu_testdata`
[INFO] [stdout] 
[INFO] [stdout] 
[INFO] [stdout] error[E0433]: failed to resolve: use of undeclared crate or module `icu_testdata`
[INFO] [stdout]    --> tests/tests.rs:290:54
[INFO] [stdout]     |
[INFO] [stdout] 290 |         DecomposingNormalizer::try_new_nfd_unstable(&icu_testdata::unstable()).unwrap();
[INFO] [stdout]     |                                                      ^^^^^^^^^^^^ use of undeclared crate or module `icu_testdata`
[INFO] [stdout] 
[INFO] [stdout] 
[INFO] [stdout] error[E0433]: failed to resolve: use of undeclared crate or module `icu_testdata`
[INFO] [stdout]    --> tests/tests.rs:320:52
[INFO] [stdout]     |
[INFO] [stdout] 320 |         ComposingNormalizer::try_new_nfc_unstable(&icu_testdata::unstable()).unwrap();
[INFO] [stdout]     |                                                    ^^^^^^^^^^^^ use of undeclared crate or module `icu_testdata`
[INFO] [stdout] 
[INFO] [stdout] 
[INFO] [stdout] error[E0433]: failed to resolve: use of undeclared crate or module `icu_testdata`
[INFO] [stdout]    --> tests/tests.rs:428:54
[INFO] [stdout]     |
[INFO] [stdout] 428 |         DecomposingNormalizer::try_new_nfd_unstable(&icu_testdata::unstable()).unwrap();
[INFO] [stdout]     |                                                      ^^^^^^^^^^^^ use of undeclared crate or module `icu_testdata`
[INFO] [stdout] 
[INFO] [stdout] 
[INFO] [stdout] error[E0433]: failed to resolve: use of undeclared crate or module `icu_testdata`
[INFO] [stdout]    --> tests/tests.rs:571:54
[INFO] [stdout]     |
[INFO] [stdout] 571 |         DecomposingNormalizer::try_new_nfd_unstable(&icu_testdata::unstable()).unwrap();
[INFO] [stdout]     |                                                      ^^^^^^^^^^^^ use of undeclared crate or module `icu_testdata`
[INFO] [stdout] 
[INFO] [stdout] 
[INFO] [stdout] error[E0433]: failed to resolve: use of undeclared crate or module `icu_testdata`
[INFO] [stdout]    --> tests/tests.rs:573:55
[INFO] [stdout]     |
[INFO] [stdout] 573 |         DecomposingNormalizer::try_new_nfkd_unstable(&icu_testdata::unstable()).unwrap();
[INFO] [stdout]     |                                                       ^^^^^^^^^^^^ use of undeclared crate or module `icu_testdata`
[INFO] [stdout] 
[INFO] [stdout] 
[INFO] [stdout] error[E0433]: failed to resolve: use of undeclared crate or module `icu_testdata`
[INFO] [stdout]    --> tests/tests.rs:575:52
[INFO] [stdout]     |
[INFO] [stdout] 575 |         ComposingNormalizer::try_new_nfc_unstable(&icu_testdata::unstable()).unwrap();
[INFO] [stdout]     |                                                    ^^^^^^^^^^^^ use of undeclared crate or module `icu_testdata`
[INFO] [stdout] 
[INFO] [stdout] 
[INFO] [stdout] error[E0433]: failed to resolve: use of undeclared crate or module `icu_testdata`
[INFO] [stdout]    --> tests/tests.rs:577:53
[INFO] [stdout]     |
[INFO] [stdout] 577 |         ComposingNormalizer::try_new_nfkc_unstable(&icu_testdata::unstable()).unwrap();
[INFO] [stdout]     |                                                     ^^^^^^^^^^^^ use of undeclared crate or module `icu_testdata`
[INFO] [stdout] 
[INFO] [stdout] 
[INFO] [stdout] error[E0433]: failed to resolve: use of undeclared crate or module `icu_testdata`
[INFO] [stdout]    --> tests/tests.rs:769:54
[INFO] [stdout]     |
[INFO] [stdout] 769 |         DecomposingNormalizer::try_new_nfd_unstable(&icu_testdata::unstable()).unwrap();
[INFO] [stdout]     |                                                      ^^^^^^^^^^^^ use of undeclared crate or module `icu_testdata`
[INFO] [stdout] 
[INFO] [stdout] 
[INFO] [stdout] error[E0433]: failed to resolve: use of undeclared crate or module `icu_testdata`
[INFO] [stdout]    --> tests/tests.rs:771:55
[INFO] [stdout]     |
[INFO] [stdout] 771 |         DecomposingNormalizer::try_new_nfkd_unstable(&icu_testdata::unstable()).unwrap();
[INFO] [stdout]     |                                                       ^^^^^^^^^^^^ use of undeclared crate or module `icu_testdata`
[INFO] [stdout] 
[INFO] [stdout] 
[INFO] [stdout] error[E0433]: failed to resolve: use of undeclared crate or module `icu_testdata`
[INFO] [stdout]    --> tests/tests.rs:773:52
[INFO] [stdout]     |
[INFO] [stdout] 773 |         ComposingNormalizer::try_new_nfc_unstable(&icu_testdata::unstable()).unwrap();
[INFO] [stdout]     |                                                    ^^^^^^^^^^^^ use of undeclared crate or module `icu_testdata`
[INFO] [stdout] 
[INFO] [stdout] 
[INFO] [stdout] error[E0433]: failed to resolve: use of undeclared crate or module `icu_testdata`
[INFO] [stdout]    --> tests/tests.rs:775:53
[INFO] [stdout]     |
[INFO] [stdout] 775 |         ComposingNormalizer::try_new_nfkc_unstable(&icu_testdata::unstable()).unwrap();
[INFO] [stdout]     |                                                     ^^^^^^^^^^^^ use of undeclared crate or module `icu_testdata`
[INFO] [stdout] 
[INFO] [stdout] 
[INFO] [stdout] error[E0433]: failed to resolve: use of undeclared crate or module `icu_testdata`
[INFO] [stdout]    --> tests/tests.rs:986:54
[INFO] [stdout]     |
[INFO] [stdout] 986 |         DecomposingNormalizer::try_new_nfd_unstable(&icu_testdata::unstable()).unwrap();
[INFO] [stdout]     |                                                      ^^^^^^^^^^^^ use of undeclared crate or module `icu_testdata`
[INFO] [stdout] 
[INFO] [stdout] 
[INFO] [stdout] error[E0433]: failed to resolve: use of undeclared crate or module `icu_testdata`
[INFO] [stdout]    --> tests/tests.rs:988:55
[INFO] [stdout]     |
[INFO] [stdout] 988 |         DecomposingNormalizer::try_new_nfkd_unstable(&icu_testdata::unstable()).unwrap();
[INFO] [stdout]     |                                                       ^^^^^^^^^^^^ use of undeclared crate or module `icu_testdata`
[INFO] [stdout] 
[INFO] [stdout] 
[INFO] [stdout] error[E0433]: failed to resolve: use of undeclared crate or module `icu_testdata`
[INFO] [stdout]    --> tests/tests.rs:990:52
[INFO] [stdout]     |
[INFO] [stdout] 990 |         ComposingNormalizer::try_new_nfc_unstable(&icu_testdata::unstable()).unwrap();
[INFO] [stdout]     |                                                    ^^^^^^^^^^^^ use of undeclared crate or module `icu_testdata`
[INFO] [stdout] 
[INFO] [stdout] 
[INFO] [stdout] error[E0433]: failed to resolve: use of undeclared crate or module `icu_testdata`
[INFO] [stdout]    --> tests/tests.rs:992:53
[INFO] [stdout]     |
[INFO] [stdout] 992 |         ComposingNormalizer::try_new_nfkc_unstable(&icu_testdata::unstable()).unwrap();
[INFO] [stdout]     |                                                     ^^^^^^^^^^^^ use of undeclared crate or module `icu_testdata`
[INFO] [stdout] 
[INFO] [stdout] 
[INFO] [stdout] error[E0433]: failed to resolve: use of undeclared crate or module `icu_testdata`
[INFO] [stdout]     --> tests/tests.rs:1258:56
[INFO] [stdout]      |
[INFO] [stdout] 1258 |     let comp = CanonicalComposition::try_new_unstable(&icu_testdata::unstable()).unwrap();
[INFO] [stdout]      |                                                        ^^^^^^^^^^^^ use of undeclared crate or module `icu_testdata`
[INFO] [stdout] 
[INFO] [stdout] 
[INFO] [stdout] error[E0433]: failed to resolve: use of undeclared crate or module `icu_testdata`
[INFO] [stdout]     --> tests/tests.rs:1277:60
[INFO] [stdout]      |
[INFO] [stdout] 1277 |     let decomp = CanonicalDecomposition::try_new_unstable(&icu_testdata::unstable()).unwrap();
[INFO] [stdout]      |                                                            ^^^^^^^^^^^^ use of undeclared crate or module `icu_testdata`
[INFO] [stdout] 
[INFO] [stdout] 
[INFO] [stdout] error[E0433]: failed to resolve: use of undeclared crate or module `icu_testdata`
[INFO] [stdout]     --> tests/tests.rs:1320:61
[INFO] [stdout]      |
[INFO] [stdout] 1320 |     let map = CanonicalCombiningClassMap::try_new_unstable(&icu_testdata::unstable()).unwrap();
[INFO] [stdout]      |                                                             ^^^^^^^^^^^^ use of undeclared crate or module `icu_testdata`
[INFO] [stdout] 
[INFO] [stdout] 
[INFO] [stdout] error[E0433]: failed to resolve: use of undeclared crate or module `icu_testdata`
[INFO] [stdout]     --> tests/tests.rs:1322:63
[INFO] [stdout]      |
[INFO] [stdout] 1322 |         icu_properties::maps::load_canonical_combining_class(&icu_testdata::unstable()).unwrap();
[INFO] [stdout]      |                                                               ^^^^^^^^^^^^ use of undeclared crate or module `icu_testdata`
[INFO] [stdout] 
[INFO] [stdout] 
[INFO] [stdout] error[E0433]: failed to resolve: use of undeclared crate or module `icu_testdata`
[INFO] [stdout]     --> tests/tests.rs:1332:52
[INFO] [stdout]      |
[INFO] [stdout] 1332 |         ComposingNormalizer::try_new_nfc_unstable(&icu_testdata::unstable()).unwrap();
[INFO] [stdout]      |                                                    ^^^^^^^^^^^^ use of undeclared crate or module `icu_testdata`
[INFO] [stdout] 
[INFO] [stdout] 
[INFO] [stdout] error[E0433]: failed to resolve: use of undeclared crate or module `icu_testdata`
[INFO] [stdout]     --> tests/tests.rs:1347:54
[INFO] [stdout]      |
[INFO] [stdout] 1347 |         DecomposingNormalizer::try_new_nfd_unstable(&icu_testdata::unstable()).unwrap();
[INFO] [stdout]      |                                                      ^^^^^^^^^^^^ use of undeclared crate or module `icu_testdata`
[INFO] [stdout] 
[INFO] [stdout] 
[INFO] [stdout] error[E0433]: failed to resolve: use of undeclared crate or module `icu_testdata`
[INFO] [stdout]     --> tests/tests.rs:1349:55
[INFO] [stdout]      |
[INFO] [stdout] 1349 |         DecomposingNormalizer::try_new_nfkd_unstable(&icu_testdata::unstable()).unwrap();
[INFO] [stdout]      |                                                       ^^^^^^^^^^^^ use of undeclared crate or module `icu_testdata`
[INFO] [stdout] 
[INFO] [stdout] 
[INFO] [stdout] error[E0433]: failed to resolve: use of undeclared crate or module `icu_testdata`
[INFO] [stdout]     --> tests/tests.rs:1351:52
[INFO] [stdout]      |
[INFO] [stdout] 1351 |         ComposingNormalizer::try_new_nfc_unstable(&icu_testdata::unstable()).unwrap();
[INFO] [stdout]      |                                                    ^^^^^^^^^^^^ use of undeclared crate or module `icu_testdata`
[INFO] [stdout] 
[INFO] [stdout] 
[INFO] [stdout] error[E0433]: failed to resolve: use of undeclared crate or module `icu_testdata`
[INFO] [stdout]     --> tests/tests.rs:1353:53
[INFO] [stdout]      |
[INFO] [stdout] 1353 |         ComposingNormalizer::try_new_nfkc_unstable(&icu_testdata::unstable()).unwrap();
[INFO] [stdout]      |                                                     ^^^^^^^^^^^^ use of undeclared crate or module `icu_testdata`
[INFO] [stdout] 
[INFO] [stdout] 
[INFO] [stdout] error: aborting due to 35 previous errors
[INFO] [stdout] 
[INFO] [stdout] 
[INFO] [stdout] For more information about this error, try `rustc --explain E0433`.
[INFO] [stdout] 
[INFO] [stderr] error: could not compile `icu_normalizer` due to 36 previous errors
[INFO] [stderr] warning: build failed, waiting for other jobs to finish...
[INFO] running `Command { std: "docker" "inspect" "2babd282220c7930ec976ddd66b9c2fd53f2f61223c0d6087d366e09976733a2", kill_on_drop: false }`
[INFO] running `Command { std: "docker" "rm" "-f" "2babd282220c7930ec976ddd66b9c2fd53f2f61223c0d6087d366e09976733a2", kill_on_drop: false }`
[INFO] [stdout] 2babd282220c7930ec976ddd66b9c2fd53f2f61223c0d6087d366e09976733a2
