[INFO] fetching crate icu_locid_transform 1.2.1...
[INFO] testing icu_locid_transform-1.2.1 against 1.69.0 for beta-1.70-1
[INFO] extracting crate icu_locid_transform 1.2.1 into /workspace/builds/worker-2-tc1/source
[INFO] validating manifest of crates.io crate icu_locid_transform 1.2.1 on toolchain 1.69.0
[INFO] running `Command { std: CARGO_HOME="/workspace/cargo-home" RUSTUP_HOME="/workspace/rustup-home" "/workspace/cargo-home/bin/cargo" "+1.69.0" "metadata" "--manifest-path" "Cargo.toml" "--no-deps", kill_on_drop: false }`
[INFO] started tweaking crates.io crate icu_locid_transform 1.2.1
[INFO] removed 0 missing tests
[INFO] finished tweaking crates.io crate icu_locid_transform 1.2.1
[INFO] tweaked toml for crates.io crate icu_locid_transform 1.2.1 written to /workspace/builds/worker-2-tc1/source/Cargo.toml
[INFO] running `Command { std: CARGO_HOME="/workspace/cargo-home" RUSTUP_HOME="/workspace/rustup-home" __CARGO_TEST_CHANNEL_OVERRIDE_DO_NOT_USE_THIS="nightly" "/workspace/cargo-home/bin/cargo" "+1.69.0" "generate-lockfile" "--manifest-path" "Cargo.toml" "-Zno-index-update", kill_on_drop: false }`
[INFO] running `Command { std: CARGO_HOME="/workspace/cargo-home" RUSTUP_HOME="/workspace/rustup-home" "/workspace/cargo-home/bin/cargo" "+1.69.0" "fetch" "--manifest-path" "Cargo.toml", kill_on_drop: false }`
[INFO] [stderr]  Downloading crates ...
[INFO] [stderr]   Downloaded yoke v0.7.1
[INFO] [stderr]   Downloaded zerofrom-derive v0.1.2
[INFO] [stderr]   Downloaded tinystr v0.7.1
[INFO] [stderr]   Downloaded icu_provider_macros v1.2.0
[INFO] [stderr]   Downloaded writeable v0.5.2
[INFO] [stderr]   Downloaded icu_locid v1.2.0
[INFO] [stderr]   Downloaded zerofrom v0.1.2
[INFO] [stderr]   Downloaded zerovec-derive v0.9.4
[INFO] [stderr]   Downloaded databake-derive v0.1.5
[INFO] [stderr]   Downloaded icu_provider v1.2.0
[INFO] [stderr]   Downloaded yoke-derive v0.7.1
[INFO] [stderr]   Downloaded databake v0.1.5
[INFO] [stderr]   Downloaded litemap v0.7.0
[INFO] [stderr]   Downloaded zerovec v0.9.4
[INFO] running `Command { std: "docker" "create" "-v" "/var/lib/crater-agent-workspace/builds/worker-2-tc1/target:/opt/rustwide/target:rw,Z" "-v" "/var/lib/crater-agent-workspace/builds/worker-2-tc1/source:/opt/rustwide/workdir:ro,Z" "-v" "/var/lib/crater-agent-workspace/cargo-home:/opt/rustwide/cargo-home:ro,Z" "-v" "/var/lib/crater-agent-workspace/rustup-home:/opt/rustwide/rustup-home:ro,Z" "-e" "SOURCE_DIR=/opt/rustwide/workdir" "-e" "CARGO_TARGET_DIR=/opt/rustwide/target" "-e" "CARGO_HOME=/opt/rustwide/cargo-home" "-e" "RUSTUP_HOME=/opt/rustwide/rustup-home" "-w" "/opt/rustwide/workdir" "-m" "1610612736" "--user" "0:0" "--network" "none" "ghcr.io/rust-lang/crates-build-env/linux@sha256:5ff2268d62e97bff2cde7d5815dd6ed5b47097566f13b8d0ca110b04b60e07ed" "/opt/rustwide/cargo-home/bin/cargo" "+1.69.0" "metadata" "--no-deps" "--format-version=1", kill_on_drop: false }`
[INFO] [stdout] f1a0d5eb325f8b51ab31b9e45c6702c9b2d955f488594cd6ab169287fa9f929d
[INFO] running `Command { std: "docker" "start" "-a" "f1a0d5eb325f8b51ab31b9e45c6702c9b2d955f488594cd6ab169287fa9f929d", kill_on_drop: false }`
[INFO] running `Command { std: "docker" "inspect" "f1a0d5eb325f8b51ab31b9e45c6702c9b2d955f488594cd6ab169287fa9f929d", kill_on_drop: false }`
[INFO] running `Command { std: "docker" "rm" "-f" "f1a0d5eb325f8b51ab31b9e45c6702c9b2d955f488594cd6ab169287fa9f929d", kill_on_drop: false }`
[INFO] [stdout] f1a0d5eb325f8b51ab31b9e45c6702c9b2d955f488594cd6ab169287fa9f929d
[INFO] running `Command { std: "docker" "create" "-v" "/var/lib/crater-agent-workspace/builds/worker-2-tc1/target:/opt/rustwide/target:rw,Z" "-v" "/var/lib/crater-agent-workspace/builds/worker-2-tc1/source:/opt/rustwide/workdir:ro,Z" "-v" "/var/lib/crater-agent-workspace/cargo-home:/opt/rustwide/cargo-home:ro,Z" "-v" "/var/lib/crater-agent-workspace/rustup-home:/opt/rustwide/rustup-home:ro,Z" "-e" "SOURCE_DIR=/opt/rustwide/workdir" "-e" "CARGO_TARGET_DIR=/opt/rustwide/target" "-e" "CARGO_INCREMENTAL=0" "-e" "RUST_BACKTRACE=full" "-e" "RUSTFLAGS=--cap-lints=warn" "-e" "RUSTDOCFLAGS=--cap-lints=warn" "-e" "CARGO_HOME=/opt/rustwide/cargo-home" "-e" "RUSTUP_HOME=/opt/rustwide/rustup-home" "-w" "/opt/rustwide/workdir" "-m" "1610612736" "--user" "0:0" "--network" "none" "ghcr.io/rust-lang/crates-build-env/linux@sha256:5ff2268d62e97bff2cde7d5815dd6ed5b47097566f13b8d0ca110b04b60e07ed" "/opt/rustwide/cargo-home/bin/cargo" "+1.69.0" "build" "--frozen" "--message-format=json", kill_on_drop: false }`
[INFO] [stdout] 78f788957c6d4646ab6e597d98441d2f813a1cd49f349bbe8481c2262d70af00
[INFO] running `Command { std: "docker" "start" "-a" "78f788957c6d4646ab6e597d98441d2f813a1cd49f349bbe8481c2262d70af00", kill_on_drop: false }`
[INFO] [stderr]    Compiling syn v1.0.109
[INFO] [stderr]    Compiling unicode-xid v0.2.4
[INFO] [stderr]    Compiling stable_deref_trait v1.2.0
[INFO] [stderr]    Compiling writeable v0.5.2
[INFO] [stderr]    Compiling litemap v0.7.0
[INFO] [stderr]    Compiling synstructure v0.12.6
[INFO] [stderr]    Compiling zerofrom-derive v0.1.2
[INFO] [stderr]    Compiling yoke-derive v0.7.1
[INFO] [stderr]    Compiling zerovec-derive v0.9.4
[INFO] [stderr]    Compiling displaydoc v0.2.3
[INFO] [stderr]    Compiling icu_provider_macros v1.2.0
[INFO] [stderr]    Compiling zerofrom v0.1.2
[INFO] [stderr]    Compiling yoke v0.7.1
[INFO] [stderr]    Compiling zerovec v0.9.4
[INFO] [stderr]    Compiling tinystr v0.7.1
[INFO] [stderr]    Compiling icu_locid v1.2.0
[INFO] [stderr]    Compiling icu_provider v1.2.0
[INFO] [stderr]    Compiling icu_locid_transform v1.2.1 (/opt/rustwide/workdir)
[INFO] [stderr]     Finished dev [unoptimized + debuginfo] target(s) in 16.84s
[INFO] running `Command { std: "docker" "inspect" "78f788957c6d4646ab6e597d98441d2f813a1cd49f349bbe8481c2262d70af00", kill_on_drop: false }`
[INFO] running `Command { std: "docker" "rm" "-f" "78f788957c6d4646ab6e597d98441d2f813a1cd49f349bbe8481c2262d70af00", kill_on_drop: false }`
[INFO] [stdout] 78f788957c6d4646ab6e597d98441d2f813a1cd49f349bbe8481c2262d70af00
[INFO] running `Command { std: "docker" "create" "-v" "/var/lib/crater-agent-workspace/builds/worker-2-tc1/target:/opt/rustwide/target:rw,Z" "-v" "/var/lib/crater-agent-workspace/builds/worker-2-tc1/source:/opt/rustwide/workdir:ro,Z" "-v" "/var/lib/crater-agent-workspace/cargo-home:/opt/rustwide/cargo-home:ro,Z" "-v" "/var/lib/crater-agent-workspace/rustup-home:/opt/rustwide/rustup-home:ro,Z" "-e" "SOURCE_DIR=/opt/rustwide/workdir" "-e" "CARGO_TARGET_DIR=/opt/rustwide/target" "-e" "CARGO_INCREMENTAL=0" "-e" "RUST_BACKTRACE=full" "-e" "RUSTFLAGS=--cap-lints=warn" "-e" "RUSTDOCFLAGS=--cap-lints=warn" "-e" "CARGO_HOME=/opt/rustwide/cargo-home" "-e" "RUSTUP_HOME=/opt/rustwide/rustup-home" "-w" "/opt/rustwide/workdir" "-m" "1610612736" "--user" "0:0" "--network" "none" "ghcr.io/rust-lang/crates-build-env/linux@sha256:5ff2268d62e97bff2cde7d5815dd6ed5b47097566f13b8d0ca110b04b60e07ed" "/opt/rustwide/cargo-home/bin/cargo" "+1.69.0" "test" "--frozen" "--no-run" "--message-format=json", kill_on_drop: false }`
[INFO] [stdout] 203c0e909a8c8ca3e31ed2e6b64c56bed00747782c23cf991a3bd0cac0be3106
[INFO] running `Command { std: "docker" "start" "-a" "203c0e909a8c8ca3e31ed2e6b64c56bed00747782c23cf991a3bd0cac0be3106", kill_on_drop: false }`
[INFO] [stderr]    Compiling serde v1.0.160
[INFO] [stderr]    Compiling either v1.8.1
[INFO] [stderr]    Compiling serde_json v1.0.96
[INFO] [stderr]    Compiling indexmap v1.9.3
[INFO] [stderr]    Compiling ciborium-io v0.2.0
[INFO] [stderr]    Compiling itoa v1.0.6
[INFO] [stderr]    Compiling ryu v1.0.13
[INFO] [stderr]    Compiling os_str_bytes v6.5.0
[INFO] [stderr]    Compiling plotters-backend v0.3.4
[INFO] [stderr]    Compiling half v1.8.2
[INFO] [stderr]    Compiling textwrap v0.16.0
[INFO] [stderr]    Compiling cast v0.3.0
[INFO] [stderr]    Compiling same-file v1.0.6
[INFO] [stderr]    Compiling regex-syntax v0.7.1
[INFO] [stderr]    Compiling atty v0.2.14
[INFO] [stderr]    Compiling anes v0.1.6
[INFO] [stderr]    Compiling oorandom v11.1.3
[INFO] [stderr]    Compiling itertools v0.10.5
[INFO] [stderr]    Compiling rayon v1.7.0
[INFO] [stderr]    Compiling plotters-svg v0.3.3
[INFO] [stderr]    Compiling walkdir v2.3.3
[INFO] [stderr]    Compiling clap_lex v0.2.4
[INFO] [stderr]    Compiling ciborium-ll v0.2.0
[INFO] [stderr]    Compiling plotters v0.3.4
[INFO] [stderr]    Compiling clap v3.2.25
[INFO] [stderr]    Compiling regex v1.8.1
[INFO] [stderr]    Compiling criterion-plot v0.5.0
[INFO] [stderr]    Compiling ciborium v0.2.0
[INFO] [stderr]    Compiling tinytemplate v1.2.1
[INFO] [stderr]    Compiling criterion v0.4.0
[INFO] [stderr]    Compiling icu_locid_transform v1.2.1 (/opt/rustwide/workdir)
[INFO] [stderr]     Finished test [unoptimized + debuginfo] target(s) in 15.66s
[INFO] running `Command { std: "docker" "inspect" "203c0e909a8c8ca3e31ed2e6b64c56bed00747782c23cf991a3bd0cac0be3106", kill_on_drop: false }`
[INFO] running `Command { std: "docker" "rm" "-f" "203c0e909a8c8ca3e31ed2e6b64c56bed00747782c23cf991a3bd0cac0be3106", kill_on_drop: false }`
[INFO] [stdout] 203c0e909a8c8ca3e31ed2e6b64c56bed00747782c23cf991a3bd0cac0be3106
[INFO] running `Command { std: "docker" "create" "-v" "/var/lib/crater-agent-workspace/builds/worker-2-tc1/target:/opt/rustwide/target:rw,Z" "-v" "/var/lib/crater-agent-workspace/builds/worker-2-tc1/source:/opt/rustwide/workdir:ro,Z" "-v" "/var/lib/crater-agent-workspace/cargo-home:/opt/rustwide/cargo-home:ro,Z" "-v" "/var/lib/crater-agent-workspace/rustup-home:/opt/rustwide/rustup-home:ro,Z" "-e" "SOURCE_DIR=/opt/rustwide/workdir" "-e" "CARGO_TARGET_DIR=/opt/rustwide/target" "-e" "CARGO_INCREMENTAL=0" "-e" "RUST_BACKTRACE=full" "-e" "RUSTFLAGS=--cap-lints=warn" "-e" "RUSTDOCFLAGS=--cap-lints=warn" "-e" "CARGO_HOME=/opt/rustwide/cargo-home" "-e" "RUSTUP_HOME=/opt/rustwide/rustup-home" "-w" "/opt/rustwide/workdir" "-m" "1610612736" "--user" "0:0" "--network" "none" "ghcr.io/rust-lang/crates-build-env/linux@sha256:5ff2268d62e97bff2cde7d5815dd6ed5b47097566f13b8d0ca110b04b60e07ed" "/opt/rustwide/cargo-home/bin/cargo" "+1.69.0" "test" "--frozen", kill_on_drop: false }`
[INFO] [stdout] 221aa8404b0c335fb748a0d45cc0974b3675e2a3d29212365bf4527e75601084
[INFO] running `Command { std: "docker" "start" "-a" "221aa8404b0c335fb748a0d45cc0974b3675e2a3d29212365bf4527e75601084", kill_on_drop: false }`
[INFO] [stderr]     Finished test [unoptimized + debuginfo] target(s) in 0.10s
[INFO] [stderr]      Running unittests src/lib.rs (/opt/rustwide/target/debug/deps/icu_locid_transform-2d269697664bc6ba)
[INFO] [stdout] 
[INFO] [stderr]    Doc-tests icu_locid_transform
[INFO] [stdout] running 2 tests
[INFO] [stdout] test canonicalizer::test_uts35_rule_matches ... ok
[INFO] [stdout] test canonicalizer::test_uts35_replacement ... ok
[INFO] [stdout] 
[INFO] [stdout] test result: ok. 2 passed; 0 failed; 0 ignored; 0 measured; 0 filtered out; finished in 0.00s
[INFO] [stdout] 
[INFO] [stdout] 
[INFO] [stdout] running 10 tests
[INFO] [stdout] test src/canonicalizer.rs - canonicalizer::LocaleCanonicalizer::canonicalize (line 273) ... FAILED
[INFO] [stdout] test src/canonicalizer.rs - canonicalizer::LocaleCanonicalizer (line 31) ... FAILED
[INFO] [stdout] test src/expander.rs - expander::LocaleExpander::maximize (line 323) ... FAILED
[INFO] [stdout] test src/expander.rs - expander::LocaleExpander (line 65) ... FAILED
[INFO] [stdout] test src/lib.rs - (line 38) ... FAILED
[INFO] [stdout] test src/expander.rs - expander::LocaleExpander (line 28) ... FAILED
[INFO] [stdout] test src/lib.rs - (line 24) ... FAILED
[INFO] [stdout] test src/expander.rs - expander::LocaleExpander (line 46) ... FAILED
[INFO] [stdout] test src/lib.rs - (line 54) ... FAILED
[INFO] [stderr] error: doctest failed, to rerun pass `--doc`
[INFO] [stdout] test src/expander.rs - expander::LocaleExpander::minimize (line 397) ... FAILED
[INFO] [stdout] 
[INFO] [stdout] failures:
[INFO] [stdout] 
[INFO] [stdout] ---- src/canonicalizer.rs - canonicalizer::LocaleCanonicalizer::canonicalize (line 273) stdout ----
[INFO] [stdout] error[E0433]: failed to resolve: use of undeclared crate or module `icu_testdata`
[INFO] [stdout]  --> src/canonicalizer.rs:277:49
[INFO] [stdout]   |
[INFO] [stdout] 7 | let lc = LocaleCanonicalizer::try_new_unstable(&icu_testdata::unstable())
[INFO] [stdout]   |                                                 ^^^^^^^^^^^^ use of undeclared crate or module `icu_testdata`
[INFO] [stdout] 
[INFO] [stdout] error: aborting due to previous error
[INFO] [stdout] 
[INFO] [stdout] For more information about this error, try `rustc --explain E0433`.
[INFO] [stdout] Couldn't compile the test.
[INFO] [stdout] ---- src/canonicalizer.rs - canonicalizer::LocaleCanonicalizer (line 31) stdout ----
[INFO] [stdout] error[E0433]: failed to resolve: use of undeclared crate or module `icu_testdata`
[INFO] [stdout]  --> src/canonicalizer.rs:35:49
[INFO] [stdout]   |
[INFO] [stdout] 7 | let lc = LocaleCanonicalizer::try_new_unstable(&icu_testdata::unstable())
[INFO] [stdout]   |                                                 ^^^^^^^^^^^^ use of undeclared crate or module `icu_testdata`
[INFO] [stdout] 
[INFO] [stdout] error: aborting due to previous error
[INFO] [stdout] 
[INFO] [stdout] For more information about this error, try `rustc --explain E0433`.
[INFO] [stdout] Couldn't compile the test.
[INFO] [stdout] ---- src/expander.rs - expander::LocaleExpander::maximize (line 323) stdout ----
[INFO] [stdout] error[E0433]: failed to resolve: use of undeclared crate or module `icu_testdata`
[INFO] [stdout]  --> src/expander.rs:327:44
[INFO] [stdout]   |
[INFO] [stdout] 7 | let lc = LocaleExpander::try_new_unstable(&icu_testdata::unstable())
[INFO] [stdout]   |                                            ^^^^^^^^^^^^ use of undeclared crate or module `icu_testdata`
[INFO] [stdout] 
[INFO] [stdout] error: aborting due to previous error
[INFO] [stdout] 
[INFO] [stdout] For more information about this error, try `rustc --explain E0433`.
[INFO] [stdout] Couldn't compile the test.
[INFO] [stdout] ---- src/expander.rs - expander::LocaleExpander (line 65) stdout ----
[INFO] [stdout] error[E0433]: failed to resolve: use of undeclared crate or module `icu_testdata`
[INFO] [stdout]  --> src/expander.rs:70:48
[INFO] [stdout]   |
[INFO] [stdout] 8 |     LocaleExpander::try_new_extended_unstable(&icu_testdata::unstable())
[INFO] [stdout]   |                                                ^^^^^^^^^^^^ use of undeclared crate or module `icu_testdata`
[INFO] [stdout] 
[INFO] [stdout] error: aborting due to previous error
[INFO] [stdout] 
[INFO] [stdout] For more information about this error, try `rustc --explain E0433`.
[INFO] [stdout] Couldn't compile the test.
[INFO] [stdout] ---- src/lib.rs - (line 38) stdout ----
[INFO] [stdout] error[E0433]: failed to resolve: use of undeclared crate or module `icu`
[INFO] [stdout]  --> src/lib.rs:39:5
[INFO] [stdout]   |
[INFO] [stdout] 3 | use icu::locid::locale;
[INFO] [stdout]   |     ^^^ use of undeclared crate or module `icu`
[INFO] [stdout] 
[INFO] [stdout] error[E0433]: failed to resolve: use of undeclared crate or module `icu`
[INFO] [stdout]  --> src/lib.rs:40:5
[INFO] [stdout]   |
[INFO] [stdout] 4 | use icu::locid_transform::{LocaleExpander, TransformResult};
[INFO] [stdout]   |     ^^^ use of undeclared crate or module `icu`
[INFO] [stdout] 
[INFO] [stdout] error: cannot determine resolution for the macro `locale`
[INFO] [stdout]  --> src/lib.rs:45:18
[INFO] [stdout]   |
[INFO] [stdout] 9 | let mut locale = locale!("zh-CN");
[INFO] [stdout]   |                  ^^^^^^
[INFO] [stdout]   |
[INFO] [stdout]   = note: import resolution is stuck, try simplifying macro imports
[INFO] [stdout] 
[INFO] [stdout] error: cannot determine resolution for the macro `locale`
[INFO] [stdout]   --> src/lib.rs:47:20
[INFO] [stdout]    |
[INFO] [stdout] 11 | assert_eq!(locale, locale!("zh-Hans-CN"));
[INFO] [stdout]    |                    ^^^^^^
[INFO] [stdout]    |
[INFO] [stdout]    = note: import resolution is stuck, try simplifying macro imports
[INFO] [stdout] 
[INFO] [stdout] error: cannot determine resolution for the macro `locale`
[INFO] [stdout]   --> src/lib.rs:49:18
[INFO] [stdout]    |
[INFO] [stdout] 13 | let mut locale = locale!("zh-Hant-TW");
[INFO] [stdout]    |                  ^^^^^^
[INFO] [stdout]    |
[INFO] [stdout]    = note: import resolution is stuck, try simplifying macro imports
[INFO] [stdout] 
[INFO] [stdout] error: cannot determine resolution for the macro `locale`
[INFO] [stdout]   --> src/lib.rs:51:20
[INFO] [stdout]    |
[INFO] [stdout] 15 | assert_eq!(locale, locale!("zh-Hant-TW"));
[INFO] [stdout]    |                    ^^^^^^
[INFO] [stdout]    |
[INFO] [stdout]    = note: import resolution is stuck, try simplifying macro imports
[INFO] [stdout] 
[INFO] [stdout] error[E0433]: failed to resolve: use of undeclared crate or module `icu_testdata`
[INFO] [stdout]  --> src/lib.rs:42:44
[INFO] [stdout]   |
[INFO] [stdout] 6 | let lc = LocaleExpander::try_new_unstable(&icu_testdata::unstable())
[INFO] [stdout]   |                                            ^^^^^^^^^^^^ use of undeclared crate or module `icu_testdata`
[INFO] [stdout] 
[INFO] [stdout] error: aborting due to 7 previous errors
[INFO] [stdout] 
[INFO] [stdout] For more information about this error, try `rustc --explain E0433`.
[INFO] [stdout] Couldn't compile the test.
[INFO] [stdout] ---- src/expander.rs - expander::LocaleExpander (line 28) stdout ----
[INFO] [stdout] error[E0433]: failed to resolve: use of undeclared crate or module `icu_testdata`
[INFO] [stdout]  --> src/expander.rs:32:44
[INFO] [stdout]   |
[INFO] [stdout] 7 | let lc = LocaleExpander::try_new_unstable(&icu_testdata::unstable())
[INFO] [stdout]   |                                            ^^^^^^^^^^^^ use of undeclared crate or module `icu_testdata`
[INFO] [stdout] 
[INFO] [stdout] error: aborting due to previous error
[INFO] [stdout] 
[INFO] [stdout] For more information about this error, try `rustc --explain E0433`.
[INFO] [stdout] Couldn't compile the test.
[INFO] [stdout] ---- src/lib.rs - (line 24) stdout ----
[INFO] [stdout] error[E0433]: failed to resolve: use of undeclared crate or module `icu`
[INFO] [stdout]  --> src/lib.rs:25:5
[INFO] [stdout]   |
[INFO] [stdout] 3 | use icu::locid::Locale;
[INFO] [stdout]   |     ^^^ use of undeclared crate or module `icu`
[INFO] [stdout] 
[INFO] [stdout] error[E0433]: failed to resolve: use of undeclared crate or module `icu`
[INFO] [stdout]  --> src/lib.rs:26:5
[INFO] [stdout]   |
[INFO] [stdout] 4 | use icu::locid_transform::{LocaleCanonicalizer, TransformResult};
[INFO] [stdout]   |     ^^^ use of undeclared crate or module `icu`
[INFO] [stdout] 
[INFO] [stdout] error[E0433]: failed to resolve: use of undeclared crate or module `icu_testdata`
[INFO] [stdout]  --> src/lib.rs:28:49
[INFO] [stdout]   |
[INFO] [stdout] 6 | let lc = LocaleCanonicalizer::try_new_unstable(&icu_testdata::unstable())
[INFO] [stdout]   |                                                 ^^^^^^^^^^^^ use of undeclared crate or module `icu_testdata`
[INFO] [stdout] 
[INFO] [stdout] error: aborting due to 3 previous errors
[INFO] [stdout] 
[INFO] [stdout] For more information about this error, try `rustc --explain E0433`.
[INFO] [stdout] Couldn't compile the test.
[INFO] [stdout] ---- src/expander.rs - expander::LocaleExpander (line 46) stdout ----
[INFO] [stdout] error[E0433]: failed to resolve: use of undeclared crate or module `icu_testdata`
[INFO] [stdout]  --> src/expander.rs:50:44
[INFO] [stdout]   |
[INFO] [stdout] 7 | let lc = LocaleExpander::try_new_unstable(&icu_testdata::unstable())
[INFO] [stdout]   |                                            ^^^^^^^^^^^^ use of undeclared crate or module `icu_testdata`
[INFO] [stdout] 
[INFO] [stdout] error: aborting due to previous error
[INFO] [stdout] 
[INFO] [stdout] For more information about this error, try `rustc --explain E0433`.
[INFO] [stdout] Couldn't compile the test.
[INFO] [stdout] ---- src/lib.rs - (line 54) stdout ----
[INFO] [stdout] error[E0433]: failed to resolve: use of undeclared crate or module `icu`
[INFO] [stdout]  --> src/lib.rs:55:5
[INFO] [stdout]   |
[INFO] [stdout] 3 | use icu::locid::locale;
[INFO] [stdout]   |     ^^^ use of undeclared crate or module `icu`
[INFO] [stdout] 
[INFO] [stdout] error[E0433]: failed to resolve: use of undeclared crate or module `icu`
[INFO] [stdout]  --> src/lib.rs:56:5
[INFO] [stdout]   |
[INFO] [stdout] 4 | use icu::locid_transform::{LocaleExpander, TransformResult};
[INFO] [stdout]   |     ^^^ use of undeclared crate or module `icu`
[INFO] [stdout] 
[INFO] [stdout] error[E0432]: unresolved import `writeable`
[INFO] [stdout]  --> src/lib.rs:57:5
[INFO] [stdout]   |
[INFO] [stdout] 5 | use writeable::assert_writeable_eq;
[INFO] [stdout]   |     ^^^^^^^^^ use of undeclared crate or module `writeable`
[INFO] [stdout] 
[INFO] [stdout] error: cannot determine resolution for the macro `locale`
[INFO] [stdout]   --> src/lib.rs:62:18
[INFO] [stdout]    |
[INFO] [stdout] 10 | let mut locale = locale!("zh-Hans-CN");
[INFO] [stdout]    |                  ^^^^^^
[INFO] [stdout]    |
[INFO] [stdout]    = note: import resolution is stuck, try simplifying macro imports
[INFO] [stdout] 
[INFO] [stdout] error: cannot determine resolution for the macro `locale`
[INFO] [stdout]   --> src/lib.rs:64:20
[INFO] [stdout]    |
[INFO] [stdout] 12 | assert_eq!(locale, locale!("zh"));
[INFO] [stdout]    |                    ^^^^^^
[INFO] [stdout]    |
[INFO] [stdout]    = note: import resolution is stuck, try simplifying macro imports
[INFO] [stdout] 
[INFO] [stdout] error: cannot determine resolution for the macro `locale`
[INFO] [stdout]   --> src/lib.rs:66:18
[INFO] [stdout]    |
[INFO] [stdout] 14 | let mut locale = locale!("zh");
[INFO] [stdout]    |                  ^^^^^^
[INFO] [stdout]    |
[INFO] [stdout]    = note: import resolution is stuck, try simplifying macro imports
[INFO] [stdout] 
[INFO] [stdout] error: cannot determine resolution for the macro `locale`
[INFO] [stdout]   --> src/lib.rs:68:20
[INFO] [stdout]    |
[INFO] [stdout] 16 | assert_eq!(locale, locale!("zh"));
[INFO] [stdout]    |                    ^^^^^^
[INFO] [stdout]    |
[INFO] [stdout]    = note: import resolution is stuck, try simplifying macro imports
[INFO] [stdout] 
[INFO] [stdout] error[E0433]: failed to resolve: use of undeclared crate or module `icu_testdata`
[INFO] [stdout]  --> src/lib.rs:59:44
[INFO] [stdout]   |
[INFO] [stdout] 7 | let lc = LocaleExpander::try_new_unstable(&icu_testdata::unstable())
[INFO] [stdout]   |                                            ^^^^^^^^^^^^ use of undeclared crate or module `icu_testdata`
[INFO] [stdout] 
[INFO] [stdout] error: aborting due to 8 previous errors
[INFO] [stdout] 
[INFO] [stdout] Some errors have detailed explanations: E0432, E0433.
[INFO] [stdout] For more information about an error, try `rustc --explain E0432`.
[INFO] [stdout] Couldn't compile the test.
[INFO] [stdout] ---- src/expander.rs - expander::LocaleExpander::minimize (line 397) stdout ----
[INFO] [stdout] error[E0433]: failed to resolve: use of undeclared crate or module `icu_testdata`
[INFO] [stdout]  --> src/expander.rs:401:44
[INFO] [stdout]   |
[INFO] [stdout] 7 | let lc = LocaleExpander::try_new_unstable(&icu_testdata::unstable())
[INFO] [stdout]   |                                            ^^^^^^^^^^^^ use of undeclared crate or module `icu_testdata`
[INFO] [stdout] 
[INFO] [stdout] error: aborting due to previous error
[INFO] [stdout] 
[INFO] [stdout] For more information about this error, try `rustc --explain E0433`.
[INFO] [stdout] Couldn't compile the test.
[INFO] [stdout] 
[INFO] [stdout] failures:
[INFO] [stdout]     src/canonicalizer.rs - canonicalizer::LocaleCanonicalizer (line 31)
[INFO] [stdout]     src/canonicalizer.rs - canonicalizer::LocaleCanonicalizer::canonicalize (line 273)
[INFO] [stdout]     src/expander.rs - expander::LocaleExpander (line 28)
[INFO] [stdout]     src/expander.rs - expander::LocaleExpander (line 46)
[INFO] [stdout]     src/expander.rs - expander::LocaleExpander (line 65)
[INFO] [stdout]     src/expander.rs - expander::LocaleExpander::maximize (line 323)
[INFO] [stdout]     src/expander.rs - expander::LocaleExpander::minimize (line 397)
[INFO] [stdout]     src/lib.rs - (line 24)
[INFO] [stdout]     src/lib.rs - (line 38)
[INFO] [stdout]     src/lib.rs - (line 54)
[INFO] [stdout] 
[INFO] [stdout] test result: FAILED. 0 passed; 10 failed; 0 ignored; 0 measured; 0 filtered out; finished in 0.16s
[INFO] [stdout] 
[INFO] running `Command { std: "docker" "inspect" "221aa8404b0c335fb748a0d45cc0974b3675e2a3d29212365bf4527e75601084", kill_on_drop: false }`
[INFO] running `Command { std: "docker" "rm" "-f" "221aa8404b0c335fb748a0d45cc0974b3675e2a3d29212365bf4527e75601084", kill_on_drop: false }`
[INFO] [stdout] 221aa8404b0c335fb748a0d45cc0974b3675e2a3d29212365bf4527e75601084
