[INFO] fetching crate icu_locale_canonicalizer 0.6.0...
[INFO] testing icu_locale_canonicalizer-0.6.0 against 1.69.0 for beta-1.70-1
[INFO] extracting crate icu_locale_canonicalizer 0.6.0 into /workspace/builds/worker-1-tc1/source
[INFO] validating manifest of crates.io crate icu_locale_canonicalizer 0.6.0 on toolchain 1.69.0
[INFO] running `Command { std: CARGO_HOME="/workspace/cargo-home" RUSTUP_HOME="/workspace/rustup-home" "/workspace/cargo-home/bin/cargo" "+1.69.0" "metadata" "--manifest-path" "Cargo.toml" "--no-deps", kill_on_drop: false }`
[INFO] started tweaking crates.io crate icu_locale_canonicalizer 0.6.0
[INFO] removed 0 missing tests
[INFO] finished tweaking crates.io crate icu_locale_canonicalizer 0.6.0
[INFO] tweaked toml for crates.io crate icu_locale_canonicalizer 0.6.0 written to /workspace/builds/worker-1-tc1/source/Cargo.toml
[INFO] running `Command { std: CARGO_HOME="/workspace/cargo-home" RUSTUP_HOME="/workspace/rustup-home" __CARGO_TEST_CHANNEL_OVERRIDE_DO_NOT_USE_THIS="nightly" "/workspace/cargo-home/bin/cargo" "+1.69.0" "generate-lockfile" "--manifest-path" "Cargo.toml" "-Zno-index-update", kill_on_drop: false }`
[INFO] running `Command { std: CARGO_HOME="/workspace/cargo-home" RUSTUP_HOME="/workspace/rustup-home" "/workspace/cargo-home/bin/cargo" "+1.69.0" "fetch" "--manifest-path" "Cargo.toml", kill_on_drop: false }`
[INFO] [stderr]  Downloading crates ...
[INFO] [stderr]   Downloaded zerofrom-derive v0.1.2
[INFO] [stderr]   Downloaded zerofrom v0.1.2
[INFO] [stderr]   Downloaded tinystr v0.6.2
[INFO] [stderr]   Downloaded icu_provider v0.6.0
[INFO] [stderr]   Downloaded icu_provider_macros v0.6.0
[INFO] [stderr]   Downloaded writeable v0.4.1
[INFO] [stderr]   Downloaded icu_locid v0.6.0
[INFO] [stderr]   Downloaded zerovec-derive v0.6.0
[INFO] [stderr]   Downloaded yoke-derive v0.5.0
[INFO] [stderr]   Downloaded yoke v0.5.0
[INFO] [stderr]   Downloaded litemap v0.4.0
[INFO] [stderr]   Downloaded zerovec v0.8.1
[INFO] [stderr]   Downloaded zerovec v0.7.0
[INFO] running `Command { std: "docker" "create" "-v" "/var/lib/crater-agent-workspace/builds/worker-1-tc1/target:/opt/rustwide/target:rw,Z" "-v" "/var/lib/crater-agent-workspace/builds/worker-1-tc1/source:/opt/rustwide/workdir:ro,Z" "-v" "/var/lib/crater-agent-workspace/cargo-home:/opt/rustwide/cargo-home:ro,Z" "-v" "/var/lib/crater-agent-workspace/rustup-home:/opt/rustwide/rustup-home:ro,Z" "-e" "SOURCE_DIR=/opt/rustwide/workdir" "-e" "CARGO_TARGET_DIR=/opt/rustwide/target" "-e" "CARGO_HOME=/opt/rustwide/cargo-home" "-e" "RUSTUP_HOME=/opt/rustwide/rustup-home" "-w" "/opt/rustwide/workdir" "-m" "1610612736" "--user" "0:0" "--network" "none" "ghcr.io/rust-lang/crates-build-env/linux@sha256:5ff2268d62e97bff2cde7d5815dd6ed5b47097566f13b8d0ca110b04b60e07ed" "/opt/rustwide/cargo-home/bin/cargo" "+1.69.0" "metadata" "--no-deps" "--format-version=1", kill_on_drop: false }`
[INFO] [stdout] 157b4d00d962e3a68bd6c1fe042a85e78d2c87ce01cd199a3dab9764f3b0b633
[INFO] running `Command { std: "docker" "start" "-a" "157b4d00d962e3a68bd6c1fe042a85e78d2c87ce01cd199a3dab9764f3b0b633", kill_on_drop: false }`
[INFO] running `Command { std: "docker" "inspect" "157b4d00d962e3a68bd6c1fe042a85e78d2c87ce01cd199a3dab9764f3b0b633", kill_on_drop: false }`
[INFO] running `Command { std: "docker" "rm" "-f" "157b4d00d962e3a68bd6c1fe042a85e78d2c87ce01cd199a3dab9764f3b0b633", kill_on_drop: false }`
[INFO] [stdout] 157b4d00d962e3a68bd6c1fe042a85e78d2c87ce01cd199a3dab9764f3b0b633
[INFO] running `Command { std: "docker" "create" "-v" "/var/lib/crater-agent-workspace/builds/worker-1-tc1/target:/opt/rustwide/target:rw,Z" "-v" "/var/lib/crater-agent-workspace/builds/worker-1-tc1/source:/opt/rustwide/workdir:ro,Z" "-v" "/var/lib/crater-agent-workspace/cargo-home:/opt/rustwide/cargo-home:ro,Z" "-v" "/var/lib/crater-agent-workspace/rustup-home:/opt/rustwide/rustup-home:ro,Z" "-e" "SOURCE_DIR=/opt/rustwide/workdir" "-e" "CARGO_TARGET_DIR=/opt/rustwide/target" "-e" "CARGO_INCREMENTAL=0" "-e" "RUST_BACKTRACE=full" "-e" "RUSTFLAGS=--cap-lints=warn" "-e" "RUSTDOCFLAGS=--cap-lints=warn" "-e" "CARGO_HOME=/opt/rustwide/cargo-home" "-e" "RUSTUP_HOME=/opt/rustwide/rustup-home" "-w" "/opt/rustwide/workdir" "-m" "1610612736" "--user" "0:0" "--network" "none" "ghcr.io/rust-lang/crates-build-env/linux@sha256:5ff2268d62e97bff2cde7d5815dd6ed5b47097566f13b8d0ca110b04b60e07ed" "/opt/rustwide/cargo-home/bin/cargo" "+1.69.0" "build" "--frozen" "--message-format=json", kill_on_drop: false }`
[INFO] [stdout] e6d4c66ce45db601480f1e24d868c235aaf7b52888391f2c4681f1c78a51bde9
[INFO] running `Command { std: "docker" "start" "-a" "e6d4c66ce45db601480f1e24d868c235aaf7b52888391f2c4681f1c78a51bde9", kill_on_drop: false }`
[INFO] [stderr]    Compiling serde v1.0.160
[INFO] [stderr]    Compiling stable_deref_trait v1.2.0
[INFO] [stderr]    Compiling writeable v0.4.1
[INFO] [stderr]    Compiling synstructure v0.12.6
[INFO] [stderr]    Compiling displaydoc v0.2.3
[INFO] [stderr]    Compiling icu_provider_macros v0.6.0
[INFO] [stderr]    Compiling zerofrom-derive v0.1.2
[INFO] [stderr]    Compiling yoke-derive v0.5.0
[INFO] [stderr]    Compiling zerovec-derive v0.6.0
[INFO] [stderr]    Compiling zerofrom v0.1.2
[INFO] [stderr]    Compiling zerovec v0.8.1
[INFO] [stderr]    Compiling yoke v0.5.0
[INFO] [stderr]    Compiling zerovec v0.7.0
[INFO] [stderr]    Compiling litemap v0.4.0
[INFO] [stderr]    Compiling tinystr v0.6.2
[INFO] [stderr]    Compiling icu_locid v0.6.0
[INFO] [stderr]    Compiling icu_provider v0.6.0
[INFO] [stderr]    Compiling icu_locale_canonicalizer v0.6.0 (/opt/rustwide/workdir)
[INFO] [stdout] error[E0161]: cannot move a value of type `MultiFieldsULE`
[INFO] [stdout]   --> src/provider.rs:33:1
[INFO] [stdout]    |
[INFO] [stdout] 33 | #[zerovec::make_varule(StrStrPairVarULE)]
[INFO] [stdout]    | ^^^^^^^^^^^^^^^^^^^^^^^^^^^^^^^^^^^^^^^^^ the size of `MultiFieldsULE` cannot be statically determined
[INFO] [stdout]    |
[INFO] [stdout]    = note: this error originates in the derive macro `PartialEq` (in Nightly builds, run with -Z macro-backtrace for more info)
[INFO] [stdout] 
[INFO] [stdout] 
[INFO] [stdout] error[E0507]: cannot move out of `self` which is behind a shared reference
[INFO] [stdout]   --> src/provider.rs:33:1
[INFO] [stdout]    |
[INFO] [stdout] 33 | #[zerovec::make_varule(StrStrPairVarULE)]
[INFO] [stdout]    | ^^^^^^^^^^^^^^^^^^^^^^^^^^^^^^^^^^^^^^^^^ move occurs because `self.0` has type `MultiFieldsULE`, which does not implement the `Copy` trait
[INFO] [stdout]    |
[INFO] [stdout]    = note: this error originates in the derive macro `PartialEq` (in Nightly builds, run with -Z macro-backtrace for more info)
[INFO] [stdout] 
[INFO] [stdout] 
[INFO] [stdout] error[E0507]: cannot move out of `other` which is behind a shared reference
[INFO] [stdout]   --> src/provider.rs:33:1
[INFO] [stdout]    |
[INFO] [stdout] 33 | #[zerovec::make_varule(StrStrPairVarULE)]
[INFO] [stdout]    | ^^^^^^^^^^^^^^^^^^^^^^^^^^^^^^^^^^^^^^^^^ move occurs because `other.0` has type `MultiFieldsULE`, which does not implement the `Copy` trait
[INFO] [stdout]    |
[INFO] [stdout]    = note: this error originates in the derive macro `PartialEq` (in Nightly builds, run with -Z macro-backtrace for more info)
[INFO] [stdout] 
[INFO] [stdout] 
[INFO] [stdout] error: aborting due to 3 previous errors
[INFO] [stdout] 
[INFO] [stdout] 
[INFO] [stdout] Some errors have detailed explanations: E0161, E0507.
[INFO] [stdout] 
[INFO] [stdout] For more information about an error, try `rustc --explain E0161`.
[INFO] [stdout] 
[INFO] [stderr] error: could not compile `icu_locale_canonicalizer` due to 4 previous errors
[INFO] running `Command { std: "docker" "inspect" "e6d4c66ce45db601480f1e24d868c235aaf7b52888391f2c4681f1c78a51bde9", kill_on_drop: false }`
[INFO] running `Command { std: "docker" "rm" "-f" "e6d4c66ce45db601480f1e24d868c235aaf7b52888391f2c4681f1c78a51bde9", kill_on_drop: false }`
[INFO] [stdout] e6d4c66ce45db601480f1e24d868c235aaf7b52888391f2c4681f1c78a51bde9
