[INFO] fetching crate icu_displaynames 0.10.0...
[INFO] testing icu_displaynames-0.10.0 against 1.69.0 for beta-1.70-1
[INFO] extracting crate icu_displaynames 0.10.0 into /workspace/builds/worker-1-tc1/source
[INFO] validating manifest of crates.io crate icu_displaynames 0.10.0 on toolchain 1.69.0
[INFO] running `Command { std: CARGO_HOME="/workspace/cargo-home" RUSTUP_HOME="/workspace/rustup-home" "/workspace/cargo-home/bin/cargo" "+1.69.0" "metadata" "--manifest-path" "Cargo.toml" "--no-deps", kill_on_drop: false }`
[INFO] started tweaking crates.io crate icu_displaynames 0.10.0
[INFO] finished tweaking crates.io crate icu_displaynames 0.10.0
[INFO] tweaked toml for crates.io crate icu_displaynames 0.10.0 written to /workspace/builds/worker-1-tc1/source/Cargo.toml
[INFO] running `Command { std: CARGO_HOME="/workspace/cargo-home" RUSTUP_HOME="/workspace/rustup-home" __CARGO_TEST_CHANNEL_OVERRIDE_DO_NOT_USE_THIS="nightly" "/workspace/cargo-home/bin/cargo" "+1.69.0" "generate-lockfile" "--manifest-path" "Cargo.toml" "-Zno-index-update", kill_on_drop: false }`
[INFO] running `Command { std: CARGO_HOME="/workspace/cargo-home" RUSTUP_HOME="/workspace/rustup-home" "/workspace/cargo-home/bin/cargo" "+1.69.0" "fetch" "--manifest-path" "Cargo.toml", kill_on_drop: false }`
[INFO] [stderr]  Downloading crates ...
[INFO] [stderr]   Downloaded zerofrom-derive v0.1.2
[INFO] [stderr]   Downloaded databake v0.1.5
[INFO] [stderr]   Downloaded zerovec-derive v0.9.4
[INFO] [stderr]   Downloaded databake-derive v0.1.5
[INFO] [stderr]   Downloaded yoke-derive v0.7.1
[INFO] [stderr]   Downloaded yoke v0.7.1
[INFO] [stderr]   Downloaded icu_collections v1.2.0
[INFO] [stderr]   Downloaded zerofrom v0.1.2
[INFO] [stderr]   Downloaded icu_provider_macros v1.2.0
[INFO] [stderr]   Downloaded writeable v0.5.2
[INFO] [stderr]   Downloaded icu_provider v1.2.0
[INFO] [stderr]   Downloaded icu_locid v1.2.0
[INFO] [stderr]   Downloaded litemap v0.7.0
[INFO] [stderr]   Downloaded zerovec v0.9.4
[INFO] running `Command { std: "docker" "create" "-v" "/var/lib/crater-agent-workspace/builds/worker-1-tc1/target:/opt/rustwide/target:rw,Z" "-v" "/var/lib/crater-agent-workspace/builds/worker-1-tc1/source:/opt/rustwide/workdir:ro,Z" "-v" "/var/lib/crater-agent-workspace/cargo-home:/opt/rustwide/cargo-home:ro,Z" "-v" "/var/lib/crater-agent-workspace/rustup-home:/opt/rustwide/rustup-home:ro,Z" "-e" "SOURCE_DIR=/opt/rustwide/workdir" "-e" "CARGO_TARGET_DIR=/opt/rustwide/target" "-e" "CARGO_HOME=/opt/rustwide/cargo-home" "-e" "RUSTUP_HOME=/opt/rustwide/rustup-home" "-w" "/opt/rustwide/workdir" "-m" "1610612736" "--user" "0:0" "--network" "none" "ghcr.io/rust-lang/crates-build-env/linux@sha256:5ff2268d62e97bff2cde7d5815dd6ed5b47097566f13b8d0ca110b04b60e07ed" "/opt/rustwide/cargo-home/bin/cargo" "+1.69.0" "metadata" "--no-deps" "--format-version=1", kill_on_drop: false }`
[INFO] [stdout] 01d1ed43a4757a486fcd6ecdaf84021248def4a42a4bb209c4c9ef8b873f0efe
[INFO] running `Command { std: "docker" "start" "-a" "01d1ed43a4757a486fcd6ecdaf84021248def4a42a4bb209c4c9ef8b873f0efe", kill_on_drop: false }`
[INFO] running `Command { std: "docker" "inspect" "01d1ed43a4757a486fcd6ecdaf84021248def4a42a4bb209c4c9ef8b873f0efe", kill_on_drop: false }`
[INFO] running `Command { std: "docker" "rm" "-f" "01d1ed43a4757a486fcd6ecdaf84021248def4a42a4bb209c4c9ef8b873f0efe", kill_on_drop: false }`
[INFO] [stdout] 01d1ed43a4757a486fcd6ecdaf84021248def4a42a4bb209c4c9ef8b873f0efe
[INFO] running `Command { std: "docker" "create" "-v" "/var/lib/crater-agent-workspace/builds/worker-1-tc1/target:/opt/rustwide/target:rw,Z" "-v" "/var/lib/crater-agent-workspace/builds/worker-1-tc1/source:/opt/rustwide/workdir:ro,Z" "-v" "/var/lib/crater-agent-workspace/cargo-home:/opt/rustwide/cargo-home:ro,Z" "-v" "/var/lib/crater-agent-workspace/rustup-home:/opt/rustwide/rustup-home:ro,Z" "-e" "SOURCE_DIR=/opt/rustwide/workdir" "-e" "CARGO_TARGET_DIR=/opt/rustwide/target" "-e" "CARGO_INCREMENTAL=0" "-e" "RUST_BACKTRACE=full" "-e" "RUSTFLAGS=--cap-lints=warn" "-e" "RUSTDOCFLAGS=--cap-lints=warn" "-e" "CARGO_HOME=/opt/rustwide/cargo-home" "-e" "RUSTUP_HOME=/opt/rustwide/rustup-home" "-w" "/opt/rustwide/workdir" "-m" "1610612736" "--user" "0:0" "--network" "none" "ghcr.io/rust-lang/crates-build-env/linux@sha256:5ff2268d62e97bff2cde7d5815dd6ed5b47097566f13b8d0ca110b04b60e07ed" "/opt/rustwide/cargo-home/bin/cargo" "+1.69.0" "build" "--frozen" "--message-format=json", kill_on_drop: false }`
[INFO] [stdout] 68aad0fc180b144ac3aa1fdb173773c0c2866957d34f27f609f329a470242193
[INFO] running `Command { std: "docker" "start" "-a" "68aad0fc180b144ac3aa1fdb173773c0c2866957d34f27f609f329a470242193", kill_on_drop: false }`
[INFO] [stderr]    Compiling syn v1.0.109
[INFO] [stderr]    Compiling unicode-xid v0.2.4
[INFO] [stderr]    Compiling stable_deref_trait v1.2.0
[INFO] [stderr]    Compiling litemap v0.7.0
[INFO] [stderr]    Compiling writeable v0.5.2
[INFO] [stderr]    Compiling synstructure v0.12.6
[INFO] [stderr]    Compiling zerofrom-derive v0.1.2
[INFO] [stderr]    Compiling yoke-derive v0.7.1
[INFO] [stderr]    Compiling zerovec-derive v0.9.4
[INFO] [stderr]    Compiling displaydoc v0.2.3
[INFO] [stderr]    Compiling icu_provider_macros v1.2.0
[INFO] [stderr]    Compiling zerofrom v0.1.2
[INFO] [stderr]    Compiling yoke v0.7.1
[INFO] [stderr]    Compiling zerovec v0.9.4
[INFO] [stderr]    Compiling tinystr v0.7.1
[INFO] [stderr]    Compiling icu_collections v1.2.0
[INFO] [stderr]    Compiling icu_locid v1.2.0
[INFO] [stderr]    Compiling icu_provider v1.2.0
[INFO] [stderr]    Compiling icu_displaynames v0.10.0 (/opt/rustwide/workdir)
[INFO] [stderr]     Finished dev [unoptimized + debuginfo] target(s) in 10.85s
[INFO] running `Command { std: "docker" "inspect" "68aad0fc180b144ac3aa1fdb173773c0c2866957d34f27f609f329a470242193", kill_on_drop: false }`
[INFO] running `Command { std: "docker" "rm" "-f" "68aad0fc180b144ac3aa1fdb173773c0c2866957d34f27f609f329a470242193", kill_on_drop: false }`
[INFO] [stdout] 68aad0fc180b144ac3aa1fdb173773c0c2866957d34f27f609f329a470242193
[INFO] running `Command { std: "docker" "create" "-v" "/var/lib/crater-agent-workspace/builds/worker-1-tc1/target:/opt/rustwide/target:rw,Z" "-v" "/var/lib/crater-agent-workspace/builds/worker-1-tc1/source:/opt/rustwide/workdir:ro,Z" "-v" "/var/lib/crater-agent-workspace/cargo-home:/opt/rustwide/cargo-home:ro,Z" "-v" "/var/lib/crater-agent-workspace/rustup-home:/opt/rustwide/rustup-home:ro,Z" "-e" "SOURCE_DIR=/opt/rustwide/workdir" "-e" "CARGO_TARGET_DIR=/opt/rustwide/target" "-e" "CARGO_INCREMENTAL=0" "-e" "RUST_BACKTRACE=full" "-e" "RUSTFLAGS=--cap-lints=warn" "-e" "RUSTDOCFLAGS=--cap-lints=warn" "-e" "CARGO_HOME=/opt/rustwide/cargo-home" "-e" "RUSTUP_HOME=/opt/rustwide/rustup-home" "-w" "/opt/rustwide/workdir" "-m" "1610612736" "--user" "0:0" "--network" "none" "ghcr.io/rust-lang/crates-build-env/linux@sha256:5ff2268d62e97bff2cde7d5815dd6ed5b47097566f13b8d0ca110b04b60e07ed" "/opt/rustwide/cargo-home/bin/cargo" "+1.69.0" "test" "--frozen" "--no-run" "--message-format=json", kill_on_drop: false }`
[INFO] [stdout] 1d71561607fc6e4033269c5c18d3cd343393373419b05c2670548661fb13d0e7
[INFO] running `Command { std: "docker" "start" "-a" "1d71561607fc6e4033269c5c18d3cd343393373419b05c2670548661fb13d0e7", kill_on_drop: false }`
[INFO] [stderr]    Compiling icu_displaynames v0.10.0 (/opt/rustwide/workdir)
[INFO] [stderr]     Finished test [unoptimized + debuginfo] target(s) in 0.50s
[INFO] running `Command { std: "docker" "inspect" "1d71561607fc6e4033269c5c18d3cd343393373419b05c2670548661fb13d0e7", kill_on_drop: false }`
[INFO] running `Command { std: "docker" "rm" "-f" "1d71561607fc6e4033269c5c18d3cd343393373419b05c2670548661fb13d0e7", kill_on_drop: false }`
[INFO] [stdout] 1d71561607fc6e4033269c5c18d3cd343393373419b05c2670548661fb13d0e7
[INFO] running `Command { std: "docker" "create" "-v" "/var/lib/crater-agent-workspace/builds/worker-1-tc1/target:/opt/rustwide/target:rw,Z" "-v" "/var/lib/crater-agent-workspace/builds/worker-1-tc1/source:/opt/rustwide/workdir:ro,Z" "-v" "/var/lib/crater-agent-workspace/cargo-home:/opt/rustwide/cargo-home:ro,Z" "-v" "/var/lib/crater-agent-workspace/rustup-home:/opt/rustwide/rustup-home:ro,Z" "-e" "SOURCE_DIR=/opt/rustwide/workdir" "-e" "CARGO_TARGET_DIR=/opt/rustwide/target" "-e" "CARGO_INCREMENTAL=0" "-e" "RUST_BACKTRACE=full" "-e" "RUSTFLAGS=--cap-lints=warn" "-e" "RUSTDOCFLAGS=--cap-lints=warn" "-e" "CARGO_HOME=/opt/rustwide/cargo-home" "-e" "RUSTUP_HOME=/opt/rustwide/rustup-home" "-w" "/opt/rustwide/workdir" "-m" "1610612736" "--user" "0:0" "--network" "none" "ghcr.io/rust-lang/crates-build-env/linux@sha256:5ff2268d62e97bff2cde7d5815dd6ed5b47097566f13b8d0ca110b04b60e07ed" "/opt/rustwide/cargo-home/bin/cargo" "+1.69.0" "test" "--frozen", kill_on_drop: false }`
[INFO] [stdout] 9a541d073424d46b66efed10388cc6cbfa24e36bd522c12cfb97859076ef3dae
[INFO] running `Command { std: "docker" "start" "-a" "9a541d073424d46b66efed10388cc6cbfa24e36bd522c12cfb97859076ef3dae", kill_on_drop: false }`
[INFO] [stderr]     Finished test [unoptimized + debuginfo] target(s) in 0.02s
[INFO] [stderr]      Running unittests src/lib.rs (/opt/rustwide/target/debug/deps/icu_displaynames-559cbf1b05c415a2)
[INFO] [stdout] 
[INFO] [stdout] running 0 tests
[INFO] [stdout] 
[INFO] [stdout] test result: ok. 0 passed; 0 failed; 0 ignored; 0 measured; 0 filtered out; finished in 0.00s
[INFO] [stdout] 
[INFO] [stderr]    Doc-tests icu_displaynames
[INFO] [stdout] 
[INFO] [stdout] running 5 tests
[INFO] [stdout] test src/displaynames.rs - displaynames::RegionDisplayNames (line 17) ... FAILED
[INFO] [stdout] test src/displaynames.rs - displaynames::ScriptDisplayNames (line 90) ... FAILED
[INFO] [stdout] test src/options.rs - options::DisplayNamesOptions (line 11) ... FAILED
[INFO] [stdout] test src/displaynames.rs - displaynames::LanguageDisplayNames (line 164) ... FAILED
[INFO] [stdout] test src/displaynames.rs - displaynames::LocaleDisplayNamesFormatter (line 239) ... FAILED
[INFO] [stdout] 
[INFO] [stdout] failures:
[INFO] [stdout] 
[INFO] [stdout] ---- src/displaynames.rs - displaynames::RegionDisplayNames (line 17) stdout ----
[INFO] [stdout] error[E0433]: failed to resolve: use of undeclared crate or module `icu_testdata`
[INFO] [stdout]   --> src/displaynames.rs:24:6
[INFO] [stdout]    |
[INFO] [stdout] 10 |     &icu_testdata::unstable(),
[INFO] [stdout]    |      ^^^^^^^^^^^^ use of undeclared crate or module `icu_testdata`
[INFO] [stdout] 
[INFO] [stdout] error: aborting due to previous error
[INFO] [stdout] 
[INFO] [stdout] For more information about this error, try `rustc --explain E0433`.
[INFO] [stdout] Couldn't compile the test.
[INFO] [stdout] ---- src/displaynames.rs - displaynames::ScriptDisplayNames (line 90) stdout ----
[INFO] [stdout] error[E0433]: failed to resolve: use of undeclared crate or module `icu_testdata`
[INFO] [stdout]   --> src/displaynames.rs:97:6
[INFO] [stdout]    |
[INFO] [stdout] 10 |     &icu_testdata::unstable(),
[INFO] [stdout]    |      ^^^^^^^^^^^^ use of undeclared crate or module `icu_testdata`
[INFO] [stdout] 
[INFO] [stdout] error: aborting due to previous error
[INFO] [stdout] 
[INFO] [stdout] For more information about this error, try `rustc --explain E0433`.
[INFO] [stdout] Couldn't compile the test.
[INFO] [stdout] ---- src/options.rs - options::DisplayNamesOptions (line 11) stdout ----
[INFO] [stdout] error[E0433]: failed to resolve: use of undeclared crate or module `icu_testdata`
[INFO] [stdout]   --> src/options.rs:19:6
[INFO] [stdout]    |
[INFO] [stdout] 11 |     &icu_testdata::unstable(),
[INFO] [stdout]    |      ^^^^^^^^^^^^ use of undeclared crate or module `icu_testdata`
[INFO] [stdout] 
[INFO] [stdout] error: aborting due to previous error
[INFO] [stdout] 
[INFO] [stdout] For more information about this error, try `rustc --explain E0433`.
[INFO] [stdout] Couldn't compile the test.
[INFO] [stdout] ---- src/displaynames.rs - displaynames::LanguageDisplayNames (line 164) stdout ----
[INFO] [stdout] error[E0433]: failed to resolve: use of undeclared crate or module `icu_testdata`
[INFO] [stdout]   --> src/displaynames.rs:171:6
[INFO] [stdout]    |
[INFO] [stdout] 10 |     &icu_testdata::unstable(),
[INFO] [stdout]    |      ^^^^^^^^^^^^ use of undeclared crate or module `icu_testdata`
[INFO] [stdout] 
[INFO] [stdout] error: aborting due to previous error
[INFO] [stdout] 
[INFO] [stdout] For more information about this error, try `rustc --explain E0433`.
[INFO] [stdout] Couldn't compile the test.
[INFO] [stdout] ---- src/displaynames.rs - displaynames::LocaleDisplayNamesFormatter (line 239) stdout ----
[INFO] [stdout] error[E0433]: failed to resolve: use of undeclared crate or module `icu_testdata`
[INFO] [stdout]   --> src/displaynames.rs:246:6
[INFO] [stdout]    |
[INFO] [stdout] 10 |     &icu_testdata::unstable(),
[INFO] [stdout]    |      ^^^^^^^^^^^^ use of undeclared crate or module `icu_testdata`
[INFO] [stdout] 
[INFO] [stdout] error: aborting due to previous error
[INFO] [stdout] 
[INFO] [stdout] For more information about this error, try `rustc --explain E0433`.
[INFO] [stdout] Couldn't compile the test.
[INFO] [stdout] 
[INFO] [stdout] failures:
[INFO] [stdout]     src/displaynames.rs - displaynames::LanguageDisplayNames (line 164)
[INFO] [stdout]     src/displaynames.rs - displaynames::LocaleDisplayNamesFormatter (line 239)
[INFO] [stdout]     src/displaynames.rs - displaynames::RegionDisplayNames (line 17)
[INFO] [stdout]     src/displaynames.rs - displaynames::ScriptDisplayNames (line 90)
[INFO] [stdout]     src/options.rs - options::DisplayNamesOptions (line 11)
[INFO] [stdout] 
[INFO] [stdout] test result: FAILED. 0 passed; 5 failed; 0 ignored; 0 measured; 0 filtered out; finished in 0.07s
[INFO] [stdout] 
[INFO] [stderr] error: doctest failed, to rerun pass `--doc`
[INFO] running `Command { std: "docker" "inspect" "9a541d073424d46b66efed10388cc6cbfa24e36bd522c12cfb97859076ef3dae", kill_on_drop: false }`
[INFO] running `Command { std: "docker" "rm" "-f" "9a541d073424d46b66efed10388cc6cbfa24e36bd522c12cfb97859076ef3dae", kill_on_drop: false }`
[INFO] [stdout] 9a541d073424d46b66efed10388cc6cbfa24e36bd522c12cfb97859076ef3dae
