[INFO] fetching crate icu_collator 1.2.0...
[INFO] testing icu_collator-1.2.0 against 1.69.0 for beta-1.70-1
[INFO] extracting crate icu_collator 1.2.0 into /workspace/builds/worker-6-tc1/source
[INFO] validating manifest of crates.io crate icu_collator 1.2.0 on toolchain 1.69.0
[INFO] running `Command { std: CARGO_HOME="/workspace/cargo-home" RUSTUP_HOME="/workspace/rustup-home" "/workspace/cargo-home/bin/cargo" "+1.69.0" "metadata" "--manifest-path" "Cargo.toml" "--no-deps", kill_on_drop: false }`
[INFO] started tweaking crates.io crate icu_collator 1.2.0
[INFO] removed 0 missing tests
[INFO] finished tweaking crates.io crate icu_collator 1.2.0
[INFO] tweaked toml for crates.io crate icu_collator 1.2.0 written to /workspace/builds/worker-6-tc1/source/Cargo.toml
[INFO] running `Command { std: CARGO_HOME="/workspace/cargo-home" RUSTUP_HOME="/workspace/rustup-home" __CARGO_TEST_CHANNEL_OVERRIDE_DO_NOT_USE_THIS="nightly" "/workspace/cargo-home/bin/cargo" "+1.69.0" "generate-lockfile" "--manifest-path" "Cargo.toml" "-Zno-index-update", kill_on_drop: false }`
[INFO] running `Command { std: CARGO_HOME="/workspace/cargo-home" RUSTUP_HOME="/workspace/rustup-home" "/workspace/cargo-home/bin/cargo" "+1.69.0" "fetch" "--manifest-path" "Cargo.toml", kill_on_drop: false }`
[INFO] [stderr]  Downloading crates ...
[INFO] [stderr]   Downloaded zerovec-derive v0.9.4
[INFO] [stderr]   Downloaded icu_provider_macros v1.2.0
[INFO] [stderr]   Downloaded icu_normalizer v1.2.0
[INFO] [stderr]   Downloaded icu_properties v1.2.0
[INFO] [stderr]   Downloaded litemap v0.7.0
[INFO] [stderr]   Downloaded arraystring v0.3.0
[INFO] [stderr]   Downloaded databake-derive v0.1.5
[INFO] [stderr]   Downloaded tinystr v0.7.1
[INFO] [stderr]   Downloaded icu_collections v1.2.0
[INFO] [stderr]   Downloaded displaydoc v0.2.3
[INFO] [stderr]   Downloaded writeable v0.5.2
[INFO] [stderr]   Downloaded write16 v1.0.0
[INFO] [stderr]   Downloaded utf16_iter v1.0.4
[INFO] [stderr]   Downloaded zerovec v0.9.4
[INFO] [stderr]   Downloaded icu_provider v1.2.0
[INFO] [stderr]   Downloaded utf8_iter v1.0.3
[INFO] [stderr]   Downloaded databake v0.1.5
[INFO] [stderr]   Downloaded yoke-derive v0.7.1
[INFO] [stderr]   Downloaded yoke v0.7.1
[INFO] [stderr]   Downloaded zerofrom-derive v0.1.2
[INFO] [stderr]   Downloaded zerofrom v0.1.2
[INFO] [stderr]   Downloaded icu_locid v1.2.0
[INFO] running `Command { std: "docker" "create" "-v" "/var/lib/crater-agent-workspace/builds/worker-6-tc1/target:/opt/rustwide/target:rw,Z" "-v" "/var/lib/crater-agent-workspace/builds/worker-6-tc1/source:/opt/rustwide/workdir:ro,Z" "-v" "/var/lib/crater-agent-workspace/cargo-home:/opt/rustwide/cargo-home:ro,Z" "-v" "/var/lib/crater-agent-workspace/rustup-home:/opt/rustwide/rustup-home:ro,Z" "-e" "SOURCE_DIR=/opt/rustwide/workdir" "-e" "CARGO_TARGET_DIR=/opt/rustwide/target" "-e" "CARGO_HOME=/opt/rustwide/cargo-home" "-e" "RUSTUP_HOME=/opt/rustwide/rustup-home" "-w" "/opt/rustwide/workdir" "-m" "1610612736" "--user" "0:0" "--network" "none" "ghcr.io/rust-lang/crates-build-env/linux@sha256:5ff2268d62e97bff2cde7d5815dd6ed5b47097566f13b8d0ca110b04b60e07ed" "/opt/rustwide/cargo-home/bin/cargo" "+1.69.0" "metadata" "--no-deps" "--format-version=1", kill_on_drop: false }`
[INFO] [stdout] c311c32e01ba955aeaadcd890a10e41203f335cf64307a10fd6eb8ac6510f4f8
[INFO] running `Command { std: "docker" "start" "-a" "c311c32e01ba955aeaadcd890a10e41203f335cf64307a10fd6eb8ac6510f4f8", kill_on_drop: false }`
[INFO] running `Command { std: "docker" "inspect" "c311c32e01ba955aeaadcd890a10e41203f335cf64307a10fd6eb8ac6510f4f8", kill_on_drop: false }`
[INFO] running `Command { std: "docker" "rm" "-f" "c311c32e01ba955aeaadcd890a10e41203f335cf64307a10fd6eb8ac6510f4f8", kill_on_drop: false }`
[INFO] [stdout] c311c32e01ba955aeaadcd890a10e41203f335cf64307a10fd6eb8ac6510f4f8
[INFO] running `Command { std: "docker" "create" "-v" "/var/lib/crater-agent-workspace/builds/worker-6-tc1/target:/opt/rustwide/target:rw,Z" "-v" "/var/lib/crater-agent-workspace/builds/worker-6-tc1/source:/opt/rustwide/workdir:ro,Z" "-v" "/var/lib/crater-agent-workspace/cargo-home:/opt/rustwide/cargo-home:ro,Z" "-v" "/var/lib/crater-agent-workspace/rustup-home:/opt/rustwide/rustup-home:ro,Z" "-e" "SOURCE_DIR=/opt/rustwide/workdir" "-e" "CARGO_TARGET_DIR=/opt/rustwide/target" "-e" "CARGO_INCREMENTAL=0" "-e" "RUST_BACKTRACE=full" "-e" "RUSTFLAGS=--cap-lints=warn" "-e" "RUSTDOCFLAGS=--cap-lints=warn" "-e" "CARGO_HOME=/opt/rustwide/cargo-home" "-e" "RUSTUP_HOME=/opt/rustwide/rustup-home" "-w" "/opt/rustwide/workdir" "-m" "1610612736" "--user" "0:0" "--network" "none" "ghcr.io/rust-lang/crates-build-env/linux@sha256:5ff2268d62e97bff2cde7d5815dd6ed5b47097566f13b8d0ca110b04b60e07ed" "/opt/rustwide/cargo-home/bin/cargo" "+1.69.0" "build" "--frozen" "--message-format=json", kill_on_drop: false }`
[INFO] [stdout] 0d9d7973ac9b422a40daa2ead345146b6cc1eb3255e7558d11bf9092d50ae7ca
[INFO] running `Command { std: "docker" "start" "-a" "0d9d7973ac9b422a40daa2ead345146b6cc1eb3255e7558d11bf9092d50ae7ca", kill_on_drop: false }`
[INFO] [stderr]     Blocking waiting for file lock on package cache
[INFO] [stderr]    Compiling syn v1.0.109
[INFO] [stderr]    Compiling stable_deref_trait v1.2.0
[INFO] [stderr]    Compiling litemap v0.7.0
[INFO] [stderr]    Compiling writeable v0.5.2
[INFO] [stderr]    Compiling utf16_iter v1.0.4
[INFO] [stderr]    Compiling smallvec v1.10.0
[INFO] [stderr]    Compiling write16 v1.0.0
[INFO] [stderr]    Compiling utf8_iter v1.0.3
[INFO] [stderr]    Compiling synstructure v0.12.6
[INFO] [stderr]    Compiling zerofrom-derive v0.1.2
[INFO] [stderr]    Compiling yoke-derive v0.7.1
[INFO] [stderr]    Compiling zerovec-derive v0.9.4
[INFO] [stderr]    Compiling displaydoc v0.2.3
[INFO] [stderr]    Compiling icu_provider_macros v1.2.0
[INFO] [stderr]    Compiling zerofrom v0.1.2
[INFO] [stderr]    Compiling yoke v0.7.1
[INFO] [stderr]    Compiling zerovec v0.9.4
[INFO] [stderr]    Compiling tinystr v0.7.1
[INFO] [stderr]    Compiling icu_collections v1.2.0
[INFO] [stderr]    Compiling icu_locid v1.2.0
[INFO] [stderr]    Compiling icu_provider v1.2.0
[INFO] [stderr]    Compiling icu_properties v1.2.0
[INFO] [stderr]    Compiling icu_normalizer v1.2.0
[INFO] [stderr]    Compiling icu_collator v1.2.0 (/opt/rustwide/workdir)
[INFO] [stderr]     Finished dev [unoptimized + debuginfo] target(s) in 22.06s
[INFO] running `Command { std: "docker" "inspect" "0d9d7973ac9b422a40daa2ead345146b6cc1eb3255e7558d11bf9092d50ae7ca", kill_on_drop: false }`
[INFO] running `Command { std: "docker" "rm" "-f" "0d9d7973ac9b422a40daa2ead345146b6cc1eb3255e7558d11bf9092d50ae7ca", kill_on_drop: false }`
[INFO] [stdout] 0d9d7973ac9b422a40daa2ead345146b6cc1eb3255e7558d11bf9092d50ae7ca
[INFO] running `Command { std: "docker" "create" "-v" "/var/lib/crater-agent-workspace/builds/worker-6-tc1/target:/opt/rustwide/target:rw,Z" "-v" "/var/lib/crater-agent-workspace/builds/worker-6-tc1/source:/opt/rustwide/workdir:ro,Z" "-v" "/var/lib/crater-agent-workspace/cargo-home:/opt/rustwide/cargo-home:ro,Z" "-v" "/var/lib/crater-agent-workspace/rustup-home:/opt/rustwide/rustup-home:ro,Z" "-e" "SOURCE_DIR=/opt/rustwide/workdir" "-e" "CARGO_TARGET_DIR=/opt/rustwide/target" "-e" "CARGO_INCREMENTAL=0" "-e" "RUST_BACKTRACE=full" "-e" "RUSTFLAGS=--cap-lints=warn" "-e" "RUSTDOCFLAGS=--cap-lints=warn" "-e" "CARGO_HOME=/opt/rustwide/cargo-home" "-e" "RUSTUP_HOME=/opt/rustwide/rustup-home" "-w" "/opt/rustwide/workdir" "-m" "1610612736" "--user" "0:0" "--network" "none" "ghcr.io/rust-lang/crates-build-env/linux@sha256:5ff2268d62e97bff2cde7d5815dd6ed5b47097566f13b8d0ca110b04b60e07ed" "/opt/rustwide/cargo-home/bin/cargo" "+1.69.0" "test" "--frozen" "--no-run" "--message-format=json", kill_on_drop: false }`
[INFO] [stdout] 26e389e8c78a2e1fbed690cce78ac15b2ecf4c7ca14eb168b6a32c882d2eb468
[INFO] running `Command { std: "docker" "start" "-a" "26e389e8c78a2e1fbed690cce78ac15b2ecf4c7ca14eb168b6a32c882d2eb468", kill_on_drop: false }`
[INFO] [stderr]    Compiling memoffset v0.8.0
[INFO] [stderr]    Compiling crossbeam-epoch v0.9.14
[INFO] [stderr]    Compiling serde v1.0.160
[INFO] [stderr]    Compiling serde_derive v1.0.160
[INFO] [stderr]    Compiling rayon-core v1.11.0
[INFO] [stderr]    Compiling either v1.8.1
[INFO] [stderr]    Compiling crossbeam-channel v0.5.8
[INFO] [stderr]    Compiling half v1.8.2
[INFO] [stderr]    Compiling ciborium-io v0.2.0
[INFO] [stderr]    Compiling os_str_bytes v6.5.0
[INFO] [stderr]    Compiling plotters-backend v0.3.4
[INFO] [stderr]    Compiling ciborium-ll v0.2.0
[INFO] [stderr]    Compiling itertools v0.10.5
[INFO] [stderr]    Compiling clap_lex v0.2.4
[INFO] [stderr]    Compiling plotters-svg v0.3.3
[INFO] [stderr]    Compiling regex-syntax v0.7.1
[INFO] [stderr]    Compiling cast v0.3.0
[INFO] [stderr]    Compiling clap v3.2.25
[INFO] [stderr]    Compiling atty v0.2.14
[INFO] [stderr]    Compiling crossbeam-deque v0.8.3
[INFO] [stderr]    Compiling plotters v0.3.4
[INFO] [stderr]    Compiling oorandom v11.1.3
[INFO] [stderr]    Compiling anes v0.1.6
[INFO] [stderr]    Compiling arraystring v0.3.0
[INFO] [stderr]    Compiling atoi v1.0.0
[INFO] [stderr]    Compiling criterion-plot v0.5.0
[INFO] [stderr]    Compiling rayon v1.7.0
[INFO] [stderr]    Compiling regex v1.8.1
[INFO] [stderr]    Compiling serde_json v1.0.96
[INFO] [stderr]    Compiling ciborium v0.2.0
[INFO] [stderr]    Compiling tinytemplate v1.2.1
[INFO] [stderr]    Compiling criterion v0.4.0
[INFO] [stderr]    Compiling icu_collator v1.2.0 (/opt/rustwide/workdir)
[INFO] [stdout] error[E0433]: failed to resolve: use of undeclared crate or module `icu_testdata`
[INFO] [stdout]   --> tests/tests.rs:80:37
[INFO] [stdout]    |
[INFO] [stdout] 80 |         Collator::try_new_unstable(&icu_testdata::unstable(), &Default::default(), options)
[INFO] [stdout]    |                                     ^^^^^^^^^^^^ use of undeclared crate or module `icu_testdata`
[INFO] [stdout] 
[INFO] [stdout] 
[INFO] [stdout] error[E0433]: failed to resolve: use of undeclared crate or module `icu_testdata`
[INFO] [stdout]    --> tests/tests.rs:100:37
[INFO] [stdout]     |
[INFO] [stdout] 100 |         Collator::try_new_unstable(&icu_testdata::unstable(), &Default::default(), options)
[INFO] [stdout]     |                                     ^^^^^^^^^^^^ use of undeclared crate or module `icu_testdata`
[INFO] [stdout] 
[INFO] [stdout] 
[INFO] [stdout] error[E0433]: failed to resolve: use of undeclared crate or module `icu_testdata`
[INFO] [stdout]    --> tests/tests.rs:176:41
[INFO] [stdout]     |
[INFO] [stdout] 176 |             Collator::try_new_unstable(&icu_testdata::unstable(), &Default::default(), options)
[INFO] [stdout]     |                                         ^^^^^^^^^^^^ use of undeclared crate or module `icu_testdata`
[INFO] [stdout] 
[INFO] [stdout] 
[INFO] [stdout] error[E0433]: failed to resolve: use of undeclared crate or module `icu_testdata`
[INFO] [stdout]    --> tests/tests.rs:186:41
[INFO] [stdout]     |
[INFO] [stdout] 186 |             Collator::try_new_unstable(&icu_testdata::unstable(), &Default::default(), options)
[INFO] [stdout]     |                                         ^^^^^^^^^^^^ use of undeclared crate or module `icu_testdata`
[INFO] [stdout] 
[INFO] [stdout] 
[INFO] [stdout] error[E0433]: failed to resolve: use of undeclared crate or module `icu_testdata`
[INFO] [stdout]    --> tests/tests.rs:362:41
[INFO] [stdout]     |
[INFO] [stdout] 362 |             Collator::try_new_unstable(&icu_testdata::unstable(), &Default::default(), options)
[INFO] [stdout]     |                                         ^^^^^^^^^^^^ use of undeclared crate or module `icu_testdata`
[INFO] [stdout] 
[INFO] [stdout] 
[INFO] [stdout] error[E0433]: failed to resolve: use of undeclared crate or module `icu_testdata`
[INFO] [stdout]    --> tests/tests.rs:372:41
[INFO] [stdout]     |
[INFO] [stdout] 372 |             Collator::try_new_unstable(&icu_testdata::unstable(), &Default::default(), options)
[INFO] [stdout]     |                                         ^^^^^^^^^^^^ use of undeclared crate or module `icu_testdata`
[INFO] [stdout] 
[INFO] [stdout] 
[INFO] [stdout] error[E0433]: failed to resolve: use of undeclared crate or module `icu_testdata`
[INFO] [stdout]    --> tests/tests.rs:387:41
[INFO] [stdout]     |
[INFO] [stdout] 387 |             Collator::try_new_unstable(&icu_testdata::unstable(), &Default::default(), options)
[INFO] [stdout]     |                                         ^^^^^^^^^^^^ use of undeclared crate or module `icu_testdata`
[INFO] [stdout] 
[INFO] [stdout] 
[INFO] [stdout] error[E0433]: failed to resolve: use of undeclared crate or module `icu_testdata`
[INFO] [stdout]    --> tests/tests.rs:405:41
[INFO] [stdout]     |
[INFO] [stdout] 405 |             Collator::try_new_unstable(&icu_testdata::unstable(), &locale.into(), options).unwrap();
[INFO] [stdout]     |                                         ^^^^^^^^^^^^ use of undeclared crate or module `icu_testdata`
[INFO] [stdout] 
[INFO] [stdout] 
[INFO] [stdout] error[E0433]: failed to resolve: use of undeclared crate or module `icu_testdata`
[INFO] [stdout]    --> tests/tests.rs:451:41
[INFO] [stdout]     |
[INFO] [stdout] 451 |             Collator::try_new_unstable(&icu_testdata::unstable(), &locale.into(), options).unwrap();
[INFO] [stdout]     |                                         ^^^^^^^^^^^^ use of undeclared crate or module `icu_testdata`
[INFO] [stdout] 
[INFO] [stdout] 
[INFO] [stdout] error[E0433]: failed to resolve: use of undeclared crate or module `icu_testdata`
[INFO] [stdout]    --> tests/tests.rs:467:37
[INFO] [stdout]     |
[INFO] [stdout] 467 |         Collator::try_new_unstable(&icu_testdata::unstable(), &locale.into(), options).unwrap();
[INFO] [stdout]     |                                     ^^^^^^^^^^^^ use of undeclared crate or module `icu_testdata`
[INFO] [stdout] 
[INFO] [stdout] 
[INFO] [stdout] error[E0433]: failed to resolve: use of undeclared crate or module `icu_testdata`
[INFO] [stdout]    --> tests/tests.rs:488:37
[INFO] [stdout]     |
[INFO] [stdout] 488 |         Collator::try_new_unstable(&icu_testdata::unstable(), &locale.into(), options).unwrap();
[INFO] [stdout]     |                                     ^^^^^^^^^^^^ use of undeclared crate or module `icu_testdata`
[INFO] [stdout] 
[INFO] [stdout] 
[INFO] [stdout] error[E0433]: failed to resolve: use of undeclared crate or module `icu_testdata`
[INFO] [stdout]    --> tests/tests.rs:510:37
[INFO] [stdout]     |
[INFO] [stdout] 510 |         Collator::try_new_unstable(&icu_testdata::unstable(), &locale.into(), options).unwrap();
[INFO] [stdout]     |                                     ^^^^^^^^^^^^ use of undeclared crate or module `icu_testdata`
[INFO] [stdout] 
[INFO] [stdout] 
[INFO] [stdout] error[E0433]: failed to resolve: use of undeclared crate or module `icu_testdata`
[INFO] [stdout]    --> tests/tests.rs:532:37
[INFO] [stdout]     |
[INFO] [stdout] 532 |         Collator::try_new_unstable(&icu_testdata::unstable(), &locale.into(), options).unwrap();
[INFO] [stdout]     |                                     ^^^^^^^^^^^^ use of undeclared crate or module `icu_testdata`
[INFO] [stdout] 
[INFO] [stdout] 
[INFO] [stdout] error[E0433]: failed to resolve: use of undeclared crate or module `icu_testdata`
[INFO] [stdout]    --> tests/tests.rs:559:37
[INFO] [stdout]     |
[INFO] [stdout] 559 |         Collator::try_new_unstable(&icu_testdata::unstable(), &locale.into(), options).unwrap();
[INFO] [stdout]     |                                     ^^^^^^^^^^^^ use of undeclared crate or module `icu_testdata`
[INFO] [stdout] 
[INFO] [stdout] 
[INFO] [stdout] error[E0433]: failed to resolve: use of undeclared crate or module `icu_testdata`
[INFO] [stdout]    --> tests/tests.rs:593:37
[INFO] [stdout]     |
[INFO] [stdout] 593 |         Collator::try_new_unstable(&icu_testdata::unstable(), &locale.into(), options).unwrap();
[INFO] [stdout]     |                                     ^^^^^^^^^^^^ use of undeclared crate or module `icu_testdata`
[INFO] [stdout] 
[INFO] [stdout] 
[INFO] [stdout] error[E0433]: failed to resolve: use of undeclared crate or module `icu_testdata`
[INFO] [stdout]    --> tests/tests.rs:615:10
[INFO] [stdout]     |
[INFO] [stdout] 615 |         &icu_testdata::unstable(),
[INFO] [stdout]     |          ^^^^^^^^^^^^ use of undeclared crate or module `icu_testdata`
[INFO] [stdout] 
[INFO] [stdout] 
[INFO] [stdout] error[E0433]: failed to resolve: use of undeclared crate or module `icu_testdata`
[INFO] [stdout]    --> tests/tests.rs:632:14
[INFO] [stdout]     |
[INFO] [stdout] 632 |             &icu_testdata::unstable(),
[INFO] [stdout]     |              ^^^^^^^^^^^^ use of undeclared crate or module `icu_testdata`
[INFO] [stdout] 
[INFO] [stdout] 
[INFO] [stdout] error[E0433]: failed to resolve: use of undeclared crate or module `icu_testdata`
[INFO] [stdout]    --> tests/tests.rs:644:14
[INFO] [stdout]     |
[INFO] [stdout] 644 |             &icu_testdata::unstable(),
[INFO] [stdout]     |              ^^^^^^^^^^^^ use of undeclared crate or module `icu_testdata`
[INFO] [stdout] 
[INFO] [stdout] 
[INFO] [stdout] error[E0433]: failed to resolve: use of undeclared crate or module `icu_testdata`
[INFO] [stdout]    --> tests/tests.rs:662:14
[INFO] [stdout]     |
[INFO] [stdout] 662 |             &icu_testdata::unstable(),
[INFO] [stdout]     |              ^^^^^^^^^^^^ use of undeclared crate or module `icu_testdata`
[INFO] [stdout] 
[INFO] [stdout] 
[INFO] [stdout] error[E0433]: failed to resolve: use of undeclared crate or module `icu_testdata`
[INFO] [stdout]    --> tests/tests.rs:679:14
[INFO] [stdout]     |
[INFO] [stdout] 679 |             &icu_testdata::unstable(),
[INFO] [stdout]     |              ^^^^^^^^^^^^ use of undeclared crate or module `icu_testdata`
[INFO] [stdout] 
[INFO] [stdout] 
[INFO] [stdout] error[E0433]: failed to resolve: use of undeclared crate or module `icu_testdata`
[INFO] [stdout]    --> tests/tests.rs:696:14
[INFO] [stdout]     |
[INFO] [stdout] 696 |             &icu_testdata::unstable(),
[INFO] [stdout]     |              ^^^^^^^^^^^^ use of undeclared crate or module `icu_testdata`
[INFO] [stdout] 
[INFO] [stdout] 
[INFO] [stdout] error[E0433]: failed to resolve: use of undeclared crate or module `icu_testdata`
[INFO] [stdout]    --> tests/tests.rs:713:14
[INFO] [stdout]     |
[INFO] [stdout] 713 |             &icu_testdata::unstable(),
[INFO] [stdout]     |              ^^^^^^^^^^^^ use of undeclared crate or module `icu_testdata`
[INFO] [stdout] 
[INFO] [stdout] 
[INFO] [stdout] error[E0433]: failed to resolve: use of undeclared crate or module `icu_testdata`
[INFO] [stdout]    --> tests/tests.rs:732:14
[INFO] [stdout]     |
[INFO] [stdout] 732 |             &icu_testdata::unstable(),
[INFO] [stdout]     |              ^^^^^^^^^^^^ use of undeclared crate or module `icu_testdata`
[INFO] [stdout] 
[INFO] [stdout] 
[INFO] [stdout] error[E0433]: failed to resolve: use of undeclared crate or module `icu_testdata`
[INFO] [stdout]    --> tests/tests.rs:749:14
[INFO] [stdout]     |
[INFO] [stdout] 749 |             &icu_testdata::unstable(),
[INFO] [stdout]     |              ^^^^^^^^^^^^ use of undeclared crate or module `icu_testdata`
[INFO] [stdout] 
[INFO] [stdout] 
[INFO] [stdout] error[E0433]: failed to resolve: use of undeclared crate or module `icu_testdata`
[INFO] [stdout]    --> tests/tests.rs:766:14
[INFO] [stdout]     |
[INFO] [stdout] 766 |             &icu_testdata::unstable(),
[INFO] [stdout]     |              ^^^^^^^^^^^^ use of undeclared crate or module `icu_testdata`
[INFO] [stdout] 
[INFO] [stdout] 
[INFO] [stdout] error[E0433]: failed to resolve: use of undeclared crate or module `icu_testdata`
[INFO] [stdout]    --> tests/tests.rs:783:14
[INFO] [stdout]     |
[INFO] [stdout] 783 |             &icu_testdata::unstable(),
[INFO] [stdout]     |              ^^^^^^^^^^^^ use of undeclared crate or module `icu_testdata`
[INFO] [stdout] 
[INFO] [stdout] 
[INFO] [stdout] error[E0433]: failed to resolve: use of undeclared crate or module `icu_testdata`
[INFO] [stdout]    --> tests/tests.rs:823:41
[INFO] [stdout]     |
[INFO] [stdout] 823 |             Collator::try_new_unstable(&icu_testdata::unstable(), &locale.into(), options).unwrap();
[INFO] [stdout]     |                                         ^^^^^^^^^^^^ use of undeclared crate or module `icu_testdata`
[INFO] [stdout] 
[INFO] [stdout] 
[INFO] [stdout] error[E0433]: failed to resolve: use of undeclared crate or module `icu_testdata`
[INFO] [stdout]    --> tests/tests.rs:846:41
[INFO] [stdout]     |
[INFO] [stdout] 846 |             Collator::try_new_unstable(&icu_testdata::unstable(), &locale.into(), options).unwrap();
[INFO] [stdout]     |                                         ^^^^^^^^^^^^ use of undeclared crate or module `icu_testdata`
[INFO] [stdout] 
[INFO] [stdout] 
[INFO] [stdout] error[E0433]: failed to resolve: use of undeclared crate or module `icu_testdata`
[INFO] [stdout]    --> tests/tests.rs:860:37
[INFO] [stdout]     |
[INFO] [stdout] 860 |         Collator::try_new_unstable(&icu_testdata::unstable(), &locale.into(), options).unwrap();
[INFO] [stdout]     |                                     ^^^^^^^^^^^^ use of undeclared crate or module `icu_testdata`
[INFO] [stdout] 
[INFO] [stdout] 
[INFO] [stdout] error[E0433]: failed to resolve: use of undeclared crate or module `icu_testdata`
[INFO] [stdout]    --> tests/tests.rs:876:37
[INFO] [stdout]     |
[INFO] [stdout] 876 |         Collator::try_new_unstable(&icu_testdata::unstable(), &locale.into(), options).unwrap();
[INFO] [stdout]     |                                     ^^^^^^^^^^^^ use of undeclared crate or module `icu_testdata`
[INFO] [stdout] 
[INFO] [stdout] 
[INFO] [stdout] error[E0433]: failed to resolve: use of undeclared crate or module `icu_testdata`
[INFO] [stdout]    --> tests/tests.rs:960:14
[INFO] [stdout]     |
[INFO] [stdout] 960 |             &icu_testdata::unstable(),
[INFO] [stdout]     |              ^^^^^^^^^^^^ use of undeclared crate or module `icu_testdata`
[INFO] [stdout] 
[INFO] [stdout] 
[INFO] [stdout] error[E0433]: failed to resolve: use of undeclared crate or module `icu_testdata`
[INFO] [stdout]     --> tests/tests.rs:1006:41
[INFO] [stdout]      |
[INFO] [stdout] 1006 |             Collator::try_new_unstable(&icu_testdata::unstable(), &locale.into(), options).unwrap();
[INFO] [stdout]      |                                         ^^^^^^^^^^^^ use of undeclared crate or module `icu_testdata`
[INFO] [stdout] 
[INFO] [stdout] 
[INFO] [stdout] error[E0433]: failed to resolve: use of undeclared crate or module `icu_testdata`
[INFO] [stdout]     --> tests/tests.rs:1033:41
[INFO] [stdout]      |
[INFO] [stdout] 1033 |             Collator::try_new_unstable(&icu_testdata::unstable(), &locale.into(), options).unwrap();
[INFO] [stdout]      |                                         ^^^^^^^^^^^^ use of undeclared crate or module `icu_testdata`
[INFO] [stdout] 
[INFO] [stdout] 
[INFO] [stdout] error[E0433]: failed to resolve: use of undeclared crate or module `icu_testdata`
[INFO] [stdout]     --> tests/tests.rs:1051:41
[INFO] [stdout]      |
[INFO] [stdout] 1051 |             Collator::try_new_unstable(&icu_testdata::unstable(), &locale.into(), options).unwrap();
[INFO] [stdout]      |                                         ^^^^^^^^^^^^ use of undeclared crate or module `icu_testdata`
[INFO] [stdout] 
[INFO] [stdout] 
[INFO] [stdout] error[E0433]: failed to resolve: use of undeclared crate or module `icu_testdata`
[INFO] [stdout]     --> tests/tests.rs:1087:41
[INFO] [stdout]      |
[INFO] [stdout] 1087 |             Collator::try_new_unstable(&icu_testdata::unstable(), &locale.into(), options).unwrap();
[INFO] [stdout]      |                                         ^^^^^^^^^^^^ use of undeclared crate or module `icu_testdata`
[INFO] [stdout] 
[INFO] [stdout] 
[INFO] [stdout] error[E0433]: failed to resolve: use of undeclared crate or module `icu_testdata`
[INFO] [stdout]     --> tests/tests.rs:1105:41
[INFO] [stdout]      |
[INFO] [stdout] 1105 |             Collator::try_new_unstable(&icu_testdata::unstable(), &locale.into(), options).unwrap();
[INFO] [stdout]      |                                         ^^^^^^^^^^^^ use of undeclared crate or module `icu_testdata`
[INFO] [stdout] 
[INFO] [stdout] 
[INFO] [stdout] error[E0433]: failed to resolve: use of undeclared crate or module `icu_testdata`
[INFO] [stdout]     --> tests/tests.rs:1129:41
[INFO] [stdout]      |
[INFO] [stdout] 1129 |             Collator::try_new_unstable(&icu_testdata::unstable(), &Default::default(), options)
[INFO] [stdout]      |                                         ^^^^^^^^^^^^ use of undeclared crate or module `icu_testdata`
[INFO] [stdout] 
[INFO] [stdout] 
[INFO] [stdout] error[E0433]: failed to resolve: use of undeclared crate or module `icu_testdata`
[INFO] [stdout]     --> tests/tests.rs:1141:37
[INFO] [stdout]      |
[INFO] [stdout] 1141 |         Collator::try_new_unstable(&icu_testdata::unstable(), &Default::default(), options)
[INFO] [stdout]      |                                     ^^^^^^^^^^^^ use of undeclared crate or module `icu_testdata`
[INFO] [stdout] 
[INFO] [stdout] 
[INFO] [stdout] error[E0433]: failed to resolve: use of undeclared crate or module `icu_testdata`
[INFO] [stdout]     --> tests/tests.rs:1178:37
[INFO] [stdout]      |
[INFO] [stdout] 1178 |         Collator::try_new_unstable(&icu_testdata::unstable(), &Default::default(), options)
[INFO] [stdout]      |                                     ^^^^^^^^^^^^ use of undeclared crate or module `icu_testdata`
[INFO] [stdout] 
[INFO] [stdout] 
[INFO] [stdout] error[E0433]: failed to resolve: use of undeclared crate or module `icu_testdata`
[INFO] [stdout]     --> tests/tests.rs:1189:37
[INFO] [stdout]      |
[INFO] [stdout] 1189 |         Collator::try_new_unstable(&icu_testdata::unstable(), &Default::default(), options)
[INFO] [stdout]      |                                     ^^^^^^^^^^^^ use of undeclared crate or module `icu_testdata`
[INFO] [stdout] 
[INFO] [stdout] 
[INFO] [stdout] error[E0433]: failed to resolve: use of undeclared crate or module `icu_testdata`
[INFO] [stdout]     --> tests/tests.rs:1204:41
[INFO] [stdout]      |
[INFO] [stdout] 1204 |             Collator::try_new_unstable(&icu_testdata::unstable(), &Default::default(), options)
[INFO] [stdout]      |                                         ^^^^^^^^^^^^ use of undeclared crate or module `icu_testdata`
[INFO] [stdout] 
[INFO] [stdout] 
[INFO] [stdout] error[E0433]: failed to resolve: use of undeclared crate or module `icu_testdata`
[INFO] [stdout]     --> tests/tests.rs:1221:41
[INFO] [stdout]      |
[INFO] [stdout] 1221 |             Collator::try_new_unstable(&icu_testdata::unstable(), &Default::default(), options)
[INFO] [stdout]      |                                         ^^^^^^^^^^^^ use of undeclared crate or module `icu_testdata`
[INFO] [stdout] 
[INFO] [stdout] 
[INFO] [stdout] error[E0433]: failed to resolve: use of undeclared crate or module `icu_testdata`
[INFO] [stdout]     --> tests/tests.rs:1256:41
[INFO] [stdout]      |
[INFO] [stdout] 1256 |             Collator::try_new_unstable(&icu_testdata::unstable(), &(&locale).into(), options)
[INFO] [stdout]      |                                         ^^^^^^^^^^^^ use of undeclared crate or module `icu_testdata`
[INFO] [stdout] 
[INFO] [stdout] 
[INFO] [stdout] error[E0433]: failed to resolve: use of undeclared crate or module `icu_testdata`
[INFO] [stdout]     --> tests/tests.rs:1271:41
[INFO] [stdout]      |
[INFO] [stdout] 1271 |             Collator::try_new_unstable(&icu_testdata::unstable(), &locale.into(), options).unwrap();
[INFO] [stdout]      |                                         ^^^^^^^^^^^^ use of undeclared crate or module `icu_testdata`
[INFO] [stdout] 
[INFO] [stdout] 
[INFO] [stdout] error[E0433]: failed to resolve: use of undeclared crate or module `icu_testdata`
[INFO] [stdout]     --> tests/tests.rs:1291:41
[INFO] [stdout]      |
[INFO] [stdout] 1291 |             Collator::try_new_unstable(&icu_testdata::unstable(), &(&locale).into(), options)
[INFO] [stdout]      |                                         ^^^^^^^^^^^^ use of undeclared crate or module `icu_testdata`
[INFO] [stdout] 
[INFO] [stdout] 
[INFO] [stdout] error[E0433]: failed to resolve: use of undeclared crate or module `icu_testdata`
[INFO] [stdout]     --> tests/tests.rs:1306:41
[INFO] [stdout]      |
[INFO] [stdout] 1306 |             Collator::try_new_unstable(&icu_testdata::unstable(), &locale.into(), options).unwrap();
[INFO] [stdout]      |                                         ^^^^^^^^^^^^ use of undeclared crate or module `icu_testdata`
[INFO] [stdout] 
[INFO] [stdout] 
[INFO] [stdout] error[E0433]: failed to resolve: use of undeclared crate or module `icu_testdata`
[INFO] [stdout]     --> tests/tests.rs:1328:37
[INFO] [stdout]      |
[INFO] [stdout] 1328 |         Collator::try_new_unstable(&icu_testdata::unstable(), &Default::default(), options)
[INFO] [stdout]      |                                     ^^^^^^^^^^^^ use of undeclared crate or module `icu_testdata`
[INFO] [stdout] 
[INFO] [stdout] 
[INFO] [stdout] error[E0433]: failed to resolve: use of undeclared crate or module `icu_testdata`
[INFO] [stdout]     --> tests/tests.rs:1373:37
[INFO] [stdout]      |
[INFO] [stdout] 1373 |         Collator::try_new_unstable(&icu_testdata::unstable(), &Default::default(), options)
[INFO] [stdout]      |                                     ^^^^^^^^^^^^ use of undeclared crate or module `icu_testdata`
[INFO] [stdout] 
[INFO] [stdout] 
[INFO] [stdout] error[E0433]: failed to resolve: use of undeclared crate or module `icu_testdata`
[INFO] [stdout]     --> tests/tests.rs:1413:37
[INFO] [stdout]      |
[INFO] [stdout] 1413 |         Collator::try_new_unstable(&icu_testdata::unstable(), &Default::default(), options)
[INFO] [stdout]      |                                     ^^^^^^^^^^^^ use of undeclared crate or module `icu_testdata`
[INFO] [stdout] 
[INFO] [stdout] 
[INFO] [stdout] error: aborting due to 49 previous errors
[INFO] [stdout] 
[INFO] [stdout] 
[INFO] [stdout] For more information about this error, try `rustc --explain E0433`.
[INFO] [stdout] 
[INFO] [stderr] error: could not compile `icu_collator` due to 50 previous errors
[INFO] [stderr] warning: build failed, waiting for other jobs to finish...
[INFO] running `Command { std: "docker" "inspect" "26e389e8c78a2e1fbed690cce78ac15b2ecf4c7ca14eb168b6a32c882d2eb468", kill_on_drop: false }`
[INFO] running `Command { std: "docker" "rm" "-f" "26e389e8c78a2e1fbed690cce78ac15b2ecf4c7ca14eb168b6a32c882d2eb468", kill_on_drop: false }`
[INFO] [stdout] 26e389e8c78a2e1fbed690cce78ac15b2ecf4c7ca14eb168b6a32c882d2eb468
