[INFO] fetching crate icu_codepointtrie_builder 0.3.5...
[INFO] testing icu_codepointtrie_builder-0.3.5 against 1.69.0 for beta-1.70-1
[INFO] extracting crate icu_codepointtrie_builder 0.3.5 into /workspace/builds/worker-2-tc1/source
[INFO] validating manifest of crates.io crate icu_codepointtrie_builder 0.3.5 on toolchain 1.69.0
[INFO] running `Command { std: CARGO_HOME="/workspace/cargo-home" RUSTUP_HOME="/workspace/rustup-home" "/workspace/cargo-home/bin/cargo" "+1.69.0" "metadata" "--manifest-path" "Cargo.toml" "--no-deps", kill_on_drop: false }`
[INFO] started tweaking crates.io crate icu_codepointtrie_builder 0.3.5
[INFO] finished tweaking crates.io crate icu_codepointtrie_builder 0.3.5
[INFO] tweaked toml for crates.io crate icu_codepointtrie_builder 0.3.5 written to /workspace/builds/worker-2-tc1/source/Cargo.toml
[INFO] running `Command { std: CARGO_HOME="/workspace/cargo-home" RUSTUP_HOME="/workspace/rustup-home" __CARGO_TEST_CHANNEL_OVERRIDE_DO_NOT_USE_THIS="nightly" "/workspace/cargo-home/bin/cargo" "+1.69.0" "generate-lockfile" "--manifest-path" "Cargo.toml" "-Zno-index-update", kill_on_drop: false }`
[INFO] [stderr]     Blocking waiting for file lock on package cache
[INFO] running `Command { std: CARGO_HOME="/workspace/cargo-home" RUSTUP_HOME="/workspace/rustup-home" "/workspace/cargo-home/bin/cargo" "+1.69.0" "fetch" "--manifest-path" "Cargo.toml", kill_on_drop: false }`
[INFO] [stderr]  Downloading crates ...
[INFO] [stderr]   Downloaded more-asserts v0.2.2
[INFO] [stderr]   Downloaded wasmer-engine-universal v2.3.0
[INFO] [stderr]   Downloaded wasmer-compiler v2.3.0
[INFO] [stderr]   Downloaded wasmer-engine-universal-artifact v2.3.0
[INFO] [stderr]   Downloaded corosensei v0.1.3
[INFO] [stderr]   Downloaded wasmer-artifact v2.3.0
[INFO] [stderr]   Downloaded enum-iterator-derive v0.7.0
[INFO] [stderr]   Downloaded wasmer-object v2.3.0
[INFO] [stderr]   Downloaded enum-iterator v0.7.0
[INFO] [stderr]   Downloaded wasmer-wasi-types v2.3.0
[INFO] [stderr]   Downloaded wasmer-vm v2.3.0
[INFO] [stderr]   Downloaded wasmer-derive v2.3.0
[INFO] [stderr]   Downloaded generational-arena v0.2.8
[INFO] [stderr]   Downloaded region v3.0.0
[INFO] [stderr]   Downloaded loupe-derive v0.1.3
[INFO] [stderr]   Downloaded loupe v0.1.3
[INFO] [stderr]   Downloaded dynasmrt v1.2.3
[INFO] [stderr]   Downloaded leb128 v0.2.5
[INFO] [stderr]   Downloaded wasmer-engine-dylib v2.3.0
[INFO] [stderr]   Downloaded wasmer-engine v2.3.0
[INFO] [stderr]   Downloaded wasmer-vfs v2.3.0
[INFO] [stderr]   Downloaded wasmer v2.3.0
[INFO] [stderr]   Downloaded wasmparser v0.83.0
[INFO] [stderr]   Downloaded wasmer-types v2.3.0
[INFO] [stderr]   Downloaded dynasm v1.2.3
[INFO] [stderr]   Downloaded icu_collections v1.2.0
[INFO] [stderr]   Downloaded wasmer-compiler-singlepass v2.3.0
[INFO] [stderr]   Downloaded object v0.28.4
[INFO] [stderr]   Downloaded windows_i686_gnu v0.33.0
[INFO] [stderr]   Downloaded windows_x86_64_msvc v0.33.0
[INFO] [stderr]   Downloaded windows_aarch64_msvc v0.33.0
[INFO] [stderr]   Downloaded wasmer-wasi v2.3.0
[INFO] [stderr]   Downloaded windows_i686_msvc v0.33.0
[INFO] [stderr]   Downloaded windows_x86_64_gnu v0.33.0
[INFO] [stderr]   Downloaded windows-sys v0.33.0
[INFO] running `Command { std: "docker" "create" "-v" "/var/lib/crater-agent-workspace/builds/worker-2-tc1/target:/opt/rustwide/target:rw,Z" "-v" "/var/lib/crater-agent-workspace/builds/worker-2-tc1/source:/opt/rustwide/workdir:ro,Z" "-v" "/var/lib/crater-agent-workspace/cargo-home:/opt/rustwide/cargo-home:ro,Z" "-v" "/var/lib/crater-agent-workspace/rustup-home:/opt/rustwide/rustup-home:ro,Z" "-e" "SOURCE_DIR=/opt/rustwide/workdir" "-e" "CARGO_TARGET_DIR=/opt/rustwide/target" "-e" "CARGO_HOME=/opt/rustwide/cargo-home" "-e" "RUSTUP_HOME=/opt/rustwide/rustup-home" "-w" "/opt/rustwide/workdir" "-m" "1610612736" "--user" "0:0" "--network" "none" "ghcr.io/rust-lang/crates-build-env/linux@sha256:5ff2268d62e97bff2cde7d5815dd6ed5b47097566f13b8d0ca110b04b60e07ed" "/opt/rustwide/cargo-home/bin/cargo" "+1.69.0" "metadata" "--no-deps" "--format-version=1", kill_on_drop: false }`
[INFO] [stdout] c0d6eddcb264d8e26e06252d9c50016be9b2c5c35ae196abbfca0945d6d5f750
[INFO] running `Command { std: "docker" "start" "-a" "c0d6eddcb264d8e26e06252d9c50016be9b2c5c35ae196abbfca0945d6d5f750", kill_on_drop: false }`
[INFO] running `Command { std: "docker" "inspect" "c0d6eddcb264d8e26e06252d9c50016be9b2c5c35ae196abbfca0945d6d5f750", kill_on_drop: false }`
[INFO] running `Command { std: "docker" "rm" "-f" "c0d6eddcb264d8e26e06252d9c50016be9b2c5c35ae196abbfca0945d6d5f750", kill_on_drop: false }`
[INFO] [stdout] c0d6eddcb264d8e26e06252d9c50016be9b2c5c35ae196abbfca0945d6d5f750
[INFO] running `Command { std: "docker" "create" "-v" "/var/lib/crater-agent-workspace/builds/worker-2-tc1/target:/opt/rustwide/target:rw,Z" "-v" "/var/lib/crater-agent-workspace/builds/worker-2-tc1/source:/opt/rustwide/workdir:ro,Z" "-v" "/var/lib/crater-agent-workspace/cargo-home:/opt/rustwide/cargo-home:ro,Z" "-v" "/var/lib/crater-agent-workspace/rustup-home:/opt/rustwide/rustup-home:ro,Z" "-e" "SOURCE_DIR=/opt/rustwide/workdir" "-e" "CARGO_TARGET_DIR=/opt/rustwide/target" "-e" "CARGO_INCREMENTAL=0" "-e" "RUST_BACKTRACE=full" "-e" "RUSTFLAGS=--cap-lints=warn" "-e" "RUSTDOCFLAGS=--cap-lints=warn" "-e" "CARGO_HOME=/opt/rustwide/cargo-home" "-e" "RUSTUP_HOME=/opt/rustwide/rustup-home" "-w" "/opt/rustwide/workdir" "-m" "1610612736" "--user" "0:0" "--network" "none" "ghcr.io/rust-lang/crates-build-env/linux@sha256:5ff2268d62e97bff2cde7d5815dd6ed5b47097566f13b8d0ca110b04b60e07ed" "/opt/rustwide/cargo-home/bin/cargo" "+1.69.0" "build" "--frozen" "--message-format=json", kill_on_drop: false }`
[INFO] [stdout] 1a329b381259a1c932a363979aa5acbc29f808b4f4345aa3be1a43ce82c87355
[INFO] running `Command { std: "docker" "start" "-a" "1a329b381259a1c932a363979aa5acbc29f808b4f4345aa3be1a43ce82c87355", kill_on_drop: false }`
[INFO] [stderr]    Compiling proc-macro2 v1.0.56
[INFO] [stderr]    Compiling syn v1.0.109
[INFO] [stderr]    Compiling libc v0.2.142
[INFO] [stderr]    Compiling once_cell v1.17.1
[INFO] [stderr]    Compiling serde_derive v1.0.160
[INFO] [stderr]    Compiling serde v1.0.160
[INFO] [stderr]    Compiling memchr v2.5.0
[INFO] [stderr]    Compiling bytecheck v0.6.10
[INFO] [stderr]    Compiling simdutf8 v0.1.4
[INFO] [stderr]    Compiling rustversion v1.0.12
[INFO] [stderr]    Compiling rend v0.4.0
[INFO] [stderr]    Compiling ahash v0.7.6
[INFO] [stderr]    Compiling indexmap v1.9.3
[INFO] [stderr]    Compiling thiserror v1.0.40
[INFO] [stderr]    Compiling fnv v1.0.7
[INFO] [stderr]    Compiling cc v1.0.79
[INFO] [stderr]    Compiling ident_case v1.0.1
[INFO] [stderr]    Compiling gimli v0.27.2
[INFO] [stderr]    Compiling rkyv v0.7.41
[INFO] [stderr]    Compiling adler v1.0.2
[INFO] [stderr]    Compiling seahash v4.1.0
[INFO] [stderr]    Compiling rustc-demangle v0.1.23
[INFO] [stderr]    Compiling miniz_oxide v0.6.2
[INFO] [stderr]    Compiling target-lexicon v0.12.7
[INFO] [stderr]    Compiling more-asserts v0.2.2
[INFO] [stderr]    Compiling scopeguard v1.1.0
[INFO] [stderr]    Compiling wasmparser v0.83.0
[INFO] [stderr]    Compiling smallvec v1.10.0
[INFO] [stderr]    Compiling crossbeam-utils v0.8.15
[INFO] [stderr]    Compiling memoffset v0.8.0
[INFO] [stderr]    Compiling memoffset v0.6.5
[INFO] [stderr]    Compiling crossbeam-epoch v0.9.14
[INFO] [stderr]    Compiling corosensei v0.1.3
[INFO] [stderr]    Compiling standback v0.2.17
[INFO] [stderr]    Compiling object v0.30.3
[INFO] [stderr]    Compiling quote v1.0.26
[INFO] [stderr]    Compiling log v0.4.17
[INFO] [stderr]    Compiling unicode-xid v0.2.4
[INFO] [stderr]    Compiling stable_deref_trait v1.2.0
[INFO] [stderr]    Compiling proc-macro-hack v0.5.20+deprecated
[INFO] [stderr]    Compiling io-lifetimes v1.0.10
[INFO] [stderr]    Compiling syn v2.0.15
[INFO] [stderr]    Compiling crc32fast v1.3.2
[INFO] [stderr]    Compiling backtrace v0.3.67
[INFO] [stderr]    Compiling proc-macro-error-attr v1.0.4
[INFO] [stderr]    Compiling byteorder v1.4.3
[INFO] [stderr]    Compiling either v1.8.1
[INFO] [stderr]    Compiling rayon-core v1.11.0
[INFO] [stderr]    Compiling rustix v0.37.18
[INFO] [stderr]    Compiling getrandom v0.2.9
[INFO] [stderr]    Compiling memmap2 v0.5.10
[INFO] [stderr]    Compiling region v3.0.0
[INFO] [stderr]    Compiling crossbeam-deque v0.8.3
[INFO] [stderr]    Compiling num_cpus v1.15.0
[INFO] [stderr]    Compiling crossbeam-channel v0.5.8
[INFO] [stderr]    Compiling hashbrown v0.12.3
[INFO] [stderr]    Compiling hashbrown v0.11.2
[INFO] [stderr]    Compiling tracing-core v0.1.30
[INFO] [stderr]    Compiling linux-raw-sys v0.3.6
[INFO] [stderr]    Compiling const_fn v0.4.9
[INFO] [stderr]    Compiling pin-project-lite v0.2.9
[INFO] [stderr]    Compiling time v0.2.27
[INFO] [stderr]    Compiling slab v0.4.8
[INFO] [stderr]    Compiling fallible-iterator v0.2.0
[INFO] [stderr]    Compiling addr2line v0.19.0
[INFO] [stderr]    Compiling leb128 v0.2.5
[INFO] [stderr]    Compiling fastrand v1.9.0
[INFO] [stderr]    Compiling which v4.4.0
[INFO] [stderr]    Compiling libloading v0.7.4
[INFO] [stderr]    Compiling cfg-if v0.1.10
[INFO] [stderr]    Compiling generational-arena v0.2.8
[INFO] [stderr]    Compiling rayon v1.7.0
[INFO] [stderr]    Compiling tempfile v3.5.0
[INFO] [stderr]    Compiling thiserror-impl v1.0.40
[INFO] [stderr]    Compiling tracing-attributes v0.1.24
[INFO] [stderr]    Compiling darling_core v0.14.4
[INFO] [stderr]    Compiling proc-macro-error v1.0.4
[INFO] [stderr]    Compiling synstructure v0.12.6
[INFO] [stderr]    Compiling ptr_meta_derive v0.1.4
[INFO] [stderr]    Compiling bytecheck_derive v0.6.10
[INFO] [stderr]    Compiling rkyv_derive v0.7.41
[INFO] [stderr]    Compiling enum-iterator-derive v0.7.0
[INFO] [stderr]    Compiling loupe-derive v0.1.3
[INFO] [stderr]    Compiling dynasm v1.2.3
[INFO] [stderr]    Compiling zerofrom-derive v0.1.2
[INFO] [stderr]    Compiling time-macros-impl v0.1.2
[INFO] [stderr]    Compiling yoke-derive v0.7.1
[INFO] [stderr]    Compiling wasmer-derive v2.3.0
[INFO] [stderr]    Compiling displaydoc v0.2.3
[INFO] [stderr]    Compiling ptr_meta v0.1.4
[INFO] [stderr]    Compiling tracing v0.1.37
[INFO] [stderr]    Compiling enum-iterator v0.7.0
[INFO] [stderr]    Compiling time-macros v0.1.1
[INFO] [stderr]    Compiling darling_macro v0.14.4
[INFO] [stderr]    Compiling wasmer-vfs v2.3.0
[INFO] [stderr]    Compiling darling v0.14.4
[INFO] [stderr]    Compiling enumset_derive v0.6.1
[INFO] [stderr]    Compiling zerofrom v0.1.2
[INFO] [stderr]    Compiling yoke v0.7.1
[INFO] [stderr]    Compiling enumset v1.0.12
[INFO] [stderr]    Compiling dynasmrt v1.2.3
[INFO] [stderr]    Compiling serde_bytes v0.11.9
[INFO] [stderr]    Compiling zerovec v0.9.4
[INFO] [stderr]    Compiling toml v0.5.11
[INFO] [stderr]    Compiling loupe v0.1.3
[INFO] [stderr]    Compiling object v0.28.4
[INFO] [stderr]    Compiling gimli v0.26.2
[INFO] [stderr]    Compiling wasmer-types v2.3.0
[INFO] [stderr]    Compiling icu_collections v1.2.0
[INFO] [stderr]    Compiling wasmer-compiler v2.3.0
[INFO] [stderr]    Compiling wasmer-wasi-types v2.3.0
[INFO] [stderr]    Compiling wasmer-artifact v2.3.0
[INFO] [stderr]    Compiling wasmer-object v2.3.0
[INFO] [stderr]    Compiling wasmer-vm v2.3.0
[INFO] [stderr]    Compiling wasmer-engine-universal-artifact v2.3.0
[INFO] [stderr]    Compiling wasmer-compiler-singlepass v2.3.0
[INFO] [stderr]    Compiling wasmer-engine v2.3.0
[INFO] [stderr]    Compiling wasmer-engine-dylib v2.3.0
[INFO] [stderr]    Compiling wasmer-engine-universal v2.3.0
[INFO] [stderr]    Compiling wasmer v2.3.0
[INFO] [stderr]    Compiling wasmer-wasi v2.3.0
[INFO] [stderr]    Compiling icu_codepointtrie_builder v0.3.5 (/opt/rustwide/workdir)
[INFO] [stderr]     Finished dev [unoptimized + debuginfo] target(s) in 1m 09s
[INFO] running `Command { std: "docker" "inspect" "1a329b381259a1c932a363979aa5acbc29f808b4f4345aa3be1a43ce82c87355", kill_on_drop: false }`
[INFO] running `Command { std: "docker" "rm" "-f" "1a329b381259a1c932a363979aa5acbc29f808b4f4345aa3be1a43ce82c87355", kill_on_drop: false }`
[INFO] [stdout] 1a329b381259a1c932a363979aa5acbc29f808b4f4345aa3be1a43ce82c87355
[INFO] running `Command { std: "docker" "create" "-v" "/var/lib/crater-agent-workspace/builds/worker-2-tc1/target:/opt/rustwide/target:rw,Z" "-v" "/var/lib/crater-agent-workspace/builds/worker-2-tc1/source:/opt/rustwide/workdir:ro,Z" "-v" "/var/lib/crater-agent-workspace/cargo-home:/opt/rustwide/cargo-home:ro,Z" "-v" "/var/lib/crater-agent-workspace/rustup-home:/opt/rustwide/rustup-home:ro,Z" "-e" "SOURCE_DIR=/opt/rustwide/workdir" "-e" "CARGO_TARGET_DIR=/opt/rustwide/target" "-e" "CARGO_INCREMENTAL=0" "-e" "RUST_BACKTRACE=full" "-e" "RUSTFLAGS=--cap-lints=warn" "-e" "RUSTDOCFLAGS=--cap-lints=warn" "-e" "CARGO_HOME=/opt/rustwide/cargo-home" "-e" "RUSTUP_HOME=/opt/rustwide/rustup-home" "-w" "/opt/rustwide/workdir" "-m" "1610612736" "--user" "0:0" "--network" "none" "ghcr.io/rust-lang/crates-build-env/linux@sha256:5ff2268d62e97bff2cde7d5815dd6ed5b47097566f13b8d0ca110b04b60e07ed" "/opt/rustwide/cargo-home/bin/cargo" "+1.69.0" "test" "--frozen" "--no-run" "--message-format=json", kill_on_drop: false }`
[INFO] [stdout] c33119ed4b8416741a0200facb47f66718f536b0e0b00e6dd13c1119cfd5fe29
[INFO] running `Command { std: "docker" "start" "-a" "c33119ed4b8416741a0200facb47f66718f536b0e0b00e6dd13c1119cfd5fe29", kill_on_drop: false }`
[INFO] [stderr]    Compiling icu_codepointtrie_builder v0.3.5 (/opt/rustwide/workdir)
[INFO] [stderr]     Finished test [unoptimized + debuginfo] target(s) in 5.78s
[INFO] running `Command { std: "docker" "inspect" "c33119ed4b8416741a0200facb47f66718f536b0e0b00e6dd13c1119cfd5fe29", kill_on_drop: false }`
[INFO] running `Command { std: "docker" "rm" "-f" "c33119ed4b8416741a0200facb47f66718f536b0e0b00e6dd13c1119cfd5fe29", kill_on_drop: false }`
[INFO] [stdout] c33119ed4b8416741a0200facb47f66718f536b0e0b00e6dd13c1119cfd5fe29
[INFO] running `Command { std: "docker" "create" "-v" "/var/lib/crater-agent-workspace/builds/worker-2-tc1/target:/opt/rustwide/target:rw,Z" "-v" "/var/lib/crater-agent-workspace/builds/worker-2-tc1/source:/opt/rustwide/workdir:ro,Z" "-v" "/var/lib/crater-agent-workspace/cargo-home:/opt/rustwide/cargo-home:ro,Z" "-v" "/var/lib/crater-agent-workspace/rustup-home:/opt/rustwide/rustup-home:ro,Z" "-e" "SOURCE_DIR=/opt/rustwide/workdir" "-e" "CARGO_TARGET_DIR=/opt/rustwide/target" "-e" "CARGO_INCREMENTAL=0" "-e" "RUST_BACKTRACE=full" "-e" "RUSTFLAGS=--cap-lints=warn" "-e" "RUSTDOCFLAGS=--cap-lints=warn" "-e" "CARGO_HOME=/opt/rustwide/cargo-home" "-e" "RUSTUP_HOME=/opt/rustwide/rustup-home" "-w" "/opt/rustwide/workdir" "-m" "1610612736" "--user" "0:0" "--network" "none" "ghcr.io/rust-lang/crates-build-env/linux@sha256:5ff2268d62e97bff2cde7d5815dd6ed5b47097566f13b8d0ca110b04b60e07ed" "/opt/rustwide/cargo-home/bin/cargo" "+1.69.0" "test" "--frozen", kill_on_drop: false }`
[INFO] [stdout] 00ec8476969fc29749c5344f7c525fee6d601f18a6fec7b6c194bc4fba4c7e13
[INFO] running `Command { std: "docker" "start" "-a" "00ec8476969fc29749c5344f7c525fee6d601f18a6fec7b6c194bc4fba4c7e13", kill_on_drop: false }`
[INFO] [stderr]     Finished test [unoptimized + debuginfo] target(s) in 0.24s
[INFO] [stderr]      Running unittests src/lib.rs (/opt/rustwide/target/debug/deps/icu_codepointtrie_builder-a59b9f847c39ead6)
[INFO] [stdout] 
[INFO] [stdout] running 1 test
[INFO] [stdout] test test_cpt_builder ... ok
[INFO] [stdout] 
[INFO] [stdout] test result: ok. 1 passed; 0 failed; 0 ignored; 0 measured; 0 filtered out; finished in 0.99s
[INFO] [stdout] 
[INFO] [stderr]    Doc-tests icu_codepointtrie_builder
[INFO] [stdout] 
[INFO] [stdout] running 1 test
[INFO] [stdout] test src/lib.rs - (line 41) ... FAILED
[INFO] [stdout] 
[INFO] [stdout] failures:
[INFO] [stdout] 
[INFO] [stdout] ---- src/lib.rs - (line 41) stdout ----
[INFO] [stdout] error[E0433]: failed to resolve: use of undeclared crate or module `icu`
[INFO] [stdout]  --> src/lib.rs:42:5
[INFO] [stdout]   |
[INFO] [stdout] 4 | use icu::collections::codepointtrie::CodePointTrie;
[INFO] [stdout]   |     ^^^ use of undeclared crate or module `icu`
[INFO] [stdout] 
[INFO] [stdout] error[E0433]: failed to resolve: use of undeclared crate or module `icu`
[INFO] [stdout]  --> src/lib.rs:43:5
[INFO] [stdout]   |
[INFO] [stdout] 5 | use icu::collections::codepointtrie::TrieType;
[INFO] [stdout]   |     ^^^ use of undeclared crate or module `icu`
[INFO] [stdout] 
[INFO] [stdout] error: aborting due to 2 previous errors
[INFO] [stdout] 
[INFO] [stdout] For more information about this error, try `rustc --explain E0433`.
[INFO] [stdout] Couldn't compile the test.
[INFO] [stdout] 
[INFO] [stdout] failures:
[INFO] [stdout]     src/lib.rs - (line 41)
[INFO] [stdout] 
[INFO] [stdout] test result: FAILED. 0 passed; 1 failed; 0 ignored; 0 measured; 0 filtered out; finished in 0.08s
[INFO] [stdout] 
[INFO] [stderr] error: doctest failed, to rerun pass `--doc`
[INFO] running `Command { std: "docker" "inspect" "00ec8476969fc29749c5344f7c525fee6d601f18a6fec7b6c194bc4fba4c7e13", kill_on_drop: false }`
[INFO] running `Command { std: "docker" "rm" "-f" "00ec8476969fc29749c5344f7c525fee6d601f18a6fec7b6c194bc4fba4c7e13", kill_on_drop: false }`
[INFO] [stdout] 00ec8476969fc29749c5344f7c525fee6d601f18a6fec7b6c194bc4fba4c7e13
