[INFO] fetching crate ics23 0.10.1...
[INFO] testing ics23-0.10.1 against 1.69.0 for beta-1.70-1
[INFO] extracting crate ics23 0.10.1 into /workspace/builds/worker-6-tc1/source
[INFO] validating manifest of crates.io crate ics23 0.10.1 on toolchain 1.69.0
[INFO] running `Command { std: CARGO_HOME="/workspace/cargo-home" RUSTUP_HOME="/workspace/rustup-home" "/workspace/cargo-home/bin/cargo" "+1.69.0" "metadata" "--manifest-path" "Cargo.toml" "--no-deps", kill_on_drop: false }`
[INFO] removed /workspace/builds/worker-6-tc1/source/.cargo/config
[INFO] started tweaking crates.io crate ics23 0.10.1
[INFO] finished tweaking crates.io crate ics23 0.10.1
[INFO] tweaked toml for crates.io crate ics23 0.10.1 written to /workspace/builds/worker-6-tc1/source/Cargo.toml
[INFO] running `Command { std: CARGO_HOME="/workspace/cargo-home" RUSTUP_HOME="/workspace/rustup-home" __CARGO_TEST_CHANNEL_OVERRIDE_DO_NOT_USE_THIS="nightly" "/workspace/cargo-home/bin/cargo" "+1.69.0" "generate-lockfile" "--manifest-path" "Cargo.toml" "-Zno-index-update", kill_on_drop: false }`
[INFO] running `Command { std: CARGO_HOME="/workspace/cargo-home" RUSTUP_HOME="/workspace/rustup-home" "/workspace/cargo-home/bin/cargo" "+1.69.0" "fetch" "--manifest-path" "Cargo.toml", kill_on_drop: false }`
[INFO] [stderr]  Downloading crates ...
[INFO] [stderr]   Downloaded pbjson v0.5.1
[INFO] running `Command { std: "docker" "create" "-v" "/var/lib/crater-agent-workspace/builds/worker-6-tc1/target:/opt/rustwide/target:rw,Z" "-v" "/var/lib/crater-agent-workspace/builds/worker-6-tc1/source:/opt/rustwide/workdir:ro,Z" "-v" "/var/lib/crater-agent-workspace/cargo-home:/opt/rustwide/cargo-home:ro,Z" "-v" "/var/lib/crater-agent-workspace/rustup-home:/opt/rustwide/rustup-home:ro,Z" "-e" "SOURCE_DIR=/opt/rustwide/workdir" "-e" "CARGO_TARGET_DIR=/opt/rustwide/target" "-e" "CARGO_HOME=/opt/rustwide/cargo-home" "-e" "RUSTUP_HOME=/opt/rustwide/rustup-home" "-w" "/opt/rustwide/workdir" "-m" "1610612736" "--user" "0:0" "--network" "none" "ghcr.io/rust-lang/crates-build-env/linux@sha256:5ff2268d62e97bff2cde7d5815dd6ed5b47097566f13b8d0ca110b04b60e07ed" "/opt/rustwide/cargo-home/bin/cargo" "+1.69.0" "metadata" "--no-deps" "--format-version=1", kill_on_drop: false }`
[INFO] [stdout] 142ba46904abdef7d4f03b872fd17939992db501acd0f8fb55e0aaa14f8d51e2
[INFO] running `Command { std: "docker" "start" "-a" "142ba46904abdef7d4f03b872fd17939992db501acd0f8fb55e0aaa14f8d51e2", kill_on_drop: false }`
[INFO] running `Command { std: "docker" "inspect" "142ba46904abdef7d4f03b872fd17939992db501acd0f8fb55e0aaa14f8d51e2", kill_on_drop: false }`
[INFO] running `Command { std: "docker" "rm" "-f" "142ba46904abdef7d4f03b872fd17939992db501acd0f8fb55e0aaa14f8d51e2", kill_on_drop: false }`
[INFO] [stdout] 142ba46904abdef7d4f03b872fd17939992db501acd0f8fb55e0aaa14f8d51e2
[INFO] running `Command { std: "docker" "create" "-v" "/var/lib/crater-agent-workspace/builds/worker-6-tc1/target:/opt/rustwide/target:rw,Z" "-v" "/var/lib/crater-agent-workspace/builds/worker-6-tc1/source:/opt/rustwide/workdir:ro,Z" "-v" "/var/lib/crater-agent-workspace/cargo-home:/opt/rustwide/cargo-home:ro,Z" "-v" "/var/lib/crater-agent-workspace/rustup-home:/opt/rustwide/rustup-home:ro,Z" "-e" "SOURCE_DIR=/opt/rustwide/workdir" "-e" "CARGO_TARGET_DIR=/opt/rustwide/target" "-e" "CARGO_INCREMENTAL=0" "-e" "RUST_BACKTRACE=full" "-e" "RUSTFLAGS=--cap-lints=warn" "-e" "RUSTDOCFLAGS=--cap-lints=warn" "-e" "CARGO_HOME=/opt/rustwide/cargo-home" "-e" "RUSTUP_HOME=/opt/rustwide/rustup-home" "-w" "/opt/rustwide/workdir" "-m" "1610612736" "--user" "0:0" "--network" "none" "ghcr.io/rust-lang/crates-build-env/linux@sha256:5ff2268d62e97bff2cde7d5815dd6ed5b47097566f13b8d0ca110b04b60e07ed" "/opt/rustwide/cargo-home/bin/cargo" "+1.69.0" "build" "--frozen" "--message-format=json", kill_on_drop: false }`
[INFO] [stdout] 80acfe52b501ac5ce7a78e0be4eaba78a266dd5bfc401d277465521b360ad84d
[INFO] running `Command { std: "docker" "start" "-a" "80acfe52b501ac5ce7a78e0be4eaba78a266dd5bfc401d277465521b360ad84d", kill_on_drop: false }`
[INFO] [stderr]    Compiling typenum v1.16.0
[INFO] [stderr]    Compiling syn v1.0.109
[INFO] [stderr]    Compiling either v1.8.1
[INFO] [stderr]    Compiling anyhow v1.0.71
[INFO] [stderr]    Compiling bytes v1.4.0
[INFO] [stderr]    Compiling keccak v0.1.3
[INFO] [stderr]    Compiling cpufeatures v0.2.7
[INFO] [stderr]    Compiling generic-array v0.14.7
[INFO] [stderr]    Compiling hex v0.4.3
[INFO] [stderr]    Compiling syn v2.0.15
[INFO] [stderr]    Compiling itertools v0.10.5
[INFO] [stderr]    Compiling crypto-common v0.1.6
[INFO] [stderr]    Compiling block-buffer v0.10.4
[INFO] [stderr]    Compiling digest v0.10.6
[INFO] [stderr]    Compiling ripemd v0.1.3
[INFO] [stderr]    Compiling sha3 v0.10.7
[INFO] [stderr]    Compiling sha2 v0.10.6
[INFO] [stderr]    Compiling serde_derive v1.0.160
[INFO] [stderr]    Compiling prost-derive v0.11.9
[INFO] [stderr]    Compiling prost v0.11.9
[INFO] [stderr]    Compiling serde v1.0.160
[INFO] [stderr]    Compiling pbjson v0.5.1
[INFO] [stderr]    Compiling ics23 v0.10.1 (/opt/rustwide/workdir)
[INFO] [stderr]     Finished dev [unoptimized + debuginfo] target(s) in 7.95s
[INFO] running `Command { std: "docker" "inspect" "80acfe52b501ac5ce7a78e0be4eaba78a266dd5bfc401d277465521b360ad84d", kill_on_drop: false }`
[INFO] running `Command { std: "docker" "rm" "-f" "80acfe52b501ac5ce7a78e0be4eaba78a266dd5bfc401d277465521b360ad84d", kill_on_drop: false }`
[INFO] [stdout] 80acfe52b501ac5ce7a78e0be4eaba78a266dd5bfc401d277465521b360ad84d
[INFO] running `Command { std: "docker" "create" "-v" "/var/lib/crater-agent-workspace/builds/worker-6-tc1/target:/opt/rustwide/target:rw,Z" "-v" "/var/lib/crater-agent-workspace/builds/worker-6-tc1/source:/opt/rustwide/workdir:ro,Z" "-v" "/var/lib/crater-agent-workspace/cargo-home:/opt/rustwide/cargo-home:ro,Z" "-v" "/var/lib/crater-agent-workspace/rustup-home:/opt/rustwide/rustup-home:ro,Z" "-e" "SOURCE_DIR=/opt/rustwide/workdir" "-e" "CARGO_TARGET_DIR=/opt/rustwide/target" "-e" "CARGO_INCREMENTAL=0" "-e" "RUST_BACKTRACE=full" "-e" "RUSTFLAGS=--cap-lints=warn" "-e" "RUSTDOCFLAGS=--cap-lints=warn" "-e" "CARGO_HOME=/opt/rustwide/cargo-home" "-e" "RUSTUP_HOME=/opt/rustwide/rustup-home" "-w" "/opt/rustwide/workdir" "-m" "1610612736" "--user" "0:0" "--network" "none" "ghcr.io/rust-lang/crates-build-env/linux@sha256:5ff2268d62e97bff2cde7d5815dd6ed5b47097566f13b8d0ca110b04b60e07ed" "/opt/rustwide/cargo-home/bin/cargo" "+1.69.0" "test" "--frozen" "--no-run" "--message-format=json", kill_on_drop: false }`
[INFO] [stdout] 6cfb288e9cbc16639b4c6b8e43a2a284f89166644e7675f7d2c86d01838ea42c
[INFO] running `Command { std: "docker" "start" "-a" "6cfb288e9cbc16639b4c6b8e43a2a284f89166644e7675f7d2c86d01838ea42c", kill_on_drop: false }`
[INFO] [stderr]    Compiling crypto-common v0.1.6
[INFO] [stderr]    Compiling serde_json v1.0.96
[INFO] [stderr]    Compiling digest v0.10.6
[INFO] [stderr]    Compiling ripemd v0.1.3
[INFO] [stderr]    Compiling sha2 v0.10.6
[INFO] [stderr]    Compiling sha3 v0.10.7
[INFO] [stderr]    Compiling ics23 v0.10.1 (/opt/rustwide/workdir)
[INFO] [stderr]     Finished test [unoptimized + debuginfo] target(s) in 3.01s
[INFO] running `Command { std: "docker" "inspect" "6cfb288e9cbc16639b4c6b8e43a2a284f89166644e7675f7d2c86d01838ea42c", kill_on_drop: false }`
[INFO] running `Command { std: "docker" "rm" "-f" "6cfb288e9cbc16639b4c6b8e43a2a284f89166644e7675f7d2c86d01838ea42c", kill_on_drop: false }`
[INFO] [stdout] 6cfb288e9cbc16639b4c6b8e43a2a284f89166644e7675f7d2c86d01838ea42c
[INFO] running `Command { std: "docker" "create" "-v" "/var/lib/crater-agent-workspace/builds/worker-6-tc1/target:/opt/rustwide/target:rw,Z" "-v" "/var/lib/crater-agent-workspace/builds/worker-6-tc1/source:/opt/rustwide/workdir:ro,Z" "-v" "/var/lib/crater-agent-workspace/cargo-home:/opt/rustwide/cargo-home:ro,Z" "-v" "/var/lib/crater-agent-workspace/rustup-home:/opt/rustwide/rustup-home:ro,Z" "-e" "SOURCE_DIR=/opt/rustwide/workdir" "-e" "CARGO_TARGET_DIR=/opt/rustwide/target" "-e" "CARGO_INCREMENTAL=0" "-e" "RUST_BACKTRACE=full" "-e" "RUSTFLAGS=--cap-lints=warn" "-e" "RUSTDOCFLAGS=--cap-lints=warn" "-e" "CARGO_HOME=/opt/rustwide/cargo-home" "-e" "RUSTUP_HOME=/opt/rustwide/rustup-home" "-w" "/opt/rustwide/workdir" "-m" "1610612736" "--user" "0:0" "--network" "none" "ghcr.io/rust-lang/crates-build-env/linux@sha256:5ff2268d62e97bff2cde7d5815dd6ed5b47097566f13b8d0ca110b04b60e07ed" "/opt/rustwide/cargo-home/bin/cargo" "+1.69.0" "test" "--frozen", kill_on_drop: false }`
[INFO] [stdout] 9f2cf34377ec91148aa1cc12534566d9994f9672132a299c9a536a1c50c81df4
[INFO] running `Command { std: "docker" "start" "-a" "9f2cf34377ec91148aa1cc12534566d9994f9672132a299c9a536a1c50c81df4", kill_on_drop: false }`
[INFO] [stderr]     Finished test [unoptimized + debuginfo] target(s) in 0.02s
[INFO] [stderr]      Running unittests src/lib.rs (/opt/rustwide/target/debug/deps/ics23-10f5fe91552d4f90)
[INFO] [stdout] 
[INFO] [stdout] running 43 tests
[INFO] [stdout] test api::tests::compressed_smt_batch_exist ... FAILED
[INFO] [stdout] test api::tests::compressed_iavl_batch_nonexist ... FAILED
[INFO] [stdout] test api::tests::compressed_iavl_batch_exist ... FAILED
[INFO] [stdout] test api::tests::serde_roundtrip ... FAILED
[INFO] [stdout] test api::tests::compressed_smt_batch_nonexist ... FAILED
[INFO] [stdout] test api::tests::test_vector_iavl_batch_exist ... FAILED
[INFO] [stdout] test api::tests::test_read_varint ... ok
[INFO] [stdout] test api::tests::test_vector_iavl_left ... FAILED
[INFO] [stdout] test api::tests::test_vector_iavl_batch_nonexist ... FAILED
[INFO] [stdout] test api::tests::test_vector_iavl_left_non ... FAILED
[INFO] [stdout] test api::tests::test_vector_iavl_middle ... FAILED
[INFO] [stdout] test api::tests::test_vector_iavl_middle_non ... FAILED
[INFO] [stdout] test api::tests::test_vector_iavl_right ... FAILED
[INFO] [stdout] test api::tests::test_vector_iavl_right_non ... FAILED
[INFO] [stdout] test api::tests::test_vector_smt_batch_exist ... FAILED
[INFO] [stdout] test api::tests::test_vector_smt_batch_nonexist ... FAILED
[INFO] [stdout] test api::tests::test_vector_smt_left_non ... FAILED
[INFO] [stdout] test api::tests::test_vector_smt_left ... FAILED
[INFO] [stdout] test api::tests::test_vector_smt_middle ... FAILED
[INFO] [stdout] test api::tests::test_vector_smt_middle_non ... FAILED
[INFO] [stdout] test api::tests::test_vector_smt_right_non ... FAILED
[INFO] [stdout] test api::tests::test_vector_smt_right ... FAILED
[INFO] [stdout] test api::tests::test_vector_tendermint_batch_exist ... FAILED
[INFO] [stdout] test api::tests::test_vector_tendermint_batch_nonexist ... FAILED
[INFO] [stdout] test api::tests::test_vector_tendermint_left ... FAILED
[INFO] [stdout] test api::tests::test_vector_tendermint_left_non ... FAILED
[INFO] [stdout] test api::tests::test_vector_tendermint_middle ... FAILED
[INFO] [stdout] test api::tests::test_vector_tendermint_middle_non ... FAILED
[INFO] [stdout] test api::tests::test_vector_tendermint_right_non ... FAILED
[INFO] [stdout] test api::tests::test_vector_tendermint_right ... FAILED
[INFO] [stdout] test ops::tests::apply_leaf_hash_length ... ok
[INFO] [stdout] test ops::tests::length_prefix ... ok
[INFO] [stdout] test ops::tests::apply_inner_prefix_only ... ok
[INFO] [stdout] test ops::tests::apply_inner_suffix_only ... ok
[INFO] [stdout] test ops::tests::apply_inner_prefix_suffix ... ok
[INFO] [stdout] test ops::tests::apply_leaf_hash ... ok
[INFO] [stdout] test ops::tests::apply_leaf_prehash_length ... ok
[INFO] [stdout] test verify::tests::calculate_root_from_leaf ... ok
[INFO] [stdout] test ops::tests::apply_leaf_hash_512 ... ok
[INFO] [stdout] test verify::tests::calculate_root_from_leaf_and_inner ... ok
[INFO] [stdout] test ops::tests::hashing_food ... ok
[INFO] [stdout] test verify::tests::check_empty_branch ... ok
[INFO] [stdout] test verify::tests::enforce_existence_spec ... ok
[INFO] [stdout] 
[INFO] [stdout] failures:
[INFO] [stdout] 
[INFO] [stdout] ---- api::tests::compressed_smt_batch_exist stdout ----
[INFO] [stdout] Error: No such file or directory (os error 2)
[INFO] [stdout] 
[INFO] [stdout] ---- api::tests::compressed_iavl_batch_nonexist stdout ----
[INFO] [stdout] Error: No such file or directory (os error 2)
[INFO] [stdout] 
[INFO] [stdout] ---- api::tests::compressed_iavl_batch_exist stdout ----
[INFO] [stdout] Error: No such file or directory (os error 2)
[INFO] [stdout] 
[INFO] [stdout] ---- api::tests::serde_roundtrip stdout ----
[INFO] [stdout] Error: No such file or directory (os error 2)
[INFO] [stdout] 
[INFO] [stdout] ---- api::tests::compressed_smt_batch_nonexist stdout ----
[INFO] [stdout] Error: No such file or directory (os error 2)
[INFO] [stdout] 
[INFO] [stdout] ---- api::tests::test_vector_iavl_batch_exist stdout ----
[INFO] [stdout] Error: No such file or directory (os error 2)
[INFO] [stdout] 
[INFO] [stdout] ---- api::tests::test_vector_iavl_left stdout ----
[INFO] [stdout] Error: No such file or directory (os error 2)
[INFO] [stdout] 
[INFO] [stdout] ---- api::tests::test_vector_iavl_batch_nonexist stdout ----
[INFO] [stdout] Error: No such file or directory (os error 2)
[INFO] [stdout] 
[INFO] [stdout] ---- api::tests::test_vector_iavl_left_non stdout ----
[INFO] [stdout] Error: No such file or directory (os error 2)
[INFO] [stdout] 
[INFO] [stdout] ---- api::tests::test_vector_iavl_middle stdout ----
[INFO] [stdout] Error: No such file or directory (os error 2)
[INFO] [stdout] 
[INFO] [stdout] ---- api::tests::test_vector_iavl_middle_non stdout ----
[INFO] [stdout] Error: No such file or directory (os error 2)
[INFO] [stdout] 
[INFO] [stdout] ---- api::tests::test_vector_iavl_right stdout ----
[INFO] [stdout] Error: No such file or directory (os error 2)
[INFO] [stdout] 
[INFO] [stdout] ---- api::tests::test_vector_iavl_right_non stdout ----
[INFO] [stdout] Error: No such file or directory (os error 2)
[INFO] [stdout] 
[INFO] [stdout] ---- api::tests::test_vector_smt_batch_exist stdout ----
[INFO] [stdout] Error: No such file or directory (os error 2)
[INFO] [stdout] 
[INFO] [stdout] ---- api::tests::test_vector_smt_batch_nonexist stdout ----
[INFO] [stdout] Error: No such file or directory (os error 2)
[INFO] [stdout] 
[INFO] [stdout] ---- api::tests::test_vector_smt_left_non stdout ----
[INFO] [stdout] Error: No such file or directory (os error 2)
[INFO] [stdout] 
[INFO] [stdout] ---- api::tests::test_vector_smt_left stdout ----
[INFO] [stdout] Error: No such file or directory (os error 2)
[INFO] [stdout] 
[INFO] [stdout] ---- api::tests::test_vector_smt_middle stdout ----
[INFO] [stdout] Error: No such file or directory (os error 2)
[INFO] [stdout] 
[INFO] [stdout] ---- api::tests::test_vector_smt_middle_non stdout ----
[INFO] [stdout] Error: No such file or directory (os error 2)
[INFO] [stdout] 
[INFO] [stdout] ---- api::tests::test_vector_smt_right_non stdout ----
[INFO] [stdout] Error: No such file or directory (os error 2)
[INFO] [stdout] 
[INFO] [stdout] ---- api::tests::test_vector_smt_right stdout ----
[INFO] [stdout] Error: No such file or directory (os error 2)
[INFO] [stdout] 
[INFO] [stdout] ---- api::tests::test_vector_tendermint_batch_exist stdout ----
[INFO] [stdout] Error: No such file or directory (os error 2)
[INFO] [stdout] 
[INFO] [stdout] ---- api::tests::test_vector_tendermint_batch_nonexist stdout ----
[INFO] [stdout] Error: No such file or directory (os error 2)
[INFO] [stdout] 
[INFO] [stdout] ---- api::tests::test_vector_tendermint_left stdout ----
[INFO] [stdout] Error: No such file or directory (os error 2)
[INFO] [stdout] 
[INFO] [stdout] ---- api::tests::test_vector_tendermint_left_non stdout ----
[INFO] [stdout] Error: No such file or directory (os error 2)
[INFO] [stdout] 
[INFO] [stdout] ---- api::tests::test_vector_tendermint_middle stdout ----
[INFO] [stdout] Error: No such file or directory (os error 2)
[INFO] [stdout] 
[INFO] [stdout] ---- api::tests::test_vector_tendermint_middle_non stdout ----
[INFO] [stdout] Error: No such file or directory (os error 2)
[INFO] [stdout] 
[INFO] [stdout] ---- api::tests::test_vector_tendermint_right_non stdout ----
[INFO] [stdout] Error: No such file or directory (os error 2)
[INFO] [stdout] 
[INFO] [stdout] ---- api::tests::test_vector_tendermint_right stdout ----
[INFO] [stderr] error: test failed, to rerun pass `--lib`
[INFO] [stdout] Error: No such file or directory (os error 2)
[INFO] [stdout] 
[INFO] [stdout] 
[INFO] [stdout] failures:
[INFO] [stdout]     api::tests::compressed_iavl_batch_exist
[INFO] [stdout]     api::tests::compressed_iavl_batch_nonexist
[INFO] [stdout]     api::tests::compressed_smt_batch_exist
[INFO] [stdout]     api::tests::compressed_smt_batch_nonexist
[INFO] [stdout]     api::tests::serde_roundtrip
[INFO] [stdout]     api::tests::test_vector_iavl_batch_exist
[INFO] [stdout]     api::tests::test_vector_iavl_batch_nonexist
[INFO] [stdout]     api::tests::test_vector_iavl_left
[INFO] [stdout]     api::tests::test_vector_iavl_left_non
[INFO] [stdout]     api::tests::test_vector_iavl_middle
[INFO] [stdout]     api::tests::test_vector_iavl_middle_non
[INFO] [stdout]     api::tests::test_vector_iavl_right
[INFO] [stdout]     api::tests::test_vector_iavl_right_non
[INFO] [stdout]     api::tests::test_vector_smt_batch_exist
[INFO] [stdout]     api::tests::test_vector_smt_batch_nonexist
[INFO] [stdout]     api::tests::test_vector_smt_left
[INFO] [stdout]     api::tests::test_vector_smt_left_non
[INFO] [stdout]     api::tests::test_vector_smt_middle
[INFO] [stdout]     api::tests::test_vector_smt_middle_non
[INFO] [stdout]     api::tests::test_vector_smt_right
[INFO] [stdout]     api::tests::test_vector_smt_right_non
[INFO] [stdout]     api::tests::test_vector_tendermint_batch_exist
[INFO] [stdout]     api::tests::test_vector_tendermint_batch_nonexist
[INFO] [stdout]     api::tests::test_vector_tendermint_left
[INFO] [stdout]     api::tests::test_vector_tendermint_left_non
[INFO] [stdout]     api::tests::test_vector_tendermint_middle
[INFO] [stdout]     api::tests::test_vector_tendermint_middle_non
[INFO] [stdout]     api::tests::test_vector_tendermint_right
[INFO] [stdout]     api::tests::test_vector_tendermint_right_non
[INFO] [stdout] 
[INFO] [stdout] test result: FAILED. 14 passed; 29 failed; 0 ignored; 0 measured; 0 filtered out; finished in 0.00s
[INFO] [stdout] 
[INFO] running `Command { std: "docker" "inspect" "9f2cf34377ec91148aa1cc12534566d9994f9672132a299c9a536a1c50c81df4", kill_on_drop: false }`
[INFO] running `Command { std: "docker" "rm" "-f" "9f2cf34377ec91148aa1cc12534566d9994f9672132a299c9a536a1c50c81df4", kill_on_drop: false }`
[INFO] [stdout] 9f2cf34377ec91148aa1cc12534566d9994f9672132a299c9a536a1c50c81df4
