[INFO] fetching crate iced_focus 0.1.1...
[INFO] testing iced_focus-0.1.1 against 1.69.0 for beta-1.70-1
[INFO] extracting crate iced_focus 0.1.1 into /workspace/builds/worker-1-tc1/source
[INFO] validating manifest of crates.io crate iced_focus 0.1.1 on toolchain 1.69.0
[INFO] running `Command { std: CARGO_HOME="/workspace/cargo-home" RUSTUP_HOME="/workspace/rustup-home" "/workspace/cargo-home/bin/cargo" "+1.69.0" "metadata" "--manifest-path" "Cargo.toml" "--no-deps", kill_on_drop: false }`
[INFO] started tweaking crates.io crate iced_focus 0.1.1
[INFO] removed 0 missing tests
[INFO] finished tweaking crates.io crate iced_focus 0.1.1
[INFO] tweaked toml for crates.io crate iced_focus 0.1.1 written to /workspace/builds/worker-1-tc1/source/Cargo.toml
[INFO] running `Command { std: CARGO_HOME="/workspace/cargo-home" RUSTUP_HOME="/workspace/rustup-home" __CARGO_TEST_CHANNEL_OVERRIDE_DO_NOT_USE_THIS="nightly" "/workspace/cargo-home/bin/cargo" "+1.69.0" "generate-lockfile" "--manifest-path" "Cargo.toml" "-Zno-index-update", kill_on_drop: false }`
[INFO] running `Command { std: CARGO_HOME="/workspace/cargo-home" RUSTUP_HOME="/workspace/rustup-home" "/workspace/cargo-home/bin/cargo" "+1.69.0" "fetch" "--manifest-path" "Cargo.toml", kill_on_drop: false }`
[INFO] [stderr]  Downloading crates ...
[INFO] [stderr]   Downloaded wayland-client v0.28.6
[INFO] [stderr]   Downloaded wayland-sys v0.28.6
[INFO] [stderr]   Downloaded iced_winit v0.3.0
[INFO] [stderr]   Downloaded syn v1.0.65
[INFO] [stderr]   Downloaded winapi-wsapoll v0.1.1
[INFO] [stderr]   Downloaded calloop v0.6.5
[INFO] [stderr]   Downloaded gpu-descriptor v0.1.1
[INFO] [stderr]   Downloaded num_enum_derive v0.4.3
[INFO] [stderr]   Downloaded ndk-macro v0.2.0
[INFO] [stderr]   Downloaded clipboard_x11 v0.4.0
[INFO] [stderr]   Downloaded iced_core v0.4.0
[INFO] [stderr]   Downloaded clipboard_wayland v0.2.0
[INFO] [stderr]   Downloaded gfx-auxil v0.8.0
[INFO] [stderr]   Downloaded window_clipboard v0.2.4
[INFO] [stderr]   Downloaded smithay-clipboard v0.6.6
[INFO] [stderr]   Downloaded memmap2 v0.1.0
[INFO] [stderr]   Downloaded iced v0.3.0
[INFO] [stderr]   Downloaded wayland-cursor v0.28.6
[INFO] [stderr]   Downloaded clipboard-win v4.5.0
[INFO] [stderr]   Downloaded num_enum v0.4.3
[INFO] [stderr]   Downloaded iced_wgpu v0.4.0
[INFO] [stderr]   Downloaded wayland-commons v0.28.6
[INFO] [stderr]   Downloaded cocoa-foundation v0.1.1
[INFO] [stderr]   Downloaded inplace_it v0.3.5
[INFO] [stderr]   Downloaded storage-map v0.3.0
[INFO] [stderr]   Downloaded andrew v0.3.1
[INFO] [stderr]   Downloaded ndk-glue v0.2.1
[INFO] [stderr]   Downloaded gfx-backend-empty v0.7.0
[INFO] [stderr]   Downloaded thunderdome v0.3.0
[INFO] [stderr]   Downloaded clipboard_macos v0.1.0
[INFO] [stderr]   Downloaded d3d12 v0.3.2
[INFO] [stderr]   Downloaded iced_web v0.4.0
[INFO] [stderr]   Downloaded dodrio v0.2.0
[INFO] [stderr]   Downloaded gfx-backend-vulkan v0.7.0
[INFO] [stderr]   Downloaded wgpu-types v0.7.0
[INFO] [stderr]   Downloaded gpu-alloc v0.3.2
[INFO] [stderr]   Downloaded ordered-float v3.7.0
[INFO] [stderr]   Downloaded servo-fontconfig v0.5.1
[INFO] [stderr]   Downloaded wayland-scanner v0.28.6
[INFO] [stderr]   Downloaded iced_futures v0.3.0
[INFO] [stderr]   Downloaded khronos-egl v3.0.2
[INFO] [stderr]   Downloaded spirv_headers v1.5.0
[INFO] [stderr]   Downloaded ndk v0.2.1
[INFO] [stderr]   Downloaded ahash v0.4.7
[INFO] [stderr]   Downloaded iced_graphics v0.2.0
[INFO] [stderr]   Downloaded glyph_brush_draw_cache v0.1.5
[INFO] [stderr]   Downloaded iced_style v0.3.0
[INFO] [stderr]   Downloaded glyph_brush v0.7.7
[INFO] [stderr]   Downloaded gfx-backend-gl v0.7.1
[INFO] [stderr]   Downloaded iced_native v0.4.0
[INFO] [stderr]   Downloaded gfx-hal v0.7.0
[INFO] [stderr]   Downloaded gfx-backend-dx11 v0.7.0
[INFO] [stderr]   Downloaded font-kit v0.10.1
[INFO] [stderr]   Downloaded winit v0.24.0
[INFO] [stderr]   Downloaded gfx-backend-dx12 v0.7.1
[INFO] [stderr]   Downloaded glam v0.10.2
[INFO] [stderr]   Downloaded wgpu_glyph v0.11.0
[INFO] [stderr]   Downloaded wgpu v0.7.1
[INFO] [stderr]   Downloaded smithay-client-toolkit v0.12.3
[INFO] [stderr]   Downloaded wayland-protocols v0.28.6
[INFO] [stderr]   Downloaded glow v0.7.2
[INFO] [stderr]   Downloaded gfx-backend-metal v0.7.0
[INFO] [stderr]   Downloaded naga v0.3.2
[INFO] [stderr]   Downloaded wgpu-core v0.7.2
[INFO] [stderr]   Downloaded nix v0.20.0
[INFO] [stderr]   Downloaded ash v0.31.0
[INFO] [stderr]   Downloaded expat-sys v2.1.6
[INFO] [stderr]   Downloaded spirv_cross v0.23.1
[INFO] [stderr]   Downloaded x11rb v0.9.0
[INFO] [stderr]   Downloaded metal v0.21.0
[INFO] [stderr]   Downloaded servo-fontconfig-sys v5.1.0
[INFO] [stderr]   Downloaded iced_focus_derive v0.1.1
[INFO] running `Command { std: "docker" "create" "-v" "/var/lib/crater-agent-workspace/builds/worker-1-tc1/target:/opt/rustwide/target:rw,Z" "-v" "/var/lib/crater-agent-workspace/builds/worker-1-tc1/source:/opt/rustwide/workdir:ro,Z" "-v" "/var/lib/crater-agent-workspace/cargo-home:/opt/rustwide/cargo-home:ro,Z" "-v" "/var/lib/crater-agent-workspace/rustup-home:/opt/rustwide/rustup-home:ro,Z" "-e" "SOURCE_DIR=/opt/rustwide/workdir" "-e" "CARGO_TARGET_DIR=/opt/rustwide/target" "-e" "CARGO_HOME=/opt/rustwide/cargo-home" "-e" "RUSTUP_HOME=/opt/rustwide/rustup-home" "-w" "/opt/rustwide/workdir" "-m" "1610612736" "--user" "0:0" "--network" "none" "ghcr.io/rust-lang/crates-build-env/linux@sha256:5ff2268d62e97bff2cde7d5815dd6ed5b47097566f13b8d0ca110b04b60e07ed" "/opt/rustwide/cargo-home/bin/cargo" "+1.69.0" "metadata" "--no-deps" "--format-version=1", kill_on_drop: false }`
[INFO] [stdout] c6cf8baadc4395dd70c95436f1f30bc13250a408920f6875bcb75560fa7f8d63
[INFO] running `Command { std: "docker" "start" "-a" "c6cf8baadc4395dd70c95436f1f30bc13250a408920f6875bcb75560fa7f8d63", kill_on_drop: false }`
[INFO] running `Command { std: "docker" "inspect" "c6cf8baadc4395dd70c95436f1f30bc13250a408920f6875bcb75560fa7f8d63", kill_on_drop: false }`
[INFO] running `Command { std: "docker" "rm" "-f" "c6cf8baadc4395dd70c95436f1f30bc13250a408920f6875bcb75560fa7f8d63", kill_on_drop: false }`
[INFO] [stdout] c6cf8baadc4395dd70c95436f1f30bc13250a408920f6875bcb75560fa7f8d63
[INFO] running `Command { std: "docker" "create" "-v" "/var/lib/crater-agent-workspace/builds/worker-1-tc1/target:/opt/rustwide/target:rw,Z" "-v" "/var/lib/crater-agent-workspace/builds/worker-1-tc1/source:/opt/rustwide/workdir:ro,Z" "-v" "/var/lib/crater-agent-workspace/cargo-home:/opt/rustwide/cargo-home:ro,Z" "-v" "/var/lib/crater-agent-workspace/rustup-home:/opt/rustwide/rustup-home:ro,Z" "-e" "SOURCE_DIR=/opt/rustwide/workdir" "-e" "CARGO_TARGET_DIR=/opt/rustwide/target" "-e" "CARGO_INCREMENTAL=0" "-e" "RUST_BACKTRACE=full" "-e" "RUSTFLAGS=--cap-lints=warn" "-e" "RUSTDOCFLAGS=--cap-lints=warn" "-e" "CARGO_HOME=/opt/rustwide/cargo-home" "-e" "RUSTUP_HOME=/opt/rustwide/rustup-home" "-w" "/opt/rustwide/workdir" "-m" "1610612736" "--user" "0:0" "--network" "none" "ghcr.io/rust-lang/crates-build-env/linux@sha256:5ff2268d62e97bff2cde7d5815dd6ed5b47097566f13b8d0ca110b04b60e07ed" "/opt/rustwide/cargo-home/bin/cargo" "+1.69.0" "build" "--frozen" "--message-format=json", kill_on_drop: false }`
[INFO] [stdout] 9caaaf5ed32a89b38a672e9c0bc8aa844e2a67be2f076cc588a9a4cec6a62edc
[INFO] running `Command { std: "docker" "start" "-a" "9caaaf5ed32a89b38a672e9c0bc8aa844e2a67be2f076cc588a9a4cec6a62edc", kill_on_drop: false }`
[INFO] [stderr]    Compiling xml-rs v0.8.4
[INFO] [stderr]    Compiling smallvec v1.10.0
[INFO] [stderr]    Compiling jobserver v0.1.26
[INFO] [stderr]    Compiling libloading v0.7.4
[INFO] [stderr]    Compiling thiserror-impl v1.0.40
[INFO] [stderr]    Compiling memoffset v0.6.5
[INFO] [stderr]    Compiling raw-window-handle v0.3.4
[INFO] [stderr]    Compiling indexmap v1.9.3
[INFO] [stderr]    Compiling scoped-tls v1.0.1
[INFO] [stderr]    Compiling cc v1.0.79
[INFO] [stderr]    Compiling dlib v0.5.0
[INFO] [stderr]    Compiling downcast-rs v1.2.0
[INFO] [stderr]    Compiling num_cpus v1.15.0
[INFO] [stderr]    Compiling libloading v0.6.7
[INFO] [stderr]    Compiling ucd-trie v0.1.5
[INFO] [stderr]    Compiling wayland-sys v0.29.5
[INFO] [stderr]    Compiling parking_lot_core v0.8.6
[INFO] [stderr]    Compiling wayland-scanner v0.29.5
[INFO] [stderr]    Compiling ab_glyph_rasterizer v0.1.8
[INFO] [stderr]    Compiling minimal-lexical v0.2.1
[INFO] [stderr]    Compiling cmake v0.1.50
[INFO] [stderr]    Compiling fixedbitset v0.2.0
[INFO] [stderr]    Compiling bit-vec v0.6.3
[INFO] [stderr]    Compiling nom v7.1.3
[INFO] [stderr]    Compiling petgraph v0.5.1
[INFO] [stderr]    Compiling futures-core v0.3.28
[INFO] [stderr]    Compiling bit-set v0.5.3
[INFO] [stderr]    Compiling wayland-scanner v0.28.6
[INFO] [stderr]    Compiling fxhash v0.2.1
[INFO] [stderr]    Compiling spirv_headers v1.5.0
[INFO] [stderr]    Compiling futures-task v0.3.28
[INFO] [stderr]    Compiling futures-channel v0.3.28
[INFO] [stderr]    Compiling thiserror v1.0.40
[INFO] [stderr]    Compiling freetype-sys v0.13.1
[INFO] [stderr]    Compiling pest v2.6.0
[INFO] [stderr]    Compiling expat-sys v2.1.6
[INFO] [stderr]    Compiling wayland-client v0.29.5
[INFO] [stderr]    Compiling nix v0.24.3
[INFO] [stderr]    Compiling wayland-sys v0.28.6
[INFO] [stderr]    Compiling futures-sink v0.3.28
[INFO] [stderr]    Compiling futures-util v0.3.28
[INFO] [stderr]    Compiling parking_lot v0.11.2
[INFO] [stderr]    Compiling naga v0.3.2
[INFO] [stderr]    Compiling spirv_cross v0.23.1
[INFO] [stderr]    Compiling futures-macro v0.3.28
[INFO] [stderr]    Compiling xcursor v0.3.4
[INFO] [stderr]    Compiling semver-parser v0.10.2
[INFO] [stderr]    Compiling futures-io v0.3.28
[INFO] [stderr]    Compiling rand v0.8.5
[INFO] [stderr]    Compiling semver v0.11.0
[INFO] [stderr]    Compiling wayland-commons v0.29.5
[INFO] [stderr]    Compiling rustc_version v0.3.3
[INFO] [stderr]    Compiling pathfinder_simd v0.5.1
[INFO] [stderr]    Compiling wayland-protocols v0.29.5
[INFO] [stderr]    Compiling wayland-client v0.28.6
[INFO] [stderr]    Compiling nix v0.20.0
[INFO] [stderr]    Compiling servo-fontconfig-sys v5.1.0
[INFO] [stderr]    Compiling ttf-parser v0.19.0
[INFO] [stderr]    Compiling static_assertions v1.1.0
[INFO] [stderr]    Compiling khronos-egl v3.0.2
[INFO] [stderr]    Compiling twox-hash v1.6.3
[INFO] [stderr]    Compiling gfx-hal v0.7.0
[INFO] [stderr]    Compiling wayland-commons v0.28.6
[INFO] [stderr]    Compiling owned_ttf_parser v0.19.0
[INFO] [stderr]    Compiling tracing v0.1.37
[INFO] [stderr]    Compiling futures-executor v0.3.28
[INFO] [stderr]    Compiling smithay-client-toolkit v0.16.0
[INFO] [stderr]    Compiling nix v0.18.0
[INFO] [stderr]    Compiling cfg_aliases v0.1.1
[INFO] [stderr]    Compiling ttf-parser v0.15.2
[INFO] [stderr]    Compiling arrayvec v0.5.2
[INFO] [stderr]    Compiling ahash v0.4.7
[INFO] [stderr]    Compiling hashbrown v0.9.1
[INFO] [stderr]    Compiling wgpu-core v0.7.2
[INFO] [stderr]    Compiling glam v0.10.2
[INFO] [stderr]    Compiling rayon-core v1.11.0
[INFO] [stderr]    Compiling futures v0.3.28
[INFO] [stderr]    Compiling ab_glyph v0.2.21
[INFO] [stderr]    Compiling wayland-cursor v0.29.5
[INFO] [stderr]    Compiling wayland-protocols v0.28.6
[INFO] [stderr]    Compiling ash v0.31.0
[INFO] [stderr]    Compiling bytemuck_derive v1.4.1
[INFO] [stderr]    Compiling memmap2 v0.5.10
[INFO] [stderr]    Compiling owned_ttf_parser v0.15.2
[INFO] [stderr]    Compiling gpu-descriptor-types v0.1.1
[INFO] [stderr]    Compiling gpu-alloc-types v0.2.0
[INFO] [stderr]    Compiling inplace_it v0.3.5
[INFO] [stderr]    Compiling iced_core v0.4.0
[INFO] [stderr]    Compiling glow v0.7.2
[INFO] [stderr]    Compiling either v1.8.1
[INFO] [stderr]    Compiling home v0.5.5
[INFO] [stderr]    Compiling bytemuck v1.13.1
[INFO] [stderr]    Compiling rayon v1.7.0
[INFO] [stderr]    Compiling xdg v2.5.0
[INFO] [stderr]    Compiling gpu-alloc v0.3.2
[INFO] [stderr]    Compiling rusttype v0.9.3
[INFO] [stderr]    Compiling gpu-descriptor v0.1.1
[INFO] [stderr]    Compiling pathfinder_geometry v0.5.1
[INFO] [stderr]    Compiling iced_futures v0.3.0
[INFO] [stderr]    Compiling servo-fontconfig v0.5.1
[INFO] [stderr]    Compiling gfx-backend-empty v0.7.0
[INFO] [stderr]    Compiling freetype v0.7.0
[INFO] [stderr]    Compiling net2 v0.2.38
[INFO] [stderr]    Compiling nix v0.22.3
[INFO] [stderr]    Compiling iovec v0.1.4
[INFO] [stderr]    Compiling gethostname v0.2.3
[INFO] [stderr]    Compiling wgpu-types v0.7.0
[INFO] [stderr]    Compiling x11-dl v2.21.0
[INFO] [stderr]    Compiling float-ord v0.2.0
[INFO] [stderr]    Compiling rustc-hash v1.1.0
[INFO] [stderr]    Compiling xi-unicode v0.3.0
[INFO] [stderr]    Compiling unicode-segmentation v1.10.1
[INFO] [stderr]    Compiling linked-hash-map v0.5.6
[INFO] [stderr]    Compiling copyless v0.1.5
[INFO] [stderr]    Compiling glyph_brush_layout v0.2.3
[INFO] [stderr]    Compiling glyph_brush_draw_cache v0.1.5
[INFO] [stderr]    Compiling iced_native v0.4.0
[INFO] [stderr]    Compiling font-kit v0.10.1
[INFO] [stderr]    Compiling mio v0.6.23
[INFO] [stderr]    Compiling calloop v0.6.5
[INFO] [stderr]    Compiling x11rb v0.9.0
[INFO] [stderr]    Compiling andrew v0.3.1
[INFO] [stderr]    Compiling iced_style v0.3.0
[INFO] [stderr]    Compiling wayland-cursor v0.28.6
[INFO] [stderr]    Compiling dlib v0.4.2
[INFO] [stderr]    Compiling ordered-float v3.7.0
[INFO] [stderr]    Compiling memmap2 v0.1.0
[INFO] [stderr]    Compiling lazycell v1.3.0
[INFO] [stderr]    Compiling iced_graphics v0.2.0
[INFO] [stderr]    Compiling gfx-backend-vulkan v0.7.0
[INFO] [stderr]    Compiling glyph_brush v0.7.7
[INFO] [stderr]    Compiling mio-extras v2.0.6
[INFO] [stderr]    Compiling svg_fmt v0.4.1
[INFO] [stderr]    Compiling guillotiere v0.6.2
[INFO] [stderr]    Compiling clipboard_x11 v0.4.0
[INFO] [stderr]    Compiling gfx-auxil v0.8.0
[INFO] [stderr]    Compiling gfx-backend-gl v0.7.1
[INFO] [stderr]    Compiling wgpu v0.7.1
[INFO] [stderr]    Compiling wgpu_glyph v0.11.0
[INFO] [stderr]    Compiling iced_wgpu v0.4.0
[INFO] [stderr]    Compiling smithay-clipboard v0.6.6
[INFO] [stderr]    Compiling smithay-client-toolkit v0.12.3
[INFO] [stderr]    Compiling clipboard_wayland v0.2.0
[INFO] [stderr]    Compiling window_clipboard v0.2.4
[INFO] [stderr]    Compiling winit v0.24.0
[INFO] [stderr]    Compiling iced_winit v0.3.0
[INFO] [stderr]    Compiling iced v0.3.0
[INFO] [stderr]    Compiling iced_focus v0.1.1 (/opt/rustwide/workdir)
[INFO] [stderr]     Finished dev [unoptimized + debuginfo] target(s) in 4m 28s
[INFO] running `Command { std: "docker" "inspect" "9caaaf5ed32a89b38a672e9c0bc8aa844e2a67be2f076cc588a9a4cec6a62edc", kill_on_drop: false }`
[INFO] running `Command { std: "docker" "rm" "-f" "9caaaf5ed32a89b38a672e9c0bc8aa844e2a67be2f076cc588a9a4cec6a62edc", kill_on_drop: false }`
[INFO] [stdout] 9caaaf5ed32a89b38a672e9c0bc8aa844e2a67be2f076cc588a9a4cec6a62edc
[INFO] running `Command { std: "docker" "create" "-v" "/var/lib/crater-agent-workspace/builds/worker-1-tc1/target:/opt/rustwide/target:rw,Z" "-v" "/var/lib/crater-agent-workspace/builds/worker-1-tc1/source:/opt/rustwide/workdir:ro,Z" "-v" "/var/lib/crater-agent-workspace/cargo-home:/opt/rustwide/cargo-home:ro,Z" "-v" "/var/lib/crater-agent-workspace/rustup-home:/opt/rustwide/rustup-home:ro,Z" "-e" "SOURCE_DIR=/opt/rustwide/workdir" "-e" "CARGO_TARGET_DIR=/opt/rustwide/target" "-e" "CARGO_INCREMENTAL=0" "-e" "RUST_BACKTRACE=full" "-e" "RUSTFLAGS=--cap-lints=warn" "-e" "RUSTDOCFLAGS=--cap-lints=warn" "-e" "CARGO_HOME=/opt/rustwide/cargo-home" "-e" "RUSTUP_HOME=/opt/rustwide/rustup-home" "-w" "/opt/rustwide/workdir" "-m" "1610612736" "--user" "0:0" "--network" "none" "ghcr.io/rust-lang/crates-build-env/linux@sha256:5ff2268d62e97bff2cde7d5815dd6ed5b47097566f13b8d0ca110b04b60e07ed" "/opt/rustwide/cargo-home/bin/cargo" "+1.69.0" "test" "--frozen" "--no-run" "--message-format=json", kill_on_drop: false }`
[INFO] [stdout] fe73e8a9ba2902713be59bae7b6adac4d14e9b5cce1edef475cdf1ec1a0ce3ce
[INFO] running `Command { std: "docker" "start" "-a" "fe73e8a9ba2902713be59bae7b6adac4d14e9b5cce1edef475cdf1ec1a0ce3ce", kill_on_drop: false }`
[INFO] [stderr]    Compiling trybuild v1.0.80
[INFO] [stderr]    Compiling basic-toml v0.1.2
[INFO] [stderr]    Compiling serde_derive v1.0.160
[INFO] [stderr]    Compiling glob v0.3.1
[INFO] [stderr]    Compiling termcolor v1.2.0
[INFO] [stderr]    Compiling iced_focus v0.1.1 (/opt/rustwide/workdir)
[INFO] [stdout] error: cannot find derive macro `Focus` in this scope
[INFO] [stdout]  --> tests/06-enable-with.rs:4:19
[INFO] [stdout]   |
[INFO] [stdout] 4 | #[derive(Default, Focus)]
[INFO] [stdout]   |                   ^^^^^
[INFO] [stdout]   |
[INFO] [stdout] note: `Focus` is imported here, but it is only a trait, without a derive macro
[INFO] [stdout]  --> tests/06-enable-with.rs:2:5
[INFO] [stdout]   |
[INFO] [stdout] 2 | use iced_focus::Focus;
[INFO] [stdout]   |     ^^^^^^^^^^^^^^^^^
[INFO] [stdout] 
[INFO] [stdout] 
[INFO] [stdout] error: cannot find attribute `focus` in this scope
[INFO] [stdout]  --> tests/06-enable-with.rs:6:7
[INFO] [stdout]   |
[INFO] [stdout] 6 |     #[focus(enable)]
[INFO] [stdout]   |       ^^^^^
[INFO] [stdout] 
[INFO] [stdout] 
[INFO] [stdout] error: cannot find attribute `focus` in this scope
[INFO] [stdout]  --> tests/06-enable-with.rs:9:7
[INFO] [stdout]   |
[INFO] [stdout] 9 |     #[focus(enable = "self.enable_input_two")]
[INFO] [stdout]   |       ^^^^^
[INFO] [stdout] 
[INFO] [stdout] 
[INFO] [stdout] error: cannot find derive macro `Focus` in this scope
[INFO] [stdout]   --> tests/06-enable-with.rs:76:19
[INFO] [stdout]    |
[INFO] [stdout] 76 | #[derive(Default, Focus)]
[INFO] [stdout]    |                   ^^^^^
[INFO] [stdout]    |
[INFO] [stdout] note: `Focus` is imported here, but it is only a trait, without a derive macro
[INFO] [stdout]   --> tests/06-enable-with.rs:2:5
[INFO] [stdout]    |
[INFO] [stdout] 2  | use iced_focus::Focus;
[INFO] [stdout]    |     ^^^^^^^^^^^^^^^^^
[INFO] [stdout] 
[INFO] [stdout] 
[INFO] [stdout] error: cannot find attribute `focus` in this scope
[INFO] [stdout]   --> tests/06-enable-with.rs:78:7
[INFO] [stdout]    |
[INFO] [stdout] 78 |     #[focus(enable)] text_input::State,
[INFO] [stdout]    |       ^^^^^
[INFO] [stdout] 
[INFO] [stdout] 
[INFO] [stdout] error: cannot find attribute `focus` in this scope
[INFO] [stdout]   --> tests/06-enable-with.rs:80:7
[INFO] [stdout]    |
[INFO] [stdout] 80 |     #[focus(enable = "self.enable_input_two")] text_input::State,
[INFO] [stdout]    |       ^^^^^
[INFO] [stdout] 
[INFO] [stdout] 
[INFO] [stdout] error: cannot find derive macro `Focus` in this scope
[INFO] [stdout]    --> tests/06-enable-with.rs:146:10
[INFO] [stdout]     |
[INFO] [stdout] 146 | #[derive(Focus)]
[INFO] [stdout]     |          ^^^^^
[INFO] [stdout]     |
[INFO] [stdout] note: `Focus` is imported here, but it is only a trait, without a derive macro
[INFO] [stdout]    --> tests/06-enable-with.rs:2:5
[INFO] [stdout]     |
[INFO] [stdout] 2   | use iced_focus::Focus;
[INFO] [stdout]     |     ^^^^^^^^^^^^^^^^^
[INFO] [stdout] 
[INFO] [stdout] 
[INFO] [stdout] error: cannot find attribute `focus` in this scope
[INFO] [stdout]    --> tests/06-enable-with.rs:149:11
[INFO] [stdout]     |
[INFO] [stdout] 149 |         #[focus(enable)]
[INFO] [stdout]     |           ^^^^^
[INFO] [stdout] 
[INFO] [stdout] 
[INFO] [stdout] error: cannot find attribute `focus` in this scope
[INFO] [stdout]    --> tests/06-enable-with.rs:152:11
[INFO] [stdout]     |
[INFO] [stdout] 152 |         #[focus(enable = "self.enable_input_two")]
[INFO] [stdout]     |           ^^^^^
[INFO] [stdout] 
[INFO] [stdout] 
[INFO] [stdout] error: cannot find attribute `focus` in this scope
[INFO] [stdout]    --> tests/06-enable-with.rs:156:11
[INFO] [stdout]     |
[INFO] [stdout] 156 |         #[focus(enable)] text_input::State,
[INFO] [stdout]     |           ^^^^^
[INFO] [stdout] 
[INFO] [stdout] 
[INFO] [stdout] error: cannot find attribute `focus` in this scope
[INFO] [stdout]    --> tests/06-enable-with.rs:158:11
[INFO] [stdout]     |
[INFO] [stdout] 158 |         #[focus(enable = "self.enable_input_two")] text_input::State,
[INFO] [stdout]     |           ^^^^^
[INFO] [stdout] 
[INFO] [stdout] 
[INFO] [stdout] error: cannot find derive macro `Focus` in this scope
[INFO] [stdout]  --> tests/02-enum-unit.rs:3:10
[INFO] [stdout]   |
[INFO] [stdout] 3 | #[derive(Focus)]
[INFO] [stdout]   |          ^^^^^
[INFO] [stdout]   |
[INFO] [stdout] note: `Focus` is imported here, but it is only a trait, without a derive macro
[INFO] [stdout]  --> tests/02-enum-unit.rs:1:5
[INFO] [stdout]   |
[INFO] [stdout] 1 | use iced_focus::Focus;
[INFO] [stdout]   |     ^^^^^^^^^^^^^^^^^
[INFO] [stdout] 
[INFO] [stdout] 
[INFO] [stdout] error: cannot find derive macro `Focus` in this scope
[INFO] [stdout]  --> tests/08-array.rs:4:19
[INFO] [stdout]   |
[INFO] [stdout] 4 | #[derive(Default, Focus)]
[INFO] [stdout]   |                   ^^^^^
[INFO] [stdout]   |
[INFO] [stdout] note: `Focus` is imported here, but it is only a trait, without a derive macro
[INFO] [stdout]  --> tests/08-array.rs:2:5
[INFO] [stdout]   |
[INFO] [stdout] 2 | use iced_focus::Focus;
[INFO] [stdout]   |     ^^^^^^^^^^^^^^^^^
[INFO] [stdout] 
[INFO] [stdout] 
[INFO] [stdout] error: cannot find attribute `focus` in this scope
[INFO] [stdout]  --> tests/08-array.rs:6:7
[INFO] [stdout]   |
[INFO] [stdout] 6 |     #[focus(enable)]
[INFO] [stdout]   |       ^^^^^
[INFO] [stdout] 
[INFO] [stdout] 
[INFO] [stdout] error: cannot find derive macro `Focus` in this scope
[INFO] [stdout]   --> tests/11-generics.rs:42:10
[INFO] [stdout]    |
[INFO] [stdout] 42 | #[derive(Focus)]
[INFO] [stdout]    |          ^^^^^
[INFO] [stdout]    |
[INFO] [stdout] note: `Focus` is imported here, but it is only a trait, without a derive macro
[INFO] [stdout]   --> tests/11-generics.rs:2:5
[INFO] [stdout]    |
[INFO] [stdout] 2  | use iced_focus::Focus;
[INFO] [stdout]    |     ^^^^^^^^^^^^^^^^^
[INFO] [stdout] 
[INFO] [stdout] 
[INFO] [stdout] error: cannot find attribute `focus` in this scope
[INFO] [stdout]   --> tests/11-generics.rs:48:11
[INFO] [stdout]    |
[INFO] [stdout] 48 |         #[focus(enable)]
[INFO] [stdout]    |           ^^^^^
[INFO] [stdout] 
[INFO] [stdout] 
[INFO] [stdout] error: cannot find attribute `focus` in this scope
[INFO] [stdout]   --> tests/11-generics.rs:54:11
[INFO] [stdout]    |
[INFO] [stdout] 54 |         #[focus(enable)]
[INFO] [stdout]    |           ^^^^^
[INFO] [stdout] 
[INFO] [stdout] 
[INFO] [stdout] error: cannot find attribute `focus` in this scope
[INFO] [stdout]   --> tests/11-generics.rs:60:11
[INFO] [stdout]    |
[INFO] [stdout] 60 |         #[focus(enable)]
[INFO] [stdout]    |           ^^^^^
[INFO] [stdout] 
[INFO] [stdout] 
[INFO] [stdout] error: cannot find derive macro `Focus` in this scope
[INFO] [stdout]   --> tests/11-generics.rs:32:10
[INFO] [stdout]    |
[INFO] [stdout] 32 | #[derive(Focus)]
[INFO] [stdout]    |          ^^^^^
[INFO] [stdout]    |
[INFO] [stdout] note: `Focus` is imported here, but it is only a trait, without a derive macro
[INFO] [stdout]   --> tests/11-generics.rs:2:5
[INFO] [stdout]    |
[INFO] [stdout] 2  | use iced_focus::Focus;
[INFO] [stdout]    |     ^^^^^^^^^^^^^^^^^
[INFO] [stdout] 
[INFO] [stdout] 
[INFO] [stdout] error: cannot find attribute `focus` in this scope
[INFO] [stdout]   --> tests/11-generics.rs:36:7
[INFO] [stdout]    |
[INFO] [stdout] 36 |     #[focus(enable)]
[INFO] [stdout]    |       ^^^^^
[INFO] [stdout] 
[INFO] [stdout] 
[INFO] [stdout] error: cannot find derive macro `Focus` in this scope
[INFO] [stdout]   --> tests/11-generics.rs:24:10
[INFO] [stdout]    |
[INFO] [stdout] 24 | #[derive(Focus)]
[INFO] [stdout]    |          ^^^^^
[INFO] [stdout]    |
[INFO] [stdout] note: `Focus` is imported here, but it is only a trait, without a derive macro
[INFO] [stdout]   --> tests/11-generics.rs:2:5
[INFO] [stdout]    |
[INFO] [stdout] 2  | use iced_focus::Focus;
[INFO] [stdout]    |     ^^^^^^^^^^^^^^^^^
[INFO] [stdout] 
[INFO] [stdout] 
[INFO] [stdout] error: cannot find attribute `focus` in this scope
[INFO] [stdout]   --> tests/11-generics.rs:28:7
[INFO] [stdout]    |
[INFO] [stdout] 28 |     #[focus(enable)]
[INFO] [stdout]    |       ^^^^^
[INFO] [stdout] 
[INFO] [stdout] 
[INFO] [stdout] error: cannot find derive macro `Focus` in this scope
[INFO] [stdout]   --> tests/11-generics.rs:13:10
[INFO] [stdout]    |
[INFO] [stdout] 13 | #[derive(Focus)]
[INFO] [stdout]    |          ^^^^^
[INFO] [stdout]    |
[INFO] [stdout] note: `Focus` is imported here, but it is only a trait, without a derive macro
[INFO] [stdout]   --> tests/11-generics.rs:2:5
[INFO] [stdout]    |
[INFO] [stdout] 2  | use iced_focus::Focus;
[INFO] [stdout]    |     ^^^^^^^^^^^^^^^^^
[INFO] [stdout] 
[INFO] [stdout] 
[INFO] [stdout] error: cannot find attribute `focus` in this scope
[INFO] [stdout]   --> tests/11-generics.rs:17:7
[INFO] [stdout]    |
[INFO] [stdout] 17 |     #[focus(enable)]
[INFO] [stdout]    |       ^^^^^
[INFO] [stdout] 
[INFO] [stdout] 
[INFO] [stdout] error: cannot find attribute `focus` in this scope
[INFO] [stdout]   --> tests/11-generics.rs:20:7
[INFO] [stdout]    |
[INFO] [stdout] 20 |     #[focus(enable)]
[INFO] [stdout]    |       ^^^^^
[INFO] [stdout] 
[INFO] [stdout] 
[INFO] [stdout] error: cannot find derive macro `Focus` in this scope
[INFO] [stdout]  --> tests/11-generics.rs:4:19
[INFO] [stdout]   |
[INFO] [stdout] 4 | #[derive(Default, Focus)]
[INFO] [stdout]   |                   ^^^^^
[INFO] [stdout]   |
[INFO] [stdout] note: `Focus` is imported here, but it is only a trait, without a derive macro
[INFO] [stdout]  --> tests/11-generics.rs:2:5
[INFO] [stdout]   |
[INFO] [stdout] 2 | use iced_focus::Focus;
[INFO] [stdout]   |     ^^^^^^^^^^^^^^^^^
[INFO] [stdout] 
[INFO] [stdout] 
[INFO] [stdout] error: cannot find attribute `focus` in this scope
[INFO] [stdout]  --> tests/11-generics.rs:8:7
[INFO] [stdout]   |
[INFO] [stdout] 8 |     #[focus(enable)]
[INFO] [stdout]   |       ^^^^^
[INFO] [stdout] 
[INFO] [stdout] 
[INFO] [stdout] error: cannot find derive macro `Focus` in this scope
[INFO] [stdout]  --> tests/03-enum-struct.rs:4:10
[INFO] [stdout]   |
[INFO] [stdout] 4 | #[derive(Focus)]
[INFO] [stdout]   |          ^^^^^
[INFO] [stdout]   |
[INFO] [stdout] note: `Focus` is imported here, but it is only a trait, without a derive macro
[INFO] [stdout]  --> tests/03-enum-struct.rs:2:5
[INFO] [stdout]   |
[INFO] [stdout] 2 | use iced_focus::Focus;
[INFO] [stdout]   |     ^^^^^^^^^^^^^^^^^
[INFO] [stdout] 
[INFO] [stdout] 
[INFO] [stdout] error: cannot find attribute `focus` in this scope
[INFO] [stdout]  --> tests/03-enum-struct.rs:8:11
[INFO] [stdout]   |
[INFO] [stdout] 8 |         #[focus(enable)]
[INFO] [stdout]   |           ^^^^^
[INFO] [stdout] 
[INFO] [stdout] 
[INFO] [stdout] error: cannot find attribute `focus` in this scope
[INFO] [stdout]   --> tests/03-enum-struct.rs:12:11
[INFO] [stdout]    |
[INFO] [stdout] 12 |         #[focus(enable)]
[INFO] [stdout]    |           ^^^^^
[INFO] [stdout] 
[INFO] [stdout] 
[INFO] [stdout] error: aborting due to 13 previous errors
[INFO] [stdout] 
[INFO] [stdout] 
[INFO] [stdout] error: cannot find attribute `focus` in this scope
[INFO] [stdout]   --> tests/03-enum-struct.rs:14:11
[INFO] [stdout]    |
[INFO] [stdout] 14 |         #[focus(enable)]
[INFO] [stdout]    |           ^^^^^
[INFO] [stdout] 
[INFO] [stdout] 
[INFO] [stderr] error: could not compile `iced_focus` due to 14 previous errors
[INFO] [stderr] warning: build failed, waiting for other jobs to finish...
[INFO] [stdout] error[E0599]: no method named `has_focus` found for struct `ExampleStruct` in the current scope
[INFO] [stdout]   --> tests/06-enable-with.rs:21:22
[INFO] [stdout]    |
[INFO] [stdout] 5  | struct ExampleStruct {
[INFO] [stdout]    | -------------------- method `has_focus` not found for this struct
[INFO] [stdout] ...
[INFO] [stdout] 21 |     assert!(!example.has_focus());
[INFO] [stdout]    |                      ^^^^^^^^^ method not found in `ExampleStruct`
[INFO] [stdout]    |
[INFO] [stdout]    = help: items from traits can only be used if the trait is implemented and in scope
[INFO] [stdout]    = note: the following trait defines an item `has_focus`, perhaps you need to implement it:
[INFO] [stdout]            candidate #1: `Focus`
[INFO] [stdout] help: some of the expressions' fields have a method of the same name
[INFO] [stdout]    |
[INFO] [stdout] 21 |     assert!(!example.text_input_one.has_focus());
[INFO] [stdout]    |                      +++++++++++++++
[INFO] [stdout] 21 |     assert!(!example.text_input_two.has_focus());
[INFO] [stdout]    |                      +++++++++++++++
[INFO] [stdout] 
[INFO] [stdout] 
[INFO] [stdout] error[E0599]: no method named `focus` found for enum `Example` in the current scope
[INFO] [stdout]   --> tests/02-enum-unit.rs:13:17
[INFO] [stdout]    |
[INFO] [stdout] 4  | enum Example {
[INFO] [stdout]    | ------------ method `focus` not found for this enum
[INFO] [stdout] ...
[INFO] [stdout] 13 |         example.focus(iced_focus::Direction::Forwards),
[INFO] [stdout]    |                 ^^^^^ method not found in `Example`
[INFO] [stdout]    |
[INFO] [stdout]    = help: items from traits can only be used if the trait is implemented and in scope
[INFO] [stdout]    = note: the following trait defines an item `focus`, perhaps you need to implement it:
[INFO] [stdout]            candidate #1: `Focus`
[INFO] [stdout] 
[INFO] [stdout] 
[INFO] [stdout] error: cannot find derive macro `Focus` in this scope
[INFO] [stdout]  --> tests/04-tuple-struct.rs:4:19
[INFO] [stdout]   |
[INFO] [stdout] 4 | #[derive(Default, Focus)]
[INFO] [stdout]   |                   ^^^^^
[INFO] [stdout]   |
[INFO] [stdout] note: `Focus` is imported here, but it is only a trait, without a derive macro
[INFO] [stdout]  --> tests/04-tuple-struct.rs:2:5
[INFO] [stdout]   |
[INFO] [stdout] 2 | use iced_focus::Focus;
[INFO] [stdout]   |     ^^^^^^^^^^^^^^^^^
[INFO] [stdout] 
[INFO] [stdout] 
[INFO] [stdout] error[E0599]: no method named `focus` found for enum `Example` in the current scope
[INFO] [stdout]    --> tests/03-enum-struct.rs:22:17
[INFO] [stdout]     |
[INFO] [stdout] 5   | enum Example {
[INFO] [stdout]     | ------------ method `focus` not found for this enum
[INFO] [stdout] ...
[INFO] [stdout] 22  |         example.focus(iced_focus::Direction::Forwards),
[INFO] [stdout]     |                 ^^^^^ method not found in `Example`
[INFO] [stdout]     |
[INFO] [stdout] note: the method `focus` exists on the type `iced::text_input::State`
[INFO] [stdout]    --> /opt/rustwide/cargo-home/registry/src/github.com-1ecc6299db9ec823/iced_native-0.4.0/src/widget/text_input.rs:772:5
[INFO] [stdout]     |
[INFO] [stdout] 772 |     pub fn focus(&mut self) {
[INFO] [stdout]     |     ^^^^^^^^^^^^^^^^^^^^^^^
[INFO] [stdout]     = help: items from traits can only be used if the trait is implemented and in scope
[INFO] [stdout]     = note: the following trait defines an item `focus`, perhaps you need to implement it:
[INFO] [stdout]             candidate #1: `Focus`
[INFO] [stdout] 
[INFO] [stdout] 
[INFO] [stdout] error: cannot find attribute `focus` in this scope
[INFO] [stdout]  --> tests/04-tuple-struct.rs:6:7
[INFO] [stdout]   |
[INFO] [stdout] 6 |     #[focus(enable)] text_input::State,
[INFO] [stdout]   |       ^^^^^
[INFO] [stdout] 
[INFO] [stdout] 
[INFO] [stdout] error: cannot find attribute `focus` in this scope
[INFO] [stdout]  --> tests/04-tuple-struct.rs:7:7
[INFO] [stdout]   |
[INFO] [stdout] 7 |     #[focus(enable)] text_input::State,
[INFO] [stdout]   |       ^^^^^
[INFO] [stdout] 
[INFO] [stdout] 
[INFO] [stdout] error[E0599]: no method named `focus` found for struct `ExampleStruct` in the current scope
[INFO] [stdout]   --> tests/06-enable-with.rs:26:17
[INFO] [stdout]    |
[INFO] [stdout] 5  | struct ExampleStruct {
[INFO] [stdout]    | -------------------- method `focus` not found for this struct
[INFO] [stdout] ...
[INFO] [stdout] 26 |         example.focus(iced_focus::Direction::Forwards),
[INFO] [stdout]    |                 ^^^^^ method not found in `ExampleStruct`
[INFO] [stdout]    |
[INFO] [stdout]    = help: items from traits can only be used if the trait is implemented and in scope
[INFO] [stdout]    = note: the following trait defines an item `focus`, perhaps you need to implement it:
[INFO] [stdout]            candidate #1: `Focus`
[INFO] [stdout] help: some of the expressions' fields have a method of the same name
[INFO] [stdout]    |
[INFO] [stdout] 26 |         example.text_input_one.focus(iced_focus::Direction::Forwards),
[INFO] [stdout]    |                 +++++++++++++++
[INFO] [stdout] 26 |         example.text_input_two.focus(iced_focus::Direction::Forwards),
[INFO] [stdout]    |                 +++++++++++++++
[INFO] [stdout] 
[INFO] [stdout] 
[INFO] [stdout] error[E0599]: no method named `has_focus` found for enum `Example` in the current scope
[INFO] [stdout]   --> tests/02-enum-unit.rs:16:22
[INFO] [stdout]    |
[INFO] [stdout] 4  | enum Example {
[INFO] [stdout]    | ------------ method `has_focus` not found for this enum
[INFO] [stdout] ...
[INFO] [stdout] 16 |     assert!(!example.has_focus());
[INFO] [stdout]    |                      ^^^^^^^^^ method not found in `Example`
[INFO] [stdout]    |
[INFO] [stdout]    = help: items from traits can only be used if the trait is implemented and in scope
[INFO] [stdout]    = note: the following trait defines an item `has_focus`, perhaps you need to implement it:
[INFO] [stdout]            candidate #1: `Focus`
[INFO] [stdout] 
[INFO] [stdout] 
[INFO] [stdout] error[E0599]: no method named `focus` found for enum `Example` in the current scope
[INFO] [stdout]    --> tests/03-enum-struct.rs:30:17
[INFO] [stdout]     |
[INFO] [stdout] 5   | enum Example {
[INFO] [stdout]     | ------------ method `focus` not found for this enum
[INFO] [stdout] ...
[INFO] [stdout] 30  |         example.focus(iced_focus::Direction::Forwards),
[INFO] [stdout]     |                 ^^^^^ method not found in `Example`
[INFO] [stdout]     |
[INFO] [stdout] note: the method `focus` exists on the type `iced::text_input::State`
[INFO] [stdout]    --> /opt/rustwide/cargo-home/registry/src/github.com-1ecc6299db9ec823/iced_native-0.4.0/src/widget/text_input.rs:772:5
[INFO] [stdout]     |
[INFO] [stdout] 772 |     pub fn focus(&mut self) {
[INFO] [stdout]     |     ^^^^^^^^^^^^^^^^^^^^^^^
[INFO] [stdout]     = help: items from traits can only be used if the trait is implemented and in scope
[INFO] [stdout]     = note: the following trait defines an item `focus`, perhaps you need to implement it:
[INFO] [stdout]             candidate #1: `Focus`
[INFO] [stdout] 
[INFO] [stdout] 
[INFO] [stdout] error[E0599]: no method named `has_focus` found for struct `ExampleStruct` in the current scope
[INFO] [stdout]   --> tests/06-enable-with.rs:29:21
[INFO] [stdout]    |
[INFO] [stdout] 5  | struct ExampleStruct {
[INFO] [stdout]    | -------------------- method `has_focus` not found for this struct
[INFO] [stdout] ...
[INFO] [stdout] 29 |     assert!(example.has_focus());
[INFO] [stdout]    |                     ^^^^^^^^^ method not found in `ExampleStruct`
[INFO] [stdout]    |
[INFO] [stdout]    = help: items from traits can only be used if the trait is implemented and in scope
[INFO] [stdout]    = note: the following trait defines an item `has_focus`, perhaps you need to implement it:
[INFO] [stdout]            candidate #1: `Focus`
[INFO] [stdout] help: some of the expressions' fields have a method of the same name
[INFO] [stdout]    |
[INFO] [stdout] 29 |     assert!(example.text_input_one.has_focus());
[INFO] [stdout]    |                     +++++++++++++++
[INFO] [stdout] 29 |     assert!(example.text_input_two.has_focus());
[INFO] [stdout]    |                     +++++++++++++++
[INFO] [stdout] 
[INFO] [stdout] 
[INFO] [stdout] error[E0599]: no method named `has_focus` found for struct `Example` in the current scope
[INFO] [stdout]   --> tests/08-array.rs:12:22
[INFO] [stdout]    |
[INFO] [stdout] 5  | struct Example {
[INFO] [stdout]    | -------------- method `has_focus` not found for this struct
[INFO] [stdout] ...
[INFO] [stdout] 12 |     assert!(!example.has_focus());
[INFO] [stdout]    |                      ^^^^^^^^^ method not found in `Example`
[INFO] [stdout]    |
[INFO] [stdout]    = help: items from traits can only be used if the trait is implemented and in scope
[INFO] [stdout]    = note: the following trait defines an item `has_focus`, perhaps you need to implement it:
[INFO] [stdout]            candidate #1: `Focus`
[INFO] [stdout] help: one of the expressions' fields has a method of the same name
[INFO] [stdout]    |
[INFO] [stdout] 12 |     assert!(!example.text_inputs.has_focus());
[INFO] [stdout]    |                      ++++++++++++
[INFO] [stdout] 
[INFO] [stdout] 
[INFO] [stdout] error[E0599]: no method named `focus` found for enum `Example` in the current scope
[INFO] [stdout]   --> tests/02-enum-unit.rs:20:17
[INFO] [stdout]    |
[INFO] [stdout] 4  | enum Example {
[INFO] [stdout]    | ------------ method `focus` not found for this enum
[INFO] [stdout] ...
[INFO] [stdout] 20 |         example.focus(iced_focus::Direction::Forwards),
[INFO] [stdout]    |                 ^^^^^ method not found in `Example`
[INFO] [stdout]    |
[INFO] [stdout]    = help: items from traits can only be used if the trait is implemented and in scope
[INFO] [stdout]    = note: the following trait defines an item `focus`, perhaps you need to implement it:
[INFO] [stdout]            candidate #1: `Focus`
[INFO] [stdout] 
[INFO] [stdout] 
[INFO] [stdout] error[E0599]: no method named `focus` found for struct `Example` in the current scope
[INFO] [stdout]   --> tests/08-array.rs:16:17
[INFO] [stdout]    |
[INFO] [stdout] 5  | struct Example {
[INFO] [stdout]    | -------------- method `focus` not found for this struct
[INFO] [stdout] ...
[INFO] [stdout] 16 |         example.focus(iced_focus::Direction::Forwards),
[INFO] [stdout]    |                 ^^^^^ method not found in `Example`
[INFO] [stdout]    |
[INFO] [stdout]    = help: items from traits can only be used if the trait is implemented and in scope
[INFO] [stdout]    = note: the following trait defines an item `focus`, perhaps you need to implement it:
[INFO] [stdout]            candidate #1: `Focus`
[INFO] [stdout] help: one of the expressions' fields has a method of the same name
[INFO] [stdout]    |
[INFO] [stdout] 16 |         example.text_inputs.focus(iced_focus::Direction::Forwards),
[INFO] [stdout]    |                 ++++++++++++
[INFO] [stdout] 
[INFO] [stdout] 
[INFO] [stdout] error[E0599]: no method named `focus` found for enum `Example` in the current scope
[INFO] [stdout]    --> tests/03-enum-struct.rs:42:17
[INFO] [stdout]     |
[INFO] [stdout] 5   | enum Example {
[INFO] [stdout]     | ------------ method `focus` not found for this enum
[INFO] [stdout] ...
[INFO] [stdout] 42  |         example.focus(iced_focus::Direction::Forwards),
[INFO] [stdout]     |                 ^^^^^ method not found in `Example`
[INFO] [stdout]     |
[INFO] [stdout] note: the method `focus` exists on the type `iced::text_input::State`
[INFO] [stdout]    --> /opt/rustwide/cargo-home/registry/src/github.com-1ecc6299db9ec823/iced_native-0.4.0/src/widget/text_input.rs:772:5
[INFO] [stdout]     |
[INFO] [stdout] 772 |     pub fn focus(&mut self) {
[INFO] [stdout]     |     ^^^^^^^^^^^^^^^^^^^^^^^
[INFO] [stdout]     = help: items from traits can only be used if the trait is implemented and in scope
[INFO] [stdout]     = note: the following trait defines an item `focus`, perhaps you need to implement it:
[INFO] [stdout]             candidate #1: `Focus`
[INFO] [stdout] 
[INFO] [stdout] 
[INFO] [stdout] error[E0599]: no method named `focus` found for struct `ExampleStruct` in the current scope
[INFO] [stdout]   --> tests/06-enable-with.rs:34:17
[INFO] [stdout]    |
[INFO] [stdout] 5  | struct ExampleStruct {
[INFO] [stdout]    | -------------------- method `focus` not found for this struct
[INFO] [stdout] ...
[INFO] [stdout] 34 |         example.focus(iced_focus::Direction::Forwards),
[INFO] [stdout]    |                 ^^^^^ method not found in `ExampleStruct`
[INFO] [stdout]    |
[INFO] [stdout]    = help: items from traits can only be used if the trait is implemented and in scope
[INFO] [stdout]    = note: the following trait defines an item `focus`, perhaps you need to implement it:
[INFO] [stdout]            candidate #1: `Focus`
[INFO] [stdout] help: some of the expressions' fields have a method of the same name
[INFO] [stdout]    |
[INFO] [stdout] 34 |         example.text_input_one.focus(iced_focus::Direction::Forwards),
[INFO] [stdout]    |                 +++++++++++++++
[INFO] [stdout] 34 |         example.text_input_two.focus(iced_focus::Direction::Forwards),
[INFO] [stdout]    |                 +++++++++++++++
[INFO] [stdout] 
[INFO] [stdout] 
[INFO] [stdout] error: aborting due to 7 previous errors
[INFO] [stdout] 
[INFO] [stdout] 
[INFO] [stdout] For more information about this error, try `rustc --explain E0599`.
[INFO] [stdout] 
[INFO] [stderr] error: could not compile `iced_focus` due to 8 previous errors
[INFO] [stdout] error[E0599]: no method named `has_focus` found for struct `Example` in the current scope
[INFO] [stdout]   --> tests/08-array.rs:19:21
[INFO] [stdout]    |
[INFO] [stdout] 5  | struct Example {
[INFO] [stdout]    | -------------- method `has_focus` not found for this struct
[INFO] [stdout] ...
[INFO] [stdout] 19 |     assert!(example.has_focus());
[INFO] [stdout]    |                     ^^^^^^^^^ method not found in `Example`
[INFO] [stdout]    |
[INFO] [stdout]    = help: items from traits can only be used if the trait is implemented and in scope
[INFO] [stdout]    = note: the following trait defines an item `has_focus`, perhaps you need to implement it:
[INFO] [stdout]            candidate #1: `Focus`
[INFO] [stdout] help: one of the expressions' fields has a method of the same name
[INFO] [stdout]    |
[INFO] [stdout] 19 |     assert!(example.text_inputs.has_focus());
[INFO] [stdout]    |                     ++++++++++++
[INFO] [stdout] 
[INFO] [stdout] 
[INFO] [stdout] error[E0599]: no method named `has_focus` found for struct `Example` in the current scope
[INFO] [stdout]   --> tests/04-tuple-struct.rs:12:22
[INFO] [stdout]    |
[INFO] [stdout] 5  | struct Example(
[INFO] [stdout]    | -------------- method `has_focus` not found for this struct
[INFO] [stdout] ...
[INFO] [stdout] 12 |     assert!(!example.has_focus());
[INFO] [stdout]    |                      ^^^^^^^^^ method not found in `Example`
[INFO] [stdout]    |
[INFO] [stdout]    = help: items from traits can only be used if the trait is implemented and in scope
[INFO] [stdout]    = note: the following trait defines an item `has_focus`, perhaps you need to implement it:
[INFO] [stdout]            candidate #1: `Focus`
[INFO] [stdout] help: some of the expressions' fields have a method of the same name
[INFO] [stdout]    |
[INFO] [stdout] 12 |     assert!(!example.0.has_focus());
[INFO] [stdout]    |                      ++
[INFO] [stdout] 12 |     assert!(!example.1.has_focus());
[INFO] [stdout]    |                      ++
[INFO] [stdout] 
[INFO] [stdout] 
[INFO] [stdout] error[E0599]: no method named `focus` found for struct `Example` in the current scope
[INFO] [stdout]   --> tests/08-array.rs:25:21
[INFO] [stdout]    |
[INFO] [stdout] 5  | struct Example {
[INFO] [stdout]    | -------------- method `focus` not found for this struct
[INFO] [stdout] ...
[INFO] [stdout] 25 |             example.focus(iced_focus::Direction::Forwards),
[INFO] [stdout]    |                     ^^^^^ method not found in `Example`
[INFO] [stdout]    |
[INFO] [stdout]    = help: items from traits can only be used if the trait is implemented and in scope
[INFO] [stdout]    = note: the following trait defines an item `focus`, perhaps you need to implement it:
[INFO] [stdout]            candidate #1: `Focus`
[INFO] [stdout] help: one of the expressions' fields has a method of the same name
[INFO] [stdout]    |
[INFO] [stdout] 25 |             example.text_inputs.focus(iced_focus::Direction::Forwards),
[INFO] [stdout]    |                     ++++++++++++
[INFO] [stdout] 
[INFO] [stdout] 
[INFO] [stdout] error[E0599]: no method named `has_focus` found for enum `Example` in the current scope
[INFO] [stdout]   --> tests/02-enum-unit.rs:23:22
[INFO] [stdout]    |
[INFO] [stdout] 4  | enum Example {
[INFO] [stdout]    | ------------ method `has_focus` not found for this enum
[INFO] [stdout] ...
[INFO] [stdout] 23 |     assert!(!example.has_focus());
[INFO] [stdout]    |                      ^^^^^^^^^ method not found in `Example`
[INFO] [stdout]    |
[INFO] [stdout]    = help: items from traits can only be used if the trait is implemented and in scope
[INFO] [stdout]    = note: the following trait defines an item `has_focus`, perhaps you need to implement it:
[INFO] [stdout]            candidate #1: `Focus`
[INFO] [stdout] 
[INFO] [stdout] 
[INFO] [stdout] error[E0599]: no method named `has_focus` found for struct `ExampleStruct` in the current scope
[INFO] [stdout]   --> tests/06-enable-with.rs:37:22
[INFO] [stdout]    |
[INFO] [stdout] 5  | struct ExampleStruct {
[INFO] [stdout]    | -------------------- method `has_focus` not found for this struct
[INFO] [stdout] ...
[INFO] [stdout] 37 |     assert!(!example.has_focus());
[INFO] [stdout]    |                      ^^^^^^^^^ method not found in `ExampleStruct`
[INFO] [stdout]    |
[INFO] [stdout]    = help: items from traits can only be used if the trait is implemented and in scope
[INFO] [stdout]    = note: the following trait defines an item `has_focus`, perhaps you need to implement it:
[INFO] [stdout]            candidate #1: `Focus`
[INFO] [stdout] help: some of the expressions' fields have a method of the same name
[INFO] [stdout]    |
[INFO] [stdout] 37 |     assert!(!example.text_input_one.has_focus());
[INFO] [stdout]    |                      +++++++++++++++
[INFO] [stdout] 37 |     assert!(!example.text_input_two.has_focus());
[INFO] [stdout]    |                      +++++++++++++++
[INFO] [stdout] 
[INFO] [stdout] 
[INFO] [stdout] error[E0599]: no method named `has_focus` found for struct `Example` in the current scope
[INFO] [stdout]   --> tests/08-array.rs:28:25
[INFO] [stdout]    |
[INFO] [stdout] 5  | struct Example {
[INFO] [stdout]    | -------------- method `has_focus` not found for this struct
[INFO] [stdout] ...
[INFO] [stdout] 28 |         assert!(example.has_focus());
[INFO] [stdout]    |                         ^^^^^^^^^ method not found in `Example`
[INFO] [stdout]    |
[INFO] [stdout]    = help: items from traits can only be used if the trait is implemented and in scope
[INFO] [stdout]    = note: the following trait defines an item `has_focus`, perhaps you need to implement it:
[INFO] [stdout]            candidate #1: `Focus`
[INFO] [stdout] help: one of the expressions' fields has a method of the same name
[INFO] [stdout]    |
[INFO] [stdout] 28 |         assert!(example.text_inputs.has_focus());
[INFO] [stdout]    |                         ++++++++++++
[INFO] [stdout] 
[INFO] [stdout] 
[INFO] [stdout] error[E0599]: no method named `focus` found for struct `Example` in the current scope
[INFO] [stdout]   --> tests/04-tuple-struct.rs:17:17
[INFO] [stdout]    |
[INFO] [stdout] 5  | struct Example(
[INFO] [stdout]    | -------------- method `focus` not found for this struct
[INFO] [stdout] ...
[INFO] [stdout] 17 |         example.focus(iced_focus::Direction::Forwards),
[INFO] [stdout]    |                 ^^^^^ method not found in `Example`
[INFO] [stdout]    |
[INFO] [stdout]    = help: items from traits can only be used if the trait is implemented and in scope
[INFO] [stdout]    = note: the following trait defines an item `focus`, perhaps you need to implement it:
[INFO] [stdout]            candidate #1: `Focus`
[INFO] [stdout] help: some of the expressions' fields have a method of the same name
[INFO] [stdout]    |
[INFO] [stdout] 17 |         example.0.focus(iced_focus::Direction::Forwards),
[INFO] [stdout]    |                 ++
[INFO] [stdout] 17 |         example.1.focus(iced_focus::Direction::Forwards),
[INFO] [stdout]    |                 ++
[INFO] [stdout] 
[INFO] [stdout] 
[INFO] [stdout] error[E0599]: no method named `has_focus` found for struct `Example` in the current scope
[INFO] [stdout]   --> tests/08-array.rs:34:21
[INFO] [stdout]    |
[INFO] [stdout] 5  | struct Example {
[INFO] [stdout]    | -------------- method `has_focus` not found for this struct
[INFO] [stdout] ...
[INFO] [stdout] 34 |     assert!(example.has_focus());
[INFO] [stdout]    |                     ^^^^^^^^^ method not found in `Example`
[INFO] [stdout]    |
[INFO] [stdout]    = help: items from traits can only be used if the trait is implemented and in scope
[INFO] [stdout]    = note: the following trait defines an item `has_focus`, perhaps you need to implement it:
[INFO] [stdout]            candidate #1: `Focus`
[INFO] [stdout] help: one of the expressions' fields has a method of the same name
[INFO] [stdout]    |
[INFO] [stdout] 34 |     assert!(example.text_inputs.has_focus());
[INFO] [stdout]    |                     ++++++++++++
[INFO] [stdout] 
[INFO] [stdout] 
[INFO] [stdout] error[E0599]: no method named `focus` found for enum `Example` in the current scope
[INFO] [stdout]   --> tests/02-enum-unit.rs:27:17
[INFO] [stdout]    |
[INFO] [stdout] 4  | enum Example {
[INFO] [stdout]    | ------------ method `focus` not found for this enum
[INFO] [stdout] ...
[INFO] [stdout] 27 |         example.focus(iced_focus::Direction::Forwards),
[INFO] [stdout]    |                 ^^^^^ method not found in `Example`
[INFO] [stdout]    |
[INFO] [stdout]    = help: items from traits can only be used if the trait is implemented and in scope
[INFO] [stdout]    = note: the following trait defines an item `focus`, perhaps you need to implement it:
[INFO] [stdout]            candidate #1: `Focus`
[INFO] [stdout] 
[INFO] [stdout] 
[INFO] [stdout] error[E0599]: no method named `focus` found for struct `Example` in the current scope
[INFO] [stdout]   --> tests/08-array.rs:38:17
[INFO] [stdout]    |
[INFO] [stdout] 5  | struct Example {
[INFO] [stdout]    | -------------- method `focus` not found for this struct
[INFO] [stdout] ...
[INFO] [stdout] 38 |         example.focus(iced_focus::Direction::Forwards),
[INFO] [stdout]    |                 ^^^^^ method not found in `Example`
[INFO] [stdout]    |
[INFO] [stdout]    = help: items from traits can only be used if the trait is implemented and in scope
[INFO] [stdout]    = note: the following trait defines an item `focus`, perhaps you need to implement it:
[INFO] [stdout]            candidate #1: `Focus`
[INFO] [stdout] help: one of the expressions' fields has a method of the same name
[INFO] [stdout]    |
[INFO] [stdout] 38 |         example.text_inputs.focus(iced_focus::Direction::Forwards),
[INFO] [stdout]    |                 ++++++++++++
[INFO] [stdout] 
[INFO] [stdout] 
[INFO] [stdout] error[E0599]: no method named `has_focus` found for struct `Example` in the current scope
[INFO] [stdout]   --> tests/04-tuple-struct.rs:20:21
[INFO] [stdout]    |
[INFO] [stdout] 5  | struct Example(
[INFO] [stdout]    | -------------- method `has_focus` not found for this struct
[INFO] [stdout] ...
[INFO] [stdout] 20 |     assert!(example.has_focus());
[INFO] [stdout]    |                     ^^^^^^^^^ method not found in `Example`
[INFO] [stdout]    |
[INFO] [stdout]    = help: items from traits can only be used if the trait is implemented and in scope
[INFO] [stdout]    = note: the following trait defines an item `has_focus`, perhaps you need to implement it:
[INFO] [stdout]            candidate #1: `Focus`
[INFO] [stdout] help: some of the expressions' fields have a method of the same name
[INFO] [stdout]    |
[INFO] [stdout] 20 |     assert!(example.0.has_focus());
[INFO] [stdout]    |                     ++
[INFO] [stdout] 20 |     assert!(example.1.has_focus());
[INFO] [stdout]    |                     ++
[INFO] [stdout] 
[INFO] [stdout] 
[INFO] [stdout] error[E0599]: no method named `focus` found for struct `ExampleStruct` in the current scope
[INFO] [stdout]   --> tests/06-enable-with.rs:47:17
[INFO] [stdout]    |
[INFO] [stdout] 5  | struct ExampleStruct {
[INFO] [stdout]    | -------------------- method `focus` not found for this struct
[INFO] [stdout] ...
[INFO] [stdout] 47 |         example.focus(iced_focus::Direction::Forwards),
[INFO] [stdout]    |                 ^^^^^ method not found in `ExampleStruct`
[INFO] [stdout]    |
[INFO] [stdout]    = help: items from traits can only be used if the trait is implemented and in scope
[INFO] [stdout]    = note: the following trait defines an item `focus`, perhaps you need to implement it:
[INFO] [stdout]            candidate #1: `Focus`
[INFO] [stdout] help: some of the expressions' fields have a method of the same name
[INFO] [stdout]    |
[INFO] [stdout] 47 |         example.text_input_one.focus(iced_focus::Direction::Forwards),
[INFO] [stdout]    |                 +++++++++++++++
[INFO] [stdout] 47 |         example.text_input_two.focus(iced_focus::Direction::Forwards),
[INFO] [stdout]    |                 +++++++++++++++
[INFO] [stdout] 
[INFO] [stdout] 
[INFO] [stdout] error[E0599]: no method named `has_focus` found for struct `Example` in the current scope
[INFO] [stdout]   --> tests/08-array.rs:41:22
[INFO] [stdout]    |
[INFO] [stdout] 5  | struct Example {
[INFO] [stdout]    | -------------- method `has_focus` not found for this struct
[INFO] [stdout] ...
[INFO] [stdout] 41 |     assert!(!example.has_focus());
[INFO] [stdout]    |                      ^^^^^^^^^ method not found in `Example`
[INFO] [stdout]    |
[INFO] [stdout]    = help: items from traits can only be used if the trait is implemented and in scope
[INFO] [stdout]    = note: the following trait defines an item `has_focus`, perhaps you need to implement it:
[INFO] [stdout]            candidate #1: `Focus`
[INFO] [stdout] help: one of the expressions' fields has a method of the same name
[INFO] [stdout]    |
[INFO] [stdout] 41 |     assert!(!example.text_inputs.has_focus());
[INFO] [stdout]    |                      ++++++++++++
[INFO] [stdout] 
[INFO] [stdout] 
[INFO] [stdout] error[E0599]: no method named `has_focus` found for struct `Example` in the current scope
[INFO] [stdout]   --> tests/08-array.rs:47:22
[INFO] [stdout]    |
[INFO] [stdout] 5  | struct Example {
[INFO] [stdout]    | -------------- method `has_focus` not found for this struct
[INFO] [stdout] ...
[INFO] [stdout] 47 |     assert!(!example.has_focus());
[INFO] [stdout]    |                      ^^^^^^^^^ method not found in `Example`
[INFO] [stdout]    |
[INFO] [stdout]    = help: items from traits can only be used if the trait is implemented and in scope
[INFO] [stdout]    = note: the following trait defines an item `has_focus`, perhaps you need to implement it:
[INFO] [stdout]            candidate #1: `Focus`
[INFO] [stdout] help: one of the expressions' fields has a method of the same name
[INFO] [stdout]    |
[INFO] [stdout] 47 |     assert!(!example.text_inputs.has_focus());
[INFO] [stdout]    |                      ++++++++++++
[INFO] [stdout] 
[INFO] [stdout] 
[INFO] [stdout] error[E0599]: no method named `focus` found for struct `Example` in the current scope
[INFO] [stdout]   --> tests/04-tuple-struct.rs:25:17
[INFO] [stdout]    |
[INFO] [stdout] 5  | struct Example(
[INFO] [stdout]    | -------------- method `focus` not found for this struct
[INFO] [stdout] ...
[INFO] [stdout] 25 |         example.focus(iced_focus::Direction::Forwards),
[INFO] [stdout]    |                 ^^^^^ method not found in `Example`
[INFO] [stdout]    |
[INFO] [stdout]    = help: items from traits can only be used if the trait is implemented and in scope
[INFO] [stdout]    = note: the following trait defines an item `focus`, perhaps you need to implement it:
[INFO] [stdout]            candidate #1: `Focus`
[INFO] [stdout] help: some of the expressions' fields have a method of the same name
[INFO] [stdout]    |
[INFO] [stdout] 25 |         example.0.focus(iced_focus::Direction::Forwards),
[INFO] [stdout]    |                 ++
[INFO] [stdout] 25 |         example.1.focus(iced_focus::Direction::Forwards),
[INFO] [stdout]    |                 ++
[INFO] [stdout] 
[INFO] [stdout] 
[INFO] [stdout] error[E0599]: no method named `has_focus` found for enum `Example` in the current scope
[INFO] [stdout]   --> tests/02-enum-unit.rs:30:22
[INFO] [stdout]    |
[INFO] [stdout] 4  | enum Example {
[INFO] [stdout]    | ------------ method `has_focus` not found for this enum
[INFO] [stdout] ...
[INFO] [stdout] 30 |     assert!(!example.has_focus());
[INFO] [stdout]    |                      ^^^^^^^^^ method not found in `Example`
[INFO] [stdout]    |
[INFO] [stdout]    = help: items from traits can only be used if the trait is implemented and in scope
[INFO] [stdout]    = note: the following trait defines an item `has_focus`, perhaps you need to implement it:
[INFO] [stdout]            candidate #1: `Focus`
[INFO] [stdout] 
[INFO] [stdout] 
[INFO] [stdout] error[E0599]: no method named `has_focus` found for struct `ExampleStruct` in the current scope
[INFO] [stdout]   --> tests/06-enable-with.rs:50:21
[INFO] [stdout]    |
[INFO] [stdout] 5  | struct ExampleStruct {
[INFO] [stdout]    | -------------------- method `has_focus` not found for this struct
[INFO] [stdout] ...
[INFO] [stdout] 50 |     assert!(example.has_focus());
[INFO] [stdout]    |                     ^^^^^^^^^ method not found in `ExampleStruct`
[INFO] [stdout]    |
[INFO] [stdout]    = help: items from traits can only be used if the trait is implemented and in scope
[INFO] [stdout]    = note: the following trait defines an item `has_focus`, perhaps you need to implement it:
[INFO] [stdout]            candidate #1: `Focus`
[INFO] [stdout] help: some of the expressions' fields have a method of the same name
[INFO] [stdout]    |
[INFO] [stdout] 50 |     assert!(example.text_input_one.has_focus());
[INFO] [stdout]    |                     +++++++++++++++
[INFO] [stdout] 50 |     assert!(example.text_input_two.has_focus());
[INFO] [stdout]    |                     +++++++++++++++
[INFO] [stdout] 
[INFO] [stdout] 
[INFO] [stdout] error[E0599]: no method named `focus` found for struct `Example` in the current scope
[INFO] [stdout]   --> tests/08-array.rs:51:17
[INFO] [stdout]    |
[INFO] [stdout] 5  | struct Example {
[INFO] [stdout]    | -------------- method `focus` not found for this struct
[INFO] [stdout] ...
[INFO] [stdout] 51 |         example.focus(iced_focus::Direction::Backwards),
[INFO] [stdout]    |                 ^^^^^ method not found in `Example`
[INFO] [stdout]    |
[INFO] [stdout]    = help: items from traits can only be used if the trait is implemented and in scope
[INFO] [stdout]    = note: the following trait defines an item `focus`, perhaps you need to implement it:
[INFO] [stdout]            candidate #1: `Focus`
[INFO] [stdout] help: one of the expressions' fields has a method of the same name
[INFO] [stdout]    |
[INFO] [stdout] 51 |         example.text_inputs.focus(iced_focus::Direction::Backwards),
[INFO] [stdout]    |                 ++++++++++++
[INFO] [stdout] 
[INFO] [stdout] 
[INFO] [stdout] error: aborting due to 7 previous errors
[INFO] [stdout] 
[INFO] [stdout] 
[INFO] [stdout] For more information about this error, try `rustc --explain E0599`.
[INFO] [stdout] 
[INFO] [stderr] error: could not compile `iced_focus` due to 8 previous errors
[INFO] [stdout] error[E0599]: no method named `has_focus` found for struct `Example` in the current scope
[INFO] [stdout]   --> tests/04-tuple-struct.rs:28:21
[INFO] [stdout]    |
[INFO] [stdout] 5  | struct Example(
[INFO] [stdout]    | -------------- method `has_focus` not found for this struct
[INFO] [stdout] ...
[INFO] [stdout] 28 |     assert!(example.has_focus());
[INFO] [stdout]    |                     ^^^^^^^^^ method not found in `Example`
[INFO] [stdout]    |
[INFO] [stdout]    = help: items from traits can only be used if the trait is implemented and in scope
[INFO] [stdout]    = note: the following trait defines an item `has_focus`, perhaps you need to implement it:
[INFO] [stdout]            candidate #1: `Focus`
[INFO] [stdout] help: some of the expressions' fields have a method of the same name
[INFO] [stdout]    |
[INFO] [stdout] 28 |     assert!(example.0.has_focus());
[INFO] [stdout]    |                     ++
[INFO] [stdout] 28 |     assert!(example.1.has_focus());
[INFO] [stdout]    |                     ++
[INFO] [stdout] 
[INFO] [stdout] 
[INFO] [stdout] error[E0599]: no method named `focus` found for struct `ExampleStruct` in the current scope
[INFO] [stdout]   --> tests/06-enable-with.rs:55:17
[INFO] [stdout]    |
[INFO] [stdout] 5  | struct ExampleStruct {
[INFO] [stdout]    | -------------------- method `focus` not found for this struct
[INFO] [stdout] ...
[INFO] [stdout] 55 |         example.focus(iced_focus::Direction::Forwards),
[INFO] [stdout]    |                 ^^^^^ method not found in `ExampleStruct`
[INFO] [stdout]    |
[INFO] [stdout]    = help: items from traits can only be used if the trait is implemented and in scope
[INFO] [stdout]    = note: the following trait defines an item `focus`, perhaps you need to implement it:
[INFO] [stdout]            candidate #1: `Focus`
[INFO] [stdout] help: some of the expressions' fields have a method of the same name
[INFO] [stdout]    |
[INFO] [stdout] 55 |         example.text_input_one.focus(iced_focus::Direction::Forwards),
[INFO] [stdout]    |                 +++++++++++++++
[INFO] [stdout] 55 |         example.text_input_two.focus(iced_focus::Direction::Forwards),
[INFO] [stdout]    |                 +++++++++++++++
[INFO] [stdout] 
[INFO] [stdout] 
[INFO] [stdout] error[E0599]: no method named `has_focus` found for struct `Example` in the current scope
[INFO] [stdout]   --> tests/08-array.rs:54:21
[INFO] [stdout]    |
[INFO] [stdout] 5  | struct Example {
[INFO] [stdout]    | -------------- method `has_focus` not found for this struct
[INFO] [stdout] ...
[INFO] [stdout] 54 |     assert!(example.has_focus());
[INFO] [stdout]    |                     ^^^^^^^^^ method not found in `Example`
[INFO] [stdout]    |
[INFO] [stdout]    = help: items from traits can only be used if the trait is implemented and in scope
[INFO] [stdout]    = note: the following trait defines an item `has_focus`, perhaps you need to implement it:
[INFO] [stdout]            candidate #1: `Focus`
[INFO] [stdout] help: one of the expressions' fields has a method of the same name
[INFO] [stdout]    |
[INFO] [stdout] 54 |     assert!(example.text_inputs.has_focus());
[INFO] [stdout]    |                     ++++++++++++
[INFO] [stdout] 
[INFO] [stdout] 
[INFO] [stdout] error[E0599]: no method named `focus` found for struct `Example` in the current scope
[INFO] [stdout]   --> tests/08-array.rs:60:21
[INFO] [stdout]    |
[INFO] [stdout] 5  | struct Example {
[INFO] [stdout]    | -------------- method `focus` not found for this struct
[INFO] [stdout] ...
[INFO] [stdout] 60 |             example.focus(iced_focus::Direction::Backwards),
[INFO] [stdout]    |                     ^^^^^ method not found in `Example`
[INFO] [stdout]    |
[INFO] [stdout]    = help: items from traits can only be used if the trait is implemented and in scope
[INFO] [stdout]    = note: the following trait defines an item `focus`, perhaps you need to implement it:
[INFO] [stdout]            candidate #1: `Focus`
[INFO] [stdout] help: one of the expressions' fields has a method of the same name
[INFO] [stdout]    |
[INFO] [stdout] 60 |             example.text_inputs.focus(iced_focus::Direction::Backwards),
[INFO] [stdout]    |                     ++++++++++++
[INFO] [stdout] 
[INFO] [stdout] 
[INFO] [stdout] error[E0599]: no method named `focus` found for struct `Example` in the current scope
[INFO] [stdout]   --> tests/04-tuple-struct.rs:33:17
[INFO] [stdout]    |
[INFO] [stdout] 5  | struct Example(
[INFO] [stdout]    | -------------- method `focus` not found for this struct
[INFO] [stdout] ...
[INFO] [stdout] 33 |         example.focus(iced_focus::Direction::Forwards),
[INFO] [stdout]    |                 ^^^^^ method not found in `Example`
[INFO] [stdout]    |
[INFO] [stdout]    = help: items from traits can only be used if the trait is implemented and in scope
[INFO] [stdout]    = note: the following trait defines an item `focus`, perhaps you need to implement it:
[INFO] [stdout]            candidate #1: `Focus`
[INFO] [stdout] help: some of the expressions' fields have a method of the same name
[INFO] [stdout]    |
[INFO] [stdout] 33 |         example.0.focus(iced_focus::Direction::Forwards),
[INFO] [stdout]    |                 ++
[INFO] [stdout] 33 |         example.1.focus(iced_focus::Direction::Forwards),
[INFO] [stdout]    |                 ++
[INFO] [stdout] 
[INFO] [stdout] 
[INFO] [stdout] error[E0599]: no method named `has_focus` found for struct `ExampleStruct` in the current scope
[INFO] [stdout]   --> tests/06-enable-with.rs:58:21
[INFO] [stdout]    |
[INFO] [stdout] 5  | struct ExampleStruct {
[INFO] [stdout]    | -------------------- method `has_focus` not found for this struct
[INFO] [stdout] ...
[INFO] [stdout] 58 |     assert!(example.has_focus());
[INFO] [stdout]    |                     ^^^^^^^^^ method not found in `ExampleStruct`
[INFO] [stdout]    |
[INFO] [stdout]    = help: items from traits can only be used if the trait is implemented and in scope
[INFO] [stdout]    = note: the following trait defines an item `has_focus`, perhaps you need to implement it:
[INFO] [stdout]            candidate #1: `Focus`
[INFO] [stdout] help: some of the expressions' fields have a method of the same name
[INFO] [stdout]    |
[INFO] [stdout] 58 |     assert!(example.text_input_one.has_focus());
[INFO] [stdout]    |                     +++++++++++++++
[INFO] [stdout] 58 |     assert!(example.text_input_two.has_focus());
[INFO] [stdout]    |                     +++++++++++++++
[INFO] [stdout] 
[INFO] [stdout] 
[INFO] [stdout] error[E0599]: no method named `has_focus` found for struct `Example` in the current scope
[INFO] [stdout]   --> tests/04-tuple-struct.rs:36:22
[INFO] [stdout]    |
[INFO] [stdout] 5  | struct Example(
[INFO] [stdout]    | -------------- method `has_focus` not found for this struct
[INFO] [stdout] ...
[INFO] [stdout] 36 |     assert!(!example.has_focus());
[INFO] [stdout]    |                      ^^^^^^^^^ method not found in `Example`
[INFO] [stdout]    |
[INFO] [stdout]    = help: items from traits can only be used if the trait is implemented and in scope
[INFO] [stdout]    = note: the following trait defines an item `has_focus`, perhaps you need to implement it:
[INFO] [stdout]            candidate #1: `Focus`
[INFO] [stdout] help: some of the expressions' fields have a method of the same name
[INFO] [stdout]    |
[INFO] [stdout] 36 |     assert!(!example.0.has_focus());
[INFO] [stdout]    |                      ++
[INFO] [stdout] 36 |     assert!(!example.1.has_focus());
[INFO] [stdout]    |                      ++
[INFO] [stdout] 
[INFO] [stdout] 
[INFO] [stdout] error: aborting due to 10 previous errors
[INFO] [stdout] 
[INFO] [stdout] 
[INFO] [stdout] For more information about this error, try `rustc --explain E0599`.
[INFO] [stdout] 
[INFO] [stderr] error: could not compile `iced_focus` due to 11 previous errors
[INFO] [stdout] error[E0599]: no method named `has_focus` found for struct `Example` in the current scope
[INFO] [stdout]   --> tests/08-array.rs:63:25
[INFO] [stdout]    |
[INFO] [stdout] 5  | struct Example {
[INFO] [stdout]    | -------------- method `has_focus` not found for this struct
[INFO] [stdout] ...
[INFO] [stdout] 63 |         assert!(example.has_focus());
[INFO] [stdout]    |                         ^^^^^^^^^ method not found in `Example`
[INFO] [stdout]    |
[INFO] [stdout]    = help: items from traits can only be used if the trait is implemented and in scope
[INFO] [stdout]    = note: the following trait defines an item `has_focus`, perhaps you need to implement it:
[INFO] [stdout]            candidate #1: `Focus`
[INFO] [stdout] help: one of the expressions' fields has a method of the same name
[INFO] [stdout]    |
[INFO] [stdout] 63 |         assert!(example.text_inputs.has_focus());
[INFO] [stdout]    |                         ++++++++++++
[INFO] [stdout] 
[INFO] [stdout] 
[INFO] [stdout] error[E0599]: no method named `has_focus` found for struct `ExampleStruct` in the current scope
[INFO] [stdout]   --> tests/06-enable-with.rs:63:22
[INFO] [stdout]    |
[INFO] [stdout] 5  | struct ExampleStruct {
[INFO] [stdout]    | -------------------- method `has_focus` not found for this struct
[INFO] [stdout] ...
[INFO] [stdout] 63 |     assert!(!example.has_focus());
[INFO] [stdout]    |                      ^^^^^^^^^ method not found in `ExampleStruct`
[INFO] [stdout]    |
[INFO] [stdout]    = help: items from traits can only be used if the trait is implemented and in scope
[INFO] [stdout]    = note: the following trait defines an item `has_focus`, perhaps you need to implement it:
[INFO] [stdout]            candidate #1: `Focus`
[INFO] [stdout] help: some of the expressions' fields have a method of the same name
[INFO] [stdout]    |
[INFO] [stdout] 63 |     assert!(!example.text_input_one.has_focus());
[INFO] [stdout]    |                      +++++++++++++++
[INFO] [stdout] 63 |     assert!(!example.text_input_two.has_focus());
[INFO] [stdout]    |                      +++++++++++++++
[INFO] [stdout] 
[INFO] [stdout] 
[INFO] [stdout] error[E0599]: no method named `focus` found for struct `ExampleStruct` in the current scope
[INFO] [stdout]   --> tests/06-enable-with.rs:68:17
[INFO] [stdout]    |
[INFO] [stdout] 5  | struct ExampleStruct {
[INFO] [stdout]    | -------------------- method `focus` not found for this struct
[INFO] [stdout] ...
[INFO] [stdout] 68 |         example.focus(iced_focus::Direction::Forwards),
[INFO] [stdout]    |                 ^^^^^ method not found in `ExampleStruct`
[INFO] [stdout]    |
[INFO] [stdout]    = help: items from traits can only be used if the trait is implemented and in scope
[INFO] [stdout]    = note: the following trait defines an item `focus`, perhaps you need to implement it:
[INFO] [stdout]            candidate #1: `Focus`
[INFO] [stdout] help: some of the expressions' fields have a method of the same name
[INFO] [stdout]    |
[INFO] [stdout] 68 |         example.text_input_one.focus(iced_focus::Direction::Forwards),
[INFO] [stdout]    |                 +++++++++++++++
[INFO] [stdout] 68 |         example.text_input_two.focus(iced_focus::Direction::Forwards),
[INFO] [stdout]    |                 +++++++++++++++
[INFO] [stdout] 
[INFO] [stdout] 
[INFO] [stdout] error[E0599]: no method named `has_focus` found for struct `Example` in the current scope
[INFO] [stdout]   --> tests/08-array.rs:69:21
[INFO] [stdout]    |
[INFO] [stdout] 5  | struct Example {
[INFO] [stdout]    | -------------- method `has_focus` not found for this struct
[INFO] [stdout] ...
[INFO] [stdout] 69 |     assert!(example.has_focus());
[INFO] [stdout]    |                     ^^^^^^^^^ method not found in `Example`
[INFO] [stdout]    |
[INFO] [stdout]    = help: items from traits can only be used if the trait is implemented and in scope
[INFO] [stdout]    = note: the following trait defines an item `has_focus`, perhaps you need to implement it:
[INFO] [stdout]            candidate #1: `Focus`
[INFO] [stdout] help: one of the expressions' fields has a method of the same name
[INFO] [stdout]    |
[INFO] [stdout] 69 |     assert!(example.text_inputs.has_focus());
[INFO] [stdout]    |                     ++++++++++++
[INFO] [stdout] 
[INFO] [stdout] 
[INFO] [stdout] error[E0599]: no method named `has_focus` found for struct `ExampleStruct` in the current scope
[INFO] [stdout]   --> tests/06-enable-with.rs:71:22
[INFO] [stdout]    |
[INFO] [stdout] 5  | struct ExampleStruct {
[INFO] [stdout]    | -------------------- method `has_focus` not found for this struct
[INFO] [stdout] ...
[INFO] [stdout] 71 |     assert!(!example.has_focus());
[INFO] [stdout]    |                      ^^^^^^^^^ method not found in `ExampleStruct`
[INFO] [stdout]    |
[INFO] [stdout]    = help: items from traits can only be used if the trait is implemented and in scope
[INFO] [stdout]    = note: the following trait defines an item `has_focus`, perhaps you need to implement it:
[INFO] [stdout]            candidate #1: `Focus`
[INFO] [stdout] help: some of the expressions' fields have a method of the same name
[INFO] [stdout]    |
[INFO] [stdout] 71 |     assert!(!example.text_input_one.has_focus());
[INFO] [stdout]    |                      +++++++++++++++
[INFO] [stdout] 71 |     assert!(!example.text_input_two.has_focus());
[INFO] [stdout]    |                      +++++++++++++++
[INFO] [stdout] 
[INFO] [stdout] 
[INFO] [stdout] error[E0599]: no method named `has_focus` found for struct `ExampleTupleStruct` in the current scope
[INFO] [stdout]   --> tests/06-enable-with.rs:91:22
[INFO] [stdout]    |
[INFO] [stdout] 77 | struct ExampleTupleStruct(
[INFO] [stdout]    | ------------------------- method `has_focus` not found for this struct
[INFO] [stdout] ...
[INFO] [stdout] 91 |     assert!(!example.has_focus());
[INFO] [stdout]    |                      ^^^^^^^^^ method not found in `ExampleTupleStruct`
[INFO] [stdout]    |
[INFO] [stdout]    = help: items from traits can only be used if the trait is implemented and in scope
[INFO] [stdout]    = note: the following trait defines an item `has_focus`, perhaps you need to implement it:
[INFO] [stdout]            candidate #1: `Focus`
[INFO] [stdout] help: some of the expressions' fields have a method of the same name
[INFO] [stdout]    |
[INFO] [stdout] 91 |     assert!(!example.0.has_focus());
[INFO] [stdout]    |                      ++
[INFO] [stdout] 91 |     assert!(!example.2.has_focus());
[INFO] [stdout]    |                      ++
[INFO] [stdout] 
[INFO] [stdout] 
[INFO] [stdout] error[E0599]: no method named `focus` found for struct `Example` in the current scope
[INFO] [stdout]   --> tests/08-array.rs:73:17
[INFO] [stdout]    |
[INFO] [stdout] 5  | struct Example {
[INFO] [stdout]    | -------------- method `focus` not found for this struct
[INFO] [stdout] ...
[INFO] [stdout] 73 |         example.focus(iced_focus::Direction::Backwards),
[INFO] [stdout]    |                 ^^^^^ method not found in `Example`
[INFO] [stdout]    |
[INFO] [stdout]    = help: items from traits can only be used if the trait is implemented and in scope
[INFO] [stdout]    = note: the following trait defines an item `focus`, perhaps you need to implement it:
[INFO] [stdout]            candidate #1: `Focus`
[INFO] [stdout] help: one of the expressions' fields has a method of the same name
[INFO] [stdout]    |
[INFO] [stdout] 73 |         example.text_inputs.focus(iced_focus::Direction::Backwards),
[INFO] [stdout]    |                 ++++++++++++
[INFO] [stdout] 
[INFO] [stdout] 
[INFO] [stdout] error[E0599]: no method named `focus` found for struct `ExampleTupleStruct` in the current scope
[INFO] [stdout]   --> tests/06-enable-with.rs:96:17
[INFO] [stdout]    |
[INFO] [stdout] 77 | struct ExampleTupleStruct(
[INFO] [stdout]    | ------------------------- method `focus` not found for this struct
[INFO] [stdout] ...
[INFO] [stdout] 96 |         example.focus(iced_focus::Direction::Forwards),
[INFO] [stdout]    |                 ^^^^^ method not found in `ExampleTupleStruct`
[INFO] [stdout]    |
[INFO] [stdout]    = help: items from traits can only be used if the trait is implemented and in scope
[INFO] [stdout]    = note: the following trait defines an item `focus`, perhaps you need to implement it:
[INFO] [stdout]            candidate #1: `Focus`
[INFO] [stdout] help: some of the expressions' fields have a method of the same name
[INFO] [stdout]    |
[INFO] [stdout] 96 |         example.0.focus(iced_focus::Direction::Forwards),
[INFO] [stdout]    |                 ++
[INFO] [stdout] 96 |         example.2.focus(iced_focus::Direction::Forwards),
[INFO] [stdout]    |                 ++
[INFO] [stdout] 
[INFO] [stdout] 
[INFO] [stdout] error[E0599]: no method named `has_focus` found for struct `Example` in the current scope
[INFO] [stdout]   --> tests/08-array.rs:76:22
[INFO] [stdout]    |
[INFO] [stdout] 5  | struct Example {
[INFO] [stdout]    | -------------- method `has_focus` not found for this struct
[INFO] [stdout] ...
[INFO] [stdout] 76 |     assert!(!example.has_focus());
[INFO] [stdout]    |                      ^^^^^^^^^ method not found in `Example`
[INFO] [stdout]    |
[INFO] [stdout]    = help: items from traits can only be used if the trait is implemented and in scope
[INFO] [stdout]    = note: the following trait defines an item `has_focus`, perhaps you need to implement it:
[INFO] [stdout]            candidate #1: `Focus`
[INFO] [stdout] help: one of the expressions' fields has a method of the same name
[INFO] [stdout]    |
[INFO] [stdout] 76 |     assert!(!example.text_inputs.has_focus());
[INFO] [stdout]    |                      ++++++++++++
[INFO] [stdout] 
[INFO] [stdout] 
[INFO] [stdout] error: aborting due to 18 previous errors
[INFO] [stdout] 
[INFO] [stdout] 
[INFO] [stdout] For more information about this error, try `rustc --explain E0599`.
[INFO] [stdout] 
[INFO] [stderr] error: could not compile `iced_focus` due to 19 previous errors
[INFO] [stdout] error[E0599]: no method named `has_focus` found for struct `ExampleTupleStruct` in the current scope
[INFO] [stdout]   --> tests/06-enable-with.rs:99:21
[INFO] [stdout]    |
[INFO] [stdout] 77 | struct ExampleTupleStruct(
[INFO] [stdout]    | ------------------------- method `has_focus` not found for this struct
[INFO] [stdout] ...
[INFO] [stdout] 99 |     assert!(example.has_focus());
[INFO] [stdout]    |                     ^^^^^^^^^ method not found in `ExampleTupleStruct`
[INFO] [stdout]    |
[INFO] [stdout]    = help: items from traits can only be used if the trait is implemented and in scope
[INFO] [stdout]    = note: the following trait defines an item `has_focus`, perhaps you need to implement it:
[INFO] [stdout]            candidate #1: `Focus`
[INFO] [stdout] help: some of the expressions' fields have a method of the same name
[INFO] [stdout]    |
[INFO] [stdout] 99 |     assert!(example.0.has_focus());
[INFO] [stdout]    |                     ++
[INFO] [stdout] 99 |     assert!(example.2.has_focus());
[INFO] [stdout]    |                     ++
[INFO] [stdout] 
[INFO] [stdout] 
[INFO] [stdout] error[E0599]: no method named `focus` found for struct `ExampleTupleStruct` in the current scope
[INFO] [stdout]    --> tests/06-enable-with.rs:104:17
[INFO] [stdout]     |
[INFO] [stdout] 77  | struct ExampleTupleStruct(
[INFO] [stdout]     | ------------------------- method `focus` not found for this struct
[INFO] [stdout] ...
[INFO] [stdout] 104 |         example.focus(iced_focus::Direction::Forwards),
[INFO] [stdout]     |                 ^^^^^ method not found in `ExampleTupleStruct`
[INFO] [stdout]     |
[INFO] [stdout]     = help: items from traits can only be used if the trait is implemented and in scope
[INFO] [stdout]     = note: the following trait defines an item `focus`, perhaps you need to implement it:
[INFO] [stdout]             candidate #1: `Focus`
[INFO] [stdout] help: some of the expressions' fields have a method of the same name
[INFO] [stdout]     |
[INFO] [stdout] 104 |         example.0.focus(iced_focus::Direction::Forwards),
[INFO] [stdout]     |                 ++
[INFO] [stdout] 104 |         example.2.focus(iced_focus::Direction::Forwards),
[INFO] [stdout]     |                 ++
[INFO] [stdout] 
[INFO] [stdout] 
[INFO] [stdout] error[E0599]: no method named `has_focus` found for struct `ExampleTupleStruct` in the current scope
[INFO] [stdout]    --> tests/06-enable-with.rs:107:22
[INFO] [stdout]     |
[INFO] [stdout] 77  | struct ExampleTupleStruct(
[INFO] [stdout]     | ------------------------- method `has_focus` not found for this struct
[INFO] [stdout] ...
[INFO] [stdout] 107 |     assert!(!example.has_focus());
[INFO] [stdout]     |                      ^^^^^^^^^ method not found in `ExampleTupleStruct`
[INFO] [stdout]     |
[INFO] [stdout]     = help: items from traits can only be used if the trait is implemented and in scope
[INFO] [stdout]     = note: the following trait defines an item `has_focus`, perhaps you need to implement it:
[INFO] [stdout]             candidate #1: `Focus`
[INFO] [stdout] help: some of the expressions' fields have a method of the same name
[INFO] [stdout]     |
[INFO] [stdout] 107 |     assert!(!example.0.has_focus());
[INFO] [stdout]     |                      ++
[INFO] [stdout] 107 |     assert!(!example.2.has_focus());
[INFO] [stdout]     |                      ++
[INFO] [stdout] 
[INFO] [stdout] 
[INFO] [stdout] error[E0599]: no method named `focus` found for struct `ExampleTupleStruct` in the current scope
[INFO] [stdout]    --> tests/06-enable-with.rs:117:17
[INFO] [stdout]     |
[INFO] [stdout] 77  | struct ExampleTupleStruct(
[INFO] [stdout]     | ------------------------- method `focus` not found for this struct
[INFO] [stdout] ...
[INFO] [stdout] 117 |         example.focus(iced_focus::Direction::Forwards),
[INFO] [stdout]     |                 ^^^^^ method not found in `ExampleTupleStruct`
[INFO] [stdout]     |
[INFO] [stdout]     = help: items from traits can only be used if the trait is implemented and in scope
[INFO] [stdout]     = note: the following trait defines an item `focus`, perhaps you need to implement it:
[INFO] [stdout]             candidate #1: `Focus`
[INFO] [stdout] help: some of the expressions' fields have a method of the same name
[INFO] [stdout]     |
[INFO] [stdout] 117 |         example.0.focus(iced_focus::Direction::Forwards),
[INFO] [stdout]     |                 ++
[INFO] [stdout] 117 |         example.2.focus(iced_focus::Direction::Forwards),
[INFO] [stdout]     |                 ++
[INFO] [stdout] 
[INFO] [stdout] 
[INFO] [stdout] error[E0599]: no method named `has_focus` found for struct `ExampleTupleStruct` in the current scope
[INFO] [stdout]    --> tests/06-enable-with.rs:120:21
[INFO] [stdout]     |
[INFO] [stdout] 77  | struct ExampleTupleStruct(
[INFO] [stdout]     | ------------------------- method `has_focus` not found for this struct
[INFO] [stdout] ...
[INFO] [stdout] 120 |     assert!(example.has_focus());
[INFO] [stdout]     |                     ^^^^^^^^^ method not found in `ExampleTupleStruct`
[INFO] [stdout]     |
[INFO] [stdout]     = help: items from traits can only be used if the trait is implemented and in scope
[INFO] [stdout]     = note: the following trait defines an item `has_focus`, perhaps you need to implement it:
[INFO] [stdout]             candidate #1: `Focus`
[INFO] [stdout] help: some of the expressions' fields have a method of the same name
[INFO] [stdout]     |
[INFO] [stdout] 120 |     assert!(example.0.has_focus());
[INFO] [stdout]     |                     ++
[INFO] [stdout] 120 |     assert!(example.2.has_focus());
[INFO] [stdout]     |                     ++
[INFO] [stdout] 
[INFO] [stdout] 
[INFO] [stdout] error[E0599]: no method named `focus` found for struct `ExampleTupleStruct` in the current scope
[INFO] [stdout]    --> tests/06-enable-with.rs:125:17
[INFO] [stdout]     |
[INFO] [stdout] 77  | struct ExampleTupleStruct(
[INFO] [stdout]     | ------------------------- method `focus` not found for this struct
[INFO] [stdout] ...
[INFO] [stdout] 125 |         example.focus(iced_focus::Direction::Forwards),
[INFO] [stdout]     |                 ^^^^^ method not found in `ExampleTupleStruct`
[INFO] [stdout]     |
[INFO] [stdout]     = help: items from traits can only be used if the trait is implemented and in scope
[INFO] [stdout]     = note: the following trait defines an item `focus`, perhaps you need to implement it:
[INFO] [stdout]             candidate #1: `Focus`
[INFO] [stdout] help: some of the expressions' fields have a method of the same name
[INFO] [stdout]     |
[INFO] [stdout] 125 |         example.0.focus(iced_focus::Direction::Forwards),
[INFO] [stdout]     |                 ++
[INFO] [stdout] 125 |         example.2.focus(iced_focus::Direction::Forwards),
[INFO] [stdout]     |                 ++
[INFO] [stdout] 
[INFO] [stdout] 
[INFO] [stdout] error[E0599]: no method named `has_focus` found for struct `ExampleTupleStruct` in the current scope
[INFO] [stdout]    --> tests/06-enable-with.rs:128:21
[INFO] [stdout]     |
[INFO] [stdout] 77  | struct ExampleTupleStruct(
[INFO] [stdout]     | ------------------------- method `has_focus` not found for this struct
[INFO] [stdout] ...
[INFO] [stdout] 128 |     assert!(example.has_focus());
[INFO] [stdout]     |                     ^^^^^^^^^ method not found in `ExampleTupleStruct`
[INFO] [stdout]     |
[INFO] [stdout]     = help: items from traits can only be used if the trait is implemented and in scope
[INFO] [stdout]     = note: the following trait defines an item `has_focus`, perhaps you need to implement it:
[INFO] [stdout]             candidate #1: `Focus`
[INFO] [stdout] help: some of the expressions' fields have a method of the same name
[INFO] [stdout]     |
[INFO] [stdout] 128 |     assert!(example.0.has_focus());
[INFO] [stdout]     |                     ++
[INFO] [stdout] 128 |     assert!(example.2.has_focus());
[INFO] [stdout]     |                     ++
[INFO] [stdout] 
[INFO] [stdout] 
[INFO] [stdout] error[E0599]: no method named `has_focus` found for struct `ExampleTupleStruct` in the current scope
[INFO] [stdout]    --> tests/06-enable-with.rs:133:22
[INFO] [stdout]     |
[INFO] [stdout] 77  | struct ExampleTupleStruct(
[INFO] [stdout]     | ------------------------- method `has_focus` not found for this struct
[INFO] [stdout] ...
[INFO] [stdout] 133 |     assert!(!example.has_focus());
[INFO] [stdout]     |                      ^^^^^^^^^ method not found in `ExampleTupleStruct`
[INFO] [stdout]     |
[INFO] [stdout]     = help: items from traits can only be used if the trait is implemented and in scope
[INFO] [stdout]     = note: the following trait defines an item `has_focus`, perhaps you need to implement it:
[INFO] [stdout]             candidate #1: `Focus`
[INFO] [stdout] help: some of the expressions' fields have a method of the same name
[INFO] [stdout]     |
[INFO] [stdout] 133 |     assert!(!example.0.has_focus());
[INFO] [stdout]     |                      ++
[INFO] [stdout] 133 |     assert!(!example.2.has_focus());
[INFO] [stdout]     |                      ++
[INFO] [stdout] 
[INFO] [stdout] 
[INFO] [stdout] error[E0599]: no method named `focus` found for struct `ExampleTupleStruct` in the current scope
[INFO] [stdout]    --> tests/06-enable-with.rs:138:17
[INFO] [stdout]     |
[INFO] [stdout] 77  | struct ExampleTupleStruct(
[INFO] [stdout]     | ------------------------- method `focus` not found for this struct
[INFO] [stdout] ...
[INFO] [stdout] 138 |         example.focus(iced_focus::Direction::Forwards),
[INFO] [stdout]     |                 ^^^^^ method not found in `ExampleTupleStruct`
[INFO] [stdout]     |
[INFO] [stdout]     = help: items from traits can only be used if the trait is implemented and in scope
[INFO] [stdout]     = note: the following trait defines an item `focus`, perhaps you need to implement it:
[INFO] [stdout]             candidate #1: `Focus`
[INFO] [stdout] help: some of the expressions' fields have a method of the same name
[INFO] [stdout]     |
[INFO] [stdout] 138 |         example.0.focus(iced_focus::Direction::Forwards),
[INFO] [stdout]     |                 ++
[INFO] [stdout] 138 |         example.2.focus(iced_focus::Direction::Forwards),
[INFO] [stdout]     |                 ++
[INFO] [stdout] 
[INFO] [stdout] 
[INFO] [stdout] error[E0599]: no method named `has_focus` found for struct `ExampleTupleStruct` in the current scope
[INFO] [stdout]    --> tests/06-enable-with.rs:141:22
[INFO] [stdout]     |
[INFO] [stdout] 77  | struct ExampleTupleStruct(
[INFO] [stdout]     | ------------------------- method `has_focus` not found for this struct
[INFO] [stdout] ...
[INFO] [stdout] 141 |     assert!(!example.has_focus());
[INFO] [stdout]     |                      ^^^^^^^^^ method not found in `ExampleTupleStruct`
[INFO] [stdout]     |
[INFO] [stdout]     = help: items from traits can only be used if the trait is implemented and in scope
[INFO] [stdout]     = note: the following trait defines an item `has_focus`, perhaps you need to implement it:
[INFO] [stdout]             candidate #1: `Focus`
[INFO] [stdout] help: some of the expressions' fields have a method of the same name
[INFO] [stdout]     |
[INFO] [stdout] 141 |     assert!(!example.0.has_focus());
[INFO] [stdout]     |                      ++
[INFO] [stdout] 141 |     assert!(!example.2.has_focus());
[INFO] [stdout]     |                      ++
[INFO] [stdout] 
[INFO] [stdout] 
[INFO] [stdout] error[E0599]: no method named `has_focus` found for enum `ExampleEnum` in the current scope
[INFO] [stdout]    --> tests/06-enable-with.rs:178:22
[INFO] [stdout]     |
[INFO] [stdout] 147 | enum ExampleEnum {
[INFO] [stdout]     | ---------------- method `has_focus` not found for this enum
[INFO] [stdout] ...
[INFO] [stdout] 178 |     assert!(!example.has_focus());
[INFO] [stdout]     |                      ^^^^^^^^^ method not found in `ExampleEnum`
[INFO] [stdout]     |
[INFO] [stdout]     = help: items from traits can only be used if the trait is implemented and in scope
[INFO] [stdout]     = note: the following trait defines an item `has_focus`, perhaps you need to implement it:
[INFO] [stdout]             candidate #1: `Focus`
[INFO] [stdout] 
[INFO] [stdout] 
[INFO] [stdout] error[E0599]: no method named `focus` found for enum `ExampleEnum` in the current scope
[INFO] [stdout]    --> tests/06-enable-with.rs:190:17
[INFO] [stdout]     |
[INFO] [stdout] 147 | enum ExampleEnum {
[INFO] [stdout]     | ---------------- method `focus` not found for this enum
[INFO] [stdout] ...
[INFO] [stdout] 190 |         example.focus(iced_focus::Direction::Forwards),
[INFO] [stdout]     |                 ^^^^^ method not found in `ExampleEnum`
[INFO] [stdout]     |
[INFO] [stdout]     = help: items from traits can only be used if the trait is implemented and in scope
[INFO] [stdout]     = note: the following trait defines an item `focus`, perhaps you need to implement it:
[INFO] [stdout]             candidate #1: `Focus`
[INFO] [stdout] 
[INFO] [stdout] 
[INFO] [stdout] error[E0599]: no method named `has_focus` found for enum `ExampleEnum` in the current scope
[INFO] [stdout]    --> tests/06-enable-with.rs:193:21
[INFO] [stdout]     |
[INFO] [stdout] 147 | enum ExampleEnum {
[INFO] [stdout]     | ---------------- method `has_focus` not found for this enum
[INFO] [stdout] ...
[INFO] [stdout] 193 |     assert!(example.has_focus());
[INFO] [stdout]     |                     ^^^^^^^^^ method not found in `ExampleEnum`
[INFO] [stdout]     |
[INFO] [stdout]     = help: items from traits can only be used if the trait is implemented and in scope
[INFO] [stdout]     = note: the following trait defines an item `has_focus`, perhaps you need to implement it:
[INFO] [stdout]             candidate #1: `Focus`
[INFO] [stdout] 
[INFO] [stdout] 
[INFO] [stdout] error[E0599]: no method named `focus` found for enum `ExampleEnum` in the current scope
[INFO] [stdout]    --> tests/06-enable-with.rs:205:17
[INFO] [stdout]     |
[INFO] [stdout] 147 | enum ExampleEnum {
[INFO] [stdout]     | ---------------- method `focus` not found for this enum
[INFO] [stdout] ...
[INFO] [stdout] 205 |         example.focus(iced_focus::Direction::Forwards),
[INFO] [stdout]     |                 ^^^^^ method not found in `ExampleEnum`
[INFO] [stdout]     |
[INFO] [stdout]     = help: items from traits can only be used if the trait is implemented and in scope
[INFO] [stdout]     = note: the following trait defines an item `focus`, perhaps you need to implement it:
[INFO] [stdout]             candidate #1: `Focus`
[INFO] [stdout] 
[INFO] [stdout] 
[INFO] [stdout] error[E0599]: no method named `has_focus` found for enum `ExampleEnum` in the current scope
[INFO] [stdout]    --> tests/06-enable-with.rs:208:22
[INFO] [stdout]     |
[INFO] [stdout] 147 | enum ExampleEnum {
[INFO] [stdout]     | ---------------- method `has_focus` not found for this enum
[INFO] [stdout] ...
[INFO] [stdout] 208 |     assert!(!example.has_focus());
[INFO] [stdout]     |                      ^^^^^^^^^ method not found in `ExampleEnum`
[INFO] [stdout]     |
[INFO] [stdout]     = help: items from traits can only be used if the trait is implemented and in scope
[INFO] [stdout]     = note: the following trait defines an item `has_focus`, perhaps you need to implement it:
[INFO] [stdout]             candidate #1: `Focus`
[INFO] [stdout] 
[INFO] [stdout] 
[INFO] [stdout] error[E0599]: no method named `focus` found for enum `ExampleEnum` in the current scope
[INFO] [stdout]    --> tests/06-enable-with.rs:226:17
[INFO] [stdout]     |
[INFO] [stdout] 147 | enum ExampleEnum {
[INFO] [stdout]     | ---------------- method `focus` not found for this enum
[INFO] [stdout] ...
[INFO] [stdout] 226 |         example.focus(iced_focus::Direction::Forwards),
[INFO] [stdout]     |                 ^^^^^ method not found in `ExampleEnum`
[INFO] [stdout]     |
[INFO] [stdout]     = help: items from traits can only be used if the trait is implemented and in scope
[INFO] [stdout]     = note: the following trait defines an item `focus`, perhaps you need to implement it:
[INFO] [stdout]             candidate #1: `Focus`
[INFO] [stdout] 
[INFO] [stdout] 
[INFO] [stdout] error[E0599]: no method named `has_focus` found for enum `ExampleEnum` in the current scope
[INFO] [stdout]    --> tests/06-enable-with.rs:229:21
[INFO] [stdout]     |
[INFO] [stdout] 147 | enum ExampleEnum {
[INFO] [stdout]     | ---------------- method `has_focus` not found for this enum
[INFO] [stdout] ...
[INFO] [stdout] 229 |     assert!(example.has_focus());
[INFO] [stdout]     |                     ^^^^^^^^^ method not found in `ExampleEnum`
[INFO] [stdout]     |
[INFO] [stdout]     = help: items from traits can only be used if the trait is implemented and in scope
[INFO] [stdout]     = note: the following trait defines an item `has_focus`, perhaps you need to implement it:
[INFO] [stdout]             candidate #1: `Focus`
[INFO] [stdout] 
[INFO] [stdout] 
[INFO] [stdout] error[E0599]: no method named `focus` found for enum `ExampleEnum` in the current scope
[INFO] [stdout]    --> tests/06-enable-with.rs:241:17
[INFO] [stdout]     |
[INFO] [stdout] 147 | enum ExampleEnum {
[INFO] [stdout]     | ---------------- method `focus` not found for this enum
[INFO] [stdout] ...
[INFO] [stdout] 241 |         example.focus(iced_focus::Direction::Forwards),
[INFO] [stdout]     |                 ^^^^^ method not found in `ExampleEnum`
[INFO] [stdout]     |
[INFO] [stdout]     = help: items from traits can only be used if the trait is implemented and in scope
[INFO] [stdout]     = note: the following trait defines an item `focus`, perhaps you need to implement it:
[INFO] [stdout]             candidate #1: `Focus`
[INFO] [stdout] 
[INFO] [stdout] 
[INFO] [stdout] error[E0599]: no method named `has_focus` found for enum `ExampleEnum` in the current scope
[INFO] [stdout]    --> tests/06-enable-with.rs:244:21
[INFO] [stdout]     |
[INFO] [stdout] 147 | enum ExampleEnum {
[INFO] [stdout]     | ---------------- method `has_focus` not found for this enum
[INFO] [stdout] ...
[INFO] [stdout] 244 |     assert!(example.has_focus());
[INFO] [stdout]     |                     ^^^^^^^^^ method not found in `ExampleEnum`
[INFO] [stdout]     |
[INFO] [stdout]     = help: items from traits can only be used if the trait is implemented and in scope
[INFO] [stdout]     = note: the following trait defines an item `has_focus`, perhaps you need to implement it:
[INFO] [stdout]             candidate #1: `Focus`
[INFO] [stdout] 
[INFO] [stdout] 
[INFO] [stdout] error[E0599]: no method named `has_focus` found for enum `ExampleEnum` in the current scope
[INFO] [stdout]    --> tests/06-enable-with.rs:261:22
[INFO] [stdout]     |
[INFO] [stdout] 147 | enum ExampleEnum {
[INFO] [stdout]     | ---------------- method `has_focus` not found for this enum
[INFO] [stdout] ...
[INFO] [stdout] 261 |     assert!(!example.has_focus());
[INFO] [stdout]     |                      ^^^^^^^^^ method not found in `ExampleEnum`
[INFO] [stdout]     |
[INFO] [stdout]     = help: items from traits can only be used if the trait is implemented and in scope
[INFO] [stdout]     = note: the following trait defines an item `has_focus`, perhaps you need to implement it:
[INFO] [stdout]             candidate #1: `Focus`
[INFO] [stdout] 
[INFO] [stdout] 
[INFO] [stdout] error[E0599]: no method named `focus` found for enum `ExampleEnum` in the current scope
[INFO] [stdout]    --> tests/06-enable-with.rs:270:17
[INFO] [stdout]     |
[INFO] [stdout] 147 | enum ExampleEnum {
[INFO] [stdout]     | ---------------- method `focus` not found for this enum
[INFO] [stdout] ...
[INFO] [stdout] 270 |         example.focus(iced_focus::Direction::Forwards),
[INFO] [stdout]     |                 ^^^^^ method not found in `ExampleEnum`
[INFO] [stdout]     |
[INFO] [stdout]     = help: items from traits can only be used if the trait is implemented and in scope
[INFO] [stdout]     = note: the following trait defines an item `focus`, perhaps you need to implement it:
[INFO] [stdout]             candidate #1: `Focus`
[INFO] [stdout] 
[INFO] [stdout] 
[INFO] [stdout] error[E0599]: no method named `has_focus` found for enum `ExampleEnum` in the current scope
[INFO] [stdout]    --> tests/06-enable-with.rs:273:22
[INFO] [stdout]     |
[INFO] [stdout] 147 | enum ExampleEnum {
[INFO] [stdout]     | ---------------- method `has_focus` not found for this enum
[INFO] [stdout] ...
[INFO] [stdout] 273 |     assert!(!example.has_focus());
[INFO] [stdout]     |                      ^^^^^^^^^ method not found in `ExampleEnum`
[INFO] [stdout]     |
[INFO] [stdout]     = help: items from traits can only be used if the trait is implemented and in scope
[INFO] [stdout]     = note: the following trait defines an item `has_focus`, perhaps you need to implement it:
[INFO] [stdout]             candidate #1: `Focus`
[INFO] [stdout] 
[INFO] [stdout] 
[INFO] [stdout] error[E0599]: no method named `has_focus` found for enum `ExampleEnum` in the current scope
[INFO] [stdout]    --> tests/06-enable-with.rs:288:22
[INFO] [stdout]     |
[INFO] [stdout] 147 | enum ExampleEnum {
[INFO] [stdout]     | ---------------- method `has_focus` not found for this enum
[INFO] [stdout] ...
[INFO] [stdout] 288 |     assert!(!example.has_focus());
[INFO] [stdout]     |                      ^^^^^^^^^ method not found in `ExampleEnum`
[INFO] [stdout]     |
[INFO] [stdout]     = help: items from traits can only be used if the trait is implemented and in scope
[INFO] [stdout]     = note: the following trait defines an item `has_focus`, perhaps you need to implement it:
[INFO] [stdout]             candidate #1: `Focus`
[INFO] [stdout] 
[INFO] [stdout] 
[INFO] [stdout] error[E0599]: no method named `focus` found for enum `ExampleEnum` in the current scope
[INFO] [stdout]    --> tests/06-enable-with.rs:295:17
[INFO] [stdout]     |
[INFO] [stdout] 147 | enum ExampleEnum {
[INFO] [stdout]     | ---------------- method `focus` not found for this enum
[INFO] [stdout] ...
[INFO] [stdout] 295 |         example.focus(iced_focus::Direction::Forwards),
[INFO] [stdout]     |                 ^^^^^ method not found in `ExampleEnum`
[INFO] [stdout]     |
[INFO] [stdout]     = help: items from traits can only be used if the trait is implemented and in scope
[INFO] [stdout]     = note: the following trait defines an item `focus`, perhaps you need to implement it:
[INFO] [stdout]             candidate #1: `Focus`
[INFO] [stdout] 
[INFO] [stdout] 
[INFO] [stdout] error[E0599]: no method named `has_focus` found for enum `ExampleEnum` in the current scope
[INFO] [stdout]    --> tests/06-enable-with.rs:298:21
[INFO] [stdout]     |
[INFO] [stdout] 147 | enum ExampleEnum {
[INFO] [stdout]     | ---------------- method `has_focus` not found for this enum
[INFO] [stdout] ...
[INFO] [stdout] 298 |     assert!(example.has_focus());
[INFO] [stdout]     |                     ^^^^^^^^^ method not found in `ExampleEnum`
[INFO] [stdout]     |
[INFO] [stdout]     = help: items from traits can only be used if the trait is implemented and in scope
[INFO] [stdout]     = note: the following trait defines an item `has_focus`, perhaps you need to implement it:
[INFO] [stdout]             candidate #1: `Focus`
[INFO] [stdout] 
[INFO] [stdout] 
[INFO] [stdout] error[E0599]: no method named `focus` found for enum `ExampleEnum` in the current scope
[INFO] [stdout]    --> tests/06-enable-with.rs:305:17
[INFO] [stdout]     |
[INFO] [stdout] 147 | enum ExampleEnum {
[INFO] [stdout]     | ---------------- method `focus` not found for this enum
[INFO] [stdout] ...
[INFO] [stdout] 305 |         example.focus(iced_focus::Direction::Forwards),
[INFO] [stdout]     |                 ^^^^^ method not found in `ExampleEnum`
[INFO] [stdout]     |
[INFO] [stdout]     = help: items from traits can only be used if the trait is implemented and in scope
[INFO] [stdout]     = note: the following trait defines an item `focus`, perhaps you need to implement it:
[INFO] [stdout]             candidate #1: `Focus`
[INFO] [stdout] 
[INFO] [stdout] 
[INFO] [stdout] error[E0599]: no method named `has_focus` found for enum `ExampleEnum` in the current scope
[INFO] [stdout]    --> tests/06-enable-with.rs:308:22
[INFO] [stdout]     |
[INFO] [stdout] 147 | enum ExampleEnum {
[INFO] [stdout]     | ---------------- method `has_focus` not found for this enum
[INFO] [stdout] ...
[INFO] [stdout] 308 |     assert!(!example.has_focus());
[INFO] [stdout]     |                      ^^^^^^^^^ method not found in `ExampleEnum`
[INFO] [stdout]     |
[INFO] [stdout]     = help: items from traits can only be used if the trait is implemented and in scope
[INFO] [stdout]     = note: the following trait defines an item `has_focus`, perhaps you need to implement it:
[INFO] [stdout]             candidate #1: `Focus`
[INFO] [stdout] 
[INFO] [stdout] 
[INFO] [stdout] error[E0599]: no method named `focus` found for enum `ExampleEnum` in the current scope
[INFO] [stdout]    --> tests/06-enable-with.rs:317:17
[INFO] [stdout]     |
[INFO] [stdout] 147 | enum ExampleEnum {
[INFO] [stdout]     | ---------------- method `focus` not found for this enum
[INFO] [stdout] ...
[INFO] [stdout] 317 |         example.focus(iced_focus::Direction::Forwards),
[INFO] [stdout]     |                 ^^^^^ method not found in `ExampleEnum`
[INFO] [stdout]     |
[INFO] [stdout]     = help: items from traits can only be used if the trait is implemented and in scope
[INFO] [stdout]     = note: the following trait defines an item `focus`, perhaps you need to implement it:
[INFO] [stdout]             candidate #1: `Focus`
[INFO] [stdout] 
[INFO] [stdout] 
[INFO] [stdout] error[E0599]: no method named `has_focus` found for enum `ExampleEnum` in the current scope
[INFO] [stdout]    --> tests/06-enable-with.rs:320:21
[INFO] [stdout]     |
[INFO] [stdout] 147 | enum ExampleEnum {
[INFO] [stdout]     | ---------------- method `has_focus` not found for this enum
[INFO] [stdout] ...
[INFO] [stdout] 320 |     assert!(example.has_focus());
[INFO] [stdout]     |                     ^^^^^^^^^ method not found in `ExampleEnum`
[INFO] [stdout]     |
[INFO] [stdout]     = help: items from traits can only be used if the trait is implemented and in scope
[INFO] [stdout]     = note: the following trait defines an item `has_focus`, perhaps you need to implement it:
[INFO] [stdout]             candidate #1: `Focus`
[INFO] [stdout] 
[INFO] [stdout] 
[INFO] [stdout] error[E0599]: no method named `focus` found for enum `ExampleEnum` in the current scope
[INFO] [stdout]    --> tests/06-enable-with.rs:327:17
[INFO] [stdout]     |
[INFO] [stdout] 147 | enum ExampleEnum {
[INFO] [stdout]     | ---------------- method `focus` not found for this enum
[INFO] [stdout] ...
[INFO] [stdout] 327 |         example.focus(iced_focus::Direction::Forwards),
[INFO] [stdout]     |                 ^^^^^ method not found in `ExampleEnum`
[INFO] [stdout]     |
[INFO] [stdout]     = help: items from traits can only be used if the trait is implemented and in scope
[INFO] [stdout]     = note: the following trait defines an item `focus`, perhaps you need to implement it:
[INFO] [stdout]             candidate #1: `Focus`
[INFO] [stdout] 
[INFO] [stdout] 
[INFO] [stdout] error[E0599]: no method named `has_focus` found for enum `ExampleEnum` in the current scope
[INFO] [stdout]    --> tests/06-enable-with.rs:330:21
[INFO] [stdout]     |
[INFO] [stdout] 147 | enum ExampleEnum {
[INFO] [stdout]     | ---------------- method `has_focus` not found for this enum
[INFO] [stdout] ...
[INFO] [stdout] 330 |     assert!(example.has_focus());
[INFO] [stdout]     |                     ^^^^^^^^^ method not found in `ExampleEnum`
[INFO] [stdout]     |
[INFO] [stdout]     = help: items from traits can only be used if the trait is implemented and in scope
[INFO] [stdout]     = note: the following trait defines an item `has_focus`, perhaps you need to implement it:
[INFO] [stdout]             candidate #1: `Focus`
[INFO] [stdout] 
[INFO] [stdout] 
[INFO] [stdout] error[E0599]: no method named `has_focus` found for enum `ExampleEnum` in the current scope
[INFO] [stdout]    --> tests/06-enable-with.rs:339:22
[INFO] [stdout]     |
[INFO] [stdout] 147 | enum ExampleEnum {
[INFO] [stdout]     | ---------------- method `has_focus` not found for this enum
[INFO] [stdout] ...
[INFO] [stdout] 339 |     assert!(!example.has_focus());
[INFO] [stdout]     |                      ^^^^^^^^^ method not found in `ExampleEnum`
[INFO] [stdout]     |
[INFO] [stdout]     = help: items from traits can only be used if the trait is implemented and in scope
[INFO] [stdout]     = note: the following trait defines an item `has_focus`, perhaps you need to implement it:
[INFO] [stdout]             candidate #1: `Focus`
[INFO] [stdout] 
[INFO] [stdout] 
[INFO] [stdout] error[E0599]: no method named `focus` found for enum `ExampleEnum` in the current scope
[INFO] [stdout]    --> tests/06-enable-with.rs:345:17
[INFO] [stdout]     |
[INFO] [stdout] 147 | enum ExampleEnum {
[INFO] [stdout]     | ---------------- method `focus` not found for this enum
[INFO] [stdout] ...
[INFO] [stdout] 345 |         example.focus(iced_focus::Direction::Forwards),
[INFO] [stdout]     |                 ^^^^^ method not found in `ExampleEnum`
[INFO] [stdout]     |
[INFO] [stdout]     = help: items from traits can only be used if the trait is implemented and in scope
[INFO] [stdout]     = note: the following trait defines an item `focus`, perhaps you need to implement it:
[INFO] [stdout]             candidate #1: `Focus`
[INFO] [stdout] 
[INFO] [stdout] 
[INFO] [stdout] error[E0599]: no method named `has_focus` found for enum `ExampleEnum` in the current scope
[INFO] [stdout]    --> tests/06-enable-with.rs:348:22
[INFO] [stdout]     |
[INFO] [stdout] 147 | enum ExampleEnum {
[INFO] [stdout]     | ---------------- method `has_focus` not found for this enum
[INFO] [stdout] ...
[INFO] [stdout] 348 |     assert!(!example.has_focus());
[INFO] [stdout]     |                      ^^^^^^^^^ method not found in `ExampleEnum`
[INFO] [stdout]     |
[INFO] [stdout]     = help: items from traits can only be used if the trait is implemented and in scope
[INFO] [stdout]     = note: the following trait defines an item `has_focus`, perhaps you need to implement it:
[INFO] [stdout]             candidate #1: `Focus`
[INFO] [stdout] 
[INFO] [stdout] 
[INFO] [stdout] error: aborting due to 59 previous errors
[INFO] [stdout] 
[INFO] [stdout] 
[INFO] [stdout] For more information about this error, try `rustc --explain E0599`.
[INFO] [stdout] 
[INFO] [stderr] error: could not compile `iced_focus` due to 60 previous errors
[INFO] running `Command { std: "docker" "inspect" "fe73e8a9ba2902713be59bae7b6adac4d14e9b5cce1edef475cdf1ec1a0ce3ce", kill_on_drop: false }`
[INFO] running `Command { std: "docker" "rm" "-f" "fe73e8a9ba2902713be59bae7b6adac4d14e9b5cce1edef475cdf1ec1a0ce3ce", kill_on_drop: false }`
[INFO] [stdout] fe73e8a9ba2902713be59bae7b6adac4d14e9b5cce1edef475cdf1ec1a0ce3ce
