[INFO] fetching crate iced_aw 0.5.0...
[INFO] testing iced_aw-0.5.0 against 1.69.0 for beta-1.70-1
[INFO] extracting crate iced_aw 0.5.0 into /workspace/builds/worker-2-tc1/source
[INFO] validating manifest of crates.io crate iced_aw 0.5.0 on toolchain 1.69.0
[INFO] running `Command { std: CARGO_HOME="/workspace/cargo-home" RUSTUP_HOME="/workspace/rustup-home" "/workspace/cargo-home/bin/cargo" "+1.69.0" "metadata" "--manifest-path" "Cargo.toml" "--no-deps", kill_on_drop: false }`
[INFO] started tweaking crates.io crate iced_aw 0.5.0
[INFO] finished tweaking crates.io crate iced_aw 0.5.0
[INFO] tweaked toml for crates.io crate iced_aw 0.5.0 written to /workspace/builds/worker-2-tc1/source/Cargo.toml
[INFO] running `Command { std: CARGO_HOME="/workspace/cargo-home" RUSTUP_HOME="/workspace/rustup-home" __CARGO_TEST_CHANNEL_OVERRIDE_DO_NOT_USE_THIS="nightly" "/workspace/cargo-home/bin/cargo" "+1.69.0" "generate-lockfile" "--manifest-path" "Cargo.toml" "-Zno-index-update", kill_on_drop: false }`
[INFO] [stderr]     Blocking waiting for file lock on package cache
[INFO] running `Command { std: CARGO_HOME="/workspace/cargo-home" RUSTUP_HOME="/workspace/rustup-home" "/workspace/cargo-home/bin/cargo" "+1.69.0" "fetch" "--manifest-path" "Cargo.toml", kill_on_drop: false }`
[INFO] running `Command { std: "docker" "create" "-v" "/var/lib/crater-agent-workspace/builds/worker-2-tc1/target:/opt/rustwide/target:rw,Z" "-v" "/var/lib/crater-agent-workspace/builds/worker-2-tc1/source:/opt/rustwide/workdir:ro,Z" "-v" "/var/lib/crater-agent-workspace/cargo-home:/opt/rustwide/cargo-home:ro,Z" "-v" "/var/lib/crater-agent-workspace/rustup-home:/opt/rustwide/rustup-home:ro,Z" "-e" "SOURCE_DIR=/opt/rustwide/workdir" "-e" "CARGO_TARGET_DIR=/opt/rustwide/target" "-e" "CARGO_HOME=/opt/rustwide/cargo-home" "-e" "RUSTUP_HOME=/opt/rustwide/rustup-home" "-w" "/opt/rustwide/workdir" "-m" "1610612736" "--user" "0:0" "--network" "none" "ghcr.io/rust-lang/crates-build-env/linux@sha256:5ff2268d62e97bff2cde7d5815dd6ed5b47097566f13b8d0ca110b04b60e07ed" "/opt/rustwide/cargo-home/bin/cargo" "+1.69.0" "metadata" "--no-deps" "--format-version=1", kill_on_drop: false }`
[INFO] [stdout] be6230f8c93acd078b73258828b4a9b779c200b86b778d64676e31ee9e7bcb2b
[INFO] running `Command { std: "docker" "start" "-a" "be6230f8c93acd078b73258828b4a9b779c200b86b778d64676e31ee9e7bcb2b", kill_on_drop: false }`
[INFO] running `Command { std: "docker" "inspect" "be6230f8c93acd078b73258828b4a9b779c200b86b778d64676e31ee9e7bcb2b", kill_on_drop: false }`
[INFO] running `Command { std: "docker" "rm" "-f" "be6230f8c93acd078b73258828b4a9b779c200b86b778d64676e31ee9e7bcb2b", kill_on_drop: false }`
[INFO] [stdout] be6230f8c93acd078b73258828b4a9b779c200b86b778d64676e31ee9e7bcb2b
[INFO] running `Command { std: "docker" "create" "-v" "/var/lib/crater-agent-workspace/builds/worker-2-tc1/target:/opt/rustwide/target:rw,Z" "-v" "/var/lib/crater-agent-workspace/builds/worker-2-tc1/source:/opt/rustwide/workdir:ro,Z" "-v" "/var/lib/crater-agent-workspace/cargo-home:/opt/rustwide/cargo-home:ro,Z" "-v" "/var/lib/crater-agent-workspace/rustup-home:/opt/rustwide/rustup-home:ro,Z" "-e" "SOURCE_DIR=/opt/rustwide/workdir" "-e" "CARGO_TARGET_DIR=/opt/rustwide/target" "-e" "CARGO_INCREMENTAL=0" "-e" "RUST_BACKTRACE=full" "-e" "RUSTFLAGS=--cap-lints=warn" "-e" "RUSTDOCFLAGS=--cap-lints=warn" "-e" "CARGO_HOME=/opt/rustwide/cargo-home" "-e" "RUSTUP_HOME=/opt/rustwide/rustup-home" "-w" "/opt/rustwide/workdir" "-m" "1610612736" "--user" "0:0" "--network" "none" "ghcr.io/rust-lang/crates-build-env/linux@sha256:5ff2268d62e97bff2cde7d5815dd6ed5b47097566f13b8d0ca110b04b60e07ed" "/opt/rustwide/cargo-home/bin/cargo" "+1.69.0" "build" "--frozen" "--message-format=json", kill_on_drop: false }`
[INFO] [stdout] 001d86c0daec363715111b6f1ecfacddf72a610b6bc15d292b0bc03edeeb22fb
[INFO] running `Command { std: "docker" "start" "-a" "001d86c0daec363715111b6f1ecfacddf72a610b6bc15d292b0bc03edeeb22fb", kill_on_drop: false }`
[INFO] [stderr]    Compiling autocfg v1.1.0
[INFO] [stderr]    Compiling proc-macro2 v1.0.56
[INFO] [stderr]    Compiling unicode-ident v1.0.8
[INFO] [stderr]    Compiling quote v1.0.26
[INFO] [stderr]    Compiling libm v0.2.6
[INFO] [stderr]    Compiling serde v1.0.160
[INFO] [stderr]    Compiling libc v0.2.142
[INFO] [stderr]    Compiling syn v1.0.109
[INFO] [stderr]    Compiling siphasher v0.3.10
[INFO] [stderr]    Compiling rand_core v0.6.4
[INFO] [stderr]    Compiling futures-core v0.3.28
[INFO] [stderr]    Compiling futures-channel v0.3.28
[INFO] [stderr]    Compiling memchr v2.5.0
[INFO] [stderr]    Compiling futures-task v0.3.28
[INFO] [stderr]    Compiling futures-sink v0.3.28
[INFO] [stderr]    Compiling futures-util v0.3.28
[INFO] [stderr]    Compiling palette v0.6.1
[INFO] [stderr]    Compiling futures-io v0.3.28
[INFO] [stderr]    Compiling phf_shared v0.11.1
[INFO] [stderr]    Compiling rand v0.8.5
[INFO] [stderr]    Compiling pin-utils v0.1.0
[INFO] [stderr]    Compiling pin-project-lite v0.2.9
[INFO] [stderr]    Compiling thiserror v1.0.40
[INFO] [stderr]    Compiling arrayvec v0.7.2
[INFO] [stderr]    Compiling log v0.4.17
[INFO] [stderr]    Compiling cfg-if v1.0.0
[INFO] [stderr]    Compiling bitflags v1.3.2
[INFO] [stderr]    Compiling once_cell v1.17.1
[INFO] [stderr]    Compiling static_assertions v1.1.0
[INFO] [stderr]    Compiling twox-hash v1.6.3
[INFO] [stderr]    Compiling unicode-segmentation v1.10.1
[INFO] [stderr]    Compiling glam v0.21.3
[INFO] [stderr]    Compiling iana-time-zone v0.1.56
[INFO] [stderr]    Compiling raw-window-handle v0.5.2
[INFO] [stderr]    Compiling lazy_static v1.4.0
[INFO] [stderr]    Compiling phf_generator v0.11.1
[INFO] [stderr]    Compiling num-traits v0.2.15
[INFO] [stderr]    Compiling slab v0.4.8
[INFO] [stderr]    Compiling num-integer v0.1.45
[INFO] [stderr]    Compiling num_cpus v1.15.0
[INFO] [stderr]    Compiling time v0.1.45
[INFO] [stderr]    Compiling syn v2.0.15
[INFO] [stderr]    Compiling euclid v0.22.9
[INFO] [stderr]    Compiling approx v0.5.1
[INFO] [stderr]    Compiling float_next_after v0.1.5
[INFO] [stderr]    Compiling chrono v0.4.24
[INFO] [stderr]    Compiling lyon_geom v1.0.4
[INFO] [stderr]    Compiling toml v0.5.11
[INFO] [stderr]    Compiling lyon_path v1.0.3
[INFO] [stderr]    Compiling find-crate v0.6.3
[INFO] [stderr]    Compiling lyon_algorithms v1.0.3
[INFO] [stderr]    Compiling futures-macro v0.3.28
[INFO] [stderr]    Compiling thiserror-impl v1.0.40
[INFO] [stderr]    Compiling bytemuck_derive v1.4.1
[INFO] [stderr]    Compiling phf_macros v0.11.1
[INFO] [stderr]    Compiling palette_derive v0.6.1
[INFO] [stderr]    Compiling bytemuck v1.13.1
[INFO] [stderr]    Compiling lyon_tessellation v1.0.10
[INFO] [stderr]    Compiling phf v0.11.1
[INFO] [stderr]    Compiling lyon v1.0.1
[INFO] [stderr]    Compiling futures-executor v0.3.28
[INFO] [stderr]    Compiling futures v0.3.28
[INFO] [stderr]    Compiling iced_futures v0.6.0
[INFO] [stderr]    Compiling iced_core v0.9.0
[INFO] [stderr]    Compiling iced_style v0.8.0
[INFO] [stderr]    Compiling iced_native v0.10.3
[INFO] [stderr]    Compiling iced_graphics v0.8.0
[INFO] [stderr]    Compiling iced_aw v0.5.0 (/opt/rustwide/workdir)
[INFO] [stderr]     Finished dev [unoptimized + debuginfo] target(s) in 37.14s
[INFO] running `Command { std: "docker" "inspect" "001d86c0daec363715111b6f1ecfacddf72a610b6bc15d292b0bc03edeeb22fb", kill_on_drop: false }`
[INFO] running `Command { std: "docker" "rm" "-f" "001d86c0daec363715111b6f1ecfacddf72a610b6bc15d292b0bc03edeeb22fb", kill_on_drop: false }`
[INFO] [stdout] 001d86c0daec363715111b6f1ecfacddf72a610b6bc15d292b0bc03edeeb22fb
[INFO] running `Command { std: "docker" "create" "-v" "/var/lib/crater-agent-workspace/builds/worker-2-tc1/target:/opt/rustwide/target:rw,Z" "-v" "/var/lib/crater-agent-workspace/builds/worker-2-tc1/source:/opt/rustwide/workdir:ro,Z" "-v" "/var/lib/crater-agent-workspace/cargo-home:/opt/rustwide/cargo-home:ro,Z" "-v" "/var/lib/crater-agent-workspace/rustup-home:/opt/rustwide/rustup-home:ro,Z" "-e" "SOURCE_DIR=/opt/rustwide/workdir" "-e" "CARGO_TARGET_DIR=/opt/rustwide/target" "-e" "CARGO_INCREMENTAL=0" "-e" "RUST_BACKTRACE=full" "-e" "RUSTFLAGS=--cap-lints=warn" "-e" "RUSTDOCFLAGS=--cap-lints=warn" "-e" "CARGO_HOME=/opt/rustwide/cargo-home" "-e" "RUSTUP_HOME=/opt/rustwide/rustup-home" "-w" "/opt/rustwide/workdir" "-m" "1610612736" "--user" "0:0" "--network" "none" "ghcr.io/rust-lang/crates-build-env/linux@sha256:5ff2268d62e97bff2cde7d5815dd6ed5b47097566f13b8d0ca110b04b60e07ed" "/opt/rustwide/cargo-home/bin/cargo" "+1.69.0" "test" "--frozen" "--no-run" "--message-format=json", kill_on_drop: false }`
[INFO] [stdout] 4bee4252097ccee139ca3e1fb523f453ce8c5b6ddd964f59c35e201310b5ef06
[INFO] running `Command { std: "docker" "start" "-a" "4bee4252097ccee139ca3e1fb523f453ce8c5b6ddd964f59c35e201310b5ef06", kill_on_drop: false }`
[INFO] [stderr]    Compiling iced_aw v0.5.0 (/opt/rustwide/workdir)
[INFO] [stderr]     Finished test [unoptimized + debuginfo] target(s) in 1.77s
[INFO] running `Command { std: "docker" "inspect" "4bee4252097ccee139ca3e1fb523f453ce8c5b6ddd964f59c35e201310b5ef06", kill_on_drop: false }`
[INFO] running `Command { std: "docker" "rm" "-f" "4bee4252097ccee139ca3e1fb523f453ce8c5b6ddd964f59c35e201310b5ef06", kill_on_drop: false }`
[INFO] [stdout] 4bee4252097ccee139ca3e1fb523f453ce8c5b6ddd964f59c35e201310b5ef06
[INFO] running `Command { std: "docker" "create" "-v" "/var/lib/crater-agent-workspace/builds/worker-2-tc1/target:/opt/rustwide/target:rw,Z" "-v" "/var/lib/crater-agent-workspace/builds/worker-2-tc1/source:/opt/rustwide/workdir:ro,Z" "-v" "/var/lib/crater-agent-workspace/cargo-home:/opt/rustwide/cargo-home:ro,Z" "-v" "/var/lib/crater-agent-workspace/rustup-home:/opt/rustwide/rustup-home:ro,Z" "-e" "SOURCE_DIR=/opt/rustwide/workdir" "-e" "CARGO_TARGET_DIR=/opt/rustwide/target" "-e" "CARGO_INCREMENTAL=0" "-e" "RUST_BACKTRACE=full" "-e" "RUSTFLAGS=--cap-lints=warn" "-e" "RUSTDOCFLAGS=--cap-lints=warn" "-e" "CARGO_HOME=/opt/rustwide/cargo-home" "-e" "RUSTUP_HOME=/opt/rustwide/rustup-home" "-w" "/opt/rustwide/workdir" "-m" "1610612736" "--user" "0:0" "--network" "none" "ghcr.io/rust-lang/crates-build-env/linux@sha256:5ff2268d62e97bff2cde7d5815dd6ed5b47097566f13b8d0ca110b04b60e07ed" "/opt/rustwide/cargo-home/bin/cargo" "+1.69.0" "test" "--frozen", kill_on_drop: false }`
[INFO] [stdout] 0a58cc075bcd09f8ec70a3d3722e7f107b24bff38fdde6226b99b91421b808c5
[INFO] running `Command { std: "docker" "start" "-a" "0a58cc075bcd09f8ec70a3d3722e7f107b24bff38fdde6226b99b91421b808c5", kill_on_drop: false }`
[INFO] [stderr]     Finished test [unoptimized + debuginfo] target(s) in 0.06s
[INFO] [stderr]      Running unittests src/lib.rs (/opt/rustwide/target/debug/deps/iced_aw-6f796d37c72609e2)
[INFO] [stdout] 
[INFO] [stdout] running 13 tests
[INFO] [stdout] test core::clock::tests::circle_points_test ... ok
[INFO] [stdout] test core::clock::tests::nearest_point_test ... ok
[INFO] [stdout] test core::clock::tests::nearest_radius_test ... ok
[INFO] [stdout] test core::date::tests::is_leap_year_test ... ok
[INFO] [stdout] test core::color::tests::rgb_to_hsv ... ok
[INFO] [stdout] test core::color::tests::hsv_to_rgb ... ok
[INFO] [stdout] test core::date::tests::pred_month_test ... ok
[INFO] [stdout] test core::date::tests::position_to_day_test ... ok
[INFO] [stdout] test core::date::tests::num_days_of_month_test ... ok
[INFO] [stdout] test core::date::tests::pred_year_test ... ok
[INFO] [stdout] test core::date::tests::succ_month_test ... ok
[INFO] [stdout] test core::date::tests::succ_year_test ... ok
[INFO] [stdout] test core::time::tests::time_to_naive ... ok
[INFO] [stdout] 
[INFO] [stdout] test result: ok. 13 passed; 0 failed; 0 ignored; 0 measured; 0 filtered out; finished in 0.00s
[INFO] [stdout] 
[INFO] [stderr]    Doc-tests iced_aw
[INFO] [stdout] 
[INFO] [stdout] running 13 tests
[INFO] [stdout] test src/native/color_picker.rs - native::color_picker::ColorPicker (line 28) ... ignored
[INFO] [stdout] test src/native/time_picker.rs - native::time_picker::TimePicker (line 23) ... ignored
[INFO] [stdout] test src/native/date_picker.rs - native::date_picker::DatePicker (line 23) ... FAILED
[INFO] [stdout] test src/native/menu.rs - native::menu (line 7) ... FAILED
[INFO] [stdout] test src/native/modal.rs - native::modal::Modal (line 17) ... ok
[INFO] [stdout] test src/native/tab_bar.rs - native::tab_bar::TabBar (line 39) ... ok
[INFO] [stdout] test src/native/card.rs - native::card::Card (line 22) ... ok
[INFO] [stdout] test src/native/number_input.rs - native::number_input::NumberInput (line 33) ... ok
[INFO] [stdout] test src/native/tabs.rs - native::tabs::Tabs (line 27) ... ok
[INFO] [stdout] test src/native/grid.rs - native::grid::Grid (line 13) ... ok
[INFO] [stdout] test src/native/split.rs - native::split::Split (line 21) ... ok
[INFO] [stdout] test src/native/badge.rs - native::badge::Badge (line 19) ... ok
[INFO] [stdout] test src/native/floating_element.rs - native::floating_element::FloatingElement (line 20) ... ok
[INFO] [stdout] 
[INFO] [stdout] failures:
[INFO] [stdout] 
[INFO] [stdout] ---- src/native/date_picker.rs - native::date_picker::DatePicker (line 23) stdout ----
[INFO] [stdout] error[E0107]: struct takes 3 generic arguments but 2 generic arguments were supplied
[INFO] [stdout]   --> src/native/date_picker.rs:28:45
[INFO] [stdout]    |
[INFO] [stdout] 8  | pub type DatePicker<'a, Message> = iced_aw::DatePicker<'a, Message, Null>;
[INFO] [stdout]    |                                             ^^^^^^^^^^     -------  ---- supplied 2 generic arguments
[INFO] [stdout]    |                                             |
[INFO] [stdout]    |                                             expected 3 generic arguments
[INFO] [stdout]    |
[INFO] [stdout] note: struct defined here, with 3 generic parameters: `Message`, `B`, `Theme`
[INFO] [stdout]   --> /opt/rustwide/workdir/src/native/date_picker.rs:46:12
[INFO] [stdout]    |
[INFO] [stdout] 46 | pub struct DatePicker<'a, Message, B, Theme>
[INFO] [stdout]    |            ^^^^^^^^^^     -------  -  -----
[INFO] [stdout] help: add missing generic argument
[INFO] [stdout]    |
[INFO] [stdout] 8  | pub type DatePicker<'a, Message> = iced_aw::DatePicker<'a, Message, Null, Theme>;
[INFO] [stdout]    |                                                                         +++++++
[INFO] [stdout] 
[INFO] [stdout] error: aborting due to previous error
[INFO] [stdout] 
[INFO] [stdout] For more information about this error, try `rustc --explain E0107`.
[INFO] [stdout] Couldn't compile the test.
[INFO] [stdout] ---- src/native/menu.rs - native::menu (line 7) stdout ----
[INFO] [stdout] error[E0433]: failed to resolve: use of undeclared crate or module `iced`
[INFO] [stdout]  --> src/native/menu.rs:8:5
[INFO] [stdout]   |
[INFO] [stdout] 4 | use iced::widget::button;
[INFO] [stdout]   |     ^^^^ use of undeclared crate or module `iced`
[INFO] [stdout] 
[INFO] [stdout] error: aborting due to previous error
[INFO] [stdout] 
[INFO] [stdout] For more information about this error, try `rustc --explain E0433`.
[INFO] [stdout] Couldn't compile the test.
[INFO] [stdout] 
[INFO] [stdout] failures:
[INFO] [stdout]     src/native/date_picker.rs - native::date_picker::DatePicker (line 23)
[INFO] [stdout]     src/native/menu.rs - native::menu (line 7)
[INFO] [stdout] 
[INFO] [stdout] test result: FAILED. 9 passed; 2 failed; 2 ignored; 0 measured; 0 filtered out; finished in 0.60s
[INFO] [stdout] 
[INFO] [stderr] error: doctest failed, to rerun pass `--doc`
[INFO] running `Command { std: "docker" "inspect" "0a58cc075bcd09f8ec70a3d3722e7f107b24bff38fdde6226b99b91421b808c5", kill_on_drop: false }`
[INFO] running `Command { std: "docker" "rm" "-f" "0a58cc075bcd09f8ec70a3d3722e7f107b24bff38fdde6226b99b91421b808c5", kill_on_drop: false }`
[INFO] [stdout] 0a58cc075bcd09f8ec70a3d3722e7f107b24bff38fdde6226b99b91421b808c5
