[INFO] fetching crate ic-response-verification 0.2.1...
[INFO] testing ic-response-verification-0.2.1 against 1.69.0 for beta-1.70-1
[INFO] extracting crate ic-response-verification 0.2.1 into /workspace/builds/worker-2-tc1/source
[INFO] validating manifest of crates.io crate ic-response-verification 0.2.1 on toolchain 1.69.0
[INFO] running `Command { std: CARGO_HOME="/workspace/cargo-home" RUSTUP_HOME="/workspace/rustup-home" "/workspace/cargo-home/bin/cargo" "+1.69.0" "metadata" "--manifest-path" "Cargo.toml" "--no-deps", kill_on_drop: false }`
[INFO] started tweaking crates.io crate ic-response-verification 0.2.1
[INFO] finished tweaking crates.io crate ic-response-verification 0.2.1
[INFO] tweaked toml for crates.io crate ic-response-verification 0.2.1 written to /workspace/builds/worker-2-tc1/source/Cargo.toml
[INFO] running `Command { std: CARGO_HOME="/workspace/cargo-home" RUSTUP_HOME="/workspace/rustup-home" __CARGO_TEST_CHANNEL_OVERRIDE_DO_NOT_USE_THIS="nightly" "/workspace/cargo-home/bin/cargo" "+1.69.0" "generate-lockfile" "--manifest-path" "Cargo.toml" "-Zno-index-update", kill_on_drop: false }`
[INFO] running `Command { std: CARGO_HOME="/workspace/cargo-home" RUSTUP_HOME="/workspace/rustup-home" "/workspace/cargo-home/bin/cargo" "+1.69.0" "fetch" "--manifest-path" "Cargo.toml", kill_on_drop: false }`
[INFO] [stderr]  Downloading crates ...
[INFO] [stderr]   Downloaded typed-arena v2.0.2
[INFO] [stderr]   Downloaded binread v2.2.0
[INFO] [stderr]   Downloaded miracl_core_bls12381 v4.2.2
[INFO] [stderr]   Downloaded binread_derive v2.1.0
[INFO] [stderr]   Downloaded ic-certification v0.23.2
[INFO] [stderr]   Downloaded lalrpop-util v0.19.12
[INFO] [stderr]   Downloaded ic-certified-map v0.3.4
[INFO] [stderr]   Downloaded lalrpop v0.19.12
[INFO] [stderr]   Downloaded candid_derive v0.5.0
[INFO] [stderr]   Downloaded candid v0.8.4
[INFO] running `Command { std: "docker" "create" "-v" "/var/lib/crater-agent-workspace/builds/worker-2-tc1/target:/opt/rustwide/target:rw,Z" "-v" "/var/lib/crater-agent-workspace/builds/worker-2-tc1/source:/opt/rustwide/workdir:ro,Z" "-v" "/var/lib/crater-agent-workspace/cargo-home:/opt/rustwide/cargo-home:ro,Z" "-v" "/var/lib/crater-agent-workspace/rustup-home:/opt/rustwide/rustup-home:ro,Z" "-e" "SOURCE_DIR=/opt/rustwide/workdir" "-e" "CARGO_TARGET_DIR=/opt/rustwide/target" "-e" "CARGO_HOME=/opt/rustwide/cargo-home" "-e" "RUSTUP_HOME=/opt/rustwide/rustup-home" "-w" "/opt/rustwide/workdir" "-m" "1610612736" "--user" "0:0" "--network" "none" "ghcr.io/rust-lang/crates-build-env/linux@sha256:5ff2268d62e97bff2cde7d5815dd6ed5b47097566f13b8d0ca110b04b60e07ed" "/opt/rustwide/cargo-home/bin/cargo" "+1.69.0" "metadata" "--no-deps" "--format-version=1", kill_on_drop: false }`
[INFO] [stdout] c161b0f28a49224793b5ab4f6b7ac707ec7e7489b4161902bffa7c66d5e4bf0a
[INFO] running `Command { std: "docker" "start" "-a" "c161b0f28a49224793b5ab4f6b7ac707ec7e7489b4161902bffa7c66d5e4bf0a", kill_on_drop: false }`
[INFO] running `Command { std: "docker" "inspect" "c161b0f28a49224793b5ab4f6b7ac707ec7e7489b4161902bffa7c66d5e4bf0a", kill_on_drop: false }`
[INFO] running `Command { std: "docker" "rm" "-f" "c161b0f28a49224793b5ab4f6b7ac707ec7e7489b4161902bffa7c66d5e4bf0a", kill_on_drop: false }`
[INFO] [stdout] c161b0f28a49224793b5ab4f6b7ac707ec7e7489b4161902bffa7c66d5e4bf0a
[INFO] running `Command { std: "docker" "create" "-v" "/var/lib/crater-agent-workspace/builds/worker-2-tc1/target:/opt/rustwide/target:rw,Z" "-v" "/var/lib/crater-agent-workspace/builds/worker-2-tc1/source:/opt/rustwide/workdir:ro,Z" "-v" "/var/lib/crater-agent-workspace/cargo-home:/opt/rustwide/cargo-home:ro,Z" "-v" "/var/lib/crater-agent-workspace/rustup-home:/opt/rustwide/rustup-home:ro,Z" "-e" "SOURCE_DIR=/opt/rustwide/workdir" "-e" "CARGO_TARGET_DIR=/opt/rustwide/target" "-e" "CARGO_INCREMENTAL=0" "-e" "RUST_BACKTRACE=full" "-e" "RUSTFLAGS=--cap-lints=warn" "-e" "RUSTDOCFLAGS=--cap-lints=warn" "-e" "CARGO_HOME=/opt/rustwide/cargo-home" "-e" "RUSTUP_HOME=/opt/rustwide/rustup-home" "-w" "/opt/rustwide/workdir" "-m" "1610612736" "--user" "0:0" "--network" "none" "ghcr.io/rust-lang/crates-build-env/linux@sha256:5ff2268d62e97bff2cde7d5815dd6ed5b47097566f13b8d0ca110b04b60e07ed" "/opt/rustwide/cargo-home/bin/cargo" "+1.69.0" "build" "--frozen" "--message-format=json", kill_on_drop: false }`
[INFO] [stdout] d9dc5bbb163a7bcdd0652a5f957d910830299a5c8bced3a0facb8fc76f23ef93
[INFO] running `Command { std: "docker" "start" "-a" "d9dc5bbb163a7bcdd0652a5f957d910830299a5c8bced3a0facb8fc76f23ef93", kill_on_drop: false }`
[INFO] [stderr]    Compiling syn v1.0.109
[INFO] [stderr]    Compiling once_cell v1.17.1
[INFO] [stderr]    Compiling parking_lot_core v0.9.7
[INFO] [stderr]    Compiling io-lifetimes v1.0.10
[INFO] [stderr]    Compiling smallvec v1.10.0
[INFO] [stderr]    Compiling libc v0.2.142
[INFO] [stderr]    Compiling generic-array v0.14.7
[INFO] [stderr]    Compiling lock_api v0.4.9
[INFO] [stderr]    Compiling rustix v0.37.18
[INFO] [stderr]    Compiling log v0.4.17
[INFO] [stderr]    Compiling scopeguard v1.1.0
[INFO] [stderr]    Compiling either v1.8.1
[INFO] [stderr]    Compiling crunchy v0.2.2
[INFO] [stderr]    Compiling syn v2.0.15
[INFO] [stderr]    Compiling serde v1.0.160
[INFO] [stderr]    Compiling regex-syntax v0.6.29
[INFO] [stderr]    Compiling linux-raw-sys v0.3.6
[INFO] [stderr]    Compiling siphasher v0.3.10
[INFO] [stderr]    Compiling tiny-keccak v2.0.2
[INFO] [stderr]    Compiling bit-vec v0.6.3
[INFO] [stderr]    Compiling fixedbitset v0.4.2
[INFO] [stderr]    Compiling new_debug_unreachable v1.0.4
[INFO] [stderr]    Compiling phf_shared v0.10.0
[INFO] [stderr]    Compiling precomputed-hash v0.1.1
[INFO] [stderr]    Compiling toml_edit v0.19.8
[INFO] [stderr]    Compiling bit-set v0.5.3
[INFO] [stderr]    Compiling ena v0.14.2
[INFO] [stderr]    Compiling lalrpop-util v0.19.12
[INFO] [stderr]    Compiling petgraph v0.6.3
[INFO] [stderr]    Compiling itertools v0.10.5
[INFO] [stderr]    Compiling unicode-xid v0.2.4
[INFO] [stderr]    Compiling diff v0.1.13
[INFO] [stderr]    Compiling crc32fast v1.3.2
[INFO] [stderr]    Compiling num-bigint v0.4.3
[INFO] [stderr]    Compiling beef v0.5.2
[INFO] [stderr]    Compiling typed-arena v2.0.2
[INFO] [stderr]    Compiling unicode-width v0.1.10
[INFO] [stderr]    Compiling adler v1.0.2
[INFO] [stderr]    Compiling arrayvec v0.5.2
[INFO] [stderr]    Compiling codespan-reporting v0.11.1
[INFO] [stderr]    Compiling crypto-common v0.1.6
[INFO] [stderr]    Compiling block-buffer v0.10.4
[INFO] [stderr]    Compiling miniz_oxide v0.7.1
[INFO] [stderr]    Compiling bytes v1.4.0
[INFO] [stderr]    Compiling data-encoding v2.3.3
[INFO] [stderr]    Compiling digest v0.10.6
[INFO] [stderr]    Compiling minimal-lexical v0.2.1
[INFO] [stderr]    Compiling leb128 v0.2.5
[INFO] [stderr]    Compiling pretty v0.10.0
[INFO] [stderr]    Compiling nom v7.1.3
[INFO] [stderr]    Compiling sha2 v0.10.6
[INFO] [stderr]    Compiling http v0.2.9
[INFO] [stderr]    Compiling dirs-sys-next v0.1.2
[INFO] [stderr]    Compiling dirs-next v2.0.0
[INFO] [stderr]    Compiling base64 v0.13.1
[INFO] [stderr]    Compiling proc-macro-crate v1.3.1
[INFO] [stderr]    Compiling term v0.7.0
[INFO] [stderr]    Compiling flate2 v1.0.26
[INFO] [stderr]    Compiling parking_lot v0.12.1
[INFO] [stderr]    Compiling miracl_core_bls12381 v4.2.2
[INFO] [stderr]    Compiling ascii-canvas v3.0.0
[INFO] [stderr]    Compiling string_cache v0.8.7
[INFO] [stderr]    Compiling serde_derive v1.0.160
[INFO] [stderr]    Compiling thiserror-impl v1.0.40
[INFO] [stderr]    Compiling is-terminal v0.4.7
[INFO] [stderr]    Compiling lalrpop v0.19.12
[INFO] [stderr]    Compiling thiserror v1.0.40
[INFO] [stderr]    Compiling num_enum_derive v0.5.11
[INFO] [stderr]    Compiling binread_derive v2.1.0
[INFO] [stderr]    Compiling logos-derive v0.12.1
[INFO] [stderr]    Compiling candid_derive v0.5.0
[INFO] [stderr]    Compiling num_enum v0.5.11
[INFO] [stderr]    Compiling logos v0.12.1
[INFO] [stderr]    Compiling binread v2.2.0
[INFO] [stderr]    Compiling serde_bytes v0.11.9
[INFO] [stderr]    Compiling ic-certification v0.23.2
[INFO] [stderr]    Compiling candid v0.8.4
[INFO] [stderr]    Compiling ic-response-verification v0.2.1 (/opt/rustwide/workdir)
[INFO] [stderr]     Finished dev [unoptimized + debuginfo] target(s) in 44.01s
[INFO] running `Command { std: "docker" "inspect" "d9dc5bbb163a7bcdd0652a5f957d910830299a5c8bced3a0facb8fc76f23ef93", kill_on_drop: false }`
[INFO] running `Command { std: "docker" "rm" "-f" "d9dc5bbb163a7bcdd0652a5f957d910830299a5c8bced3a0facb8fc76f23ef93", kill_on_drop: false }`
[INFO] [stdout] d9dc5bbb163a7bcdd0652a5f957d910830299a5c8bced3a0facb8fc76f23ef93
[INFO] running `Command { std: "docker" "create" "-v" "/var/lib/crater-agent-workspace/builds/worker-2-tc1/target:/opt/rustwide/target:rw,Z" "-v" "/var/lib/crater-agent-workspace/builds/worker-2-tc1/source:/opt/rustwide/workdir:ro,Z" "-v" "/var/lib/crater-agent-workspace/cargo-home:/opt/rustwide/cargo-home:ro,Z" "-v" "/var/lib/crater-agent-workspace/rustup-home:/opt/rustwide/rustup-home:ro,Z" "-e" "SOURCE_DIR=/opt/rustwide/workdir" "-e" "CARGO_TARGET_DIR=/opt/rustwide/target" "-e" "CARGO_INCREMENTAL=0" "-e" "RUST_BACKTRACE=full" "-e" "RUSTFLAGS=--cap-lints=warn" "-e" "RUSTDOCFLAGS=--cap-lints=warn" "-e" "CARGO_HOME=/opt/rustwide/cargo-home" "-e" "RUSTUP_HOME=/opt/rustwide/rustup-home" "-w" "/opt/rustwide/workdir" "-m" "1610612736" "--user" "0:0" "--network" "none" "ghcr.io/rust-lang/crates-build-env/linux@sha256:5ff2268d62e97bff2cde7d5815dd6ed5b47097566f13b8d0ca110b04b60e07ed" "/opt/rustwide/cargo-home/bin/cargo" "+1.69.0" "test" "--frozen" "--no-run" "--message-format=json", kill_on_drop: false }`
[INFO] [stdout] cd03b4dc02cd3d757bdc55c601c88b6c0a82cbb7c2598ec5221a678cd211e9d7
[INFO] running `Command { std: "docker" "start" "-a" "cd03b4dc02cd3d757bdc55c601c88b6c0a82cbb7c2598ec5221a678cd211e9d7", kill_on_drop: false }`
[INFO] [stderr]    Compiling futures-core v0.3.28
[INFO] [stderr]    Compiling wasm-bindgen-backend v0.2.84
[INFO] [stderr]    Compiling slab v0.4.8
[INFO] [stderr]    Compiling futures-channel v0.3.28
[INFO] [stderr]    Compiling futures-task v0.3.28
[INFO] [stderr]    Compiling futures-sink v0.3.28
[INFO] [stderr]    Compiling futures-util v0.3.28
[INFO] [stderr]    Compiling futures-macro v0.3.28
[INFO] [stderr]    Compiling pin-project-lite v0.2.9
[INFO] [stderr]    Compiling futures-io v0.3.28
[INFO] [stderr]    Compiling rstest_macros v0.17.0
[INFO] [stderr]    Compiling wasm-bindgen-test-macro v0.3.34
[INFO] [stderr]    Compiling futures-timer v3.0.2
[INFO] [stderr]    Compiling half v1.8.2
[INFO] [stderr]    Compiling scoped-tls v1.0.1
[INFO] [stderr]    Compiling ic-certified-map v0.3.4
[INFO] [stderr]    Compiling serde_cbor v0.11.2
[INFO] [stderr]    Compiling wasm-bindgen-macro-support v0.2.84
[INFO] [stderr]    Compiling wasm-bindgen-macro v0.2.84
[INFO] [stderr]    Compiling wasm-bindgen v0.2.84
[INFO] [stderr]    Compiling js-sys v0.3.61
[INFO] [stderr]    Compiling console_error_panic_hook v0.1.7
[INFO] [stderr]    Compiling futures-executor v0.3.28
[INFO] [stderr]    Compiling futures v0.3.28
[INFO] [stderr]    Compiling rstest v0.17.0
[INFO] [stderr]    Compiling wasm-bindgen-futures v0.4.34
[INFO] [stderr]    Compiling wasm-bindgen-test v0.3.34
[INFO] [stderr]    Compiling ic-response-verification v0.2.1 (/opt/rustwide/workdir)
[INFO] [stdout] error[E0432]: unresolved import `ic_crypto_tree_hash`
[INFO] [stdout]    --> src/validation/common_validation.rs:167:9
[INFO] [stdout]     |
[INFO] [stdout] 167 |     use ic_crypto_tree_hash::{flatmap, Label, LabeledTree};
[INFO] [stdout]     |         ^^^^^^^^^^^^^^^^^^^ use of undeclared crate or module `ic_crypto_tree_hash`
[INFO] [stdout] 
[INFO] [stdout] 
[INFO] [stdout] error[E0432]: unresolved import `ic_response_verification_test_utils`
[INFO] [stdout]    --> src/validation/common_validation.rs:168:9
[INFO] [stdout]     |
[INFO] [stdout] 168 |     use ic_response_verification_test_utils::{
[INFO] [stdout]     |         ^^^^^^^^^^^^^^^^^^^^^^^^^^^^^^^^^^^ use of undeclared crate or module `ic_response_verification_test_utils`
[INFO] [stdout] 
[INFO] [stdout] 
[INFO] [stdout] error: cannot determine resolution for the macro `flatmap`
[INFO] [stdout]    --> src/validation/common_validation.rs:336:53
[INFO] [stdout]     |
[INFO] [stdout] 336 |         let certificate_tree = LabeledTree::SubTree(flatmap![
[INFO] [stdout]     |                                                     ^^^^^^^
[INFO] [stdout]     |
[INFO] [stdout]     = note: import resolution is stuck, try simplifying macro imports
[INFO] [stdout] 
[INFO] [stdout] 
[INFO] [stdout] error[E0277]: the size for values of type `[u8]` cannot be known at compilation time
[INFO] [stdout]    --> src/validation/common_validation.rs:182:27
[INFO] [stdout]     |
[INFO] [stdout] 182 |         let (_, root_key, cbor_encoded_certificate) = CertificateBuilder::new(
[INFO] [stdout]     |                           ^^^^^^^^^^^^^^^^^^^^^^^^ doesn't have a size known at compile-time
[INFO] [stdout]     |
[INFO] [stdout]     = help: the trait `Sized` is not implemented for `[u8]`
[INFO] [stdout]     = note: all local variables must have a statically known size
[INFO] [stdout]     = help: unsized locals are gated as an unstable feature
[INFO] [stdout] 
[INFO] [stdout] 
[INFO] [stdout] error[E0277]: the size for values of type `[u8]` cannot be known at compilation time
[INFO] [stdout]    --> src/validation/common_validation.rs:182:17
[INFO] [stdout]     |
[INFO] [stdout] 182 |         let (_, root_key, cbor_encoded_certificate) = CertificateBuilder::new(
[INFO] [stdout]     |                 ^^^^^^^^ doesn't have a size known at compile-time
[INFO] [stdout]     |
[INFO] [stdout]     = help: the trait `Sized` is not implemented for `[u8]`
[INFO] [stdout]     = note: all local variables must have a statically known size
[INFO] [stdout]     = help: unsized locals are gated as an unstable feature
[INFO] [stdout] 
[INFO] [stdout] 
[INFO] [stdout] error[E0277]: the size for values of type `[u8]` cannot be known at compilation time
[INFO] [stdout]    --> src/validation/common_validation.rs:196:20
[INFO] [stdout]     |
[INFO] [stdout] 196 |         let (_, _, cbor_encoded_certificate) = CertificateBuilder::new(
[INFO] [stdout]     |                    ^^^^^^^^^^^^^^^^^^^^^^^^ doesn't have a size known at compile-time
[INFO] [stdout]     |
[INFO] [stdout]     = help: the trait `Sized` is not implemented for `[u8]`
[INFO] [stdout]     = note: all local variables must have a statically known size
[INFO] [stdout]     = help: unsized locals are gated as an unstable feature
[INFO] [stdout] 
[INFO] [stdout] 
[INFO] [stdout] error[E0277]: the size for values of type `[u8]` cannot be known at compilation time
[INFO] [stdout]    --> src/validation/common_validation.rs:215:20
[INFO] [stdout]     |
[INFO] [stdout] 215 |         let (_, _, cbor_encoded_certificate) =
[INFO] [stdout]     |                    ^^^^^^^^^^^^^^^^^^^^^^^^ doesn't have a size known at compile-time
[INFO] [stdout]     |
[INFO] [stdout]     = help: the trait `Sized` is not implemented for `[u8]`
[INFO] [stdout]     = note: all local variables must have a statically known size
[INFO] [stdout]     = help: unsized locals are gated as an unstable feature
[INFO] [stdout] 
[INFO] [stdout] 
[INFO] [stdout] error[E0277]: the size for values of type `[u8]` cannot be known at compilation time
[INFO] [stdout]    --> src/validation/common_validation.rs:232:20
[INFO] [stdout]     |
[INFO] [stdout] 232 |         let (_, _, cbor_encoded_certificate) =
[INFO] [stdout]     |                    ^^^^^^^^^^^^^^^^^^^^^^^^ doesn't have a size known at compile-time
[INFO] [stdout]     |
[INFO] [stdout]     = help: the trait `Sized` is not implemented for `[u8]`
[INFO] [stdout]     = note: all local variables must have a statically known size
[INFO] [stdout]     = help: unsized locals are gated as an unstable feature
[INFO] [stdout] 
[INFO] [stdout] 
[INFO] [stdout] error[E0277]: the size for values of type `[u8]` cannot be known at compilation time
[INFO] [stdout]    --> src/validation/common_validation.rs:252:20
[INFO] [stdout]     |
[INFO] [stdout] 252 |         let (_, _, cbor_encoded_certificate) =
[INFO] [stdout]     |                    ^^^^^^^^^^^^^^^^^^^^^^^^ doesn't have a size known at compile-time
[INFO] [stdout]     |
[INFO] [stdout]     = help: the trait `Sized` is not implemented for `[u8]`
[INFO] [stdout]     = note: all local variables must have a statically known size
[INFO] [stdout]     = help: unsized locals are gated as an unstable feature
[INFO] [stdout] 
[INFO] [stdout] 
[INFO] [stdout] error[E0277]: the size for values of type `[u8]` cannot be known at compilation time
[INFO] [stdout]    --> src/validation/common_validation.rs:271:20
[INFO] [stdout]     |
[INFO] [stdout] 271 |         let (_, _, cbor_encoded_certificate) =
[INFO] [stdout]     |                    ^^^^^^^^^^^^^^^^^^^^^^^^ doesn't have a size known at compile-time
[INFO] [stdout]     |
[INFO] [stdout]     = help: the trait `Sized` is not implemented for `[u8]`
[INFO] [stdout]     = note: all local variables must have a statically known size
[INFO] [stdout]     = help: unsized locals are gated as an unstable feature
[INFO] [stdout] 
[INFO] [stdout] 
[INFO] [stdout] error[E0277]: the size for values of type `[u8]` cannot be known at compilation time
[INFO] [stdout]    --> src/validation/common_validation.rs:293:20
[INFO] [stdout]     |
[INFO] [stdout] 293 |         let (_, _, cbor_encoded_certificate) =
[INFO] [stdout]     |                    ^^^^^^^^^^^^^^^^^^^^^^^^ doesn't have a size known at compile-time
[INFO] [stdout]     |
[INFO] [stdout]     = help: the trait `Sized` is not implemented for `[u8]`
[INFO] [stdout]     = note: all local variables must have a statically known size
[INFO] [stdout]     = help: unsized locals are gated as an unstable feature
[INFO] [stdout] 
[INFO] [stdout] 
[INFO] [stdout] error[E0277]: the size for values of type `[u8]` cannot be known at compilation time
[INFO] [stdout]    --> src/validation/common_validation.rs:314:20
[INFO] [stdout]     |
[INFO] [stdout] 314 |         let (_, _, cbor_encoded_certificate) =
[INFO] [stdout]     |                    ^^^^^^^^^^^^^^^^^^^^^^^^ doesn't have a size known at compile-time
[INFO] [stdout]     |
[INFO] [stdout]     = help: the trait `Sized` is not implemented for `[u8]`
[INFO] [stdout]     = note: all local variables must have a statically known size
[INFO] [stdout]     = help: unsized locals are gated as an unstable feature
[INFO] [stdout] 
[INFO] [stdout] 
[INFO] [stdout] error[E0277]: the size for values of type `[u8]` cannot be known at compilation time
[INFO] [stdout]    --> src/validation/common_validation.rs:343:20
[INFO] [stdout]     |
[INFO] [stdout] 343 |         let (_, _, cbor_encoded_certificate) =
[INFO] [stdout]     |                    ^^^^^^^^^^^^^^^^^^^^^^^^ doesn't have a size known at compile-time
[INFO] [stdout]     |
[INFO] [stdout]     = help: the trait `Sized` is not implemented for `[u8]`
[INFO] [stdout]     = note: all local variables must have a statically known size
[INFO] [stdout]     = help: unsized locals are gated as an unstable feature
[INFO] [stdout] 
[INFO] [stdout] 
[INFO] [stdout] error: aborting due to 13 previous errors
[INFO] [stdout] 
[INFO] [stdout] 
[INFO] [stdout] Some errors have detailed explanations: E0277, E0432.
[INFO] [stdout] 
[INFO] [stdout] For more information about an error, try `rustc --explain E0277`.
[INFO] [stdout] 
[INFO] [stderr] error: could not compile `ic-response-verification` due to 14 previous errors
[INFO] running `Command { std: "docker" "inspect" "cd03b4dc02cd3d757bdc55c601c88b6c0a82cbb7c2598ec5221a678cd211e9d7", kill_on_drop: false }`
[INFO] running `Command { std: "docker" "rm" "-f" "cd03b4dc02cd3d757bdc55c601c88b6c0a82cbb7c2598ec5221a678cd211e9d7", kill_on_drop: false }`
[INFO] [stdout] cd03b4dc02cd3d757bdc55c601c88b6c0a82cbb7c2598ec5221a678cd211e9d7
