[INFO] fetching crate ic-certified-map 0.3.4...
[INFO] testing ic-certified-map-0.3.4 against 1.69.0 for beta-1.70-1
[INFO] extracting crate ic-certified-map 0.3.4 into /workspace/builds/worker-3-tc1/source
[INFO] validating manifest of crates.io crate ic-certified-map 0.3.4 on toolchain 1.69.0
[INFO] running `Command { std: CARGO_HOME="/workspace/cargo-home" RUSTUP_HOME="/workspace/rustup-home" "/workspace/cargo-home/bin/cargo" "+1.69.0" "metadata" "--manifest-path" "Cargo.toml" "--no-deps", kill_on_drop: false }`
[INFO] started tweaking crates.io crate ic-certified-map 0.3.4
[INFO] finished tweaking crates.io crate ic-certified-map 0.3.4
[INFO] tweaked toml for crates.io crate ic-certified-map 0.3.4 written to /workspace/builds/worker-3-tc1/source/Cargo.toml
[INFO] running `Command { std: CARGO_HOME="/workspace/cargo-home" RUSTUP_HOME="/workspace/rustup-home" __CARGO_TEST_CHANNEL_OVERRIDE_DO_NOT_USE_THIS="nightly" "/workspace/cargo-home/bin/cargo" "+1.69.0" "generate-lockfile" "--manifest-path" "Cargo.toml" "-Zno-index-update", kill_on_drop: false }`
[INFO] running `Command { std: CARGO_HOME="/workspace/cargo-home" RUSTUP_HOME="/workspace/rustup-home" "/workspace/cargo-home/bin/cargo" "+1.69.0" "fetch" "--manifest-path" "Cargo.toml", kill_on_drop: false }`
[INFO] running `Command { std: "docker" "create" "-v" "/var/lib/crater-agent-workspace/builds/worker-3-tc1/target:/opt/rustwide/target:rw,Z" "-v" "/var/lib/crater-agent-workspace/builds/worker-3-tc1/source:/opt/rustwide/workdir:ro,Z" "-v" "/var/lib/crater-agent-workspace/cargo-home:/opt/rustwide/cargo-home:ro,Z" "-v" "/var/lib/crater-agent-workspace/rustup-home:/opt/rustwide/rustup-home:ro,Z" "-e" "SOURCE_DIR=/opt/rustwide/workdir" "-e" "CARGO_TARGET_DIR=/opt/rustwide/target" "-e" "CARGO_HOME=/opt/rustwide/cargo-home" "-e" "RUSTUP_HOME=/opt/rustwide/rustup-home" "-w" "/opt/rustwide/workdir" "-m" "1610612736" "--user" "0:0" "--network" "none" "ghcr.io/rust-lang/crates-build-env/linux@sha256:5ff2268d62e97bff2cde7d5815dd6ed5b47097566f13b8d0ca110b04b60e07ed" "/opt/rustwide/cargo-home/bin/cargo" "+1.69.0" "metadata" "--no-deps" "--format-version=1", kill_on_drop: false }`
[INFO] [stdout] 00fab348ae3cb36dd2f6450a3d97be0c3781d96176b8e52c98c10754b80b99d1
[INFO] running `Command { std: "docker" "start" "-a" "00fab348ae3cb36dd2f6450a3d97be0c3781d96176b8e52c98c10754b80b99d1", kill_on_drop: false }`
[INFO] running `Command { std: "docker" "inspect" "00fab348ae3cb36dd2f6450a3d97be0c3781d96176b8e52c98c10754b80b99d1", kill_on_drop: false }`
[INFO] running `Command { std: "docker" "rm" "-f" "00fab348ae3cb36dd2f6450a3d97be0c3781d96176b8e52c98c10754b80b99d1", kill_on_drop: false }`
[INFO] [stdout] 00fab348ae3cb36dd2f6450a3d97be0c3781d96176b8e52c98c10754b80b99d1
[INFO] running `Command { std: "docker" "create" "-v" "/var/lib/crater-agent-workspace/builds/worker-3-tc1/target:/opt/rustwide/target:rw,Z" "-v" "/var/lib/crater-agent-workspace/builds/worker-3-tc1/source:/opt/rustwide/workdir:ro,Z" "-v" "/var/lib/crater-agent-workspace/cargo-home:/opt/rustwide/cargo-home:ro,Z" "-v" "/var/lib/crater-agent-workspace/rustup-home:/opt/rustwide/rustup-home:ro,Z" "-e" "SOURCE_DIR=/opt/rustwide/workdir" "-e" "CARGO_TARGET_DIR=/opt/rustwide/target" "-e" "CARGO_INCREMENTAL=0" "-e" "RUST_BACKTRACE=full" "-e" "RUSTFLAGS=--cap-lints=warn" "-e" "RUSTDOCFLAGS=--cap-lints=warn" "-e" "CARGO_HOME=/opt/rustwide/cargo-home" "-e" "RUSTUP_HOME=/opt/rustwide/rustup-home" "-w" "/opt/rustwide/workdir" "-m" "1610612736" "--user" "0:0" "--network" "none" "ghcr.io/rust-lang/crates-build-env/linux@sha256:5ff2268d62e97bff2cde7d5815dd6ed5b47097566f13b8d0ca110b04b60e07ed" "/opt/rustwide/cargo-home/bin/cargo" "+1.69.0" "build" "--frozen" "--message-format=json", kill_on_drop: false }`
[INFO] [stdout] 509053b3e3abda331f8980ef71ae693a902f9f9166516770665169c7d0b49bf2
[INFO] running `Command { std: "docker" "start" "-a" "509053b3e3abda331f8980ef71ae693a902f9f9166516770665169c7d0b49bf2", kill_on_drop: false }`
[INFO] [stderr]     Blocking waiting for file lock on package cache
[INFO] [stderr]    Compiling proc-macro2 v1.0.56
[INFO] [stderr]    Compiling typenum v1.16.0
[INFO] [stderr]    Compiling quote v1.0.26
[INFO] [stderr]    Compiling unicode-ident v1.0.8
[INFO] [stderr]    Compiling serde_derive v1.0.160
[INFO] [stderr]    Compiling serde v1.0.160
[INFO] [stderr]    Compiling cpufeatures v0.2.7
[INFO] [stderr]    Compiling generic-array v0.14.7
[INFO] [stderr]    Compiling syn v2.0.15
[INFO] [stderr]    Compiling crypto-common v0.1.6
[INFO] [stderr]    Compiling block-buffer v0.10.4
[INFO] [stderr]    Compiling digest v0.10.6
[INFO] [stderr]    Compiling sha2 v0.10.6
[INFO] [stderr]    Compiling serde_bytes v0.11.9
[INFO] [stderr]    Compiling ic-certified-map v0.3.4 (/opt/rustwide/workdir)
[INFO] [stderr]     Finished dev [unoptimized + debuginfo] target(s) in 10.35s
[INFO] running `Command { std: "docker" "inspect" "509053b3e3abda331f8980ef71ae693a902f9f9166516770665169c7d0b49bf2", kill_on_drop: false }`
[INFO] running `Command { std: "docker" "rm" "-f" "509053b3e3abda331f8980ef71ae693a902f9f9166516770665169c7d0b49bf2", kill_on_drop: false }`
[INFO] [stdout] 509053b3e3abda331f8980ef71ae693a902f9f9166516770665169c7d0b49bf2
[INFO] running `Command { std: "docker" "create" "-v" "/var/lib/crater-agent-workspace/builds/worker-3-tc1/target:/opt/rustwide/target:rw,Z" "-v" "/var/lib/crater-agent-workspace/builds/worker-3-tc1/source:/opt/rustwide/workdir:ro,Z" "-v" "/var/lib/crater-agent-workspace/cargo-home:/opt/rustwide/cargo-home:ro,Z" "-v" "/var/lib/crater-agent-workspace/rustup-home:/opt/rustwide/rustup-home:ro,Z" "-e" "SOURCE_DIR=/opt/rustwide/workdir" "-e" "CARGO_TARGET_DIR=/opt/rustwide/target" "-e" "CARGO_INCREMENTAL=0" "-e" "RUST_BACKTRACE=full" "-e" "RUSTFLAGS=--cap-lints=warn" "-e" "RUSTDOCFLAGS=--cap-lints=warn" "-e" "CARGO_HOME=/opt/rustwide/cargo-home" "-e" "RUSTUP_HOME=/opt/rustwide/rustup-home" "-w" "/opt/rustwide/workdir" "-m" "1610612736" "--user" "0:0" "--network" "none" "ghcr.io/rust-lang/crates-build-env/linux@sha256:5ff2268d62e97bff2cde7d5815dd6ed5b47097566f13b8d0ca110b04b60e07ed" "/opt/rustwide/cargo-home/bin/cargo" "+1.69.0" "test" "--frozen" "--no-run" "--message-format=json", kill_on_drop: false }`
[INFO] [stdout] 5d3c7b17c93f0b42367a327bd52912cc501edd90a71ccde75d711c6f3c79b3c4
[INFO] running `Command { std: "docker" "start" "-a" "5d3c7b17c93f0b42367a327bd52912cc501edd90a71ccde75d711c6f3c79b3c4", kill_on_drop: false }`
[INFO] [stderr]    Compiling libc v0.2.142
[INFO] [stderr]    Compiling indexmap v1.9.3
[INFO] [stderr]    Compiling syn v1.0.109
[INFO] [stderr]    Compiling hashbrown v0.12.3
[INFO] [stderr]    Compiling lock_api v0.4.9
[INFO] [stderr]    Compiling io-lifetimes v1.0.10
[INFO] [stderr]    Compiling parking_lot_core v0.9.7
[INFO] [stderr]    Compiling once_cell v1.17.1
[INFO] [stderr]    Compiling rustix v0.37.18
[INFO] [stderr]    Compiling scopeguard v1.1.0
[INFO] [stderr]    Compiling smallvec v1.10.0
[INFO] [stderr]    Compiling log v0.4.17
[INFO] [stderr]    Compiling either v1.8.1
[INFO] [stderr]    Compiling crunchy v0.2.2
[INFO] [stderr]    Compiling siphasher v0.3.10
[INFO] [stderr]    Compiling bitflags v1.3.2
[INFO] [stderr]    Compiling regex-syntax v0.6.29
[INFO] [stderr]    Compiling tiny-keccak v2.0.2
[INFO] [stderr]    Compiling linux-raw-sys v0.3.6
[INFO] [stderr]    Compiling phf_shared v0.10.0
[INFO] [stderr]    Compiling num-traits v0.2.15
[INFO] [stderr]    Compiling fixedbitset v0.4.2
[INFO] [stderr]    Compiling new_debug_unreachable v1.0.4
[INFO] [stderr]    Compiling toml_datetime v0.6.1
[INFO] [stderr]    Compiling bit-vec v0.6.3
[INFO] [stderr]    Compiling winnow v0.4.4
[INFO] [stderr]    Compiling precomputed-hash v0.1.1
[INFO] [stderr]    Compiling ena v0.14.2
[INFO] [stderr]    Compiling bit-set v0.5.3
[INFO] [stderr]    Compiling lalrpop-util v0.19.12
[INFO] [stderr]    Compiling itertools v0.10.5
[INFO] [stderr]    Compiling num-integer v0.1.45
[INFO] [stderr]    Compiling diff v0.1.13
[INFO] [stderr]    Compiling rustversion v1.0.12
[INFO] [stderr]    Compiling unicode-xid v0.2.4
[INFO] [stderr]    Compiling num-bigint v0.4.3
[INFO] [stderr]    Compiling anyhow v1.0.71
[INFO] [stderr]    Compiling thiserror v1.0.40
[INFO] [stderr]    Compiling paste v1.0.12
[INFO] [stderr]    Compiling beef v0.5.2
[INFO] [stderr]    Compiling crc32fast v1.3.2
[INFO] [stderr]    Compiling petgraph v0.6.3
[INFO] [stderr]    Compiling fnv v1.0.7
[INFO] [stderr]    Compiling thiserror-impl v1.0.40
[INFO] [stderr]    Compiling arrayvec v0.5.2
[INFO] [stderr]    Compiling typed-arena v2.0.2
[INFO] [stderr]    Compiling unicode-width v0.1.10
[INFO] [stderr]    Compiling termcolor v1.2.0
[INFO] [stderr]    Compiling pretty v0.10.0
[INFO] [stderr]    Compiling byteorder v1.4.3
[INFO] [stderr]    Compiling data-encoding v2.3.3
[INFO] [stderr]    Compiling codespan-reporting v0.11.1
[INFO] [stderr]    Compiling dirs-sys-next v0.1.2
[INFO] [stderr]    Compiling dirs-next v2.0.0
[INFO] [stderr]    Compiling term v0.7.0
[INFO] [stderr]    Compiling hex v0.4.3
[INFO] [stderr]    Compiling leb128 v0.2.5
[INFO] [stderr]    Compiling half v1.8.2
[INFO] [stderr]    Compiling parking_lot v0.12.1
[INFO] [stderr]    Compiling toml_edit v0.19.8
[INFO] [stderr]    Compiling ascii-canvas v3.0.0
[INFO] [stderr]    Compiling serde_cbor v0.11.2
[INFO] [stderr]    Compiling string_cache v0.8.7
[INFO] [stderr]    Compiling is-terminal v0.4.7
[INFO] [stderr]    Compiling lalrpop v0.19.12
[INFO] [stderr]    Compiling proc-macro-crate v1.3.1
[INFO] [stderr]    Compiling binread_derive v2.1.0
[INFO] [stderr]    Compiling logos-derive v0.12.1
[INFO] [stderr]    Compiling num_enum_derive v0.5.11
[INFO] [stderr]    Compiling candid_derive v0.5.0
[INFO] [stderr]    Compiling num_enum v0.5.11
[INFO] [stderr]    Compiling logos v0.12.1
[INFO] [stderr]    Compiling binread v2.2.0
[INFO] [stderr]    Compiling candid v0.8.4
[INFO] [stderr]    Compiling ic-certified-map v0.3.4 (/opt/rustwide/workdir)
[INFO] [stderr]     Finished test [unoptimized + debuginfo] target(s) in 38.67s
[INFO] running `Command { std: "docker" "inspect" "5d3c7b17c93f0b42367a327bd52912cc501edd90a71ccde75d711c6f3c79b3c4", kill_on_drop: false }`
[INFO] running `Command { std: "docker" "rm" "-f" "5d3c7b17c93f0b42367a327bd52912cc501edd90a71ccde75d711c6f3c79b3c4", kill_on_drop: false }`
[INFO] [stdout] 5d3c7b17c93f0b42367a327bd52912cc501edd90a71ccde75d711c6f3c79b3c4
[INFO] running `Command { std: "docker" "create" "-v" "/var/lib/crater-agent-workspace/builds/worker-3-tc1/target:/opt/rustwide/target:rw,Z" "-v" "/var/lib/crater-agent-workspace/builds/worker-3-tc1/source:/opt/rustwide/workdir:ro,Z" "-v" "/var/lib/crater-agent-workspace/cargo-home:/opt/rustwide/cargo-home:ro,Z" "-v" "/var/lib/crater-agent-workspace/rustup-home:/opt/rustwide/rustup-home:ro,Z" "-e" "SOURCE_DIR=/opt/rustwide/workdir" "-e" "CARGO_TARGET_DIR=/opt/rustwide/target" "-e" "CARGO_INCREMENTAL=0" "-e" "RUST_BACKTRACE=full" "-e" "RUSTFLAGS=--cap-lints=warn" "-e" "RUSTDOCFLAGS=--cap-lints=warn" "-e" "CARGO_HOME=/opt/rustwide/cargo-home" "-e" "RUSTUP_HOME=/opt/rustwide/rustup-home" "-w" "/opt/rustwide/workdir" "-m" "1610612736" "--user" "0:0" "--network" "none" "ghcr.io/rust-lang/crates-build-env/linux@sha256:5ff2268d62e97bff2cde7d5815dd6ed5b47097566f13b8d0ca110b04b60e07ed" "/opt/rustwide/cargo-home/bin/cargo" "+1.69.0" "test" "--frozen", kill_on_drop: false }`
[INFO] [stdout] 9bae3360bd092a4021a9e3c829b2f7e432893bec42b3ea02f44a8b2b0218ac22
[INFO] running `Command { std: "docker" "start" "-a" "9bae3360bd092a4021a9e3c829b2f7e432893bec42b3ea02f44a8b2b0218ac22", kill_on_drop: false }`
[INFO] [stderr]     Blocking waiting for file lock on package cache
[INFO] [stderr]     Finished test [unoptimized + debuginfo] target(s) in 0.22s
[INFO] [stderr]      Running unittests src/lib.rs (/opt/rustwide/target/debug/deps/ic_certified_map-4547b114fead44ea)
[INFO] [stdout] 
[INFO] [stdout] running 13 tests
[INFO] [stdout] test rbtree::test::simple_delete_test_2 ... ok
[INFO] [stdout] test rbtree::test::simple_delete_test ... ok
[INFO] [stdout] test hashtree::test::test_public_spec_example ... ok
[INFO] [stdout] test rbtree::test::test_nested_witness ... ok
[INFO] [stdout] test rbtree::test::test_key_bounds ... ok
[INFO] [stdout] test rbtree::test::test_prefix_neighbor ... ok
[INFO] [stdout] test rbtree::test::test_witness_value_range ... ok
[INFO] [stdout] test rbtree::test::test_witness_key_range ... ok
[INFO] [stdout] test rbtree::test::test_ordering ... ok
[INFO] [stdout] test rbtree::test::test_iter ... ok
[INFO] [stdout] test rbtree::test::test_witness ... ok
[INFO] [stdout] test rbtree::test::map_model_test ... ok
[INFO] [stdout] test rbtree::test::test_equality ... ok
[INFO] [stdout] 
[INFO] [stdout] test result: ok. 13 passed; 0 failed; 0 ignored; 0 measured; 0 filtered out; finished in 0.08s
[INFO] [stdout] 
[INFO] [stderr]    Doc-tests ic-certified-map
[INFO] [stdout] 
[INFO] [stdout] running 1 test
[INFO] [stdout] test src/lib.rs - (line 19) ... FAILED
[INFO] [stdout] 
[INFO] [stdout] failures:
[INFO] [stdout] 
[INFO] [stdout] ---- src/lib.rs - (line 19) stdout ----
[INFO] [stdout] error[E0433]: failed to resolve: use of undeclared crate or module `ic_cdk`
[INFO] [stdout]  --> src/lib.rs:23:5
[INFO] [stdout]   |
[INFO] [stdout] 7 | use ic_cdk::export::candid::CandidType;
[INFO] [stdout]   |     ^^^^^^ use of undeclared crate or module `ic_cdk`
[INFO] [stdout] 
[INFO] [stdout] error[E0432]: unresolved imports `ic_cdk`, `ic_cdk::export::candid::CandidType`
[INFO] [stdout]  --> src/lib.rs:21:5
[INFO] [stdout]   |
[INFO] [stdout] 5 | use ic_cdk::*;
[INFO] [stdout]   |     ^^^^^^ use of undeclared crate or module `ic_cdk`
[INFO] [stdout] 6 | use ic_certified_map::*;
[INFO] [stdout] 7 | use ic_cdk::export::candid::CandidType;
[INFO] [stdout]   |     ^^^^^^^^^^^^^^^^^^^^^^^^^^^^^^^^^^
[INFO] [stdout] 
[INFO] [stdout] error: cannot find attribute `update` in this scope
[INFO] [stdout]   --> src/lib.rs:31:3
[INFO] [stdout]    |
[INFO] [stdout] 15 | #[update]
[INFO] [stdout]    |   ^^^^^^
[INFO] [stdout] 
[INFO] [stdout] error: cannot determine resolution for the derive macro `CandidType`
[INFO] [stdout]   --> src/lib.rs:45:10
[INFO] [stdout]    |
[INFO] [stdout] 29 | #[derive(CandidType)]
[INFO] [stdout]    |          ^^^^^^^^^^
[INFO] [stdout]    |
[INFO] [stdout]    = note: import resolution is stuck, try simplifying macro imports
[INFO] [stdout] 
[INFO] [stdout] error: cannot find attribute `query` in this scope
[INFO] [stdout]   --> src/lib.rs:52:3
[INFO] [stdout]    |
[INFO] [stdout] 36 | #[query]
[INFO] [stdout]    |   ^^^^^
[INFO] [stdout] 
[INFO] [stdout] error[E0433]: failed to resolve: use of undeclared crate or module `ic_cdk`
[INFO] [stdout]   --> src/lib.rs:41:9
[INFO] [stdout]    |
[INFO] [stdout] 25 |         ic_cdk::api::set_certified_data(&tree.root_hash());
[INFO] [stdout]    |         ^^^^^^ use of undeclared crate or module `ic_cdk`
[INFO] [stdout] 
[INFO] [stdout] error[E0433]: failed to resolve: use of undeclared crate or module `ic_cdk`
[INFO] [stdout]   --> src/lib.rs:54:23
[INFO] [stdout]    |
[INFO] [stdout] 38 |     let certificate = ic_cdk::api::data_certificate().expect("No data certificate available");
[INFO] [stdout]    |                       ^^^^^^ use of undeclared crate or module `ic_cdk`
[INFO] [stdout] 
[INFO] [stdout] error: aborting due to 7 previous errors
[INFO] [stdout] 
[INFO] [stdout] Some errors have detailed explanations: E0432, E0433.
[INFO] [stdout] For more information about an error, try `rustc --explain E0432`.
[INFO] [stdout] Couldn't compile the test.
[INFO] [stdout] 
[INFO] [stdout] failures:
[INFO] [stdout]     src/lib.rs - (line 19)
[INFO] [stdout] 
[INFO] [stdout] test result: FAILED. 0 passed; 1 failed; 0 ignored; 0 measured; 0 filtered out; finished in 0.08s
[INFO] [stdout] 
[INFO] [stderr] error: doctest failed, to rerun pass `--doc`
[INFO] running `Command { std: "docker" "inspect" "9bae3360bd092a4021a9e3c829b2f7e432893bec42b3ea02f44a8b2b0218ac22", kill_on_drop: false }`
[INFO] running `Command { std: "docker" "rm" "-f" "9bae3360bd092a4021a9e3c829b2f7e432893bec42b3ea02f44a8b2b0218ac22", kill_on_drop: false }`
[INFO] [stdout] 9bae3360bd092a4021a9e3c829b2f7e432893bec42b3ea02f44a8b2b0218ac22
