[INFO] fetching crate ibuilder 0.1.8...
[INFO] testing ibuilder-0.1.8 against 1.69.0 for beta-1.70-1
[INFO] extracting crate ibuilder 0.1.8 into /workspace/builds/worker-5-tc1/source
[INFO] validating manifest of crates.io crate ibuilder 0.1.8 on toolchain 1.69.0
[INFO] running `Command { std: CARGO_HOME="/workspace/cargo-home" RUSTUP_HOME="/workspace/rustup-home" "/workspace/cargo-home/bin/cargo" "+1.69.0" "metadata" "--manifest-path" "Cargo.toml" "--no-deps", kill_on_drop: false }`
[INFO] started tweaking crates.io crate ibuilder 0.1.8
[INFO] finished tweaking crates.io crate ibuilder 0.1.8
[INFO] tweaked toml for crates.io crate ibuilder 0.1.8 written to /workspace/builds/worker-5-tc1/source/Cargo.toml
[INFO] running `Command { std: CARGO_HOME="/workspace/cargo-home" RUSTUP_HOME="/workspace/rustup-home" __CARGO_TEST_CHANNEL_OVERRIDE_DO_NOT_USE_THIS="nightly" "/workspace/cargo-home/bin/cargo" "+1.69.0" "generate-lockfile" "--manifest-path" "Cargo.toml" "-Zno-index-update", kill_on_drop: false }`
[INFO] running `Command { std: CARGO_HOME="/workspace/cargo-home" RUSTUP_HOME="/workspace/rustup-home" "/workspace/cargo-home/bin/cargo" "+1.69.0" "fetch" "--manifest-path" "Cargo.toml", kill_on_drop: false }`
[INFO] [stderr]  Downloading crates ...
[INFO] [stderr]   Downloaded ibuilder_derive v0.1.8
[INFO] running `Command { std: "docker" "create" "-v" "/var/lib/crater-agent-workspace/builds/worker-5-tc1/target:/opt/rustwide/target:rw,Z" "-v" "/var/lib/crater-agent-workspace/builds/worker-5-tc1/source:/opt/rustwide/workdir:ro,Z" "-v" "/var/lib/crater-agent-workspace/cargo-home:/opt/rustwide/cargo-home:ro,Z" "-v" "/var/lib/crater-agent-workspace/rustup-home:/opt/rustwide/rustup-home:ro,Z" "-e" "SOURCE_DIR=/opt/rustwide/workdir" "-e" "CARGO_TARGET_DIR=/opt/rustwide/target" "-e" "CARGO_HOME=/opt/rustwide/cargo-home" "-e" "RUSTUP_HOME=/opt/rustwide/rustup-home" "-w" "/opt/rustwide/workdir" "-m" "1610612736" "--user" "0:0" "--network" "none" "ghcr.io/rust-lang/crates-build-env/linux@sha256:5ff2268d62e97bff2cde7d5815dd6ed5b47097566f13b8d0ca110b04b60e07ed" "/opt/rustwide/cargo-home/bin/cargo" "+1.69.0" "metadata" "--no-deps" "--format-version=1", kill_on_drop: false }`
[INFO] [stdout] c704c0c2f902ced18af274ae22fa236eb8e39d8d1b6a57eccf597dee7b2ed9fd
[INFO] running `Command { std: "docker" "start" "-a" "c704c0c2f902ced18af274ae22fa236eb8e39d8d1b6a57eccf597dee7b2ed9fd", kill_on_drop: false }`
[INFO] running `Command { std: "docker" "inspect" "c704c0c2f902ced18af274ae22fa236eb8e39d8d1b6a57eccf597dee7b2ed9fd", kill_on_drop: false }`
[INFO] running `Command { std: "docker" "rm" "-f" "c704c0c2f902ced18af274ae22fa236eb8e39d8d1b6a57eccf597dee7b2ed9fd", kill_on_drop: false }`
[INFO] [stdout] c704c0c2f902ced18af274ae22fa236eb8e39d8d1b6a57eccf597dee7b2ed9fd
[INFO] running `Command { std: "docker" "create" "-v" "/var/lib/crater-agent-workspace/builds/worker-5-tc1/target:/opt/rustwide/target:rw,Z" "-v" "/var/lib/crater-agent-workspace/builds/worker-5-tc1/source:/opt/rustwide/workdir:ro,Z" "-v" "/var/lib/crater-agent-workspace/cargo-home:/opt/rustwide/cargo-home:ro,Z" "-v" "/var/lib/crater-agent-workspace/rustup-home:/opt/rustwide/rustup-home:ro,Z" "-e" "SOURCE_DIR=/opt/rustwide/workdir" "-e" "CARGO_TARGET_DIR=/opt/rustwide/target" "-e" "CARGO_INCREMENTAL=0" "-e" "RUST_BACKTRACE=full" "-e" "RUSTFLAGS=--cap-lints=warn" "-e" "RUSTDOCFLAGS=--cap-lints=warn" "-e" "CARGO_HOME=/opt/rustwide/cargo-home" "-e" "RUSTUP_HOME=/opt/rustwide/rustup-home" "-w" "/opt/rustwide/workdir" "-m" "1610612736" "--user" "0:0" "--network" "none" "ghcr.io/rust-lang/crates-build-env/linux@sha256:5ff2268d62e97bff2cde7d5815dd6ed5b47097566f13b8d0ca110b04b60e07ed" "/opt/rustwide/cargo-home/bin/cargo" "+1.69.0" "build" "--frozen" "--message-format=json", kill_on_drop: false }`
[INFO] [stdout] 97e595eab108aa711645c2222fb5afd18b0e51c9907a9a5e545901837e4c857c
[INFO] running `Command { std: "docker" "start" "-a" "97e595eab108aa711645c2222fb5afd18b0e51c9907a9a5e545901837e4c857c", kill_on_drop: false }`
[INFO] [stderr]    Compiling syn v1.0.109
[INFO] [stderr]    Compiling backtrace v0.3.67
[INFO] [stderr]    Compiling failure_derive v0.1.8
[INFO] [stderr]    Compiling gimli v0.27.2
[INFO] [stderr]    Compiling miniz_oxide v0.6.2
[INFO] [stderr]    Compiling object v0.30.3
[INFO] [stderr]    Compiling rustc-demangle v0.1.23
[INFO] [stderr]    Compiling synstructure v0.12.6
[INFO] [stderr]    Compiling proc-macro-error v1.0.4
[INFO] [stderr]    Compiling addr2line v0.19.0
[INFO] [stderr]    Compiling ibuilder_derive v0.1.8
[INFO] [stderr]    Compiling failure v0.1.8
[INFO] [stderr]    Compiling ibuilder v0.1.8 (/opt/rustwide/workdir)
[INFO] [stderr]     Finished dev [unoptimized + debuginfo] target(s) in 19.55s
[INFO] running `Command { std: "docker" "inspect" "97e595eab108aa711645c2222fb5afd18b0e51c9907a9a5e545901837e4c857c", kill_on_drop: false }`
[INFO] running `Command { std: "docker" "rm" "-f" "97e595eab108aa711645c2222fb5afd18b0e51c9907a9a5e545901837e4c857c", kill_on_drop: false }`
[INFO] [stdout] 97e595eab108aa711645c2222fb5afd18b0e51c9907a9a5e545901837e4c857c
[INFO] running `Command { std: "docker" "create" "-v" "/var/lib/crater-agent-workspace/builds/worker-5-tc1/target:/opt/rustwide/target:rw,Z" "-v" "/var/lib/crater-agent-workspace/builds/worker-5-tc1/source:/opt/rustwide/workdir:ro,Z" "-v" "/var/lib/crater-agent-workspace/cargo-home:/opt/rustwide/cargo-home:ro,Z" "-v" "/var/lib/crater-agent-workspace/rustup-home:/opt/rustwide/rustup-home:ro,Z" "-e" "SOURCE_DIR=/opt/rustwide/workdir" "-e" "CARGO_TARGET_DIR=/opt/rustwide/target" "-e" "CARGO_INCREMENTAL=0" "-e" "RUST_BACKTRACE=full" "-e" "RUSTFLAGS=--cap-lints=warn" "-e" "RUSTDOCFLAGS=--cap-lints=warn" "-e" "CARGO_HOME=/opt/rustwide/cargo-home" "-e" "RUSTUP_HOME=/opt/rustwide/rustup-home" "-w" "/opt/rustwide/workdir" "-m" "1610612736" "--user" "0:0" "--network" "none" "ghcr.io/rust-lang/crates-build-env/linux@sha256:5ff2268d62e97bff2cde7d5815dd6ed5b47097566f13b8d0ca110b04b60e07ed" "/opt/rustwide/cargo-home/bin/cargo" "+1.69.0" "test" "--frozen" "--no-run" "--message-format=json", kill_on_drop: false }`
[INFO] [stdout] 878b27c73a55ffef04a910fd941f7f04489a474c70bfd1f9b0e17542dc5aac6d
[INFO] running `Command { std: "docker" "start" "-a" "878b27c73a55ffef04a910fd941f7f04489a474c70bfd1f9b0e17542dc5aac6d", kill_on_drop: false }`
[INFO] [stderr]    Compiling serde v1.0.160
[INFO] [stderr]    Compiling getrandom v0.1.16
[INFO] [stderr]    Compiling serde_json v1.0.96
[INFO] [stderr]    Compiling serde_derive v1.0.160
[INFO] [stderr]    Compiling syn v2.0.15
[INFO] [stderr]    Compiling ryu v1.0.13
[INFO] [stderr]    Compiling trybuild v1.0.80
[INFO] [stderr]    Compiling itoa v1.0.6
[INFO] [stderr]    Compiling termcolor v1.2.0
[INFO] [stderr]    Compiling rand_core v0.5.1
[INFO] [stderr]    Compiling rand_chacha v0.2.2
[INFO] [stderr]    Compiling rand v0.7.3
[INFO] [stderr]    Compiling basic-toml v0.1.2
[INFO] [stderr]    Compiling ibuilder v0.1.8 (/opt/rustwide/workdir)
[INFO] [stdout] warning: fields `integer`, `defaulted`, `inner`, and `en` are never read
[INFO] [stdout]   --> tests/random.rs:8:5
[INFO] [stdout]    |
[INFO] [stdout] 7  | struct Base {
[INFO] [stdout]    |        ---- fields in this struct
[INFO] [stdout] 8  |     integer: i32,
[INFO] [stdout]    |     ^^^^^^^
[INFO] [stdout] 9  |     #[ibuilder(default = 42)]
[INFO] [stdout] 10 |     defaulted: i32,
[INFO] [stdout]    |     ^^^^^^^^^
[INFO] [stdout] 11 |     inner: Inner,
[INFO] [stdout]    |     ^^^^^
[INFO] [stdout] 12 |     #[ibuilder(rename = "enum")]
[INFO] [stdout] 13 |     en: Enum,
[INFO] [stdout]    |     ^^
[INFO] [stdout]    |
[INFO] [stdout]    = note: `Base` has a derived impl for the trait `Debug`, but this is intentionally ignored during dead code analysis
[INFO] [stdout]    = note: `#[warn(dead_code)]` on by default
[INFO] [stdout] 
[INFO] [stdout] 
[INFO] [stdout] warning: fields `string` and `defaulted` are never read
[INFO] [stdout]   --> tests/random.rs:19:5
[INFO] [stdout]    |
[INFO] [stdout] 18 | struct Inner {
[INFO] [stdout]    |        ----- fields in this struct
[INFO] [stdout] 19 |     string: Option<String>,
[INFO] [stdout]    |     ^^^^^^
[INFO] [stdout] 20 |     #[ibuilder(default = "lol")]
[INFO] [stdout] 21 |     defaulted: String,
[INFO] [stdout]    |     ^^^^^^^^^
[INFO] [stdout]    |
[INFO] [stdout]    = note: `Inner` has a derived impl for the trait `Debug`, but this is intentionally ignored during dead code analysis
[INFO] [stdout] 
[INFO] [stdout] 
[INFO] [stdout] warning: fields `field` and `field2` are never read
[INFO] [stdout]   --> tests/random.rs:31:9
[INFO] [stdout]    |
[INFO] [stdout] 29 |     Var2 {
[INFO] [stdout]    |     ---- fields in this variant
[INFO] [stdout] 30 |         #[ibuilder(hidden, default = "nope")]
[INFO] [stdout] 31 |         field: String,
[INFO] [stdout]    |         ^^^^^
[INFO] [stdout] 32 |         #[ibuilder(rename = "baz")]
[INFO] [stdout] 33 |         field2: Inner,
[INFO] [stdout]    |         ^^^^^^
[INFO] [stdout] 
[INFO] [stdout] 
[INFO] [stdout] warning: fields `field` and `lol` are never read
[INFO] [stdout]  --> tests/enum.rs:7:9
[INFO] [stdout]   |
[INFO] [stdout] 6 |     Var2 {
[INFO] [stdout]   |     ---- fields in this variant
[INFO] [stdout] 7 |         field: i32,
[INFO] [stdout]   |         ^^^^^
[INFO] [stdout] 8 |         #[ibuilder(default = "ciao")]
[INFO] [stdout] 9 |         lol: String,
[INFO] [stdout]   |         ^^^
[INFO] [stdout]   |
[INFO] [stdout]   = note: `#[warn(dead_code)]` on by default
[INFO] [stdout] 
[INFO] [stdout] 
[INFO] [stdout] warning: 3 warnings emitted
[INFO] [stdout] 
[INFO] [stdout] 
[INFO] [stdout] warning: 1 warning emitted
[INFO] [stdout] 
[INFO] [stdout] 
[INFO] [stderr]     Finished test [unoptimized + debuginfo] target(s) in 28.96s
[INFO] running `Command { std: "docker" "inspect" "878b27c73a55ffef04a910fd941f7f04489a474c70bfd1f9b0e17542dc5aac6d", kill_on_drop: false }`
[INFO] running `Command { std: "docker" "rm" "-f" "878b27c73a55ffef04a910fd941f7f04489a474c70bfd1f9b0e17542dc5aac6d", kill_on_drop: false }`
[INFO] [stdout] 878b27c73a55ffef04a910fd941f7f04489a474c70bfd1f9b0e17542dc5aac6d
[INFO] running `Command { std: "docker" "create" "-v" "/var/lib/crater-agent-workspace/builds/worker-5-tc1/target:/opt/rustwide/target:rw,Z" "-v" "/var/lib/crater-agent-workspace/builds/worker-5-tc1/source:/opt/rustwide/workdir:ro,Z" "-v" "/var/lib/crater-agent-workspace/cargo-home:/opt/rustwide/cargo-home:ro,Z" "-v" "/var/lib/crater-agent-workspace/rustup-home:/opt/rustwide/rustup-home:ro,Z" "-e" "SOURCE_DIR=/opt/rustwide/workdir" "-e" "CARGO_TARGET_DIR=/opt/rustwide/target" "-e" "CARGO_INCREMENTAL=0" "-e" "RUST_BACKTRACE=full" "-e" "RUSTFLAGS=--cap-lints=warn" "-e" "RUSTDOCFLAGS=--cap-lints=warn" "-e" "CARGO_HOME=/opt/rustwide/cargo-home" "-e" "RUSTUP_HOME=/opt/rustwide/rustup-home" "-w" "/opt/rustwide/workdir" "-m" "1610612736" "--user" "0:0" "--network" "none" "ghcr.io/rust-lang/crates-build-env/linux@sha256:5ff2268d62e97bff2cde7d5815dd6ed5b47097566f13b8d0ca110b04b60e07ed" "/opt/rustwide/cargo-home/bin/cargo" "+1.69.0" "test" "--frozen", kill_on_drop: false }`
[INFO] [stdout] d7cd520462c20e66239f5ecc1f9fd674457bf1c93f865707d80033d3461a3012
[INFO] running `Command { std: "docker" "start" "-a" "d7cd520462c20e66239f5ecc1f9fd674457bf1c93f865707d80033d3461a3012", kill_on_drop: false }`
[INFO] [stderr] warning: fields `integer`, `defaulted`, `inner`, and `en` are never read
[INFO] [stderr]   --> tests/random.rs:8:5
[INFO] [stderr]    |
[INFO] [stderr] 7  | struct Base {
[INFO] [stderr]    |        ---- fields in this struct
[INFO] [stderr] 8  |     integer: i32,
[INFO] [stderr]    |     ^^^^^^^
[INFO] [stderr] 9  |     #[ibuilder(default = 42)]
[INFO] [stderr] 10 |     defaulted: i32,
[INFO] [stderr]    |     ^^^^^^^^^
[INFO] [stderr] 11 |     inner: Inner,
[INFO] [stderr]    |     ^^^^^
[INFO] [stderr] 12 |     #[ibuilder(rename = "enum")]
[INFO] [stderr] 13 |     en: Enum,
[INFO] [stderr]    |     ^^
[INFO] [stderr]    |
[INFO] [stderr]    = note: `Base` has a derived impl for the trait `Debug`, but this is intentionally ignored during dead code analysis
[INFO] [stderr]    = note: `#[warn(dead_code)]` on by default
[INFO] [stderr] 
[INFO] [stderr] warning: fields `string` and `defaulted` are never read
[INFO] [stderr]   --> tests/random.rs:19:5
[INFO] [stderr]    |
[INFO] [stderr] 18 | struct Inner {
[INFO] [stderr]    |        ----- fields in this struct
[INFO] [stderr] 19 |     string: Option<String>,
[INFO] [stderr]    |     ^^^^^^
[INFO] [stderr] 20 |     #[ibuilder(default = "lol")]
[INFO] [stderr] 21 |     defaulted: String,
[INFO] [stderr]    |     ^^^^^^^^^
[INFO] [stderr]    |
[INFO] [stderr]    = note: `Inner` has a derived impl for the trait `Debug`, but this is intentionally ignored during dead code analysis
[INFO] [stderr] 
[INFO] [stderr] warning: fields `field` and `field2` are never read
[INFO] [stderr]   --> tests/random.rs:31:9
[INFO] [stderr]    |
[INFO] [stderr] 29 |     Var2 {
[INFO] [stderr]    |     ---- fields in this variant
[INFO] [stderr] 30 |         #[ibuilder(hidden, default = "nope")]
[INFO] [stderr] 31 |         field: String,
[INFO] [stderr]    |         ^^^^^
[INFO] [stderr] 32 |         #[ibuilder(rename = "baz")]
[INFO] [stderr] 33 |         field2: Inner,
[INFO] [stderr]    |         ^^^^^^
[INFO] [stderr] 
[INFO] [stderr] warning: fields `field` and `lol` are never read
[INFO] [stderr]  --> tests/enum.rs:7:9
[INFO] [stderr]   |
[INFO] [stderr] 6 |     Var2 {
[INFO] [stderr]   |     ---- fields in this variant
[INFO] [stderr] 7 |         field: i32,
[INFO] [stderr]   |         ^^^^^
[INFO] [stderr] 8 |         #[ibuilder(default = "ciao")]
[INFO] [stderr] 9 |         lol: String,
[INFO] [stderr]   |         ^^^
[INFO] [stderr]   |
[INFO] [stderr]   = note: `#[warn(dead_code)]` on by default
[INFO] [stderr] 
[INFO] [stderr] warning: `ibuilder` (test "random") generated 3 warnings
[INFO] [stderr] warning: `ibuilder` (test "enum") generated 1 warning
[INFO] [stderr]     Finished test [unoptimized + debuginfo] target(s) in 0.06s
[INFO] [stderr]      Running unittests src/lib.rs (/opt/rustwide/target/debug/deps/ibuilder-c391c0a26c861e59)
[INFO] [stdout] 
[INFO] [stdout] running 0 tests
[INFO] [stdout] 
[INFO] [stdout] test result: ok. 0 passed; 0 failed; 0 ignored; 0 measured; 0 filtered out; finished in 0.00s
[INFO] [stdout] 
[INFO] [stderr]      Running tests/default.rs (/opt/rustwide/target/debug/deps/default-0f4ad7fb5a2587a0)
[INFO] [stdout] 
[INFO] [stdout] running 2 tests
[INFO] [stdout] test test_nested_default ... ok
[INFO] [stdout] test test_default ... ok
[INFO] [stdout] 
[INFO] [stdout] test result: ok. 2 passed; 0 failed; 0 ignored; 0 measured; 0 filtered out; finished in 0.01s
[INFO] [stdout] 
[INFO] [stderr]      Running tests/default_variant.rs (/opt/rustwide/target/debug/deps/default_variant-c9a33436ec9c0967)
[INFO] [stdout] 
[INFO] [stdout] running 2 tests
[INFO] [stdout] test test_default ... ok
[INFO] [stdout] test test_no_default ... ok
[INFO] [stdout] 
[INFO] [stdout] test result: ok. 2 passed; 0 failed; 0 ignored; 0 measured; 0 filtered out; finished in 0.00s
[INFO] [stdout] 
[INFO] [stderr]      Running tests/enum.rs (/opt/rustwide/target/debug/deps/enum-90b9a76db8c657eb)
[INFO] [stdout] 
[INFO] [stdout] running 1 test
[INFO] [stderr]      Running tests/enum_prompt.rs (/opt/rustwide/target/debug/deps/enum_prompt-f48af0916ed41530)
[INFO] [stdout] test test ... ok
[INFO] [stdout] 
[INFO] [stdout] test result: ok. 1 passed; 0 failed; 0 ignored; 0 measured; 0 filtered out; finished in 0.00s
[INFO] [stdout] 
[INFO] [stdout] 
[INFO] [stdout] running 2 tests
[INFO] [stdout] test default_prompt ... ok
[INFO] [stdout] test custom_prompt ... ok
[INFO] [stderr]      Running tests/hidden.rs (/opt/rustwide/target/debug/deps/hidden-0a5888dc465c8a83)
[INFO] [stdout] 
[INFO] [stdout] test result: ok. 2 passed; 0 failed; 0 ignored; 0 measured; 0 filtered out; finished in 0.01s
[INFO] [stdout] 
[INFO] [stdout] 
[INFO] [stdout] running 3 tests
[INFO] [stdout] test hidden_variant ... ok
[INFO] [stdout] test hidden_field ... ok
[INFO] [stdout] test hidden_field_without_default ... ok
[INFO] [stderr]      Running tests/interaction.rs (/opt/rustwide/target/debug/deps/interaction-d2d0eac6bee4da8c)
[INFO] [stdout] 
[INFO] [stdout] test result: ok. 3 passed; 0 failed; 0 ignored; 0 measured; 0 filtered out; finished in 0.01s
[INFO] [stdout] 
[INFO] [stdout] 
[INFO] [stdout] running 1 test
[INFO] [stdout] test test_interaction ... ok
[INFO] [stdout] 
[INFO] [stdout] test result: ok. 1 passed; 0 failed; 0 ignored; 0 measured; 0 filtered out; finished in 0.00s
[INFO] [stdout] 
[INFO] [stderr]      Running tests/random.rs (/opt/rustwide/target/debug/deps/random-d8e1ef0e686b9958)
[INFO] [stdout] 
[INFO] [stdout] running 1 test
[INFO] [stdout] test random ... ok
[INFO] [stdout] 
[INFO] [stdout] test result: ok. 1 passed; 0 failed; 0 ignored; 0 measured; 0 filtered out; finished in 0.27s
[INFO] [stdout] 
[INFO] [stdout] 
[INFO] [stderr]      Running tests/rename.rs (/opt/rustwide/target/debug/deps/rename-5cf6e1d5b40350d7)
[INFO] [stdout] running 5 tests
[INFO] [stdout] test test_enum_empty ... ok
[INFO] [stderr]      Running tests/struct_prompt.rs (/opt/rustwide/target/debug/deps/struct_prompt-abdde8c115f9cc14)
[INFO] [stdout] test test_struct ... ok
[INFO] [stdout] test test_enum_unnamed ... ok
[INFO] [stdout] test test_enum_named ... ok
[INFO] [stdout] test test_enum_options ... ok
[INFO] [stdout] 
[INFO] [stdout] test result: ok. 5 passed; 0 failed; 0 ignored; 0 measured; 0 filtered out; finished in 0.01s
[INFO] [stdout] 
[INFO] [stdout] 
[INFO] [stdout] running 3 tests
[INFO] [stdout] test custom_prompt ... ok
[INFO] [stdout] test default_prompt ... ok
[INFO] [stdout] test unnamed_prompt ... ok
[INFO] [stderr]      Running tests/trybuild.rs (/opt/rustwide/target/debug/deps/trybuild-eeedd0f2a9887262)
[INFO] [stdout] 
[INFO] [stdout] test result: ok. 3 passed; 0 failed; 0 ignored; 0 measured; 0 filtered out; finished in 0.01s
[INFO] [stdout] 
[INFO] [stdout] 
[INFO] [stdout] running 1 test
[INFO] [stderr]    Compiling proc-macro2 v1.0.56
[INFO] [stderr]    Compiling quote v1.0.26
[INFO] [stderr]    Compiling unicode-ident v1.0.8
[INFO] [stderr]    Compiling libc v0.2.142
[INFO] [stderr]    Compiling version_check v0.9.4
[INFO] [stderr]    Compiling syn v1.0.109
[INFO] [stderr]    Compiling cfg-if v1.0.0
[INFO] [stderr]    Compiling memchr v2.5.0
[INFO] [stderr]    Compiling getrandom v0.1.16
[INFO] [stderr]    Compiling cc v1.0.79
[INFO] [stderr]    Compiling adler v1.0.2
[INFO] [stderr]    Compiling gimli v0.27.2
[INFO] [stderr]    Compiling failure_derive v0.1.8
[INFO] [stderr]    Compiling proc-macro-error-attr v1.0.4
[INFO] [stderr]    Compiling proc-macro-error v1.0.4
[INFO] [stderr]    Compiling unicode-xid v0.2.4
[INFO] [stderr]    Compiling object v0.30.3
[INFO] [stderr]    Compiling miniz_oxide v0.6.2
[INFO] [stderr]    Compiling rustc-demangle v0.1.23
[INFO] [stderr]    Compiling ppv-lite86 v0.2.17
[INFO] [stderr]    Compiling rand_core v0.5.1
[INFO] [stderr]    Compiling rand_chacha v0.2.2
[INFO] [stderr]    Compiling backtrace v0.3.67
[INFO] [stderr]    Compiling rand v0.7.3
[INFO] [stderr]    Compiling addr2line v0.19.0
[INFO] [stderr]    Compiling synstructure v0.12.6
[INFO] [stderr]    Compiling ibuilder_derive v0.1.8
[INFO] [stderr]    Compiling failure v0.1.8
[INFO] [stderr]    Compiling ibuilder v0.1.8 (/opt/rustwide/workdir)
[INFO] [stderr]    Compiling ibuilder-tests v0.0.0 (/opt/rustwide/target/tests/trybuild/ibuilder)
[INFO] [stderr]     Finished dev [unoptimized + debuginfo] target(s) in 25.47s
[INFO] [stderr] 
[INFO] [stderr] 
[INFO] [stderr] test tests/compile/all_fields_hidden.rs [should pass] ... ok
[INFO] [stderr] test tests/compile/default.rs [should pass] ... ok
[INFO] [stderr] test tests/compile/default_builder.rs [should pass] ... ok
[INFO] [stderr] test tests/compile/enum.rs [should pass] ... ok
[INFO] [stderr] test tests/compile/inter_mods.rs [should pass] ... ok
[INFO] [stderr] test tests/compile/long_struct.rs [should pass] ... ok
[INFO] [stderr] test tests/compile/mixed_struct_enum.rs [should pass] ... ok
[INFO] [stderr] test tests/compile/nested_struct.rs [should pass] ... ok
[INFO] [stderr] test tests/compile/non_field_struct.rs [should pass] ... ok
[INFO] [stderr] test tests/compile/option.rs [should pass] ... ok
[INFO] [stderr] test tests/compile/plain_types.rs [should pass] ... ok
[INFO] [stderr] test tests/compile/public_api.rs [should pass] ... ok
[INFO] [stderr] test tests/compile/simple.rs [should pass] ... ok
[INFO] [stderr] test tests/compile/vec.rs [should pass] ... ok
[INFO] [stderr] test tests/not_compile/all_variants_hidden.rs [should fail to compile] ... ok
[INFO] [stderr] test tests/not_compile/duplicated_default.rs [should fail to compile] ... ok
[INFO] [stderr] test tests/not_compile/duplicated_default_variant.rs [should fail to compile] ... ok
[INFO] [stderr] test tests/not_compile/empty_struct.rs [should fail to compile] ... ok
[INFO] [stderr] test tests/not_compile/field_not_derived.rs [should fail to compile] ... mismatch
[INFO] [stderr] 
[INFO] [stderr] EXPECTED:
[INFO] [stderr] ┈┈┈┈┈┈┈┈┈┈┈┈┈┈┈┈┈┈┈┈┈┈┈┈┈┈┈┈┈┈┈┈┈┈┈┈┈┈┈┈┈┈┈┈┈┈┈┈┈┈┈┈┈┈┈┈┈┈┈┈
[INFO] [stderr] error[E0277]: the trait bound `Bar: NewBuildableValue` is not satisfied
[INFO] [stderr]  --> $DIR/field_not_derived.rs:3:10
[INFO] [stderr]   |
[INFO] [stderr] 3 | #[derive(IBuilder)]
[INFO] [stderr]   |          ^^^^^^^^ the trait `NewBuildableValue` is not implemented for `Bar`
[INFO] [stderr]   |
[INFO] [stderr]   = note: required by `new_buildable_value`
[INFO] [stderr]   = note: this error originates in the derive macro `IBuilder` (in Nightly builds, run with -Z macro-backtrace for more info)
[INFO] [stderr] ┈┈┈┈┈┈┈┈┈┈┈┈┈┈┈┈┈┈┈┈┈┈┈┈┈┈┈┈┈┈┈┈┈┈┈┈┈┈┈┈┈┈┈┈┈┈┈┈┈┈┈┈┈┈┈┈┈┈┈┈
[INFO] [stderr] 
[INFO] [stderr] ACTUAL OUTPUT:
[INFO] [stderr] ┈┈┈┈┈┈┈┈┈┈┈┈┈┈┈┈┈┈┈┈┈┈┈┈┈┈┈┈┈┈┈┈┈┈┈┈┈┈┈┈┈┈┈┈┈┈┈┈┈┈┈┈┈┈┈┈┈┈┈┈
[INFO] [stderr] error[E0277]: the trait bound `Bar: NewBuildableValue` is not satisfied
[INFO] [stderr]  --> tests/not_compile/field_not_derived.rs:3:10
[INFO] [stderr]   |
[INFO] [stderr] 3 | #[derive(IBuilder)]
[INFO] [stderr]   |          ^^^^^^^^ the trait `NewBuildableValue` is not implemented for `Bar`
[INFO] [stderr]   |
[INFO] [stderr]   = help: the following other types implement trait `NewBuildableValue`:
[INFO] [stderr]             Box<T>
[INFO] [stderr]             Foo
[INFO] [stderr]             Option<T>
[INFO] [stderr]             PathBuf
[INFO] [stderr]             Vec<T>
[INFO] [stderr]             char
[INFO] [stderr]             f32
[INFO] [stderr]             f64
[INFO] [stderr]           and $N others
[INFO] [stderr]   = note: this error originates in the derive macro `IBuilder` (in Nightly builds, run with -Z macro-backtrace for more info)
[INFO] [stderr] ┈┈┈┈┈┈┈┈┈┈┈┈┈┈┈┈┈┈┈┈┈┈┈┈┈┈┈┈┈┈┈┈┈┈┈┈┈┈┈┈┈┈┈┈┈┈┈┈┈┈┈┈┈┈┈┈┈┈┈┈
[INFO] [stderr] note: If the actual output is the correct output you can bless it by rerunning
[INFO] [stderr]       your test with the environment variable TRYBUILD=overwrite
[INFO] [stderr] 
[INFO] [stderr] test tests/not_compile/hidden_no_default.rs [should fail to compile] ... mismatch
[INFO] [stderr] 
[INFO] [stderr] EXPECTED:
[INFO] [stderr] ┈┈┈┈┈┈┈┈┈┈┈┈┈┈┈┈┈┈┈┈┈┈┈┈┈┈┈┈┈┈┈┈┈┈┈┈┈┈┈┈┈┈┈┈┈┈┈┈┈┈┈┈┈┈┈┈┈┈┈┈
[INFO] [stderr] error[E0277]: the trait bound `NonDefault: Default` is not satisfied
[INFO] [stderr]  --> $DIR/hidden_no_default.rs:8:10
[INFO] [stderr]   |
[INFO] [stderr] 8 | #[derive(IBuilder)]
[INFO] [stderr]   |          ^^^^^^^^ the trait `Default` is not implemented for `NonDefault`
[INFO] [stderr]   |
[INFO] [stderr]   = note: required by `std::default::Default::default`
[INFO] [stderr]   = note: this error originates in the derive macro `IBuilder` (in Nightly builds, run with -Z macro-backtrace for more info)
[INFO] [stderr] 
[INFO] [stderr] error[E0599]: no method named `clone` found for struct `NonDefault` in the current scope
[INFO] [stderr]  --> $DIR/hidden_no_default.rs:8:10
[INFO] [stderr]   |
[INFO] [stderr] 4 | struct NonDefault {
[INFO] [stderr]   | ----------------- method `clone` not found for this
[INFO] [stderr] ...
[INFO] [stderr] 8 | #[derive(IBuilder)]
[INFO] [stderr]   |          ^^^^^^^^ method not found in `NonDefault`
[INFO] [stderr]   |
[INFO] [stderr]   = help: items from traits can only be used if the trait is implemented and in scope
[INFO] [stderr]   = note: the following trait defines an item `clone`, perhaps you need to implement it:
[INFO] [stderr]           candidate #1: `Clone`
[INFO] [stderr]   = note: this error originates in the derive macro `IBuilder` (in Nightly builds, run with -Z macro-backtrace for more info)
[INFO] [stderr] ┈┈┈┈┈┈┈┈┈┈┈┈┈┈┈┈┈┈┈┈┈┈┈┈┈┈┈┈┈┈┈┈┈┈┈┈┈┈┈┈┈┈┈┈┈┈┈┈┈┈┈┈┈┈┈┈┈┈┈┈
[INFO] [stderr] 
[INFO] [stderr] ACTUAL OUTPUT:
[INFO] [stderr] ┈┈┈┈┈┈┈┈┈┈┈┈┈┈┈┈┈┈┈┈┈┈┈┈┈┈┈┈┈┈┈┈┈┈┈┈┈┈┈┈┈┈┈┈┈┈┈┈┈┈┈┈┈┈┈┈┈┈┈┈
[INFO] [stderr] error[E0277]: the trait bound `NonDefault: Default` is not satisfied
[INFO] [stderr]  --> tests/not_compile/hidden_no_default.rs:8:10
[INFO] [stderr]   |
[INFO] [stderr] 8 | #[derive(IBuilder)]
[INFO] [stderr]   |          ^^^^^^^^ the trait `Default` is not implemented for `NonDefault`
[INFO] [stderr]   |
[INFO] [stderr]   = note: this error originates in the derive macro `IBuilder` (in Nightly builds, run with -Z macro-backtrace for more info)
[INFO] [stderr] help: consider annotating `NonDefault` with `#[derive(Default)]`
[INFO] [stderr]   |
[INFO] [stderr] 4 | #[derive(Default)]
[INFO] [stderr]   |
[INFO] [stderr] 
[INFO] [stderr] error[E0599]: no method named `clone` found for struct `NonDefault` in the current scope
[INFO] [stderr]  --> tests/not_compile/hidden_no_default.rs:8:10
[INFO] [stderr]   |
[INFO] [stderr] 4 | struct NonDefault {
[INFO] [stderr]   | ----------------- method `clone` not found for this struct
[INFO] [stderr] ...
[INFO] [stderr] 8 | #[derive(IBuilder)]
[INFO] [stderr]   |          ^^^^^^^^ method not found in `NonDefault`
[INFO] [stderr]   |
[INFO] [stderr]   = help: items from traits can only be used if the trait is implemented and in scope
[INFO] [stderr]   = note: the following trait defines an item `clone`, perhaps you need to implement it:
[INFO] [stderr]           candidate #1: `Clone`
[INFO] [stderr]   = note: this error originates in the derive macro `IBuilder` (in Nightly builds, run with -Z macro-backtrace for more info)
[INFO] [stderr] ┈┈┈┈┈┈┈┈┈┈┈┈┈┈┈┈┈┈┈┈┈┈┈┈┈┈┈┈┈┈┈┈┈┈┈┈┈┈┈┈┈┈┈┈┈┈┈┈┈┈┈┈┈┈┈┈┈┈┈┈
[INFO] [stderr] note: If the actual output is the correct output you can bless it by rerunning
[INFO] [stderr]       your test with the environment variable TRYBUILD=overwrite
[INFO] [stderr] 
[INFO] [stderr] test tests/not_compile/incompatible_default.rs [should fail to compile] ... ok
[INFO] [stderr] test tests/not_compile/invalid_field_type.rs [should fail to compile] ... mismatch
[INFO] [stderr] 
[INFO] [stderr] EXPECTED:
[INFO] [stderr] ┈┈┈┈┈┈┈┈┈┈┈┈┈┈┈┈┈┈┈┈┈┈┈┈┈┈┈┈┈┈┈┈┈┈┈┈┈┈┈┈┈┈┈┈┈┈┈┈┈┈┈┈┈┈┈┈┈┈┈┈
[INFO] [stderr] error[E0277]: the trait bound `&'static str: NewBuildableValue` is not satisfied
[INFO] [stderr]  --> $DIR/invalid_field_type.rs:3:10
[INFO] [stderr]   |
[INFO] [stderr] 3 | #[derive(IBuilder)]
[INFO] [stderr]   |          ^^^^^^^^ the trait `NewBuildableValue` is not implemented for `&'static str`
[INFO] [stderr]   |
[INFO] [stderr]   = note: required by `new_buildable_value`
[INFO] [stderr]   = note: this error originates in the derive macro `IBuilder` (in Nightly builds, run with -Z macro-backtrace for more info)
[INFO] [stderr] ┈┈┈┈┈┈┈┈┈┈┈┈┈┈┈┈┈┈┈┈┈┈┈┈┈┈┈┈┈┈┈┈┈┈┈┈┈┈┈┈┈┈┈┈┈┈┈┈┈┈┈┈┈┈┈┈┈┈┈┈
[INFO] [stderr] 
[INFO] [stderr] ACTUAL OUTPUT:
[INFO] [stderr] ┈┈┈┈┈┈┈┈┈┈┈┈┈┈┈┈┈┈┈┈┈┈┈┈┈┈┈┈┈┈┈┈┈┈┈┈┈┈┈┈┈┈┈┈┈┈┈┈┈┈┈┈┈┈┈┈┈┈┈┈
[INFO] [stderr] error[E0277]: the trait bound `&'static str: NewBuildableValue` is not satisfied
[INFO] [stderr]  --> tests/not_compile/invalid_field_type.rs:3:10
[INFO] [stderr]   |
[INFO] [stderr] 3 | #[derive(IBuilder)]
[INFO] [stderr]   |          ^^^^^^^^ the trait `NewBuildableValue` is not implemented for `&'static str`
[INFO] [stderr]   |
[INFO] [stderr]   = help: the trait `NewBuildableValue` is implemented for `std::string::String`
[INFO] [stderr]   = note: this error originates in the derive macro `IBuilder` (in Nightly builds, run with -Z macro-backtrace for more info)
[INFO] [stderr] ┈┈┈┈┈┈┈┈┈┈┈┈┈┈┈┈┈┈┈┈┈┈┈┈┈┈┈┈┈┈┈┈┈┈┈┈┈┈┈┈┈┈┈┈┈┈┈┈┈┈┈┈┈┈┈┈┈┈┈┈
[INFO] [stderr] note: If the actual output is the correct output you can bless it by rerunning
[INFO] [stderr]       your test with the environment variable TRYBUILD=overwrite
[INFO] [stderr] 
[INFO] [stderr] test tests/not_compile/invalid_rename.rs [should fail to compile] ... ok
[INFO] [stderr] test tests/not_compile/many_fields_struct.rs [should fail to compile] ... ok
[INFO] [stderr] test tests/not_compile/not_derived.rs [should fail to compile] ... mismatch
[INFO] [stderr] 
[INFO] [stderr] EXPECTED:
[INFO] [stderr] ┈┈┈┈┈┈┈┈┈┈┈┈┈┈┈┈┈┈┈┈┈┈┈┈┈┈┈┈┈┈┈┈┈┈┈┈┈┈┈┈┈┈┈┈┈┈┈┈┈┈┈┈┈┈┈┈┈┈┈┈
[INFO] [stderr] error[E0599]: no function or associated item named `builder` found for struct `Foo` in the current scope
[INFO] [stderr]  --> $DIR/not_derived.rs:6:10
[INFO] [stderr]   |
[INFO] [stderr] 1 | struct Foo {
[INFO] [stderr]   | ---------- function or associated item `builder` not found for this
[INFO] [stderr] ...
[INFO] [stderr] 6 |     Foo::builder();
[INFO] [stderr]   |          ^^^^^^^ function or associated item not found in `Foo`
[INFO] [stderr] ┈┈┈┈┈┈┈┈┈┈┈┈┈┈┈┈┈┈┈┈┈┈┈┈┈┈┈┈┈┈┈┈┈┈┈┈┈┈┈┈┈┈┈┈┈┈┈┈┈┈┈┈┈┈┈┈┈┈┈┈
[INFO] [stderr] 
[INFO] [stderr] ACTUAL OUTPUT:
[INFO] [stderr] ┈┈┈┈┈┈┈┈┈┈┈┈┈┈┈┈┈┈┈┈┈┈┈┈┈┈┈┈┈┈┈┈┈┈┈┈┈┈┈┈┈┈┈┈┈┈┈┈┈┈┈┈┈┈┈┈┈┈┈┈
[INFO] [stderr] error[E0599]: no function or associated item named `builder` found for struct `Foo` in the current scope
[INFO] [stderr]  --> tests/not_compile/not_derived.rs:6:10
[INFO] [stderr]   |
[INFO] [stderr] 1 | struct Foo {
[INFO] [stderr]   | ---------- function or associated item `builder` not found for this struct
[INFO] [stderr] ...
[INFO] [stderr] 6 |     Foo::builder();
[INFO] [stderr]   |          ^^^^^^^ function or associated item not found in `Foo`
[INFO] [stderr] ┈┈┈┈┈┈┈┈┈┈┈┈┈┈┈┈┈┈┈┈┈┈┈┈┈┈┈┈┈┈┈┈┈┈┈┈┈┈┈┈┈┈┈┈┈┈┈┈┈┈┈┈┈┈┈┈┈┈┈┈
[INFO] [stderr] note: If the actual output is the correct output you can bless it by rerunning
[INFO] [stderr]       your test with the environment variable TRYBUILD=overwrite
[INFO] [stderr] 
[INFO] [stderr] test tests/not_compile/rename_enum.rs [should fail to compile] ... ok
[INFO] [stderr] test tests/not_compile/struct_default.rs [should fail to compile] ... ok
[INFO] [stderr] test tests/not_compile/unknown_attribute.rs [should fail to compile] ... ok
[INFO] [stderr] test tests/not_compile/unknown_attribute2.rs [should fail to compile] ... ok
[INFO] [stderr] test tests/not_compile/unknown_attribute3.rs [should fail to compile] ... ok
[INFO] [stderr] test tests/not_compile/unknown_type.rs [should fail to compile] ... mismatch
[INFO] [stderr] 
[INFO] [stderr] EXPECTED:
[INFO] [stderr] ┈┈┈┈┈┈┈┈┈┈┈┈┈┈┈┈┈┈┈┈┈┈┈┈┈┈┈┈┈┈┈┈┈┈┈┈┈┈┈┈┈┈┈┈┈┈┈┈┈┈┈┈┈┈┈┈┈┈┈┈
[INFO] [stderr] error[E0412]: cannot find type `Bar` in this scope
[INFO] [stderr]  --> $DIR/unknown_type.rs:2:12
[INFO] [stderr]   |
[INFO] [stderr] 2 |     field: Bar,
[INFO] [stderr]   |            ^^^ not found in this scope
[INFO] [stderr] 
[INFO] [stderr] error[E0599]: no function or associated item named `builder` found for struct `Foo` in the current scope
[INFO] [stderr]  --> $DIR/unknown_type.rs:6:10
[INFO] [stderr]   |
[INFO] [stderr] 1 | struct Foo {
[INFO] [stderr]   | ---------- function or associated item `builder` not found for this
[INFO] [stderr] ...
[INFO] [stderr] 6 |     Foo::builder();
[INFO] [stderr]   |          ^^^^^^^ function or associated item not found in `Foo`
[INFO] [stderr]   |
[INFO] [stderr]   = help: items from traits can only be used if the trait is implemented and in scope
[INFO] [stderr]   = note: the following trait defines an item `builder`, perhaps you need to implement it:
[INFO] [stderr]           candidate #1: `ibuilder::Buildable`
[INFO] [stderr] ┈┈┈┈┈┈┈┈┈┈┈┈┈┈┈┈┈┈┈┈┈┈┈┈┈┈┈┈┈┈┈┈┈┈┈┈┈┈┈┈┈┈┈┈┈┈┈┈┈┈┈┈┈┈┈┈┈┈┈┈
[INFO] [stderr] 
[INFO] [stderr] ACTUAL OUTPUT:
[INFO] [stderr] ┈┈┈┈┈┈┈┈┈┈┈┈┈┈┈┈┈┈┈┈┈┈┈┈┈┈┈┈┈┈┈┈┈┈┈┈┈┈┈┈┈┈┈┈┈┈┈┈┈┈┈┈┈┈┈┈┈┈┈┈
[INFO] [stderr] error[E0412]: cannot find type `Bar` in this scope
[INFO] [stderr]  --> tests/not_compile/unknown_type.rs:2:12
[INFO] [stderr]   |
[INFO] [stderr] 2 |     field: Bar,
[INFO] [stderr]   |            ^^^ not found in this scope
[INFO] [stderr] 
[INFO] [stderr] error[E0599]: no function or associated item named `builder` found for struct `Foo` in the current scope
[INFO] [stderr]  --> tests/not_compile/unknown_type.rs:6:10
[INFO] [stderr]   |
[INFO] [stderr] 1 | struct Foo {
[INFO] [stderr]   | ---------- function or associated item `builder` not found for this struct
[INFO] [stderr] ...
[INFO] [stderr] 6 |     Foo::builder();
[INFO] [stderr]   |          ^^^^^^^ function or associated item not found in `Foo`
[INFO] [stderr]   |
[INFO] [stderr]   = help: items from traits can only be used if the trait is implemented and in scope
[INFO] [stderr]   = note: the following trait defines an item `builder`, perhaps you need to implement it:
[INFO] [stderr]           candidate #1: `ibuilder::Buildable`
[INFO] [stderr] ┈┈┈┈┈┈┈┈┈┈┈┈┈┈┈┈┈┈┈┈┈┈┈┈┈┈┈┈┈┈┈┈┈┈┈┈┈┈┈┈┈┈┈┈┈┈┈┈┈┈┈┈┈┈┈┈┈┈┈┈
[INFO] [stderr] note: If the actual output is the correct output you can bless it by rerunning
[INFO] [stderr]       your test with the environment variable TRYBUILD=overwrite
[INFO] [stderr] 
[INFO] [stderr] test tests/not_compile/unnamed_hidden.rs [should fail to compile] ... ok
[INFO] [stderr] 
[INFO] [stderr] 
[INFO] [stdout] test test_trybuild ... FAILED
[INFO] [stdout] 
[INFO] [stdout] failures:
[INFO] [stdout] 
[INFO] [stdout] ---- test_trybuild stdout ----
[INFO] [stdout] thread 'test_trybuild' panicked at '5 of 32 tests failed', /opt/rustwide/cargo-home/registry/src/github.com-1ecc6299db9ec823/trybuild-1.0.80/src/run.rs:101:13
[INFO] [stdout] stack backtrace:
[INFO] [stdout]    0:     0x5577055cbe5a - std::backtrace_rs::backtrace::libunwind::trace::ha9053a9a07ca49cb
[INFO] [stdout]                                at /rustc/84c898d65adf2f39a5a98507f1fe0ce10a2b8dbc/library/std/src/../../backtrace/src/backtrace/libunwind.rs:93:5
[INFO] [stdout]    1:     0x5577055cbe5a - std::backtrace_rs::backtrace::trace_unsynchronized::h9c2852a457ad564e
[INFO] [stdout]                                at /rustc/84c898d65adf2f39a5a98507f1fe0ce10a2b8dbc/library/std/src/../../backtrace/src/backtrace/mod.rs:66:5
[INFO] [stdout]    2:     0x5577055cbe5a - std::sys_common::backtrace::_print_fmt::h457936fbfaa0070f
[INFO] [stdout]                                at /rustc/84c898d65adf2f39a5a98507f1fe0ce10a2b8dbc/library/std/src/sys_common/backtrace.rs:65:5
[INFO] [stdout]    3:     0x5577055cbe5a - <std::sys_common::backtrace::_print::DisplayBacktrace as core::fmt::Display>::fmt::h5779d7bf7f70cb0c
[INFO] [stdout]                                at /rustc/84c898d65adf2f39a5a98507f1fe0ce10a2b8dbc/library/std/src/sys_common/backtrace.rs:44:22
[INFO] [stdout]    4:     0x5577055f1afe - core::fmt::write::h5a4baaff1bcd3eb5
[INFO] [stdout]                                at /rustc/84c898d65adf2f39a5a98507f1fe0ce10a2b8dbc/library/core/src/fmt/mod.rs:1232:17
[INFO] [stdout]    5:     0x5577055c84a5 - std::io::Write::write_fmt::h478f79c628ef31d1
[INFO] [stdout]                                at /rustc/84c898d65adf2f39a5a98507f1fe0ce10a2b8dbc/library/std/src/io/mod.rs:1684:15
[INFO] [stdout]    6:     0x5577055cbc25 - std::sys_common::backtrace::_print::h5fcdc36060f177e8
[INFO] [stdout]                                at /rustc/84c898d65adf2f39a5a98507f1fe0ce10a2b8dbc/library/std/src/sys_common/backtrace.rs:47:5
[INFO] [stdout]    7:     0x5577055cbc25 - std::sys_common::backtrace::print::h54ca9458b876c8bf
[INFO] [stdout]                                at /rustc/84c898d65adf2f39a5a98507f1fe0ce10a2b8dbc/library/std/src/sys_common/backtrace.rs:34:9
[INFO] [stdout]    8:     0x5577055cd9ef - std::panicking::default_hook::{{closure}}::hbe471161c7664ed6
[INFO] [stdout]                                at /rustc/84c898d65adf2f39a5a98507f1fe0ce10a2b8dbc/library/std/src/panicking.rs:271:22
[INFO] [stdout]    9:     0x5577055cd6af - std::panicking::default_hook::ha3500da57aa4ac4f
[INFO] [stdout]                                at /rustc/84c898d65adf2f39a5a98507f1fe0ce10a2b8dbc/library/std/src/panicking.rs:287:9
[INFO] [stdout]   10:     0x55770559e477 - <alloc::boxed::Box<F,A> as core::ops::function::Fn<Args>>::call::hdf1b89dd137ece34
[INFO] [stdout]                                at /rustc/84c898d65adf2f39a5a98507f1fe0ce10a2b8dbc/library/alloc/src/boxed.rs:2001:9
[INFO] [stdout]   11:     0x55770559e477 - test::test_main::{{closure}}::h9081a79f20e75698
[INFO] [stdout]                                at /rustc/84c898d65adf2f39a5a98507f1fe0ce10a2b8dbc/library/test/src/lib.rs:135:21
[INFO] [stdout]   12:     0x5577055ce11d - <alloc::boxed::Box<F,A> as core::ops::function::Fn<Args>>::call::h6507bddc3eebb4a5
[INFO] [stdout]                                at /rustc/84c898d65adf2f39a5a98507f1fe0ce10a2b8dbc/library/alloc/src/boxed.rs:2001:9
[INFO] [stdout]   13:     0x5577055ce11d - std::panicking::rust_panic_with_hook::h50c09d000dc561d2
[INFO] [stdout]                                at /rustc/84c898d65adf2f39a5a98507f1fe0ce10a2b8dbc/library/std/src/panicking.rs:696:13
[INFO] [stdout]   14:     0x5577055cde99 - std::panicking::begin_panic_handler::{{closure}}::h9e2b2176e00e0d9c
[INFO] [stdout]                                at /rustc/84c898d65adf2f39a5a98507f1fe0ce10a2b8dbc/library/std/src/panicking.rs:583:13
[INFO] [stdout]   15:     0x5577055cc2c6 - std::sys_common::backtrace::__rust_end_short_backtrace::h5739b8e512c09d02
[INFO] [stdout]                                at /rustc/84c898d65adf2f39a5a98507f1fe0ce10a2b8dbc/library/std/src/sys_common/backtrace.rs:150:18
[INFO] [stdout]   16:     0x5577055cdba2 - rust_begin_unwind
[INFO] [stdout]                                at /rustc/84c898d65adf2f39a5a98507f1fe0ce10a2b8dbc/library/std/src/panicking.rs:579:5
[INFO] [stdout]   17:     0x557705365e53 - core::panicking::panic_fmt::hf33a1475b4dc5c3e
[INFO] [stdout]                                at /rustc/84c898d65adf2f39a5a98507f1fe0ce10a2b8dbc/library/core/src/panicking.rs:64:14
[INFO] [stdout]   18:     0x5577053ca12f - trybuild::run::<impl trybuild::Runner>::run::h83f2596e0a22c530
[INFO] [stdout]                                at /opt/rustwide/cargo-home/registry/src/github.com-1ecc6299db9ec823/trybuild-1.0.80/src/run.rs:101:13
[INFO] [stdout]   19:     0x5577053cf90a - <trybuild::TestCases as core::ops::drop::Drop>::drop::hb7b5f9330615bb39
[INFO] [stdout]                                at /opt/rustwide/cargo-home/registry/src/github.com-1ecc6299db9ec823/trybuild-1.0.80/src/lib.rs:315:13
[INFO] [stdout]   20:     0x557705367437 - core::ptr::drop_in_place<trybuild::TestCases>::hb71edc93e5f18c7a
[INFO] [stdout]                                at /rustc/84c898d65adf2f39a5a98507f1fe0ce10a2b8dbc/library/core/src/ptr/mod.rs:490:1
[INFO] [stdout]   21:     0x55770536679b - trybuild::test_trybuild::h9b9842b84a411d7a
[INFO] [stdout]                                at /opt/rustwide/workdir/tests/trybuild.rs:6:1
[INFO] [stdout]   22:     0x557705366717 - trybuild::test_trybuild::{{closure}}::hc447824f5088fb18
[INFO] [stdout]                                at /opt/rustwide/workdir/tests/trybuild.rs:2:20
[INFO] [stdout]   23:     0x557705367395 - core::ops::function::FnOnce::call_once::h237643e3d040d40c
[INFO] [stdout]                                at /rustc/84c898d65adf2f39a5a98507f1fe0ce10a2b8dbc/library/core/src/ops/function.rs:250:5
[INFO] [stdout]   24:     0x5577055a385f - core::ops::function::FnOnce::call_once::h7d969581be7d0075
[INFO] [stdout]                                at /rustc/84c898d65adf2f39a5a98507f1fe0ce10a2b8dbc/library/core/src/ops/function.rs:250:5
[INFO] [stdout]   25:     0x5577055a385f - test::__rust_begin_short_backtrace::hca25a52684e56655
[INFO] [stdout]                                at /rustc/84c898d65adf2f39a5a98507f1fe0ce10a2b8dbc/library/test/src/lib.rs:656:18
[INFO] [stdout]   26:     0x557705574e7c - test::run_test::{{closure}}::ha8ac744c4af1a4bb
[INFO] [stdout]                                at /rustc/84c898d65adf2f39a5a98507f1fe0ce10a2b8dbc/library/test/src/lib.rs:647:30
[INFO] [stdout]   27:     0x557705574e7c - core::ops::function::FnOnce::call_once{{vtable.shim}}::h7b411a9ed45bdecf
[INFO] [stdout]                                at /rustc/84c898d65adf2f39a5a98507f1fe0ce10a2b8dbc/library/core/src/ops/function.rs:250:5
[INFO] [stdout]   28:     0x5577055a2826 - <alloc::boxed::Box<F,A> as core::ops::function::FnOnce<Args>>::call_once::hd05328869a8ed200
[INFO] [stdout]                                at /rustc/84c898d65adf2f39a5a98507f1fe0ce10a2b8dbc/library/alloc/src/boxed.rs:1987:9
[INFO] [stdout]   29:     0x5577055a2826 - <core::panic::unwind_safe::AssertUnwindSafe<F> as core::ops::function::FnOnce<()>>::call_once::h0c601ce20bd5b2be
[INFO] [stdout]                                at /rustc/84c898d65adf2f39a5a98507f1fe0ce10a2b8dbc/library/core/src/panic/unwind_safe.rs:271:9
[INFO] [stdout]   30:     0x5577055a2826 - std::panicking::try::do_call::ha4be5c164fe30854
[INFO] [stdout]                                at /rustc/84c898d65adf2f39a5a98507f1fe0ce10a2b8dbc/library/std/src/panicking.rs:487:40
[INFO] [stdout]   31:     0x5577055a2826 - std::panicking::try::h604546f3609af05f
[INFO] [stdout]                                at /rustc/84c898d65adf2f39a5a98507f1fe0ce10a2b8dbc/library/std/src/panicking.rs:451:19
[INFO] [stdout]   32:     0x5577055a2826 - std::panic::catch_unwind::h5bfa8afe44c9c2f9
[INFO] [stdout]                                at /rustc/84c898d65adf2f39a5a98507f1fe0ce10a2b8dbc/library/std/src/panic.rs:140:14
[INFO] [stdout]   33:     0x5577055a2826 - test::run_test_in_process::hd50dee55dd63e6aa
[INFO] [stdout]                                at /rustc/84c898d65adf2f39a5a98507f1fe0ce10a2b8dbc/library/test/src/lib.rs:679:27
[INFO] [stdout]   34:     0x5577055a2826 - test::run_test::run_test_inner::{{closure}}::h4aa0f433aa85cea8
[INFO] [stdout]                                at /rustc/84c898d65adf2f39a5a98507f1fe0ce10a2b8dbc/library/test/src/lib.rs:573:39
[INFO] [stdout]   35:     0x55770556f4f1 - test::run_test::run_test_inner::{{closure}}::had56431adf24b4d6
[INFO] [stdout]                                at /rustc/84c898d65adf2f39a5a98507f1fe0ce10a2b8dbc/library/test/src/lib.rs:600:37
[INFO] [stdout]   36:     0x55770556f4f1 - std::sys_common::backtrace::__rust_begin_short_backtrace::ha8d9890e0c73bf13
[INFO] [stdout]                                at /rustc/84c898d65adf2f39a5a98507f1fe0ce10a2b8dbc/library/std/src/sys_common/backtrace.rs:134:18
[INFO] [stdout]   37:     0x557705574f0b - std::thread::Builder::spawn_unchecked_::{{closure}}::{{closure}}::h251832bcb4a95327
[INFO] [stdout]                                at /rustc/84c898d65adf2f39a5a98507f1fe0ce10a2b8dbc/library/std/src/thread/mod.rs:560:17
[INFO] [stdout]   38:     0x557705574f0b - <core::panic::unwind_safe::AssertUnwindSafe<F> as core::ops::function::FnOnce<()>>::call_once::h8fdff598fa414831
[INFO] [stdout]                                at /rustc/84c898d65adf2f39a5a98507f1fe0ce10a2b8dbc/library/core/src/panic/unwind_safe.rs:271:9
[INFO] [stdout]   39:     0x557705574f0b - std::panicking::try::do_call::h455dd2f7764a950f
[INFO] [stdout]                                at /rustc/84c898d65adf2f39a5a98507f1fe0ce10a2b8dbc/library/std/src/panicking.rs:487:40
[INFO] [stdout]   40:     0x557705574f0b - std::panicking::try::had6f23b7b73ae72a
[INFO] [stdout]                                at /rustc/84c898d65adf2f39a5a98507f1fe0ce10a2b8dbc/library/std/src/panicking.rs:451:19
[INFO] [stdout]   41:     0x557705574f0b - std::panic::catch_unwind::ha6a5ca3915b4dad0
[INFO] [stdout]                                at /rustc/84c898d65adf2f39a5a98507f1fe0ce10a2b8dbc/library/std/src/panic.rs:140:14
[INFO] [stdout]   42:     0x557705574f0b - std::thread::Builder::spawn_unchecked_::{{closure}}::h883b72ef75da6231
[INFO] [stdout]                                at /rustc/84c898d65adf2f39a5a98507f1fe0ce10a2b8dbc/library/std/src/thread/mod.rs:559:30
[INFO] [stdout]   43:     0x557705574f0b - core::ops::function::FnOnce::call_once{{vtable.shim}}::hb7dff73dc8bd2ccb
[INFO] [stdout]                                at /rustc/84c898d65adf2f39a5a98507f1fe0ce10a2b8dbc/library/core/src/ops/function.rs:250:5
[INFO] [stdout]   44:     0x5577055d3383 - <alloc::boxed::Box<F,A> as core::ops::function::FnOnce<Args>>::call_once::h39990b24eedef2ab
[INFO] [stdout]                                at /rustc/84c898d65adf2f39a5a98507f1fe0ce10a2b8dbc/library/alloc/src/boxed.rs:1987:9
[INFO] [stdout]   45:     0x5577055d3383 - <alloc::boxed::Box<F,A> as core::ops::function::FnOnce<Args>>::call_once::h01a027258444143b
[INFO] [stdout]                                at /rustc/84c898d65adf2f39a5a98507f1fe0ce10a2b8dbc/library/alloc/src/boxed.rs:1987:9
[INFO] [stdout]   46:     0x5577055d3383 - std::sys::unix::thread::Thread::new::thread_start::ha4f1cdd9c25884ba
[INFO] [stdout]                                at /rustc/84c898d65adf2f39a5a98507f1fe0ce10a2b8dbc/library/std/src/sys/unix/thread.rs:108:17
[INFO] [stdout]   47:     0x7f0f4560cb43 - <unknown>
[INFO] [stdout]   48:     0x7f0f4569dbb4 - __clone
[INFO] [stdout]   49:                0x0 - <unknown>
[INFO] [stdout] 
[INFO] [stdout] 
[INFO] [stdout] failures:
[INFO] [stdout]     test_trybuild
[INFO] [stdout] 
[INFO] [stdout] test result: FAILED. 0 passed; 1 failed; 0 ignored; 0 measured; 0 filtered out; finished in 45.82s
[INFO] [stdout] 
[INFO] [stderr] error: test failed, to rerun pass `--test trybuild`
[INFO] running `Command { std: "docker" "inspect" "d7cd520462c20e66239f5ecc1f9fd674457bf1c93f865707d80033d3461a3012", kill_on_drop: false }`
[INFO] running `Command { std: "docker" "rm" "-f" "d7cd520462c20e66239f5ecc1f9fd674457bf1c93f865707d80033d3461a3012", kill_on_drop: false }`
[INFO] [stdout] d7cd520462c20e66239f5ecc1f9fd674457bf1c93f865707d80033d3461a3012
