[INFO] fetching crate ibdl-core 1.2.0...
[INFO] testing ibdl-core-1.2.0 against 1.69.0 for beta-1.70-1
[INFO] extracting crate ibdl-core 1.2.0 into /workspace/builds/worker-2-tc1/source
[INFO] validating manifest of crates.io crate ibdl-core 1.2.0 on toolchain 1.69.0
[INFO] running `Command { std: CARGO_HOME="/workspace/cargo-home" RUSTUP_HOME="/workspace/rustup-home" "/workspace/cargo-home/bin/cargo" "+1.69.0" "metadata" "--manifest-path" "Cargo.toml" "--no-deps", kill_on_drop: false }`
[INFO] started tweaking crates.io crate ibdl-core 1.2.0
[INFO] finished tweaking crates.io crate ibdl-core 1.2.0
[INFO] tweaked toml for crates.io crate ibdl-core 1.2.0 written to /workspace/builds/worker-2-tc1/source/Cargo.toml
[INFO] running `Command { std: CARGO_HOME="/workspace/cargo-home" RUSTUP_HOME="/workspace/rustup-home" __CARGO_TEST_CHANNEL_OVERRIDE_DO_NOT_USE_THIS="nightly" "/workspace/cargo-home/bin/cargo" "+1.69.0" "generate-lockfile" "--manifest-path" "Cargo.toml" "-Zno-index-update", kill_on_drop: false }`
[INFO] running `Command { std: CARGO_HOME="/workspace/cargo-home" RUSTUP_HOME="/workspace/rustup-home" "/workspace/cargo-home/bin/cargo" "+1.69.0" "fetch" "--manifest-path" "Cargo.toml", kill_on_drop: false }`
[INFO] [stderr]  Downloading crates ...
[INFO] [stderr]   Downloaded ibdl-common v1.2.0
[INFO] running `Command { std: "docker" "create" "-v" "/var/lib/crater-agent-workspace/builds/worker-2-tc1/target:/opt/rustwide/target:rw,Z" "-v" "/var/lib/crater-agent-workspace/builds/worker-2-tc1/source:/opt/rustwide/workdir:ro,Z" "-v" "/var/lib/crater-agent-workspace/cargo-home:/opt/rustwide/cargo-home:ro,Z" "-v" "/var/lib/crater-agent-workspace/rustup-home:/opt/rustwide/rustup-home:ro,Z" "-e" "SOURCE_DIR=/opt/rustwide/workdir" "-e" "CARGO_TARGET_DIR=/opt/rustwide/target" "-e" "CARGO_HOME=/opt/rustwide/cargo-home" "-e" "RUSTUP_HOME=/opt/rustwide/rustup-home" "-w" "/opt/rustwide/workdir" "-m" "1610612736" "--user" "0:0" "--network" "none" "ghcr.io/rust-lang/crates-build-env/linux@sha256:5ff2268d62e97bff2cde7d5815dd6ed5b47097566f13b8d0ca110b04b60e07ed" "/opt/rustwide/cargo-home/bin/cargo" "+1.69.0" "metadata" "--no-deps" "--format-version=1", kill_on_drop: false }`
[INFO] [stdout] d69225cd6e7216d9285e28cad9d36e9e6235afc851690f77ffd801d3d38af501
[INFO] running `Command { std: "docker" "start" "-a" "d69225cd6e7216d9285e28cad9d36e9e6235afc851690f77ffd801d3d38af501", kill_on_drop: false }`
[INFO] running `Command { std: "docker" "inspect" "d69225cd6e7216d9285e28cad9d36e9e6235afc851690f77ffd801d3d38af501", kill_on_drop: false }`
[INFO] running `Command { std: "docker" "rm" "-f" "d69225cd6e7216d9285e28cad9d36e9e6235afc851690f77ffd801d3d38af501", kill_on_drop: false }`
[INFO] [stdout] d69225cd6e7216d9285e28cad9d36e9e6235afc851690f77ffd801d3d38af501
[INFO] running `Command { std: "docker" "create" "-v" "/var/lib/crater-agent-workspace/builds/worker-2-tc1/target:/opt/rustwide/target:rw,Z" "-v" "/var/lib/crater-agent-workspace/builds/worker-2-tc1/source:/opt/rustwide/workdir:ro,Z" "-v" "/var/lib/crater-agent-workspace/cargo-home:/opt/rustwide/cargo-home:ro,Z" "-v" "/var/lib/crater-agent-workspace/rustup-home:/opt/rustwide/rustup-home:ro,Z" "-e" "SOURCE_DIR=/opt/rustwide/workdir" "-e" "CARGO_TARGET_DIR=/opt/rustwide/target" "-e" "CARGO_INCREMENTAL=0" "-e" "RUST_BACKTRACE=full" "-e" "RUSTFLAGS=--cap-lints=warn" "-e" "RUSTDOCFLAGS=--cap-lints=warn" "-e" "CARGO_HOME=/opt/rustwide/cargo-home" "-e" "RUSTUP_HOME=/opt/rustwide/rustup-home" "-w" "/opt/rustwide/workdir" "-m" "1610612736" "--user" "0:0" "--network" "none" "ghcr.io/rust-lang/crates-build-env/linux@sha256:5ff2268d62e97bff2cde7d5815dd6ed5b47097566f13b8d0ca110b04b60e07ed" "/opt/rustwide/cargo-home/bin/cargo" "+1.69.0" "build" "--frozen" "--message-format=json", kill_on_drop: false }`
[INFO] [stdout] 04164ba621aa5e2ca712942d517aa4f3402d23b568da26d0237eae5c3a443ca6
[INFO] running `Command { std: "docker" "start" "-a" "04164ba621aa5e2ca712942d517aa4f3402d23b568da26d0237eae5c3a443ca6", kill_on_drop: false }`
[INFO] [stderr]    Compiling jobserver v0.1.26
[INFO] [stderr]    Compiling tokio v1.28.0
[INFO] [stderr]    Compiling tokio-macros v2.1.0
[INFO] [stderr]    Compiling futures-util v0.3.28
[INFO] [stderr]    Compiling serde_derive v1.0.160
[INFO] [stderr]    Compiling rustls v0.20.8
[INFO] [stderr]    Compiling crc32fast v1.3.2
[INFO] [stderr]    Compiling zstd-safe v5.0.2+zstd.1.5.2
[INFO] [stderr]    Compiling cc v1.0.79
[INFO] [stderr]    Compiling proc-macro-error v1.0.4
[INFO] [stderr]    Compiling atty v0.2.14
[INFO] [stderr]    Compiling portable-atomic v0.3.19
[INFO] [stderr]    Compiling os_str_bytes v6.5.0
[INFO] [stderr]    Compiling miniz_oxide v0.7.1
[INFO] [stderr]    Compiling clap_derive v3.2.25
[INFO] [stderr]    Compiling clap_lex v0.2.4
[INFO] [stderr]    Compiling dirs-sys v0.3.7
[INFO] [stderr]    Compiling encoding_rs v0.8.32
[INFO] [stderr]    Compiling ring v0.16.20
[INFO] [stderr]    Compiling zstd-sys v2.0.8+zstd.1.5.5
[INFO] [stderr]    Compiling textwrap v0.16.0
[INFO] [stderr]    Compiling ipnet v2.7.2
[INFO] [stderr]    Compiling console v0.15.5
[INFO] [stderr]    Compiling time v0.3.20
[INFO] [stderr]    Compiling clap v3.2.25
[INFO] [stderr]    Compiling futures-executor v0.3.28
[INFO] [stderr]    Compiling directories v4.0.1
[INFO] [stderr]    Compiling flate2 v1.0.26
[INFO] [stderr]    Compiling colored v2.0.0
[INFO] [stderr]    Compiling number_prefix v0.4.0
[INFO] [stderr]    Compiling md5 v0.7.0
[INFO] [stderr]    Compiling serde v1.0.160
[INFO] [stderr]    Compiling zip v0.6.4
[INFO] [stderr]    Compiling indicatif v0.17.3
[INFO] [stderr]    Compiling futures v0.3.28
[INFO] [stderr]    Compiling webpki v0.22.0
[INFO] [stderr]    Compiling sct v0.7.0
[INFO] [stderr]    Compiling webpki-roots v0.22.6
[INFO] [stderr]    Compiling tokio-util v0.7.8
[INFO] [stderr]    Compiling h2 v0.3.18
[INFO] [stderr]    Compiling tokio-rustls v0.23.4
[INFO] [stderr]    Compiling serde_json v1.0.96
[INFO] [stderr]    Compiling serde_urlencoded v0.7.1
[INFO] [stderr]    Compiling bincode v1.3.3
[INFO] [stderr]    Compiling chrono v0.4.24
[INFO] [stderr]    Compiling hyper v0.14.26
[INFO] [stderr]    Compiling zstd v0.11.2+zstd.1.5.2
[INFO] [stderr]    Compiling hyper-rustls v0.23.2
[INFO] [stderr]    Compiling reqwest v0.11.17
[INFO] [stderr]    Compiling ibdl-common v1.2.0
[INFO] [stderr]    Compiling ibdl-core v1.2.0 (/opt/rustwide/workdir)
[INFO] [stderr]     Finished dev [unoptimized + debuginfo] target(s) in 1m 12s
[INFO] running `Command { std: "docker" "inspect" "04164ba621aa5e2ca712942d517aa4f3402d23b568da26d0237eae5c3a443ca6", kill_on_drop: false }`
[INFO] running `Command { std: "docker" "rm" "-f" "04164ba621aa5e2ca712942d517aa4f3402d23b568da26d0237eae5c3a443ca6", kill_on_drop: false }`
[INFO] [stdout] 04164ba621aa5e2ca712942d517aa4f3402d23b568da26d0237eae5c3a443ca6
[INFO] running `Command { std: "docker" "create" "-v" "/var/lib/crater-agent-workspace/builds/worker-2-tc1/target:/opt/rustwide/target:rw,Z" "-v" "/var/lib/crater-agent-workspace/builds/worker-2-tc1/source:/opt/rustwide/workdir:ro,Z" "-v" "/var/lib/crater-agent-workspace/cargo-home:/opt/rustwide/cargo-home:ro,Z" "-v" "/var/lib/crater-agent-workspace/rustup-home:/opt/rustwide/rustup-home:ro,Z" "-e" "SOURCE_DIR=/opt/rustwide/workdir" "-e" "CARGO_TARGET_DIR=/opt/rustwide/target" "-e" "CARGO_INCREMENTAL=0" "-e" "RUST_BACKTRACE=full" "-e" "RUSTFLAGS=--cap-lints=warn" "-e" "RUSTDOCFLAGS=--cap-lints=warn" "-e" "CARGO_HOME=/opt/rustwide/cargo-home" "-e" "RUSTUP_HOME=/opt/rustwide/rustup-home" "-w" "/opt/rustwide/workdir" "-m" "1610612736" "--user" "0:0" "--network" "none" "ghcr.io/rust-lang/crates-build-env/linux@sha256:5ff2268d62e97bff2cde7d5815dd6ed5b47097566f13b8d0ca110b04b60e07ed" "/opt/rustwide/cargo-home/bin/cargo" "+1.69.0" "test" "--frozen" "--no-run" "--message-format=json", kill_on_drop: false }`
[INFO] [stdout] 5d28868ace6c34204f3cab232c265f4e1ad46e194003ac55211072c7ce65f798
[INFO] running `Command { std: "docker" "start" "-a" "5d28868ace6c34204f3cab232c265f4e1ad46e194003ac55211072c7ce65f798", kill_on_drop: false }`
[INFO] [stderr]    Compiling ibdl-core v1.2.0 (/opt/rustwide/workdir)
[INFO] [stderr]     Finished test [unoptimized + debuginfo] target(s) in 1.49s
[INFO] running `Command { std: "docker" "inspect" "5d28868ace6c34204f3cab232c265f4e1ad46e194003ac55211072c7ce65f798", kill_on_drop: false }`
[INFO] running `Command { std: "docker" "rm" "-f" "5d28868ace6c34204f3cab232c265f4e1ad46e194003ac55211072c7ce65f798", kill_on_drop: false }`
[INFO] [stdout] 5d28868ace6c34204f3cab232c265f4e1ad46e194003ac55211072c7ce65f798
[INFO] running `Command { std: "docker" "create" "-v" "/var/lib/crater-agent-workspace/builds/worker-2-tc1/target:/opt/rustwide/target:rw,Z" "-v" "/var/lib/crater-agent-workspace/builds/worker-2-tc1/source:/opt/rustwide/workdir:ro,Z" "-v" "/var/lib/crater-agent-workspace/cargo-home:/opt/rustwide/cargo-home:ro,Z" "-v" "/var/lib/crater-agent-workspace/rustup-home:/opt/rustwide/rustup-home:ro,Z" "-e" "SOURCE_DIR=/opt/rustwide/workdir" "-e" "CARGO_TARGET_DIR=/opt/rustwide/target" "-e" "CARGO_INCREMENTAL=0" "-e" "RUST_BACKTRACE=full" "-e" "RUSTFLAGS=--cap-lints=warn" "-e" "RUSTDOCFLAGS=--cap-lints=warn" "-e" "CARGO_HOME=/opt/rustwide/cargo-home" "-e" "RUSTUP_HOME=/opt/rustwide/rustup-home" "-w" "/opt/rustwide/workdir" "-m" "1610612736" "--user" "0:0" "--network" "none" "ghcr.io/rust-lang/crates-build-env/linux@sha256:5ff2268d62e97bff2cde7d5815dd6ed5b47097566f13b8d0ca110b04b60e07ed" "/opt/rustwide/cargo-home/bin/cargo" "+1.69.0" "test" "--frozen", kill_on_drop: false }`
[INFO] [stdout] bdd2357e39151f9c98b552fd8683001bf206767c61d3d9a2648d198883e1ad8c
[INFO] running `Command { std: "docker" "start" "-a" "bdd2357e39151f9c98b552fd8683001bf206767c61d3d9a2648d198883e1ad8c", kill_on_drop: false }`
[INFO] [stderr]     Finished test [unoptimized + debuginfo] target(s) in 0.16s
[INFO] [stderr]      Running unittests src/lib.rs (/opt/rustwide/target/debug/deps/ibdl_core-7d20361db6378d13)
[INFO] [stdout] 
[INFO] [stdout] running 0 tests
[INFO] [stdout] 
[INFO] [stdout] test result: ok. 0 passed; 0 failed; 0 ignored; 0 measured; 0 filtered out; finished in 0.01s
[INFO] [stdout] 
[INFO] [stderr]    Doc-tests ibdl-core
[INFO] [stdout] 
[INFO] [stdout] running 1 test
[INFO] [stderr] error: doctest failed, to rerun pass `--doc`
[INFO] [stdout] test src/queue/mod.rs - queue (line 7) ... FAILED
[INFO] [stdout] 
[INFO] [stdout] failures:
[INFO] [stdout] 
[INFO] [stdout] ---- src/queue/mod.rs - queue (line 7) stdout ----
[INFO] [stdout] error[E0432]: unresolved import `imageboard_downloader`
[INFO] [stdout]  --> src/queue/mod.rs:8:5
[INFO] [stdout]   |
[INFO] [stdout] 3 | use imageboard_downloader::*;
[INFO] [stdout]   |     ^^^^^^^^^^^^^^^^^^^^^ use of undeclared crate or module `imageboard_downloader`
[INFO] [stdout] 
[INFO] [stdout] error[E0433]: failed to resolve: use of undeclared type `ImageBoards`
[INFO] [stdout]   --> src/queue/mod.rs:37:9
[INFO] [stdout]    |
[INFO] [stdout] 32 |         ImageBoards::Danbooru,
[INFO] [stdout]    |         ^^^^^^^^^^^ use of undeclared type `ImageBoards`
[INFO] [stdout] 
[INFO] [stdout] error[E0433]: failed to resolve: use of undeclared type `Queue`
[INFO] [stdout]   --> src/queue/mod.rs:36:18
[INFO] [stdout]    |
[INFO] [stdout] 31 |     let mut qw = Queue::new( // Initialize the queue
[INFO] [stdout]    |                  ^^^^^ use of undeclared type `Queue`
[INFO] [stdout]    |
[INFO] [stdout] help: consider importing this struct
[INFO] [stdout]    |
[INFO] [stdout] 2  | use ibdl_core::queue::Queue;
[INFO] [stdout]    |
[INFO] [stdout] 
[INFO] [stdout] error[E0433]: failed to resolve: use of undeclared type `DanbooruExtractor`
[INFO] [stdout]   --> src/queue/mod.rs:18:20
[INFO] [stdout]    |
[INFO] [stdout] 13 |     let mut unit = DanbooruExtractor::new(&tags, safe_mode, disable_blacklist); // Initialize
[INFO] [stdout]    |                    ^^^^^^^^^^^^^^^^^ use of undeclared type `DanbooruExtractor`
[INFO] [stdout] 
[INFO] [stdout] error: aborting due to 4 previous errors
[INFO] [stdout] 
[INFO] [stdout] Some errors have detailed explanations: E0432, E0433.
[INFO] [stdout] For more information about an error, try `rustc --explain E0432`.
[INFO] [stdout] Couldn't compile the test.
[INFO] [stdout] 
[INFO] [stdout] failures:
[INFO] [stdout]     src/queue/mod.rs - queue (line 7)
[INFO] [stdout] 
[INFO] [stdout] test result: FAILED. 0 passed; 1 failed; 0 ignored; 0 measured; 0 filtered out; finished in 0.14s
[INFO] [stdout] 
[INFO] running `Command { std: "docker" "inspect" "bdd2357e39151f9c98b552fd8683001bf206767c61d3d9a2648d198883e1ad8c", kill_on_drop: false }`
[INFO] running `Command { std: "docker" "rm" "-f" "bdd2357e39151f9c98b552fd8683001bf206767c61d3d9a2648d198883e1ad8c", kill_on_drop: false }`
[INFO] [stdout] bdd2357e39151f9c98b552fd8683001bf206767c61d3d9a2648d198883e1ad8c
