[INFO] fetching crate ibc-relayer-types 0.23.0...
[INFO] testing ibc-relayer-types-0.23.0 against 1.69.0 for beta-1.70-1
[INFO] extracting crate ibc-relayer-types 0.23.0 into /workspace/builds/worker-6-tc1/source
[INFO] validating manifest of crates.io crate ibc-relayer-types 0.23.0 on toolchain 1.69.0
[INFO] running `Command { std: CARGO_HOME="/workspace/cargo-home" RUSTUP_HOME="/workspace/rustup-home" "/workspace/cargo-home/bin/cargo" "+1.69.0" "metadata" "--manifest-path" "Cargo.toml" "--no-deps", kill_on_drop: false }`
[INFO] started tweaking crates.io crate ibc-relayer-types 0.23.0
[INFO] finished tweaking crates.io crate ibc-relayer-types 0.23.0
[INFO] tweaked toml for crates.io crate ibc-relayer-types 0.23.0 written to /workspace/builds/worker-6-tc1/source/Cargo.toml
[INFO] running `Command { std: CARGO_HOME="/workspace/cargo-home" RUSTUP_HOME="/workspace/rustup-home" __CARGO_TEST_CHANNEL_OVERRIDE_DO_NOT_USE_THIS="nightly" "/workspace/cargo-home/bin/cargo" "+1.69.0" "generate-lockfile" "--manifest-path" "Cargo.toml" "-Zno-index-update", kill_on_drop: false }`
[INFO] running `Command { std: CARGO_HOME="/workspace/cargo-home" RUSTUP_HOME="/workspace/rustup-home" "/workspace/cargo-home/bin/cargo" "+1.69.0" "fetch" "--manifest-path" "Cargo.toml", kill_on_drop: false }`
[INFO] [stderr]  Downloading crates ...
[INFO] [stderr]   Downloaded flex-error v0.4.4
[INFO] [stderr]   Downloaded subtle-ng v2.5.0
[INFO] [stderr]   Downloaded safe-regex-macro v0.2.5
[INFO] [stderr]   Downloaded ed25519-consensus v2.1.0
[INFO] [stderr]   Downloaded ics23 v0.9.0
[INFO] [stderr]   Downloaded safe-regex v0.2.5
[INFO] [stderr]   Downloaded gumdrop v0.8.1
[INFO] [stderr]   Downloaded tendermint-light-client-verifier v0.30.0
[INFO] [stderr]   Downloaded hyper-proxy v0.9.1
[INFO] [stderr]   Downloaded safe-regex-compiler v0.2.5
[INFO] [stderr]   Downloaded tendermint-config v0.30.0
[INFO] [stderr]   Downloaded safe-proc-macro2 v1.0.36
[INFO] [stderr]   Downloaded safe-quote v1.0.15
[INFO] [stderr]   Downloaded tendermint-testgen v0.30.0
[INFO] [stderr]   Downloaded async-tungstenite v0.20.0
[INFO] [stderr]   Downloaded tendermint-rpc v0.30.0
[INFO] [stderr]   Downloaded tendermint v0.30.0
[INFO] [stderr]   Downloaded ibc-proto v0.28.0
[INFO] [stderr]   Downloaded curve25519-dalek-ng v4.1.1
[INFO] [stderr]   Downloaded tendermint-proto v0.30.0
[INFO] running `Command { std: "docker" "create" "-v" "/var/lib/crater-agent-workspace/builds/worker-6-tc1/target:/opt/rustwide/target:rw,Z" "-v" "/var/lib/crater-agent-workspace/builds/worker-6-tc1/source:/opt/rustwide/workdir:ro,Z" "-v" "/var/lib/crater-agent-workspace/cargo-home:/opt/rustwide/cargo-home:ro,Z" "-v" "/var/lib/crater-agent-workspace/rustup-home:/opt/rustwide/rustup-home:ro,Z" "-e" "SOURCE_DIR=/opt/rustwide/workdir" "-e" "CARGO_TARGET_DIR=/opt/rustwide/target" "-e" "CARGO_HOME=/opt/rustwide/cargo-home" "-e" "RUSTUP_HOME=/opt/rustwide/rustup-home" "-w" "/opt/rustwide/workdir" "-m" "1610612736" "--user" "0:0" "--network" "none" "ghcr.io/rust-lang/crates-build-env/linux@sha256:5ff2268d62e97bff2cde7d5815dd6ed5b47097566f13b8d0ca110b04b60e07ed" "/opt/rustwide/cargo-home/bin/cargo" "+1.69.0" "metadata" "--no-deps" "--format-version=1", kill_on_drop: false }`
[INFO] [stdout] abecc9427329ac88203d5bd185070fbaf85570beaceba0648b5ce64f02003398
[INFO] running `Command { std: "docker" "start" "-a" "abecc9427329ac88203d5bd185070fbaf85570beaceba0648b5ce64f02003398", kill_on_drop: false }`
[INFO] running `Command { std: "docker" "inspect" "abecc9427329ac88203d5bd185070fbaf85570beaceba0648b5ce64f02003398", kill_on_drop: false }`
[INFO] running `Command { std: "docker" "rm" "-f" "abecc9427329ac88203d5bd185070fbaf85570beaceba0648b5ce64f02003398", kill_on_drop: false }`
[INFO] [stdout] abecc9427329ac88203d5bd185070fbaf85570beaceba0648b5ce64f02003398
[INFO] running `Command { std: "docker" "create" "-v" "/var/lib/crater-agent-workspace/builds/worker-6-tc1/target:/opt/rustwide/target:rw,Z" "-v" "/var/lib/crater-agent-workspace/builds/worker-6-tc1/source:/opt/rustwide/workdir:ro,Z" "-v" "/var/lib/crater-agent-workspace/cargo-home:/opt/rustwide/cargo-home:ro,Z" "-v" "/var/lib/crater-agent-workspace/rustup-home:/opt/rustwide/rustup-home:ro,Z" "-e" "SOURCE_DIR=/opt/rustwide/workdir" "-e" "CARGO_TARGET_DIR=/opt/rustwide/target" "-e" "CARGO_INCREMENTAL=0" "-e" "RUST_BACKTRACE=full" "-e" "RUSTFLAGS=--cap-lints=warn" "-e" "RUSTDOCFLAGS=--cap-lints=warn" "-e" "CARGO_HOME=/opt/rustwide/cargo-home" "-e" "RUSTUP_HOME=/opt/rustwide/rustup-home" "-w" "/opt/rustwide/workdir" "-m" "1610612736" "--user" "0:0" "--network" "none" "ghcr.io/rust-lang/crates-build-env/linux@sha256:5ff2268d62e97bff2cde7d5815dd6ed5b47097566f13b8d0ca110b04b60e07ed" "/opt/rustwide/cargo-home/bin/cargo" "+1.69.0" "build" "--frozen" "--message-format=json", kill_on_drop: false }`
[INFO] [stdout] f1c783a38642b18b3c683c3c4dc82f3578c90f71502bfeccd3934b6f7bf446fa
[INFO] running `Command { std: "docker" "start" "-a" "f1c783a38642b18b3c683c3c4dc82f3578c90f71502bfeccd3934b6f7bf446fa", kill_on_drop: false }`
[INFO] [stderr]    Compiling serde v1.0.160
[INFO] [stderr]    Compiling syn v1.0.109
[INFO] [stderr]    Compiling either v1.8.1
[INFO] [stderr]    Compiling futures-core v0.3.28
[INFO] [stderr]    Compiling byteorder v1.4.3
[INFO] [stderr]    Compiling safe-proc-macro2 v1.0.36
[INFO] [stderr]    Compiling typenum v1.16.0
[INFO] [stderr]    Compiling generic-array v0.14.7
[INFO] [stderr]    Compiling num-traits v0.2.15
[INFO] [stderr]    Compiling anyhow v1.0.71
[INFO] [stderr]    Compiling futures-task v0.3.28
[INFO] [stderr]    Compiling cpufeatures v0.2.7
[INFO] [stderr]    Compiling syn v2.0.15
[INFO] [stderr]    Compiling hex v0.4.3
[INFO] [stderr]    Compiling time-macros v0.2.8
[INFO] [stderr]    Compiling eyre v0.6.8
[INFO] [stderr]    Compiling futures-sink v0.3.28
[INFO] [stderr]    Compiling itertools v0.10.5
[INFO] [stderr]    Compiling futures-util v0.3.28
[INFO] [stderr]    Compiling futures-channel v0.3.28
[INFO] [stderr]    Compiling unicode-xid v0.2.4
[INFO] [stderr]    Compiling flex-error v0.4.4
[INFO] [stderr]    Compiling num-integer v0.1.45
[INFO] [stderr]    Compiling subtle-ng v2.5.0
[INFO] [stderr]    Compiling crunchy v0.2.2
[INFO] [stderr]    Compiling rand_core v0.6.4
[INFO] [stderr]    Compiling serde_json v1.0.96
[INFO] [stderr]    Compiling num-bigint v0.4.3
[INFO] [stderr]    Compiling static_assertions v1.1.0
[INFO] [stderr]    Compiling futures-io v0.3.28
[INFO] [stderr]    Compiling signature v1.6.4
[INFO] [stderr]    Compiling num-rational v0.4.1
[INFO] [stderr]    Compiling erased-serde v0.3.25
[INFO] [stderr]    Compiling ed25519 v1.5.3
[INFO] [stderr]    Compiling subtle v2.5.0
[INFO] [stderr]    Compiling keccak v0.1.3
[INFO] [stderr]    Compiling safe-quote v1.0.15
[INFO] [stderr]    Compiling uint v0.9.5
[INFO] [stderr]    Compiling fixed-hash v0.8.0
[INFO] [stderr]    Compiling base64 v0.13.1
[INFO] [stderr]    Compiling safe-regex-compiler v0.2.5
[INFO] [stderr]    Compiling dyn-clone v1.0.11
[INFO] [stderr]    Compiling block-buffer v0.10.4
[INFO] [stderr]    Compiling crypto-common v0.1.6
[INFO] [stderr]    Compiling digest v0.9.0
[INFO] [stderr]    Compiling block-buffer v0.9.0
[INFO] [stderr]    Compiling digest v0.10.6
[INFO] [stderr]    Compiling sha2 v0.9.9
[INFO] [stderr]    Compiling time v0.3.20
[INFO] [stderr]    Compiling sha2 v0.10.6
[INFO] [stderr]    Compiling ripemd v0.1.3
[INFO] [stderr]    Compiling sha3 v0.10.7
[INFO] [stderr]    Compiling safe-regex-macro v0.2.5
[INFO] [stderr]    Compiling safe-regex v0.2.5
[INFO] [stderr]    Compiling futures v0.3.28
[INFO] [stderr]    Compiling prost-derive v0.11.9
[INFO] [stderr]    Compiling num-derive v0.3.3
[INFO] [stderr]    Compiling derive_more v0.99.17
[INFO] [stderr]    Compiling serde_derive v1.0.160
[INFO] [stderr]    Compiling zeroize_derive v1.4.2
[INFO] [stderr]    Compiling serde_repr v0.1.12
[INFO] [stderr]    Compiling zeroize v1.6.0
[INFO] [stderr]    Compiling subtle-encoding v0.5.1
[INFO] [stderr]    Compiling curve25519-dalek-ng v4.1.1
[INFO] [stderr]    Compiling ed25519-consensus v2.1.0
[INFO] [stderr]    Compiling bytes v1.4.0
[INFO] [stderr]    Compiling serde_bytes v0.11.9
[INFO] [stderr]    Compiling impl-serde v0.4.0
[INFO] [stderr]    Compiling primitive-types v0.12.1
[INFO] [stderr]    Compiling prost v0.11.9
[INFO] [stderr]    Compiling prost-types v0.11.9
[INFO] [stderr]    Compiling ics23 v0.9.0
[INFO] [stderr]    Compiling tendermint-proto v0.30.0
[INFO] [stderr]    Compiling tendermint v0.30.0
[INFO] [stderr]    Compiling ibc-proto v0.28.0
[INFO] [stderr]    Compiling tendermint-light-client-verifier v0.30.0
[INFO] [stderr]    Compiling ibc-relayer-types v0.23.0 (/opt/rustwide/workdir)
[INFO] [stderr]     Finished dev [unoptimized + debuginfo] target(s) in 46.61s
[INFO] running `Command { std: "docker" "inspect" "f1c783a38642b18b3c683c3c4dc82f3578c90f71502bfeccd3934b6f7bf446fa", kill_on_drop: false }`
[INFO] running `Command { std: "docker" "rm" "-f" "f1c783a38642b18b3c683c3c4dc82f3578c90f71502bfeccd3934b6f7bf446fa", kill_on_drop: false }`
[INFO] [stdout] f1c783a38642b18b3c683c3c4dc82f3578c90f71502bfeccd3934b6f7bf446fa
[INFO] running `Command { std: "docker" "create" "-v" "/var/lib/crater-agent-workspace/builds/worker-6-tc1/target:/opt/rustwide/target:rw,Z" "-v" "/var/lib/crater-agent-workspace/builds/worker-6-tc1/source:/opt/rustwide/workdir:ro,Z" "-v" "/var/lib/crater-agent-workspace/cargo-home:/opt/rustwide/cargo-home:ro,Z" "-v" "/var/lib/crater-agent-workspace/rustup-home:/opt/rustwide/rustup-home:ro,Z" "-e" "SOURCE_DIR=/opt/rustwide/workdir" "-e" "CARGO_TARGET_DIR=/opt/rustwide/target" "-e" "CARGO_INCREMENTAL=0" "-e" "RUST_BACKTRACE=full" "-e" "RUSTFLAGS=--cap-lints=warn" "-e" "RUSTDOCFLAGS=--cap-lints=warn" "-e" "CARGO_HOME=/opt/rustwide/cargo-home" "-e" "RUSTUP_HOME=/opt/rustwide/rustup-home" "-w" "/opt/rustwide/workdir" "-m" "1610612736" "--user" "0:0" "--network" "none" "ghcr.io/rust-lang/crates-build-env/linux@sha256:5ff2268d62e97bff2cde7d5815dd6ed5b47097566f13b8d0ca110b04b60e07ed" "/opt/rustwide/cargo-home/bin/cargo" "+1.69.0" "test" "--frozen" "--no-run" "--message-format=json", kill_on_drop: false }`
[INFO] [stdout] 11942c77d36938e278ba689fca4498d136caa5c2d12b77cc06ae17d23f6e83dc
[INFO] running `Command { std: "docker" "start" "-a" "11942c77d36938e278ba689fca4498d136caa5c2d12b77cc06ae17d23f6e83dc", kill_on_drop: false }`
[INFO] [stderr]     Blocking waiting for file lock on package cache
[INFO] [stderr]     Blocking waiting for file lock on package cache
[INFO] [stderr]    Compiling serde v1.0.160
[INFO] [stderr]    Compiling syn v1.0.109
[INFO] [stderr]    Compiling ring v0.16.20
[INFO] [stderr]    Compiling futures-core v0.3.28
[INFO] [stderr]    Compiling slab v0.4.8
[INFO] [stderr]    Compiling futures-channel v0.3.28
[INFO] [stderr]    Compiling futures-sink v0.3.28
[INFO] [stderr]    Compiling futures-task v0.3.28
[INFO] [stderr]    Compiling futures-util v0.3.28
[INFO] [stderr]    Compiling syn v2.0.15
[INFO] [stderr]    Compiling futures-io v0.3.28
[INFO] [stderr]    Compiling getrandom v0.2.9
[INFO] [stderr]    Compiling crypto-common v0.1.6
[INFO] [stderr]    Compiling tokio v1.28.0
[INFO] [stderr]    Compiling base64 v0.13.1
[INFO] [stderr]    Compiling socket2 v0.4.9
[INFO] [stderr]    Compiling mio v0.8.6
[INFO] [stderr]    Compiling digest v0.10.6
[INFO] [stderr]    Compiling tracing-core v0.1.30
[INFO] [stderr]    Compiling rand_core v0.6.4
[INFO] [stderr]    Compiling serde_json v1.0.96
[INFO] [stderr]    Compiling tinyvec_macros v0.1.1
[INFO] [stderr]    Compiling tinyvec v1.6.0
[INFO] [stderr]    Compiling sha2 v0.10.6
[INFO] [stderr]    Compiling rustix v0.37.18
[INFO] [stderr]    Compiling unicode-bidi v0.3.13
[INFO] [stderr]    Compiling rustls v0.20.8
[INFO] [stderr]    Compiling sha1 v0.10.5
[INFO] [stderr]    Compiling tracing v0.1.37
[INFO] [stderr]    Compiling thiserror v1.0.40
[INFO] [stderr]    Compiling rand_chacha v0.3.1
[INFO] [stderr]    Compiling mime v0.3.17
[INFO] [stderr]    Compiling semver v1.0.17
[INFO] [stderr]    Compiling regex-syntax v0.7.1
[INFO] [stderr]    Compiling rand v0.8.5
[INFO] [stderr]    Compiling async-trait v0.1.68
[INFO] [stderr]    Compiling regex-syntax v0.6.29
[INFO] [stderr]    Compiling peg-runtime v0.7.0
[INFO] [stderr]    Compiling sha3 v0.10.7
[INFO] [stderr]    Compiling uint v0.9.5
[INFO] [stderr]    Compiling ripemd v0.1.3
[INFO] [stderr]    Compiling overload v0.1.1
[INFO] [stderr]    Compiling unicode-normalization v0.1.22
[INFO] [stderr]    Compiling nu-ansi-term v0.46.0
[INFO] [stderr]    Compiling walkdir v2.3.3
[INFO] [stderr]    Compiling tracing-log v0.1.3
[INFO] [stderr]    Compiling sharded-slab v0.1.4
[INFO] [stderr]    Compiling thread_local v1.1.7
[INFO] [stderr]    Compiling peg-macros v0.7.0
[INFO] [stderr]    Compiling idna v0.3.0
[INFO] [stderr]    Compiling smallvec v1.10.0
[INFO] [stderr]    Compiling simple-error v0.2.3
[INFO] [stderr]    Compiling uuid v0.8.2
[INFO] [stderr]    Compiling url v2.3.1
[INFO] [stderr]    Compiling regex v1.8.1
[INFO] [stderr]    Compiling regex-automata v0.1.10
[INFO] [stderr]    Compiling tempfile v3.5.0
[INFO] [stderr]    Compiling is-terminal v0.4.7
[INFO] [stderr]    Compiling peg v0.7.0
[INFO] [stderr]    Compiling webpki v0.21.4
[INFO] [stderr]    Compiling sct v0.6.1
[INFO] [stderr]    Compiling sct v0.7.0
[INFO] [stderr]    Compiling webpki v0.22.0
[INFO] [stderr]    Compiling env_logger v0.10.0
[INFO] [stderr]    Compiling ct-logs v0.8.0
[INFO] [stderr]    Compiling matchers v0.1.0
[INFO] [stderr]    Compiling rustls v0.19.1
[INFO] [stderr]    Compiling webpki-roots v0.21.1
[INFO] [stderr]    Compiling prost-derive v0.11.9
[INFO] [stderr]    Compiling num-derive v0.3.3
[INFO] [stderr]    Compiling derive_more v0.99.17
[INFO] [stderr]    Compiling gumdrop_derive v0.8.1
[INFO] [stderr]    Compiling pin-project-internal v1.0.12
[INFO] [stderr]    Compiling test-log v0.2.11
[INFO] [stderr]    Compiling serde_derive v1.0.160
[INFO] [stderr]    Compiling futures-macro v0.3.28
[INFO] [stderr]    Compiling zeroize_derive v1.4.2
[INFO] [stderr]    Compiling tokio-macros v2.1.0
[INFO] [stderr]    Compiling serde_repr v0.1.12
[INFO] [stderr]    Compiling thiserror-impl v1.0.40
[INFO] [stderr]    Compiling rustls-native-certs v0.5.0
[INFO] [stderr]    Compiling zeroize v1.6.0
[INFO] [stderr]    Compiling pin-project v1.0.12
[INFO] [stderr]    Compiling subtle-encoding v0.5.1
[INFO] [stderr]    Compiling curve25519-dalek-ng v4.1.1
[INFO] [stderr]    Compiling gumdrop v0.8.1
[INFO] [stderr]    Compiling ed25519-consensus v2.1.0
[INFO] [stderr]    Compiling futures-executor v0.3.28
[INFO] [stderr]    Compiling futures v0.3.28
[INFO] [stderr]    Compiling bytes v1.4.0
[INFO] [stderr]    Compiling serde_bytes v0.11.9
[INFO] [stderr]    Compiling impl-serde v0.4.0
[INFO] [stderr]    Compiling toml v0.5.11
[INFO] [stderr]    Compiling tracing-serde v0.1.3
[INFO] [stderr]    Compiling erased-serde v0.3.25
[INFO] [stderr]    Compiling primitive-types v0.12.1
[INFO] [stderr]    Compiling http v0.2.9
[INFO] [stderr]    Compiling prost v0.11.9
[INFO] [stderr]    Compiling prost-types v0.11.9
[INFO] [stderr]    Compiling ics23 v0.9.0
[INFO] [stderr]    Compiling tracing-subscriber v0.3.17
[INFO] [stderr]    Compiling http-body v0.4.5
[INFO] [stderr]    Compiling headers-core v0.2.0
[INFO] [stderr]    Compiling tungstenite v0.18.0
[INFO] [stderr]    Compiling headers v0.3.8
[INFO] [stderr]    Compiling tendermint-proto v0.30.0
[INFO] [stderr]    Compiling tokio-util v0.7.8
[INFO] [stderr]    Compiling tokio-rustls v0.22.0
[INFO] [stderr]    Compiling tokio-rustls v0.23.4
[INFO] [stderr]    Compiling async-tungstenite v0.20.0
[INFO] [stderr]    Compiling h2 v0.3.18
[INFO] [stderr]    Compiling tendermint v0.30.0
[INFO] [stderr]    Compiling ibc-proto v0.28.0
[INFO] [stderr]    Compiling hyper v0.14.26
[INFO] [stderr]    Compiling hyper-rustls v0.22.1
[INFO] [stderr]    Compiling hyper-proxy v0.9.1
[INFO] [stderr]    Compiling tendermint-config v0.30.0
[INFO] [stderr]    Compiling tendermint-light-client-verifier v0.30.0
[INFO] [stderr]    Compiling tendermint-testgen v0.30.0
[INFO] [stderr]    Compiling tendermint-rpc v0.30.0
[INFO] [stderr]    Compiling ibc-relayer-types v0.23.0 (/opt/rustwide/workdir)
[INFO] [stderr]     Finished test [unoptimized + debuginfo] target(s) in 1m 09s
[INFO] running `Command { std: "docker" "inspect" "11942c77d36938e278ba689fca4498d136caa5c2d12b77cc06ae17d23f6e83dc", kill_on_drop: false }`
[INFO] running `Command { std: "docker" "rm" "-f" "11942c77d36938e278ba689fca4498d136caa5c2d12b77cc06ae17d23f6e83dc", kill_on_drop: false }`
[INFO] [stdout] 11942c77d36938e278ba689fca4498d136caa5c2d12b77cc06ae17d23f6e83dc
[INFO] running `Command { std: "docker" "create" "-v" "/var/lib/crater-agent-workspace/builds/worker-6-tc1/target:/opt/rustwide/target:rw,Z" "-v" "/var/lib/crater-agent-workspace/builds/worker-6-tc1/source:/opt/rustwide/workdir:ro,Z" "-v" "/var/lib/crater-agent-workspace/cargo-home:/opt/rustwide/cargo-home:ro,Z" "-v" "/var/lib/crater-agent-workspace/rustup-home:/opt/rustwide/rustup-home:ro,Z" "-e" "SOURCE_DIR=/opt/rustwide/workdir" "-e" "CARGO_TARGET_DIR=/opt/rustwide/target" "-e" "CARGO_INCREMENTAL=0" "-e" "RUST_BACKTRACE=full" "-e" "RUSTFLAGS=--cap-lints=warn" "-e" "RUSTDOCFLAGS=--cap-lints=warn" "-e" "CARGO_HOME=/opt/rustwide/cargo-home" "-e" "RUSTUP_HOME=/opt/rustwide/rustup-home" "-w" "/opt/rustwide/workdir" "-m" "1610612736" "--user" "0:0" "--network" "none" "ghcr.io/rust-lang/crates-build-env/linux@sha256:5ff2268d62e97bff2cde7d5815dd6ed5b47097566f13b8d0ca110b04b60e07ed" "/opt/rustwide/cargo-home/bin/cargo" "+1.69.0" "test" "--frozen", kill_on_drop: false }`
[INFO] [stdout] 894284842ec32ef58341f071968ca4ccbd44bdc5a34088b74c7ad3c3bded3780
[INFO] running `Command { std: "docker" "start" "-a" "894284842ec32ef58341f071968ca4ccbd44bdc5a34088b74c7ad3c3bded3780", kill_on_drop: false }`
[INFO] [stderr]     Finished test [unoptimized + debuginfo] target(s) in 0.33s
[INFO] [stderr]      Running unittests src/lib.rs (/opt/rustwide/target/debug/deps/ibc_relayer_types-3254381ffe3cabd9)
[INFO] [stdout] 
[INFO] [stdout] running 110 tests
[INFO] [stdout] test applications::transfer::acknowledgement::test::test_ack_ser ... ok
[INFO] [stdout] test applications::transfer::acknowledgement::test::test_ack_de ... ok
[INFO] [stdout] test applications::transfer::coin::tests::test_parse_raw_coin_list ... ok
[INFO] [stdout] test applications::transfer::coin::tests::test_parse_raw_coin ... ok
[INFO] [stdout] test applications::transfer::denom::tests::test_denom_trace ... ok
[INFO] [stdout] test applications::transfer::denom::tests::test_denom_validation ... ok
[INFO] [stdout] test applications::transfer::denom::tests::test_trace_path ... ok
[INFO] [stdout] test applications::transfer::denom::tests::test_denom_serde ... ok
[INFO] [stdout] test clients::ics07_tendermint::client_state::tests::client_state_verify_delay_passed ... ok
[INFO] [stdout] test clients::ics07_tendermint::client_state::tests::client_state_new ... ok
[INFO] [stdout] test clients::ics07_tendermint::client_state::tests::client_state_verify_height ... ok
[INFO] [stdout] test core::ics02_client::msgs::upgrade_client::tests::msg_upgrade_client_serialization ... ok
[INFO] [stdout] test clients::ics07_tendermint::client_state::tests::serialization_roundtrip_with_proof ... ok
[INFO] [stdout] test clients::ics07_tendermint::consensus_state::tests::serialization_roundtrip_no_proof ... ok
[INFO] [stdout] test clients::ics07_tendermint::consensus_state::tests::serialization_roundtrip_with_proof ... ok
[INFO] [stdout] test core::ics02_client::client_type::tests::parse_tendermint_as_string_result ... ok
[INFO] [stdout] test clients::ics07_tendermint::client_state::tests::serialization_roundtrip_no_proof ... ok
[INFO] [stdout] test core::ics03_connection::msgs::conn_open_confirm::tests::parse_connection_open_confirm_msg ... ok
[INFO] [stdout] test core::ics03_connection::msgs::conn_open_ack::tests::to_and_from ... ok
[INFO] [stdout] test core::ics02_client::msgs::update_client::tests::msg_update_client_serialization ... ok
[INFO] [stdout] test core::ics03_connection::msgs::conn_open_ack::tests::parse_connection_open_ack_msg ... ok
[INFO] [stdout] test core::ics02_client::client_type::tests::parse_tendermint_client_type ... ok
[INFO] [stdout] test core::ics02_client::client_type::tests::parse_unknown_client_type ... ok
[INFO] [stdout] test core::ics02_client::client_type::tests::parse_mock_client_type ... ok
[INFO] [stdout] test core::ics02_client::client_type::tests::parse_mock_as_string_result ... ok
[INFO] [stdout] test core::ics02_client::msgs::create_client::tests::msg_create_client_serialization ... ok
[INFO] [stdout] test core::ics03_connection::msgs::conn_open_init::tests::to_and_from ... ok
[INFO] [stdout] test core::ics03_connection::version::tests::pick ... ok
[INFO] [stdout] test core::ics04_channel::msgs::chan_close_confirm::tests::parse_channel_close_confirm_msg ... ok
[INFO] [stdout] test core::ics03_connection::msgs::conn_open_try::tests::to_and_from ... ok
[INFO] [stdout] test core::ics04_channel::msgs::chan_close_confirm::tests::to_and_from ... ok
[INFO] [stdout] test core::ics03_connection::version::tests::verify ... ok
[INFO] [stdout] test core::ics03_connection::version::tests::serialize ... ok
[INFO] [stdout] test core::ics03_connection::msgs::conn_open_init::tests::parse_connection_open_init_msg ... ok
[INFO] [stdout] test core::ics03_connection::msgs::conn_open_try::tests::parse_connection_open_try_msg ... ok
[INFO] [stdout] test core::ics03_connection::msgs::conn_open_confirm::tests::to_and_from ... ok
[INFO] [stdout] test core::ics04_channel::msgs::chan_close_init::tests::parse_channel_close_init_msg ... ok
[INFO] [stdout] test core::ics04_channel::channel::tests::channel_end_try_from_raw ... ok
[INFO] [stdout] test core::ics04_channel::msgs::chan_open_ack::tests::parse_channel_open_ack_msg ... ok
[INFO] [stdout] test core::ics04_channel::channel::tests::parse_channel_ordering_type ... ok
[INFO] [stdout] test core::ics04_channel::msgs::chan_close_init::tests::to_and_from ... ok
[INFO] [stdout] test core::ics04_channel::msgs::chan_open_init::tests::channel_open_init_from_raw ... ok
[INFO] [stdout] test core::ics04_channel::msgs::acknowledgement::test::msg_acknowledgment_try_from_raw ... ok
[INFO] [stdout] test core::ics04_channel::msgs::chan_open_ack::tests::to_and_from ... ok
[INFO] [stdout] test core::ics04_channel::msgs::chan_open_init::tests::to_and_from ... ok
[INFO] [stdout] test core::ics04_channel::msgs::chan_open_confirm::tests::parse_channel_open_confirm_msg ... ok
[INFO] [stdout] test core::ics04_channel::msgs::recv_packet::test::msg_recv_packet_try_from_raw ... ok
[INFO] [stdout] test core::ics04_channel::msgs::chan_open_try::tests::to_and_from ... ok
[INFO] [stdout] test core::ics04_channel::msgs::timeout::test::to_and_from ... ok
[INFO] [stdout] test core::ics04_channel::msgs::chan_open_confirm::tests::to_and_from ... ok
[INFO] [stdout] test core::ics24_host::path::tests::channels_path_doesnt_parse ... ok
[INFO] [stdout] test core::ics04_channel::version::test::test_ics29_version ... ok
[INFO] [stdout] test core::ics24_host::path::tests::client_consensus_state_path_parses ... ok
[INFO] [stdout] test core::ics24_host::path::tests::client_state_path_parses ... ok
[INFO] [stdout] test core::ics04_channel::msgs::chan_open_try::tests::channel_open_try_from_raw ... ok
[INFO] [stdout] test core::ics24_host::path::tests::acks_path_parses ... ok
[INFO] [stdout] test core::ics04_channel::msgs::timeout_on_close::tests::parse_timeout_on_close_msg ... ok
[INFO] [stdout] test core::ics04_channel::msgs::timeout_on_close::tests::msg_timeout_on_close_try_from_raw ... ok
[INFO] [stdout] test core::ics04_channel::msgs::timeout::test::msg_timeout_try_from_raw ... ok
[INFO] [stdout] test core::ics24_host::path::tests::channel_ends_path_parses ... ok
[INFO] [stdout] test core::ics04_channel::msgs::recv_packet::test::to_and_from ... ok
[INFO] [stdout] test core::ics24_host::path::tests::client_type_path_parses ... ok
[INFO] [stdout] test core::ics04_channel::packet::tests::to_and_from ... ok
[INFO] [stdout] test core::ics24_host::path::tests::commitments_path_parses ... ok
[INFO] [stdout] test core::ics04_channel::packet::tests::packet_try_from_raw ... ok
[INFO] [stdout] test core::ics24_host::path::tests::invalid_path_doesnt_parse ... ok
[INFO] [stdout] test core::ics24_host::path::tests::ports_path_parses ... ok
[INFO] [stdout] test core::ics24_host::path::tests::client_connections_path_parses ... ok
[INFO] [stdout] test core::ics24_host::path::tests::sequence_recv_path_parses ... ok
[INFO] [stdout] test core::ics24_host::path::tests::connections_path_parses ... ok
[INFO] [stdout] test core::ics24_host::path::tests::sequence_send_path_parses ... ok
[INFO] [stdout] test core::ics24_host::path::tests::sequences_path_doesnt_parse ... ok
[INFO] [stdout] test core::ics24_host::path::tests::test_parse_acks_fn ... ok
[INFO] [stdout] test core::ics24_host::path::tests::test_parse_client_paths_fn ... ok
[INFO] [stdout] test core::ics24_host::path::tests::sequence_ack_path_parses ... ok
[INFO] [stdout] test core::ics24_host::path::tests::receipts_path_parses ... ok
[INFO] [stdout] test core::ics24_host::path::tests::test_parse_commitments_fn ... ok
[INFO] [stdout] test core::ics24_host::path::tests::test_parse_channels_fn ... ok
[INFO] [stdout] test core::ics24_host::path::tests::test_parse_connections_fn ... ok
[INFO] [stdout] test core::ics24_host::path::tests::test_parse_channel_ends_fn ... ok
[INFO] [stdout] test core::ics24_host::path::tests::test_parse_ports_fn ... ok
[INFO] [stdout] test core::ics24_host::path::tests::test_parse_receipts_fn ... ok
[INFO] [stdout] test core::ics24_host::path::tests::test_parse_seqs_fn ... ok
[INFO] [stdout] test core::ics24_host::path::tests::test_parse_sequences_fn ... ok
[INFO] [stdout] test core::ics24_host::path::tests::test_parse_upgrades_fn ... ok
[INFO] [stdout] test core::ics24_host::path::tests::upgrade_client_consensus_state_path_parses ... ok
[INFO] [stdout] test core::ics24_host::validate::tests::parse_channel_id_max ... ok
[INFO] [stdout] test core::ics24_host::validate::tests::parse_connection_id_max ... ok
[INFO] [stdout] test mock::header::tests::encode_any ... ok
[INFO] [stdout] test core::ics24_host::validate::tests::parse_client_id_max ... ok
[INFO] [stdout] test utils::pretty::tests::test_pretty_duration_secs ... ok
[INFO] [stdout] test utils::pretty::tests::test_pretty_duration_micros ... ok
[INFO] [stdout] test utils::pretty::tests::test_pretty_duration_millis ... ok
[INFO] [stdout] test core::ics24_host::validate::tests::parse_invalid_id_chars ... ok
[INFO] [stdout] test timestamp::tests::subtract_compare ... ok
[INFO] [stdout] test core::ics24_host::validate::tests::parse_invalid_client_id_min ... ok
[INFO] [stdout] test utils::pretty::tests::test_pretty_option_none ... ok
[INFO] [stdout] test core::ics24_host::validate::tests::parse_invalid_port_id_min ... ok
[INFO] [stdout] test core::ics24_host::validate::tests::parse_invalid_id_path_separator ... ok
[INFO] [stdout] test core::ics24_host::validate::tests::parse_invalid_port_id_max ... ok
[INFO] [stdout] test core::ics24_host::path::tests::upgrade_client_state_path_parses ... ok
[INFO] [stdout] test core::ics24_host::validate::tests::parse_invalid_id_empty ... ok
[INFO] [stdout] test utils::pretty::tests::test_pretty_option_some ... ok
[INFO] [stdout] test core::ics24_host::validate::tests::parse_invalid_connection_id_min ... ok
[INFO] [stdout] test core::ics24_host::validate::tests::parse_invalid_channel_id_min ... ok
[INFO] [stdout] test utils::pretty::tests::test_pretty_vec_display ... ok
[INFO] [stdout] test utils::pretty::tests::test_pretty_vec_empty_vec ... ok
[INFO] [stdout] test timestamp::tests::test_timestamp_comparisons ... ok
[INFO] [stdout] test utils::pretty::tests::test_pretty_vec_single_element ... ok
[INFO] [stdout] test timestamp::tests::test_timestamp_arithmetic ... ok
[INFO] [stdout] 
[INFO] [stdout] test result: ok. 110 passed; 0 failed; 0 ignored; 0 measured; 0 filtered out; finished in 0.01s
[INFO] [stdout] 
[INFO] [stderr]    Doc-tests ibc-relayer-types
[INFO] [stdout] 
[INFO] [stdout] running 13 tests
[INFO] [stdout] test src/core/ics03_connection/connection.rs - core::ics03_connection::connection::State::less_or_equal_progress (line 362) ... ignored
[INFO] [stdout] test src/core/ics04_channel/channel.rs - core::ics04_channel::channel::State::less_or_equal_progress (line 421) ... ignored
[INFO] [stdout] test src/macros.rs - macros::downcast (line 8) ... ok
[INFO] [stdout] test src/core/ics24_host/identifier.rs - core::ics24_host::identifier::ChannelId::new (line 350) ... FAILED
[INFO] [stdout] test src/timestamp.rs - timestamp::Timestamp::nanoseconds (line 108) ... FAILED
[INFO] [stdout] test src/core/ics24_host/identifier.rs - core::ics24_host::identifier::ClientId::new (line 150) ... FAILED
[INFO] [stdout] test src/core/ics24_host/identifier.rs - core::ics24_host::identifier::ChainId::new (line 30) ... FAILED
[INFO] [stdout] test src/core/ics24_host/identifier.rs - core::ics24_host::identifier::ChainId::is_epoch_format (line 92) ... ok
[INFO] [stdout] test src/core/ics24_host/identifier.rs - core::ics24_host::identifier::ChainId::chain_version (line 69) ... ok
[INFO] [stdout] test src/core/ics24_host/identifier.rs - core::ics24_host::identifier::ConnectionId::new (line 230) ... ok
[INFO] [stdout] test src/core/ics24_host/identifier.rs - core::ics24_host::identifier::ClientId (line 208) ... ok
[INFO] [stdout] test src/core/ics24_host/identifier.rs - core::ics24_host::identifier::ConnectionId (line 278) ... ok
[INFO] [stdout] test src/core/ics24_host/identifier.rs - core::ics24_host::identifier::ChannelId (line 399) ... ok
[INFO] [stdout] 
[INFO] [stdout] failures:
[INFO] [stdout] 
[INFO] [stdout] ---- src/core/ics24_host/identifier.rs - core::ics24_host::identifier::ChannelId::new (line 350) stdout ----
[INFO] [stdout] error: linking with `cc` failed: exit status: 1
[INFO] [stdout]   |
[INFO] [stdout]   = note: LC_ALL="C" PATH="/opt/rustwide/rustup-home/toolchains/1.69.0-x86_64-unknown-linux-gnu/lib/rustlib/x86_64-unknown-linux-gnu/bin:/opt/rustwide/cargo-home/bin:/usr/local/sbin:/usr/local/bin:/usr/sbin:/usr/bin:/sbin:/bin" VSLANG="1033" "cc" "-m64" "/tmp/rustc9p7eiF/symbols.o" "/tmp/rustdoctestoWG1V1/rust_out.rust_out.5bfee551-cgu.0.rcgu.o" "/tmp/rustdoctestoWG1V1/rust_out.j00p4ncf7xg64kg.rcgu.o" "-Wl,--as-needed" "-L" "/opt/rustwide/target/debug/deps" "-L" "/opt/rustwide/target/debug/deps" "-L" "/opt/rustwide/target/debug/build/ring-3d31b0bbaa3a7a2d/out" "-L" "/opt/rustwide/rustup-home/toolchains/1.69.0-x86_64-unknown-linux-gnu/lib/rustlib/x86_64-unknown-linux-gnu/lib" "-Wl,-Bstatic" "/opt/rustwide/target/debug/deps/libibc_relayer_types-e5d40ef32bc5f073.rlib" "/opt/rustwide/target/debug/deps/libics23-7e06a2ba5500f812.rlib" "/opt/rustwide/target/debug/deps/libsha3-a6a02100570e4ebc.rlib" "/opt/rustwide/target/debug/deps/libkeccak-1afd4d313c5b4b06.rlib" "/opt/rustwide/target/debug/deps/libripemd-5d3b5d97dd4e55cc.rlib" "/opt/rustwide/target/debug/deps/libanyhow-736fe7309bf4852f.rlib" "/opt/rustwide/target/debug/deps/libnum_rational-21b8450086028e95.rlib" "/opt/rustwide/target/debug/deps/libnum_bigint-644e8acab02f22e0.rlib" "/opt/rustwide/target/debug/deps/libnum_integer-791c410304c3f4b1.rlib" "/opt/rustwide/target/debug/deps/liberased_serde-9384a21deaba9f9d.rlib" "/opt/rustwide/target/debug/deps/libdyn_clone-e9cc5ecb301fed49.rlib" "/opt/rustwide/target/debug/deps/libtendermint_light_client_verifier-04fff6ffe8a9dc5a.rlib" "/opt/rustwide/target/debug/deps/libprimitive_types-9f1b5a97642a2dc5.rlib" "/opt/rustwide/target/debug/deps/libimpl_serde-5680a89a4293725b.rlib" "/opt/rustwide/target/debug/deps/libfixed_hash-fcb75ea2b158afc2.rlib" "/opt/rustwide/target/debug/deps/libuint-7807be65c3e67e2b.rlib" "/opt/rustwide/target/debug/deps/libcrunchy-368d7756e9f9b79a.rlib" "/opt/rustwide/target/debug/deps/libstatic_assertions-9a9c2cb46fa7a0a6.rlib" "/opt/rustwide/target/debug/deps/libsafe_regex-40c9d2000cbf09f1.rlib" "/opt/rustwide/target/debug/deps/libibc_proto-cb69288974e445f6.rlib" "/opt/rustwide/target/debug/deps/libbase64-bf03d2c781f3dc59.rlib" "/opt/rustwide/target/debug/deps/libtendermint-e061d5aff4bfe496.rlib" "/opt/rustwide/target/debug/deps/libed25519_consensus-0c7dd94e3549efc9.rlib" "/opt/rustwide/target/debug/deps/libhex-b3126c69c8678145.rlib" "/opt/rustwide/target/debug/deps/libsha2-18a96aca5af3c6c2.rlib" "/opt/rustwide/target/debug/deps/libopaque_debug-502d41d476583e16.rlib" "/opt/rustwide/target/debug/deps/libblock_buffer-78be346201ee5550.rlib" "/opt/rustwide/target/debug/deps/libcurve25519_dalek_ng-4d988ed3d9dbf8db.rlib" "/opt/rustwide/target/debug/deps/libsubtle_ng-a9e132d1703e24ef.rlib" "/opt/rustwide/target/debug/deps/librand_core-ce6d6793af94a765.rlib" "/opt/rustwide/target/debug/deps/libgetrandom-c76c97420b5a736b.rlib" "/opt/rustwide/target/debug/deps/liblibc-1c44c26a4c16f4d2.rlib" "/opt/rustwide/target/debug/deps/libdigest-5adbfaed384a1282.rlib" "/opt/rustwide/target/debug/deps/libbyteorder-f6bc7e7614c9a628.rlib" "/opt/rustwide/target/debug/deps/libed25519-bd6585588f1e4718.rlib" "/opt/rustwide/target/debug/deps/libsignature-64afe4b9d90c109d.rlib" "/opt/rustwide/target/debug/deps/libserde_json-11592750821d59ce.rlib" "/opt/rustwide/target/debug/deps/libryu-87a43729435ac998.rlib" "/opt/rustwide/target/debug/deps/libitoa-12e0c769e046c1b6.rlib" "/opt/rustwide/target/debug/deps/libsha2-3717aa8bc7a1e7ee.rlib" "/opt/rustwide/target/debug/deps/libcpufeatures-e143b41ca3b14af5.rlib" "/opt/rustwide/target/debug/deps/libcfg_if-e5e118dd7d121aaa.rlib" "/opt/rustwide/target/debug/deps/libdigest-6c582ead3dd6abff.rlib" "/opt/rustwide/target/debug/deps/libblock_buffer-0933e09cece281a1.rlib" "/opt/rustwide/target/debug/deps/libcrypto_common-5a97f1b230e1e099.rlib" "/opt/rustwide/target/debug/deps/libgeneric_array-f03e3e3fb3ca464f.rlib" "/opt/rustwide/target/debug/deps/libtypenum-d40a559dcc4c7492.rlib" "/opt/rustwide/target/debug/deps/libsubtle-14ab5e25cad5d312.rlib" "/opt/rustwide/target/debug/deps/libtendermint_proto-52f1abb560eb89b9.rlib" "/opt/rustwide/target/debug/deps/libnum_traits-76b6768da4342038.rlib" "/opt/rustwide/target/debug/deps/libtime-85a3bd71c70f8b99.rlib" "/opt/rustwide/target/debug/deps/libtime_core-4a74880e8761e797.rlib" "/opt/rustwide/target/debug/deps/libsubtle_encoding-95951569cc0656d1.rlib" "/opt/rustwide/target/debug/deps/libzeroize-f5115397034c9fdb.rlib" "/opt/rustwide/target/debug/deps/libitertools-3711df8fd9a32aec.rlib" "/opt/rustwide/target/debug/deps/libeither-e407352f1a2e3c73.rlib" "/opt/rustwide/target/debug/deps/libprost-b95348a67d604c8b.rlib" "/opt/rustwide/target/debug/deps/libbytes-287e6f930cd71aa9.rlib" "/opt/rustwide/target/debug/deps/libserde-3c82429e1ef93887.rlib" "/opt/rustwide/target/debug/deps/libflex_error-be739b2af13491b2.rlib" "/opt/rustwide/target/debug/deps/libeyre-2b97b8ccfd736885.rlib" "/opt/rustwide/target/debug/deps/libindenter-635cff9c311edd67.rlib" "/opt/rustwide/target/debug/deps/libonce_cell-7d2ec3fb6b6c5a4d.rlib" "/opt/rustwide/rustup-home/toolchains/1.69.0-x86_64-unknown-linux-gnu/lib/rustlib/x86_64-unknown-linux-gnu/lib/libstd-89bc084783fdc439.rlib" "/opt/rustwide/rustup-home/toolchains/1.69.0-x86_64-unknown-linux-gnu/lib/rustlib/x86_64-unknown-linux-gnu/lib/libpanic_unwind-8bee4b287d4367c1.rlib" "/opt/rustwide/rustup-home/toolchains/1.69.0-x86_64-unknown-linux-gnu/lib/rustlib/x86_64-unknown-linux-gnu/lib/libobject-d61707aed80694c0.rlib" "/opt/rustwide/rustup-home/toolchains/1.69.0-x86_64-unknown-linux-gnu/lib/rustlib/x86_64-unknown-linux-gnu/lib/libmemchr-d85366256f22345b.rlib" "/opt/rustwide/rustup-home/toolchains/1.69.0-x86_64-unknown-linux-gnu/lib/rustlib/x86_64-unknown-linux-gnu/lib/libaddr2line-96069b86b8a8cae9.rlib" "/opt/rustwide/rustup-home/toolchains/1.69.0-x86_64-unknown-linux-gnu/lib/rustlib/x86_64-unknown-linux-gnu/lib/libgimli-d19d53abf68dfa6c.rlib" "/opt/rustwide/rustup-home/toolchains/1.69.0-x86_64-unknown-linux-gnu/lib/rustlib/x86_64-unknown-linux-gnu/lib/librustc_demangle-787cbccd19d64ac6.rlib" "/opt/rustwide/rustup-home/toolchains/1.69.0-x86_64-unknown-linux-gnu/lib/rustlib/x86_64-unknown-linux-gnu/lib/libstd_detect-b3837a36b830e0d0.rlib" "/opt/rustwide/rustup-home/toolchains/1.69.0-x86_64-unknown-linux-gnu/lib/rustlib/x86_64-unknown-linux-gnu/lib/libhashbrown-e3deb0e7e3f04966.rlib" "/opt/rustwide/rustup-home/toolchains/1.69.0-x86_64-unknown-linux-gnu/lib/rustlib/x86_64-unknown-linux-gnu/lib/libminiz_oxide-dabbb79c9815def4.rlib" "/opt/rustwide/rustup-home/toolchains/1.69.0-x86_64-unknown-linux-gnu/lib/rustlib/x86_64-unknown-linux-gnu/lib/libadler-305b01f34c9409f2.rlib" "/opt/rustwide/rustup-home/toolchains/1.69.0-x86_64-unknown-linux-gnu/lib/rustlib/x86_64-unknown-linux-gnu/lib/librustc_std_workspace_alloc-f833521df6074e73.rlib" "/opt/rustwide/rustup-home/toolchains/1.69.0-x86_64-unknown-linux-gnu/lib/rustlib/x86_64-unknown-linux-gnu/lib/libunwind-9ac333113350d171.rlib" "/opt/rustwide/rustup-home/toolchains/1.69.0-x86_64-unknown-linux-gnu/lib/rustlib/x86_64-unknown-linux-gnu/lib/libcfg_if-1c126114322d0eee.rlib" "/opt/rustwide/rustup-home/toolchains/1.69.0-x86_64-unknown-linux-gnu/lib/rustlib/x86_64-unknown-linux-gnu/lib/liblibc-bad9164fdeeecf92.rlib" "/opt/rustwide/rustup-home/toolchains/1.69.0-x86_64-unknown-linux-gnu/lib/rustlib/x86_64-unknown-linux-gnu/lib/liballoc-f9374b1e480fa681.rlib" "/opt/rustwide/rustup-home/toolchains/1.69.0-x86_64-unknown-linux-gnu/lib/rustlib/x86_64-unknown-linux-gnu/lib/librustc_std_workspace_core-207f06e41d9603af.rlib" "/opt/rustwide/rustup-home/toolchains/1.69.0-x86_64-unknown-linux-gnu/lib/rustlib/x86_64-unknown-linux-gnu/lib/libcore-7e2768e66e984e85.rlib" "/opt/rustwide/rustup-home/toolchains/1.69.0-x86_64-unknown-linux-gnu/lib/rustlib/x86_64-unknown-linux-gnu/lib/libcompiler_builtins-957b4aff41f8cd46.rlib" "-Wl,-Bdynamic" "-lgcc_s" "-lutil" "-lrt" "-lpthread" "-lm" "-ldl" "-lc" "-Wl,--eh-frame-hdr" "-Wl,-z,noexecstack" "-L" "/opt/rustwide/rustup-home/toolchains/1.69.0-x86_64-unknown-linux-gnu/lib/rustlib/x86_64-unknown-linux-gnu/lib" "-o" "/tmp/rustdoctestoWG1V1/rust_out" "-Wl,--gc-sections" "-pie" "-Wl,-z,relro,-z,now" "-nodefaultlibs"
[INFO] [stdout]   = note: collect2: fatal error: ld terminated with signal 9 [Killed]
[INFO] [stdout]           compilation terminated.
[INFO] [stdout]           
[INFO] [stdout] 
[INFO] [stdout] error: aborting due to previous error
[INFO] [stdout] 
[INFO] [stdout] Couldn't compile the test.
[INFO] [stdout] ---- src/timestamp.rs - timestamp::Timestamp::nanoseconds (line 108) stdout ----
[INFO] [stdout] error: linking with `cc` failed: exit status: 1
[INFO] [stdout]   |
[INFO] [stdout]   = note: LC_ALL="C" PATH="/opt/rustwide/rustup-home/toolchains/1.69.0-x86_64-unknown-linux-gnu/lib/rustlib/x86_64-unknown-linux-gnu/bin:/opt/rustwide/cargo-home/bin:/usr/local/sbin:/usr/local/bin:/usr/sbin:/usr/bin:/sbin:/bin" VSLANG="1033" "cc" "-m64" "/tmp/rustcZoAFF2/symbols.o" "/tmp/rustdoctestMCEV2T/rust_out.rust_out.5bfee551-cgu.0.rcgu.o" "/tmp/rustdoctestMCEV2T/rust_out.j00p4ncf7xg64kg.rcgu.o" "-Wl,--as-needed" "-L" "/opt/rustwide/target/debug/deps" "-L" "/opt/rustwide/target/debug/deps" "-L" "/opt/rustwide/target/debug/build/ring-3d31b0bbaa3a7a2d/out" "-L" "/opt/rustwide/rustup-home/toolchains/1.69.0-x86_64-unknown-linux-gnu/lib/rustlib/x86_64-unknown-linux-gnu/lib" "-Wl,-Bstatic" "/opt/rustwide/target/debug/deps/libibc_relayer_types-e5d40ef32bc5f073.rlib" "/opt/rustwide/target/debug/deps/libics23-7e06a2ba5500f812.rlib" "/opt/rustwide/target/debug/deps/libsha3-a6a02100570e4ebc.rlib" "/opt/rustwide/target/debug/deps/libkeccak-1afd4d313c5b4b06.rlib" "/opt/rustwide/target/debug/deps/libripemd-5d3b5d97dd4e55cc.rlib" "/opt/rustwide/target/debug/deps/libanyhow-736fe7309bf4852f.rlib" "/opt/rustwide/target/debug/deps/libnum_rational-21b8450086028e95.rlib" "/opt/rustwide/target/debug/deps/libnum_bigint-644e8acab02f22e0.rlib" "/opt/rustwide/target/debug/deps/libnum_integer-791c410304c3f4b1.rlib" "/opt/rustwide/target/debug/deps/liberased_serde-9384a21deaba9f9d.rlib" "/opt/rustwide/target/debug/deps/libdyn_clone-e9cc5ecb301fed49.rlib" "/opt/rustwide/target/debug/deps/libtendermint_light_client_verifier-04fff6ffe8a9dc5a.rlib" "/opt/rustwide/target/debug/deps/libprimitive_types-9f1b5a97642a2dc5.rlib" "/opt/rustwide/target/debug/deps/libimpl_serde-5680a89a4293725b.rlib" "/opt/rustwide/target/debug/deps/libfixed_hash-fcb75ea2b158afc2.rlib" "/opt/rustwide/target/debug/deps/libuint-7807be65c3e67e2b.rlib" "/opt/rustwide/target/debug/deps/libcrunchy-368d7756e9f9b79a.rlib" "/opt/rustwide/target/debug/deps/libstatic_assertions-9a9c2cb46fa7a0a6.rlib" "/opt/rustwide/target/debug/deps/libsafe_regex-40c9d2000cbf09f1.rlib" "/opt/rustwide/target/debug/deps/libibc_proto-cb69288974e445f6.rlib" "/opt/rustwide/target/debug/deps/libbase64-bf03d2c781f3dc59.rlib" "/opt/rustwide/target/debug/deps/libtendermint-e061d5aff4bfe496.rlib" "/opt/rustwide/target/debug/deps/libed25519_consensus-0c7dd94e3549efc9.rlib" "/opt/rustwide/target/debug/deps/libhex-b3126c69c8678145.rlib" "/opt/rustwide/target/debug/deps/libsha2-18a96aca5af3c6c2.rlib" "/opt/rustwide/target/debug/deps/libopaque_debug-502d41d476583e16.rlib" "/opt/rustwide/target/debug/deps/libblock_buffer-78be346201ee5550.rlib" "/opt/rustwide/target/debug/deps/libcurve25519_dalek_ng-4d988ed3d9dbf8db.rlib" "/opt/rustwide/target/debug/deps/libsubtle_ng-a9e132d1703e24ef.rlib" "/opt/rustwide/target/debug/deps/librand_core-ce6d6793af94a765.rlib" "/opt/rustwide/target/debug/deps/libgetrandom-c76c97420b5a736b.rlib" "/opt/rustwide/target/debug/deps/liblibc-1c44c26a4c16f4d2.rlib" "/opt/rustwide/target/debug/deps/libdigest-5adbfaed384a1282.rlib" "/opt/rustwide/target/debug/deps/libbyteorder-f6bc7e7614c9a628.rlib" "/opt/rustwide/target/debug/deps/libed25519-bd6585588f1e4718.rlib" "/opt/rustwide/target/debug/deps/libsignature-64afe4b9d90c109d.rlib" "/opt/rustwide/target/debug/deps/libserde_json-11592750821d59ce.rlib" "/opt/rustwide/target/debug/deps/libryu-87a43729435ac998.rlib" "/opt/rustwide/target/debug/deps/libitoa-12e0c769e046c1b6.rlib" "/opt/rustwide/target/debug/deps/libsha2-3717aa8bc7a1e7ee.rlib" "/opt/rustwide/target/debug/deps/libcpufeatures-e143b41ca3b14af5.rlib" "/opt/rustwide/target/debug/deps/libcfg_if-e5e118dd7d121aaa.rlib" "/opt/rustwide/target/debug/deps/libdigest-6c582ead3dd6abff.rlib" "/opt/rustwide/target/debug/deps/libblock_buffer-0933e09cece281a1.rlib" "/opt/rustwide/target/debug/deps/libcrypto_common-5a97f1b230e1e099.rlib" "/opt/rustwide/target/debug/deps/libgeneric_array-f03e3e3fb3ca464f.rlib" "/opt/rustwide/target/debug/deps/libtypenum-d40a559dcc4c7492.rlib" "/opt/rustwide/target/debug/deps/libsubtle-14ab5e25cad5d312.rlib" "/opt/rustwide/target/debug/deps/libtendermint_proto-52f1abb560eb89b9.rlib" "/opt/rustwide/target/debug/deps/libnum_traits-76b6768da4342038.rlib" "/opt/rustwide/target/debug/deps/libtime-85a3bd71c70f8b99.rlib" "/opt/rustwide/target/debug/deps/libtime_core-4a74880e8761e797.rlib" "/opt/rustwide/target/debug/deps/libsubtle_encoding-95951569cc0656d1.rlib" "/opt/rustwide/target/debug/deps/libzeroize-f5115397034c9fdb.rlib" "/opt/rustwide/target/debug/deps/libitertools-3711df8fd9a32aec.rlib" "/opt/rustwide/target/debug/deps/libeither-e407352f1a2e3c73.rlib" "/opt/rustwide/target/debug/deps/libprost-b95348a67d604c8b.rlib" "/opt/rustwide/target/debug/deps/libbytes-287e6f930cd71aa9.rlib" "/opt/rustwide/target/debug/deps/libserde-3c82429e1ef93887.rlib" "/opt/rustwide/target/debug/deps/libflex_error-be739b2af13491b2.rlib" "/opt/rustwide/target/debug/deps/libeyre-2b97b8ccfd736885.rlib" "/opt/rustwide/target/debug/deps/libindenter-635cff9c311edd67.rlib" "/opt/rustwide/target/debug/deps/libonce_cell-7d2ec3fb6b6c5a4d.rlib" "/opt/rustwide/rustup-home/toolchains/1.69.0-x86_64-unknown-linux-gnu/lib/rustlib/x86_64-unknown-linux-gnu/lib/libstd-89bc084783fdc439.rlib" "/opt/rustwide/rustup-home/toolchains/1.69.0-x86_64-unknown-linux-gnu/lib/rustlib/x86_64-unknown-linux-gnu/lib/libpanic_unwind-8bee4b287d4367c1.rlib" "/opt/rustwide/rustup-home/toolchains/1.69.0-x86_64-unknown-linux-gnu/lib/rustlib/x86_64-unknown-linux-gnu/lib/libobject-d61707aed80694c0.rlib" "/opt/rustwide/rustup-home/toolchains/1.69.0-x86_64-unknown-linux-gnu/lib/rustlib/x86_64-unknown-linux-gnu/lib/libmemchr-d85366256f22345b.rlib" "/opt/rustwide/rustup-home/toolchains/1.69.0-x86_64-unknown-linux-gnu/lib/rustlib/x86_64-unknown-linux-gnu/lib/libaddr2line-96069b86b8a8cae9.rlib" "/opt/rustwide/rustup-home/toolchains/1.69.0-x86_64-unknown-linux-gnu/lib/rustlib/x86_64-unknown-linux-gnu/lib/libgimli-d19d53abf68dfa6c.rlib" "/opt/rustwide/rustup-home/toolchains/1.69.0-x86_64-unknown-linux-gnu/lib/rustlib/x86_64-unknown-linux-gnu/lib/librustc_demangle-787cbccd19d64ac6.rlib" "/opt/rustwide/rustup-home/toolchains/1.69.0-x86_64-unknown-linux-gnu/lib/rustlib/x86_64-unknown-linux-gnu/lib/libstd_detect-b3837a36b830e0d0.rlib" "/opt/rustwide/rustup-home/toolchains/1.69.0-x86_64-unknown-linux-gnu/lib/rustlib/x86_64-unknown-linux-gnu/lib/libhashbrown-e3deb0e7e3f04966.rlib" "/opt/rustwide/rustup-home/toolchains/1.69.0-x86_64-unknown-linux-gnu/lib/rustlib/x86_64-unknown-linux-gnu/lib/libminiz_oxide-dabbb79c9815def4.rlib" "/opt/rustwide/rustup-home/toolchains/1.69.0-x86_64-unknown-linux-gnu/lib/rustlib/x86_64-unknown-linux-gnu/lib/libadler-305b01f34c9409f2.rlib" "/opt/rustwide/rustup-home/toolchains/1.69.0-x86_64-unknown-linux-gnu/lib/rustlib/x86_64-unknown-linux-gnu/lib/librustc_std_workspace_alloc-f833521df6074e73.rlib" "/opt/rustwide/rustup-home/toolchains/1.69.0-x86_64-unknown-linux-gnu/lib/rustlib/x86_64-unknown-linux-gnu/lib/libunwind-9ac333113350d171.rlib" "/opt/rustwide/rustup-home/toolchains/1.69.0-x86_64-unknown-linux-gnu/lib/rustlib/x86_64-unknown-linux-gnu/lib/libcfg_if-1c126114322d0eee.rlib" "/opt/rustwide/rustup-home/toolchains/1.69.0-x86_64-unknown-linux-gnu/lib/rustlib/x86_64-unknown-linux-gnu/lib/liblibc-bad9164fdeeecf92.rlib" "/opt/rustwide/rustup-home/toolchains/1.69.0-x86_64-unknown-linux-gnu/lib/rustlib/x86_64-unknown-linux-gnu/lib/liballoc-f9374b1e480fa681.rlib" "/opt/rustwide/rustup-home/toolchains/1.69.0-x86_64-unknown-linux-gnu/lib/rustlib/x86_64-unknown-linux-gnu/lib/librustc_std_workspace_core-207f06e41d9603af.rlib" "/opt/rustwide/rustup-home/toolchains/1.69.0-x86_64-unknown-linux-gnu/lib/rustlib/x86_64-unknown-linux-gnu/lib/libcore-7e2768e66e984e85.rlib" "/opt/rustwide/rustup-home/toolchains/1.69.0-x86_64-unknown-linux-gnu/lib/rustlib/x86_64-unknown-linux-gnu/lib/libcompiler_builtins-957b4aff41f8cd46.rlib" "-Wl,-Bdynamic" "-lgcc_s" "-lutil" "-lrt" "-lpthread" "-lm" "-ldl" "-lc" "-Wl,--eh-frame-hdr" "-Wl,-z,noexecstack" "-L" "/opt/rustwide/rustup-home/toolchains/1.69.0-x86_64-unknown-linux-gnu/lib/rustlib/x86_64-unknown-linux-gnu/lib" "-o" "/tmp/rustdoctestMCEV2T/rust_out" "-Wl,--gc-sections" "-pie" "-Wl,-z,relro,-z,now" "-nodefaultlibs"
[INFO] [stdout]   = note: collect2: fatal error: ld terminated with signal 9 [Killed]
[INFO] [stdout]           compilation terminated.
[INFO] [stdout]           
[INFO] [stdout] 
[INFO] [stdout] error: aborting due to previous error
[INFO] [stdout] 
[INFO] [stdout] Couldn't compile the test.
[INFO] [stdout] ---- src/core/ics24_host/identifier.rs - core::ics24_host::identifier::ClientId::new (line 150) stdout ----
[INFO] [stdout] error: linking with `cc` failed: exit status: 1
[INFO] [stdout]   |
[INFO] [stdout]   = note: LC_ALL="C" PATH="/opt/rustwide/rustup-home/toolchains/1.69.0-x86_64-unknown-linux-gnu/lib/rustlib/x86_64-unknown-linux-gnu/bin:/opt/rustwide/cargo-home/bin:/usr/local/sbin:/usr/local/bin:/usr/sbin:/usr/bin:/sbin:/bin" VSLANG="1033" "cc" "-m64" "/tmp/rustchZLjYb/symbols.o" "/tmp/rustdoctestiadn0e/rust_out.rust_out.5bfee551-cgu.0.rcgu.o" "/tmp/rustdoctestiadn0e/rust_out.j00p4ncf7xg64kg.rcgu.o" "-Wl,--as-needed" "-L" "/opt/rustwide/target/debug/deps" "-L" "/opt/rustwide/target/debug/deps" "-L" "/opt/rustwide/target/debug/build/ring-3d31b0bbaa3a7a2d/out" "-L" "/opt/rustwide/rustup-home/toolchains/1.69.0-x86_64-unknown-linux-gnu/lib/rustlib/x86_64-unknown-linux-gnu/lib" "-Wl,-Bstatic" "/opt/rustwide/target/debug/deps/libibc_relayer_types-e5d40ef32bc5f073.rlib" "/opt/rustwide/target/debug/deps/libics23-7e06a2ba5500f812.rlib" "/opt/rustwide/target/debug/deps/libsha3-a6a02100570e4ebc.rlib" "/opt/rustwide/target/debug/deps/libkeccak-1afd4d313c5b4b06.rlib" "/opt/rustwide/target/debug/deps/libripemd-5d3b5d97dd4e55cc.rlib" "/opt/rustwide/target/debug/deps/libanyhow-736fe7309bf4852f.rlib" "/opt/rustwide/target/debug/deps/libnum_rational-21b8450086028e95.rlib" "/opt/rustwide/target/debug/deps/libnum_bigint-644e8acab02f22e0.rlib" "/opt/rustwide/target/debug/deps/libnum_integer-791c410304c3f4b1.rlib" "/opt/rustwide/target/debug/deps/liberased_serde-9384a21deaba9f9d.rlib" "/opt/rustwide/target/debug/deps/libdyn_clone-e9cc5ecb301fed49.rlib" "/opt/rustwide/target/debug/deps/libtendermint_light_client_verifier-04fff6ffe8a9dc5a.rlib" "/opt/rustwide/target/debug/deps/libprimitive_types-9f1b5a97642a2dc5.rlib" "/opt/rustwide/target/debug/deps/libimpl_serde-5680a89a4293725b.rlib" "/opt/rustwide/target/debug/deps/libfixed_hash-fcb75ea2b158afc2.rlib" "/opt/rustwide/target/debug/deps/libuint-7807be65c3e67e2b.rlib" "/opt/rustwide/target/debug/deps/libcrunchy-368d7756e9f9b79a.rlib" "/opt/rustwide/target/debug/deps/libstatic_assertions-9a9c2cb46fa7a0a6.rlib" "/opt/rustwide/target/debug/deps/libsafe_regex-40c9d2000cbf09f1.rlib" "/opt/rustwide/target/debug/deps/libibc_proto-cb69288974e445f6.rlib" "/opt/rustwide/target/debug/deps/libbase64-bf03d2c781f3dc59.rlib" "/opt/rustwide/target/debug/deps/libtendermint-e061d5aff4bfe496.rlib" "/opt/rustwide/target/debug/deps/libed25519_consensus-0c7dd94e3549efc9.rlib" "/opt/rustwide/target/debug/deps/libhex-b3126c69c8678145.rlib" "/opt/rustwide/target/debug/deps/libsha2-18a96aca5af3c6c2.rlib" "/opt/rustwide/target/debug/deps/libopaque_debug-502d41d476583e16.rlib" "/opt/rustwide/target/debug/deps/libblock_buffer-78be346201ee5550.rlib" "/opt/rustwide/target/debug/deps/libcurve25519_dalek_ng-4d988ed3d9dbf8db.rlib" "/opt/rustwide/target/debug/deps/libsubtle_ng-a9e132d1703e24ef.rlib" "/opt/rustwide/target/debug/deps/librand_core-ce6d6793af94a765.rlib" "/opt/rustwide/target/debug/deps/libgetrandom-c76c97420b5a736b.rlib" "/opt/rustwide/target/debug/deps/liblibc-1c44c26a4c16f4d2.rlib" "/opt/rustwide/target/debug/deps/libdigest-5adbfaed384a1282.rlib" "/opt/rustwide/target/debug/deps/libbyteorder-f6bc7e7614c9a628.rlib" "/opt/rustwide/target/debug/deps/libed25519-bd6585588f1e4718.rlib" "/opt/rustwide/target/debug/deps/libsignature-64afe4b9d90c109d.rlib" "/opt/rustwide/target/debug/deps/libserde_json-11592750821d59ce.rlib" "/opt/rustwide/target/debug/deps/libryu-87a43729435ac998.rlib" "/opt/rustwide/target/debug/deps/libitoa-12e0c769e046c1b6.rlib" "/opt/rustwide/target/debug/deps/libsha2-3717aa8bc7a1e7ee.rlib" "/opt/rustwide/target/debug/deps/libcpufeatures-e143b41ca3b14af5.rlib" "/opt/rustwide/target/debug/deps/libcfg_if-e5e118dd7d121aaa.rlib" "/opt/rustwide/target/debug/deps/libdigest-6c582ead3dd6abff.rlib" "/opt/rustwide/target/debug/deps/libblock_buffer-0933e09cece281a1.rlib" "/opt/rustwide/target/debug/deps/libcrypto_common-5a97f1b230e1e099.rlib" "/opt/rustwide/target/debug/deps/libgeneric_array-f03e3e3fb3ca464f.rlib" "/opt/rustwide/target/debug/deps/libtypenum-d40a559dcc4c7492.rlib" "/opt/rustwide/target/debug/deps/libsubtle-14ab5e25cad5d312.rlib" "/opt/rustwide/target/debug/deps/libtendermint_proto-52f1abb560eb89b9.rlib" "/opt/rustwide/target/debug/deps/libnum_traits-76b6768da4342038.rlib" "/opt/rustwide/target/debug/deps/libtime-85a3bd71c70f8b99.rlib" "/opt/rustwide/target/debug/deps/libtime_core-4a74880e8761e797.rlib" "/opt/rustwide/target/debug/deps/libsubtle_encoding-95951569cc0656d1.rlib" "/opt/rustwide/target/debug/deps/libzeroize-f5115397034c9fdb.rlib" "/opt/rustwide/target/debug/deps/libitertools-3711df8fd9a32aec.rlib" "/opt/rustwide/target/debug/deps/libeither-e407352f1a2e3c73.rlib" "/opt/rustwide/target/debug/deps/libprost-b95348a67d604c8b.rlib" "/opt/rustwide/target/debug/deps/libbytes-287e6f930cd71aa9.rlib" "/opt/rustwide/target/debug/deps/libserde-3c82429e1ef93887.rlib" "/opt/rustwide/target/debug/deps/libflex_error-be739b2af13491b2.rlib" "/opt/rustwide/target/debug/deps/libeyre-2b97b8ccfd736885.rlib" "/opt/rustwide/target/debug/deps/libindenter-635cff9c311edd67.rlib" "/opt/rustwide/target/debug/deps/libonce_cell-7d2ec3fb6b6c5a4d.rlib" "/opt/rustwide/rustup-home/toolchains/1.69.0-x86_64-unknown-linux-gnu/lib/rustlib/x86_64-unknown-linux-gnu/lib/libstd-89bc084783fdc439.rlib" "/opt/rustwide/rustup-home/toolchains/1.69.0-x86_64-unknown-linux-gnu/lib/rustlib/x86_64-unknown-linux-gnu/lib/libpanic_unwind-8bee4b287d4367c1.rlib" "/opt/rustwide/rustup-home/toolchains/1.69.0-x86_64-unknown-linux-gnu/lib/rustlib/x86_64-unknown-linux-gnu/lib/libobject-d61707aed80694c0.rlib" "/opt/rustwide/rustup-home/toolchains/1.69.0-x86_64-unknown-linux-gnu/lib/rustlib/x86_64-unknown-linux-gnu/lib/libmemchr-d85366256f22345b.rlib" "/opt/rustwide/rustup-home/toolchains/1.69.0-x86_64-unknown-linux-gnu/lib/rustlib/x86_64-unknown-linux-gnu/lib/libaddr2line-96069b86b8a8cae9.rlib" "/opt/rustwide/rustup-home/toolchains/1.69.0-x86_64-unknown-linux-gnu/lib/rustlib/x86_64-unknown-linux-gnu/lib/libgimli-d19d53abf68dfa6c.rlib" "/opt/rustwide/rustup-home/toolchains/1.69.0-x86_64-unknown-linux-gnu/lib/rustlib/x86_64-unknown-linux-gnu/lib/librustc_demangle-787cbccd19d64ac6.rlib" "/opt/rustwide/rustup-home/toolchains/1.69.0-x86_64-unknown-linux-gnu/lib/rustlib/x86_64-unknown-linux-gnu/lib/libstd_detect-b3837a36b830e0d0.rlib" "/opt/rustwide/rustup-home/toolchains/1.69.0-x86_64-unknown-linux-gnu/lib/rustlib/x86_64-unknown-linux-gnu/lib/libhashbrown-e3deb0e7e3f04966.rlib" "/opt/rustwide/rustup-home/toolchains/1.69.0-x86_64-unknown-linux-gnu/lib/rustlib/x86_64-unknown-linux-gnu/lib/libminiz_oxide-dabbb79c9815def4.rlib" "/opt/rustwide/rustup-home/toolchains/1.69.0-x86_64-unknown-linux-gnu/lib/rustlib/x86_64-unknown-linux-gnu/lib/libadler-305b01f34c9409f2.rlib" "/opt/rustwide/rustup-home/toolchains/1.69.0-x86_64-unknown-linux-gnu/lib/rustlib/x86_64-unknown-linux-gnu/lib/librustc_std_workspace_alloc-f833521df6074e73.rlib" "/opt/rustwide/rustup-home/toolchains/1.69.0-x86_64-unknown-linux-gnu/lib/rustlib/x86_64-unknown-linux-gnu/lib/libunwind-9ac333113350d171.rlib" "/opt/rustwide/rustup-home/toolchains/1.69.0-x86_64-unknown-linux-gnu/lib/rustlib/x86_64-unknown-linux-gnu/lib/libcfg_if-1c126114322d0eee.rlib" "/opt/rustwide/rustup-home/toolchains/1.69.0-x86_64-unknown-linux-gnu/lib/rustlib/x86_64-unknown-linux-gnu/lib/liblibc-bad9164fdeeecf92.rlib" "/opt/rustwide/rustup-home/toolchains/1.69.0-x86_64-unknown-linux-gnu/lib/rustlib/x86_64-unknown-linux-gnu/lib/liballoc-f9374b1e480fa681.rlib" "/opt/rustwide/rustup-home/toolchains/1.69.0-x86_64-unknown-linux-gnu/lib/rustlib/x86_64-unknown-linux-gnu/lib/librustc_std_workspace_core-207f06e41d9603af.rlib" "/opt/rustwide/rustup-home/toolchains/1.69.0-x86_64-unknown-linux-gnu/lib/rustlib/x86_64-unknown-linux-gnu/lib/libcore-7e2768e66e984e85.rlib" "/opt/rustwide/rustup-home/toolchains/1.69.0-x86_64-unknown-linux-gnu/lib/rustlib/x86_64-unknown-linux-gnu/lib/libcompiler_builtins-957b4aff41f8cd46.rlib" "-Wl,-Bdynamic" "-lgcc_s" "-lutil" "-lrt" "-lpthread" "-lm" "-ldl" "-lc" "-Wl,--eh-frame-hdr" "-Wl,-z,noexecstack" "-L" "/opt/rustwide/rustup-home/toolchains/1.69.0-x86_64-unknown-linux-gnu/lib/rustlib/x86_64-unknown-linux-gnu/lib" "-o" "/tmp/rustdoctestiadn0e/rust_out" "-Wl,--gc-sections" "-pie" "-Wl,-z,relro,-z,now" "-nodefaultlibs"
[INFO] [stdout]   = note: collect2: fatal error: ld terminated with signal 9 [Killed]
[INFO] [stdout]           compilation terminated.
[INFO] [stdout]           
[INFO] [stdout] 
[INFO] [stdout] error: aborting due to previous error
[INFO] [stdout] 
[INFO] [stdout] Couldn't compile the test.
[INFO] [stdout] ---- src/core/ics24_host/identifier.rs - core::ics24_host::identifier::ChainId::new (line 30) stdout ----
[INFO] [stdout] error: linking with `cc` failed: exit status: 1
[INFO] [stdout]   |
[INFO] [stdout]   = note: LC_ALL="C" PATH="/opt/rustwide/rustup-home/toolchains/1.69.0-x86_64-unknown-linux-gnu/lib/rustlib/x86_64-unknown-linux-gnu/bin:/opt/rustwide/cargo-home/bin:/usr/local/sbin:/usr/local/bin:/usr/sbin:/usr/bin:/sbin:/bin" VSLANG="1033" "cc" "-m64" "/tmp/rustcwlQw8c/symbols.o" "/tmp/rustdoctestrfRkrN/rust_out.rust_out.5bfee551-cgu.0.rcgu.o" "/tmp/rustdoctestrfRkrN/rust_out.j00p4ncf7xg64kg.rcgu.o" "-Wl,--as-needed" "-L" "/opt/rustwide/target/debug/deps" "-L" "/opt/rustwide/target/debug/deps" "-L" "/opt/rustwide/target/debug/build/ring-3d31b0bbaa3a7a2d/out" "-L" "/opt/rustwide/rustup-home/toolchains/1.69.0-x86_64-unknown-linux-gnu/lib/rustlib/x86_64-unknown-linux-gnu/lib" "-Wl,-Bstatic" "/opt/rustwide/target/debug/deps/libibc_relayer_types-e5d40ef32bc5f073.rlib" "/opt/rustwide/target/debug/deps/libics23-7e06a2ba5500f812.rlib" "/opt/rustwide/target/debug/deps/libsha3-a6a02100570e4ebc.rlib" "/opt/rustwide/target/debug/deps/libkeccak-1afd4d313c5b4b06.rlib" "/opt/rustwide/target/debug/deps/libripemd-5d3b5d97dd4e55cc.rlib" "/opt/rustwide/target/debug/deps/libanyhow-736fe7309bf4852f.rlib" "/opt/rustwide/target/debug/deps/libnum_rational-21b8450086028e95.rlib" "/opt/rustwide/target/debug/deps/libnum_bigint-644e8acab02f22e0.rlib" "/opt/rustwide/target/debug/deps/libnum_integer-791c410304c3f4b1.rlib" "/opt/rustwide/target/debug/deps/liberased_serde-9384a21deaba9f9d.rlib" "/opt/rustwide/target/debug/deps/libdyn_clone-e9cc5ecb301fed49.rlib" "/opt/rustwide/target/debug/deps/libtendermint_light_client_verifier-04fff6ffe8a9dc5a.rlib" "/opt/rustwide/target/debug/deps/libprimitive_types-9f1b5a97642a2dc5.rlib" "/opt/rustwide/target/debug/deps/libimpl_serde-5680a89a4293725b.rlib" "/opt/rustwide/target/debug/deps/libfixed_hash-fcb75ea2b158afc2.rlib" "/opt/rustwide/target/debug/deps/libuint-7807be65c3e67e2b.rlib" "/opt/rustwide/target/debug/deps/libcrunchy-368d7756e9f9b79a.rlib" "/opt/rustwide/target/debug/deps/libstatic_assertions-9a9c2cb46fa7a0a6.rlib" "/opt/rustwide/target/debug/deps/libsafe_regex-40c9d2000cbf09f1.rlib" "/opt/rustwide/target/debug/deps/libibc_proto-cb69288974e445f6.rlib" "/opt/rustwide/target/debug/deps/libbase64-bf03d2c781f3dc59.rlib" "/opt/rustwide/target/debug/deps/libtendermint-e061d5aff4bfe496.rlib" "/opt/rustwide/target/debug/deps/libed25519_consensus-0c7dd94e3549efc9.rlib" "/opt/rustwide/target/debug/deps/libhex-b3126c69c8678145.rlib" "/opt/rustwide/target/debug/deps/libsha2-18a96aca5af3c6c2.rlib" "/opt/rustwide/target/debug/deps/libopaque_debug-502d41d476583e16.rlib" "/opt/rustwide/target/debug/deps/libblock_buffer-78be346201ee5550.rlib" "/opt/rustwide/target/debug/deps/libcurve25519_dalek_ng-4d988ed3d9dbf8db.rlib" "/opt/rustwide/target/debug/deps/libsubtle_ng-a9e132d1703e24ef.rlib" "/opt/rustwide/target/debug/deps/librand_core-ce6d6793af94a765.rlib" "/opt/rustwide/target/debug/deps/libgetrandom-c76c97420b5a736b.rlib" "/opt/rustwide/target/debug/deps/liblibc-1c44c26a4c16f4d2.rlib" "/opt/rustwide/target/debug/deps/libdigest-5adbfaed384a1282.rlib" "/opt/rustwide/target/debug/deps/libbyteorder-f6bc7e7614c9a628.rlib" "/opt/rustwide/target/debug/deps/libed25519-bd6585588f1e4718.rlib" "/opt/rustwide/target/debug/deps/libsignature-64afe4b9d90c109d.rlib" "/opt/rustwide/target/debug/deps/libserde_json-11592750821d59ce.rlib" "/opt/rustwide/target/debug/deps/libryu-87a43729435ac998.rlib" "/opt/rustwide/target/debug/deps/libitoa-12e0c769e046c1b6.rlib" "/opt/rustwide/target/debug/deps/libsha2-3717aa8bc7a1e7ee.rlib" "/opt/rustwide/target/debug/deps/libcpufeatures-e143b41ca3b14af5.rlib" "/opt/rustwide/target/debug/deps/libcfg_if-e5e118dd7d121aaa.rlib" "/opt/rustwide/target/debug/deps/libdigest-6c582ead3dd6abff.rlib" "/opt/rustwide/target/debug/deps/libblock_buffer-0933e09cece281a1.rlib" "/opt/rustwide/target/debug/deps/libcrypto_common-5a97f1b230e1e099.rlib" "/opt/rustwide/target/debug/deps/libgeneric_array-f03e3e3fb3ca464f.rlib" "/opt/rustwide/target/debug/deps/libtypenum-d40a559dcc4c7492.rlib" "/opt/rustwide/target/debug/deps/libsubtle-14ab5e25cad5d312.rlib" "/opt/rustwide/target/debug/deps/libtendermint_proto-52f1abb560eb89b9.rlib" "/opt/rustwide/target/debug/deps/libnum_traits-76b6768da4342038.rlib" "/opt/rustwide/target/debug/deps/libtime-85a3bd71c70f8b99.rlib" "/opt/rustwide/target/debug/deps/libtime_core-4a74880e8761e797.rlib" "/opt/rustwide/target/debug/deps/libsubtle_encoding-95951569cc0656d1.rlib" "/opt/rustwide/target/debug/deps/libzeroize-f5115397034c9fdb.rlib" "/opt/rustwide/target/debug/deps/libitertools-3711df8fd9a32aec.rlib" "/opt/rustwide/target/debug/deps/libeither-e407352f1a2e3c73.rlib" "/opt/rustwide/target/debug/deps/libprost-b95348a67d604c8b.rlib" "/opt/rustwide/target/debug/deps/libbytes-287e6f930cd71aa9.rlib" "/opt/rustwide/target/debug/deps/libserde-3c82429e1ef93887.rlib" "/opt/rustwide/target/debug/deps/libflex_error-be739b2af13491b2.rlib" "/opt/rustwide/target/debug/deps/libeyre-2b97b8ccfd736885.rlib" "/opt/rustwide/target/debug/deps/libindenter-635cff9c311edd67.rlib" "/opt/rustwide/target/debug/deps/libonce_cell-7d2ec3fb6b6c5a4d.rlib" "/opt/rustwide/rustup-home/toolchains/1.69.0-x86_64-unknown-linux-gnu/lib/rustlib/x86_64-unknown-linux-gnu/lib/libstd-89bc084783fdc439.rlib" "/opt/rustwide/rustup-home/toolchains/1.69.0-x86_64-unknown-linux-gnu/lib/rustlib/x86_64-unknown-linux-gnu/lib/libpanic_unwind-8bee4b287d4367c1.rlib" "/opt/rustwide/rustup-home/toolchains/1.69.0-x86_64-unknown-linux-gnu/lib/rustlib/x86_64-unknown-linux-gnu/lib/libobject-d61707aed80694c0.rlib" "/opt/rustwide/rustup-home/toolchains/1.69.0-x86_64-unknown-linux-gnu/lib/rustlib/x86_64-unknown-linux-gnu/lib/libmemchr-d85366256f22345b.rlib" "/opt/rustwide/rustup-home/toolchains/1.69.0-x86_64-unknown-linux-gnu/lib/rustlib/x86_64-unknown-linux-gnu/lib/libaddr2line-96069b86b8a8cae9.rlib" "/opt/rustwide/rustup-home/toolchains/1.69.0-x86_64-unknown-linux-gnu/lib/rustlib/x86_64-unknown-linux-gnu/lib/libgimli-d19d53abf68dfa6c.rlib" "/opt/rustwide/rustup-home/toolchains/1.69.0-x86_64-unknown-linux-gnu/lib/rustlib/x86_64-unknown-linux-gnu/lib/librustc_demangle-787cbccd19d64ac6.rlib" "/opt/rustwide/rustup-home/toolchains/1.69.0-x86_64-unknown-linux-gnu/lib/rustlib/x86_64-unknown-linux-gnu/lib/libstd_detect-b3837a36b830e0d0.rlib" "/opt/rustwide/rustup-home/toolchains/1.69.0-x86_64-unknown-linux-gnu/lib/rustlib/x86_64-unknown-linux-gnu/lib/libhashbrown-e3deb0e7e3f04966.rlib" "/opt/rustwide/rustup-home/toolchains/1.69.0-x86_64-unknown-linux-gnu/lib/rustlib/x86_64-unknown-linux-gnu/lib/libminiz_oxide-dabbb79c9815def4.rlib" "/opt/rustwide/rustup-home/toolchains/1.69.0-x86_64-unknown-linux-gnu/lib/rustlib/x86_64-unknown-linux-gnu/lib/libadler-305b01f34c9409f2.rlib" "/opt/rustwide/rustup-home/toolchains/1.69.0-x86_64-unknown-linux-gnu/lib/rustlib/x86_64-unknown-linux-gnu/lib/librustc_std_workspace_alloc-f833521df6074e73.rlib" "/opt/rustwide/rustup-home/toolchains/1.69.0-x86_64-unknown-linux-gnu/lib/rustlib/x86_64-unknown-linux-gnu/lib/libunwind-9ac333113350d171.rlib" "/opt/rustwide/rustup-home/toolchains/1.69.0-x86_64-unknown-linux-gnu/lib/rustlib/x86_64-unknown-linux-gnu/lib/libcfg_if-1c126114322d0eee.rlib" "/opt/rustwide/rustup-home/toolchains/1.69.0-x86_64-unknown-linux-gnu/lib/rustlib/x86_64-unknown-linux-gnu/lib/liblibc-bad9164fdeeecf92.rlib" "/opt/rustwide/rustup-home/toolchains/1.69.0-x86_64-unknown-linux-gnu/lib/rustlib/x86_64-unknown-linux-gnu/lib/liballoc-f9374b1e480fa681.rlib" "/opt/rustwide/rustup-home/toolchains/1.69.0-x86_64-unknown-linux-gnu/lib/rustlib/x86_64-unknown-linux-gnu/lib/librustc_std_workspace_core-207f06e41d9603af.rlib" "/opt/rustwide/rustup-home/toolchains/1.69.0-x86_64-unknown-linux-gnu/lib/rustlib/x86_64-unknown-linux-gnu/lib/libcore-7e2768e66e984e85.rlib" "/opt/rustwide/rustup-home/toolchains/1.69.0-x86_64-unknown-linux-gnu/lib/rustlib/x86_64-unknown-linux-gnu/lib/libcompiler_builtins-957b4aff41f8cd46.rlib" "-Wl,-Bdynamic" "-lgcc_s" "-lutil" "-lrt" "-lpthread" "-lm" "-ldl" "-lc" "-Wl,--eh-frame-hdr" "-Wl,-z,noexecstack" "-L" "/opt/rustwide/rustup-home/toolchains/1.69.0-x86_64-unknown-linux-gnu/lib/rustlib/x86_64-unknown-linux-gnu/lib" "-o" "/tmp/rustdoctestrfRkrN/rust_out" "-Wl,--gc-sections" "-pie" "-Wl,-z,relro,-z,now" "-nodefaultlibs"
[INFO] [stdout]   = note: collect2: fatal error: ld terminated with signal 9 [Killed]
[INFO] [stdout]           compilation terminated.
[INFO] [stdout]           
[INFO] [stdout] 
[INFO] [stdout] error: aborting due to previous error
[INFO] [stdout] 
[INFO] [stdout] Couldn't compile the test.
[INFO] [stdout] 
[INFO] [stdout] failures:
[INFO] [stdout]     src/core/ics24_host/identifier.rs - core::ics24_host::identifier::ChainId::new (line 30)
[INFO] [stdout]     src/core/ics24_host/identifier.rs - core::ics24_host::identifier::ChannelId::new (line 350)
[INFO] [stdout]     src/core/ics24_host/identifier.rs - core::ics24_host::identifier::ClientId::new (line 150)
[INFO] [stdout]     src/timestamp.rs - timestamp::Timestamp::nanoseconds (line 108)
[INFO] [stdout] 
[INFO] [stdout] test result: FAILED. 7 passed; 4 failed; 2 ignored; 0 measured; 0 filtered out; finished in 3.36s
[INFO] [stdout] 
[INFO] [stderr] error: doctest failed, to rerun pass `--doc`
[INFO] running `Command { std: "docker" "inspect" "894284842ec32ef58341f071968ca4ccbd44bdc5a34088b74c7ad3c3bded3780", kill_on_drop: false }`
[INFO] running `Command { std: "docker" "rm" "-f" "894284842ec32ef58341f071968ca4ccbd44bdc5a34088b74c7ad3c3bded3780", kill_on_drop: false }`
[INFO] [stdout] 894284842ec32ef58341f071968ca4ccbd44bdc5a34088b74c7ad3c3bded3780
