[INFO] fetching crate i8042 0.1.0...
[INFO] testing i8042-0.1.0 against 1.69.0 for beta-1.70-1
[INFO] extracting crate i8042 0.1.0 into /workspace/builds/worker-2-tc1/source
[INFO] validating manifest of crates.io crate i8042 0.1.0 on toolchain 1.69.0
[INFO] running `Command { std: CARGO_HOME="/workspace/cargo-home" RUSTUP_HOME="/workspace/rustup-home" "/workspace/cargo-home/bin/cargo" "+1.69.0" "metadata" "--manifest-path" "Cargo.toml" "--no-deps", kill_on_drop: false }`
[INFO] started tweaking crates.io crate i8042 0.1.0
[INFO] finished tweaking crates.io crate i8042 0.1.0
[INFO] tweaked toml for crates.io crate i8042 0.1.0 written to /workspace/builds/worker-2-tc1/source/Cargo.toml
[INFO] running `Command { std: CARGO_HOME="/workspace/cargo-home" RUSTUP_HOME="/workspace/rustup-home" __CARGO_TEST_CHANNEL_OVERRIDE_DO_NOT_USE_THIS="nightly" "/workspace/cargo-home/bin/cargo" "+1.69.0" "generate-lockfile" "--manifest-path" "Cargo.toml" "-Zno-index-update", kill_on_drop: false }`
[INFO] running `Command { std: CARGO_HOME="/workspace/cargo-home" RUSTUP_HOME="/workspace/rustup-home" "/workspace/cargo-home/bin/cargo" "+1.69.0" "fetch" "--manifest-path" "Cargo.toml", kill_on_drop: false }`
[INFO] [stderr]  Downloading crates ...
[INFO] [stderr]   Downloaded pc-keyboard v0.7.0
[INFO] running `Command { std: "docker" "create" "-v" "/var/lib/crater-agent-workspace/builds/worker-2-tc1/target:/opt/rustwide/target:rw,Z" "-v" "/var/lib/crater-agent-workspace/builds/worker-2-tc1/source:/opt/rustwide/workdir:ro,Z" "-v" "/var/lib/crater-agent-workspace/cargo-home:/opt/rustwide/cargo-home:ro,Z" "-v" "/var/lib/crater-agent-workspace/rustup-home:/opt/rustwide/rustup-home:ro,Z" "-e" "SOURCE_DIR=/opt/rustwide/workdir" "-e" "CARGO_TARGET_DIR=/opt/rustwide/target" "-e" "CARGO_HOME=/opt/rustwide/cargo-home" "-e" "RUSTUP_HOME=/opt/rustwide/rustup-home" "-w" "/opt/rustwide/workdir" "-m" "1610612736" "--user" "0:0" "--network" "none" "ghcr.io/rust-lang/crates-build-env/linux@sha256:5ff2268d62e97bff2cde7d5815dd6ed5b47097566f13b8d0ca110b04b60e07ed" "/opt/rustwide/cargo-home/bin/cargo" "+1.69.0" "metadata" "--no-deps" "--format-version=1", kill_on_drop: false }`
[INFO] [stdout] 54a6e69f78c5d4399e289c22d40deb2f1855e32428ba67432ade29f2a02d818d
[INFO] running `Command { std: "docker" "start" "-a" "54a6e69f78c5d4399e289c22d40deb2f1855e32428ba67432ade29f2a02d818d", kill_on_drop: false }`
[INFO] running `Command { std: "docker" "inspect" "54a6e69f78c5d4399e289c22d40deb2f1855e32428ba67432ade29f2a02d818d", kill_on_drop: false }`
[INFO] running `Command { std: "docker" "rm" "-f" "54a6e69f78c5d4399e289c22d40deb2f1855e32428ba67432ade29f2a02d818d", kill_on_drop: false }`
[INFO] [stdout] 54a6e69f78c5d4399e289c22d40deb2f1855e32428ba67432ade29f2a02d818d
[INFO] running `Command { std: "docker" "create" "-v" "/var/lib/crater-agent-workspace/builds/worker-2-tc1/target:/opt/rustwide/target:rw,Z" "-v" "/var/lib/crater-agent-workspace/builds/worker-2-tc1/source:/opt/rustwide/workdir:ro,Z" "-v" "/var/lib/crater-agent-workspace/cargo-home:/opt/rustwide/cargo-home:ro,Z" "-v" "/var/lib/crater-agent-workspace/rustup-home:/opt/rustwide/rustup-home:ro,Z" "-e" "SOURCE_DIR=/opt/rustwide/workdir" "-e" "CARGO_TARGET_DIR=/opt/rustwide/target" "-e" "CARGO_INCREMENTAL=0" "-e" "RUST_BACKTRACE=full" "-e" "RUSTFLAGS=--cap-lints=warn" "-e" "RUSTDOCFLAGS=--cap-lints=warn" "-e" "CARGO_HOME=/opt/rustwide/cargo-home" "-e" "RUSTUP_HOME=/opt/rustwide/rustup-home" "-w" "/opt/rustwide/workdir" "-m" "1610612736" "--user" "0:0" "--network" "none" "ghcr.io/rust-lang/crates-build-env/linux@sha256:5ff2268d62e97bff2cde7d5815dd6ed5b47097566f13b8d0ca110b04b60e07ed" "/opt/rustwide/cargo-home/bin/cargo" "+1.69.0" "build" "--frozen" "--message-format=json", kill_on_drop: false }`
[INFO] [stdout] 70b75df656b267c72bc54c51a345b3bbfda283bcbff5718dd9fc2554dcfe0309
[INFO] running `Command { std: "docker" "start" "-a" "70b75df656b267c72bc54c51a345b3bbfda283bcbff5718dd9fc2554dcfe0309", kill_on_drop: false }`
[INFO] [stderr]    Compiling pc-keyboard v0.7.0
[INFO] [stderr]    Compiling i8042 v0.1.0 (/opt/rustwide/workdir)
[INFO] [stderr]     Finished dev [unoptimized + debuginfo] target(s) in 0.82s
[INFO] running `Command { std: "docker" "inspect" "70b75df656b267c72bc54c51a345b3bbfda283bcbff5718dd9fc2554dcfe0309", kill_on_drop: false }`
[INFO] running `Command { std: "docker" "rm" "-f" "70b75df656b267c72bc54c51a345b3bbfda283bcbff5718dd9fc2554dcfe0309", kill_on_drop: false }`
[INFO] [stdout] 70b75df656b267c72bc54c51a345b3bbfda283bcbff5718dd9fc2554dcfe0309
[INFO] running `Command { std: "docker" "create" "-v" "/var/lib/crater-agent-workspace/builds/worker-2-tc1/target:/opt/rustwide/target:rw,Z" "-v" "/var/lib/crater-agent-workspace/builds/worker-2-tc1/source:/opt/rustwide/workdir:ro,Z" "-v" "/var/lib/crater-agent-workspace/cargo-home:/opt/rustwide/cargo-home:ro,Z" "-v" "/var/lib/crater-agent-workspace/rustup-home:/opt/rustwide/rustup-home:ro,Z" "-e" "SOURCE_DIR=/opt/rustwide/workdir" "-e" "CARGO_TARGET_DIR=/opt/rustwide/target" "-e" "CARGO_INCREMENTAL=0" "-e" "RUST_BACKTRACE=full" "-e" "RUSTFLAGS=--cap-lints=warn" "-e" "RUSTDOCFLAGS=--cap-lints=warn" "-e" "CARGO_HOME=/opt/rustwide/cargo-home" "-e" "RUSTUP_HOME=/opt/rustwide/rustup-home" "-w" "/opt/rustwide/workdir" "-m" "1610612736" "--user" "0:0" "--network" "none" "ghcr.io/rust-lang/crates-build-env/linux@sha256:5ff2268d62e97bff2cde7d5815dd6ed5b47097566f13b8d0ca110b04b60e07ed" "/opt/rustwide/cargo-home/bin/cargo" "+1.69.0" "test" "--frozen" "--no-run" "--message-format=json", kill_on_drop: false }`
[INFO] [stdout] 311fb16765c8ec27097ecd13af6da67c140c5b20922a91f8441b24f1e9b71d99
[INFO] running `Command { std: "docker" "start" "-a" "311fb16765c8ec27097ecd13af6da67c140c5b20922a91f8441b24f1e9b71d99", kill_on_drop: false }`
[INFO] [stderr]    Compiling i8042 v0.1.0 (/opt/rustwide/workdir)
[INFO] [stderr]     Finished test [unoptimized + debuginfo] target(s) in 0.68s
[INFO] running `Command { std: "docker" "inspect" "311fb16765c8ec27097ecd13af6da67c140c5b20922a91f8441b24f1e9b71d99", kill_on_drop: false }`
[INFO] running `Command { std: "docker" "rm" "-f" "311fb16765c8ec27097ecd13af6da67c140c5b20922a91f8441b24f1e9b71d99", kill_on_drop: false }`
[INFO] [stdout] 311fb16765c8ec27097ecd13af6da67c140c5b20922a91f8441b24f1e9b71d99
[INFO] running `Command { std: "docker" "create" "-v" "/var/lib/crater-agent-workspace/builds/worker-2-tc1/target:/opt/rustwide/target:rw,Z" "-v" "/var/lib/crater-agent-workspace/builds/worker-2-tc1/source:/opt/rustwide/workdir:ro,Z" "-v" "/var/lib/crater-agent-workspace/cargo-home:/opt/rustwide/cargo-home:ro,Z" "-v" "/var/lib/crater-agent-workspace/rustup-home:/opt/rustwide/rustup-home:ro,Z" "-e" "SOURCE_DIR=/opt/rustwide/workdir" "-e" "CARGO_TARGET_DIR=/opt/rustwide/target" "-e" "CARGO_INCREMENTAL=0" "-e" "RUST_BACKTRACE=full" "-e" "RUSTFLAGS=--cap-lints=warn" "-e" "RUSTDOCFLAGS=--cap-lints=warn" "-e" "CARGO_HOME=/opt/rustwide/cargo-home" "-e" "RUSTUP_HOME=/opt/rustwide/rustup-home" "-w" "/opt/rustwide/workdir" "-m" "1610612736" "--user" "0:0" "--network" "none" "ghcr.io/rust-lang/crates-build-env/linux@sha256:5ff2268d62e97bff2cde7d5815dd6ed5b47097566f13b8d0ca110b04b60e07ed" "/opt/rustwide/cargo-home/bin/cargo" "+1.69.0" "test" "--frozen", kill_on_drop: false }`
[INFO] [stdout] 2197f97a35dcaf721fd7fdfca13c669dc104c679fa328091aff323d9a0349685
[INFO] running `Command { std: "docker" "start" "-a" "2197f97a35dcaf721fd7fdfca13c669dc104c679fa328091aff323d9a0349685", kill_on_drop: false }`
[INFO] [stderr]     Finished test [unoptimized + debuginfo] target(s) in 0.01s
[INFO] [stderr]      Running unittests src/lib.rs (/opt/rustwide/target/debug/deps/i8042-9c9157a4a94eb551)
[INFO] [stdout] 
[INFO] [stderr]    Doc-tests i8042
[INFO] [stdout] running 0 tests
[INFO] [stdout] 
[INFO] [stdout] test result: ok. 0 passed; 0 failed; 0 ignored; 0 measured; 0 filtered out; finished in 0.00s
[INFO] [stdout] 
[INFO] [stdout] 
[INFO] [stdout] running 1 test
[INFO] [stdout] test src/lib.rs - Impl (line 61) ... FAILED
[INFO] [stdout] 
[INFO] [stdout] failures:
[INFO] [stdout] 
[INFO] [stdout] ---- src/lib.rs - Impl (line 61) stdout ----
[INFO] [stdout] error: cannot find macro `asm` in this scope
[INFO] [stdout]  --> src/lib.rs:66:18
[INFO] [stdout]   |
[INFO] [stdout] 7 |         unsafe { asm!("outb 064h, al", in(al) cmd) };
[INFO] [stdout]   |                  ^^^
[INFO] [stdout]   |
[INFO] [stdout]   = help: consider importing one of these items:
[INFO] [stdout]           std::arch::asm
[INFO] [stdout]           core::arch::asm
[INFO] [stdout] 
[INFO] [stdout] error: cannot find macro `asm` in this scope
[INFO] [stdout]   --> src/lib.rs:70:18
[INFO] [stdout]    |
[INFO] [stdout] 11 |         unsafe { asm!("inb al, 064h", out(al) status) };
[INFO] [stdout]    |                  ^^^
[INFO] [stdout]    |
[INFO] [stdout]    = help: consider importing one of these items:
[INFO] [stdout]            std::arch::asm
[INFO] [stdout]            core::arch::asm
[INFO] [stdout] 
[INFO] [stdout] error: cannot find macro `asm` in this scope
[INFO] [stdout]   --> src/lib.rs:74:18
[INFO] [stdout]    |
[INFO] [stdout] 15 |         unsafe { asm!("outb 060h, al", in(al) cmd) };
[INFO] [stdout]    |                  ^^^
[INFO] [stdout]    |
[INFO] [stdout]    = help: consider importing one of these items:
[INFO] [stdout]            std::arch::asm
[INFO] [stdout]            core::arch::asm
[INFO] [stdout] 
[INFO] [stdout] error: cannot find macro `asm` in this scope
[INFO] [stdout]   --> src/lib.rs:78:18
[INFO] [stdout]    |
[INFO] [stdout] 19 |         unsafe { asm!("inb al, 060h", out(al) status) };
[INFO] [stdout]    |                  ^^^
[INFO] [stdout]    |
[INFO] [stdout]    = help: consider importing one of these items:
[INFO] [stdout]            std::arch::asm
[INFO] [stdout]            core::arch::asm
[INFO] [stdout] 
[INFO] [stdout] error[E0405]: cannot find trait `Impl` in this scope
[INFO] [stdout]  --> src/lib.rs:64:6
[INFO] [stdout]   |
[INFO] [stdout] 5 | impl Impl for MyImpl {
[INFO] [stdout]   |      ^^^^ not found in this scope
[INFO] [stdout]   |
[INFO] [stdout] help: consider importing this trait
[INFO] [stdout]   |
[INFO] [stdout] 2 | use i8042::Impl;
[INFO] [stdout]   |
[INFO] [stdout] 
[INFO] [stdout] error: aborting due to 5 previous errors
[INFO] [stdout] 
[INFO] [stdout] For more information about this error, try `rustc --explain E0405`.
[INFO] [stdout] Couldn't compile the test.
[INFO] [stdout] 
[INFO] [stdout] failures:
[INFO] [stdout]     src/lib.rs - Impl (line 61)
[INFO] [stdout] 
[INFO] [stdout] test result: FAILED. 0 passed; 1 failed; 0 ignored; 0 measured; 0 filtered out; finished in 0.09s
[INFO] [stdout] 
[INFO] [stderr] error: doctest failed, to rerun pass `--doc`
[INFO] running `Command { std: "docker" "inspect" "2197f97a35dcaf721fd7fdfca13c669dc104c679fa328091aff323d9a0349685", kill_on_drop: false }`
[INFO] running `Command { std: "docker" "rm" "-f" "2197f97a35dcaf721fd7fdfca13c669dc104c679fa328091aff323d9a0349685", kill_on_drop: false }`
[INFO] [stdout] 2197f97a35dcaf721fd7fdfca13c669dc104c679fa328091aff323d9a0349685
