[INFO] fetching crate http-service 0.5.0...
[INFO] testing http-service-0.5.0 against 1.69.0 for beta-1.70-1
[INFO] extracting crate http-service 0.5.0 into /workspace/builds/worker-0-tc1/source
[INFO] validating manifest of crates.io crate http-service 0.5.0 on toolchain 1.69.0
[INFO] running `Command { std: CARGO_HOME="/workspace/cargo-home" RUSTUP_HOME="/workspace/rustup-home" "/workspace/cargo-home/bin/cargo" "+1.69.0" "metadata" "--manifest-path" "Cargo.toml" "--no-deps", kill_on_drop: false }`
[INFO] started tweaking crates.io crate http-service 0.5.0
[INFO] finished tweaking crates.io crate http-service 0.5.0
[INFO] tweaked toml for crates.io crate http-service 0.5.0 written to /workspace/builds/worker-0-tc1/source/Cargo.toml
[INFO] running `Command { std: CARGO_HOME="/workspace/cargo-home" RUSTUP_HOME="/workspace/rustup-home" __CARGO_TEST_CHANNEL_OVERRIDE_DO_NOT_USE_THIS="nightly" "/workspace/cargo-home/bin/cargo" "+1.69.0" "generate-lockfile" "--manifest-path" "Cargo.toml" "-Zno-index-update", kill_on_drop: false }`
[INFO] running `Command { std: CARGO_HOME="/workspace/cargo-home" RUSTUP_HOME="/workspace/rustup-home" "/workspace/cargo-home/bin/cargo" "+1.69.0" "fetch" "--manifest-path" "Cargo.toml", kill_on_drop: false }`
[INFO] [stderr]  Downloading crates ...
[INFO] [stderr]   Downloaded http-types v1.3.1
[INFO] [stderr]   Downloaded omnom v2.1.2
[INFO] [stderr]   Downloaded infer v0.1.7
[INFO] running `Command { std: "docker" "create" "-v" "/var/lib/crater-agent-workspace/builds/worker-0-tc1/target:/opt/rustwide/target:rw,Z" "-v" "/var/lib/crater-agent-workspace/builds/worker-0-tc1/source:/opt/rustwide/workdir:ro,Z" "-v" "/var/lib/crater-agent-workspace/cargo-home:/opt/rustwide/cargo-home:ro,Z" "-v" "/var/lib/crater-agent-workspace/rustup-home:/opt/rustwide/rustup-home:ro,Z" "-e" "SOURCE_DIR=/opt/rustwide/workdir" "-e" "CARGO_TARGET_DIR=/opt/rustwide/target" "-e" "CARGO_HOME=/opt/rustwide/cargo-home" "-e" "RUSTUP_HOME=/opt/rustwide/rustup-home" "-w" "/opt/rustwide/workdir" "-m" "1610612736" "--user" "0:0" "--network" "none" "ghcr.io/rust-lang/crates-build-env/linux@sha256:5ff2268d62e97bff2cde7d5815dd6ed5b47097566f13b8d0ca110b04b60e07ed" "/opt/rustwide/cargo-home/bin/cargo" "+1.69.0" "metadata" "--no-deps" "--format-version=1", kill_on_drop: false }`
[INFO] [stdout] 2af82291604be0cb86d539ab8435eb7c50db7d4821641158fe8801768ae91574
[INFO] running `Command { std: "docker" "start" "-a" "2af82291604be0cb86d539ab8435eb7c50db7d4821641158fe8801768ae91574", kill_on_drop: false }`
[INFO] running `Command { std: "docker" "inspect" "2af82291604be0cb86d539ab8435eb7c50db7d4821641158fe8801768ae91574", kill_on_drop: false }`
[INFO] running `Command { std: "docker" "rm" "-f" "2af82291604be0cb86d539ab8435eb7c50db7d4821641158fe8801768ae91574", kill_on_drop: false }`
[INFO] [stdout] 2af82291604be0cb86d539ab8435eb7c50db7d4821641158fe8801768ae91574
[INFO] running `Command { std: "docker" "create" "-v" "/var/lib/crater-agent-workspace/builds/worker-0-tc1/target:/opt/rustwide/target:rw,Z" "-v" "/var/lib/crater-agent-workspace/builds/worker-0-tc1/source:/opt/rustwide/workdir:ro,Z" "-v" "/var/lib/crater-agent-workspace/cargo-home:/opt/rustwide/cargo-home:ro,Z" "-v" "/var/lib/crater-agent-workspace/rustup-home:/opt/rustwide/rustup-home:ro,Z" "-e" "SOURCE_DIR=/opt/rustwide/workdir" "-e" "CARGO_TARGET_DIR=/opt/rustwide/target" "-e" "CARGO_INCREMENTAL=0" "-e" "RUST_BACKTRACE=full" "-e" "RUSTFLAGS=--cap-lints=warn" "-e" "RUSTDOCFLAGS=--cap-lints=warn" "-e" "CARGO_HOME=/opt/rustwide/cargo-home" "-e" "RUSTUP_HOME=/opt/rustwide/rustup-home" "-w" "/opt/rustwide/workdir" "-m" "1610612736" "--user" "0:0" "--network" "none" "ghcr.io/rust-lang/crates-build-env/linux@sha256:5ff2268d62e97bff2cde7d5815dd6ed5b47097566f13b8d0ca110b04b60e07ed" "/opt/rustwide/cargo-home/bin/cargo" "+1.69.0" "build" "--frozen" "--message-format=json", kill_on_drop: false }`
[INFO] [stdout] 43d07a998a31e9e4862449ffcbd589047b38fc0778afa4fd4161e8a512ada74c
[INFO] running `Command { std: "docker" "start" "-a" "43d07a998a31e9e4862449ffcbd589047b38fc0778afa4fd4161e8a512ada74c", kill_on_drop: false }`
[INFO] [stderr]    Compiling libc v0.2.142
[INFO] [stderr]    Compiling syn v1.0.109
[INFO] [stderr]    Compiling crossbeam-utils v0.8.15
[INFO] [stderr]    Compiling log v0.4.17
[INFO] [stderr]    Compiling event-listener v2.5.3
[INFO] [stderr]    Compiling fastrand v1.9.0
[INFO] [stderr]    Compiling parking v2.1.0
[INFO] [stderr]    Compiling value-bag v1.0.0-alpha.9
[INFO] [stderr]    Compiling waker-fn v1.1.0
[INFO] [stderr]    Compiling io-lifetimes v1.0.10
[INFO] [stderr]    Compiling polling v2.8.0
[INFO] [stderr]    Compiling rustix v0.37.18
[INFO] [stderr]    Compiling async-io v1.13.0
[INFO] [stderr]    Compiling linux-raw-sys v0.3.6
[INFO] [stderr]    Compiling signal-hook v0.3.15
[INFO] [stderr]    Compiling async-task v4.4.0
[INFO] [stderr]    Compiling async-process v1.7.0
[INFO] [stderr]    Compiling async-lock v2.7.0
[INFO] [stderr]    Compiling futures-lite v1.13.0
[INFO] [stderr]    Compiling atomic-waker v1.1.1
[INFO] [stderr]    Compiling serde v1.0.160
[INFO] [stderr]    Compiling omnom v2.1.2
[INFO] [stderr]    Compiling infer v0.1.7
[INFO] [stderr]    Compiling concurrent-queue v2.2.0
[INFO] [stderr]    Compiling async-channel v1.8.0
[INFO] [stderr]    Compiling async-executor v1.5.1
[INFO] [stderr]    Compiling socket2 v0.4.9
[INFO] [stderr]    Compiling signal-hook-registry v1.4.1
[INFO] [stderr]    Compiling time v0.1.45
[INFO] [stderr]    Compiling cookie v0.12.0
[INFO] [stderr]    Compiling ctor v0.1.26
[INFO] [stderr]    Compiling serde_json v1.0.96
[INFO] [stderr]    Compiling blocking v1.3.1
[INFO] [stderr]    Compiling kv-log-macro v1.0.7
[INFO] [stderr]    Compiling async-global-executor v2.3.1
[INFO] [stderr]    Compiling async-std v1.12.0
[INFO] [stderr]    Compiling http-types v1.3.1
[INFO] [stdout] error[E0432]: unresolved import `async_std::sync::Sender`
[INFO] [stdout]   --> /opt/rustwide/cargo-home/registry/src/github.com-1ecc6299db9ec823/http-types-1.3.1/src/trailers.rs:52:5
[INFO] [stdout]    |
[INFO] [stdout] 52 | use async_std::sync::Sender;
[INFO] [stdout]    |     ^^^^^^^^^^^^^^^^^^^^^^^ no `Sender` in `sync`
[INFO] [stdout]    |
[INFO] [stdout] help: consider importing one of these items instead
[INFO] [stdout]    |
[INFO] [stdout] 52 | use async_std::channel::Sender;
[INFO] [stdout]    |     ~~~~~~~~~~~~~~~~~~~~~~~~~~
[INFO] [stdout] 52 | use std::sync::mpsc::Sender;
[INFO] [stdout]    |     ~~~~~~~~~~~~~~~~~~~~~~~
[INFO] [stdout] 
[INFO] [stdout] 
[INFO] [stdout] error[E0412]: cannot find type `Sender` in module `sync`
[INFO] [stdout]   --> /opt/rustwide/cargo-home/registry/src/github.com-1ecc6299db9ec823/http-types-1.3.1/src/request.rs:34:30
[INFO] [stdout]    |
[INFO] [stdout] 34 |         sender: Option<sync::Sender<crate::Result<Trailers>>>,
[INFO] [stdout]    |                              ^^^^^^ not found in `sync`
[INFO] [stdout]    |
[INFO] [stdout] help: consider importing one of these items
[INFO] [stdout]    |
[INFO] [stdout] 1  | use async_std::channel::Sender;
[INFO] [stdout]    |
[INFO] [stdout] 1  | use std::sync::mpsc::Sender;
[INFO] [stdout]    |
[INFO] [stdout] help: if you import `Sender`, refer to it directly
[INFO] [stdout]    |
[INFO] [stdout] 34 -         sender: Option<sync::Sender<crate::Result<Trailers>>>,
[INFO] [stdout] 34 +         sender: Option<Sender<crate::Result<Trailers>>>,
[INFO] [stdout]    |
[INFO] [stdout] 
[INFO] [stdout] 
[INFO] [stdout] error[E0412]: cannot find type `Receiver` in module `sync`
[INFO] [stdout]   --> /opt/rustwide/cargo-home/registry/src/github.com-1ecc6299db9ec823/http-types-1.3.1/src/request.rs:35:25
[INFO] [stdout]    |
[INFO] [stdout] 35 |         receiver: sync::Receiver<crate::Result<Trailers>>,
[INFO] [stdout]    |                         ^^^^^^^^ not found in `sync`
[INFO] [stdout]    |
[INFO] [stdout] help: consider importing one of these items
[INFO] [stdout]    |
[INFO] [stdout] 1  | use async_std::channel::Receiver;
[INFO] [stdout]    |
[INFO] [stdout] 1  | use core::ops::Receiver;
[INFO] [stdout]    |
[INFO] [stdout] 1  | use std::ops::Receiver;
[INFO] [stdout]    |
[INFO] [stdout] 1  | use std::sync::mpsc::Receiver;
[INFO] [stdout]    |
[INFO] [stdout] help: if you import `Receiver`, refer to it directly
[INFO] [stdout]    |
[INFO] [stdout] 35 -         receiver: sync::Receiver<crate::Result<Trailers>>,
[INFO] [stdout] 35 +         receiver: Receiver<crate::Result<Trailers>>,
[INFO] [stdout]    |
[INFO] [stdout] 
[INFO] [stdout] 
[INFO] [stdout] error[E0425]: cannot find function `channel` in module `sync`
[INFO] [stdout]   --> /opt/rustwide/cargo-home/registry/src/github.com-1ecc6299db9ec823/http-types-1.3.1/src/request.rs:45:40
[INFO] [stdout]    |
[INFO] [stdout] 45 |         let (sender, receiver) = sync::channel(1);
[INFO] [stdout]    |                                        ^^^^^^^ not found in `sync`
[INFO] [stdout]    |
[INFO] [stdout] help: consider importing this function
[INFO] [stdout]    |
[INFO] [stdout] 1  | use std::sync::mpsc::channel;
[INFO] [stdout]    |
[INFO] [stdout] help: if you import `channel`, refer to it directly
[INFO] [stdout]    |
[INFO] [stdout] 45 -         let (sender, receiver) = sync::channel(1);
[INFO] [stdout] 45 +         let (sender, receiver) = channel(1);
[INFO] [stdout]    |
[INFO] [stdout] 
[INFO] [stdout] 
[INFO] [stdout] error[E0412]: cannot find type `Sender` in module `sync`
[INFO] [stdout]   --> /opt/rustwide/cargo-home/registry/src/github.com-1ecc6299db9ec823/http-types-1.3.1/src/response.rs:36:30
[INFO] [stdout]    |
[INFO] [stdout] 36 |         sender: Option<sync::Sender<crate::Result<Trailers>>>,
[INFO] [stdout]    |                              ^^^^^^ not found in `sync`
[INFO] [stdout]    |
[INFO] [stdout] help: consider importing one of these items
[INFO] [stdout]    |
[INFO] [stdout] 1  | use async_std::channel::Sender;
[INFO] [stdout]    |
[INFO] [stdout] 1  | use std::sync::mpsc::Sender;
[INFO] [stdout]    |
[INFO] [stdout] help: if you import `Sender`, refer to it directly
[INFO] [stdout]    |
[INFO] [stdout] 36 -         sender: Option<sync::Sender<crate::Result<Trailers>>>,
[INFO] [stdout] 36 +         sender: Option<Sender<crate::Result<Trailers>>>,
[INFO] [stdout]    |
[INFO] [stdout] 
[INFO] [stdout] 
[INFO] [stdout] error[E0412]: cannot find type `Receiver` in module `sync`
[INFO] [stdout]   --> /opt/rustwide/cargo-home/registry/src/github.com-1ecc6299db9ec823/http-types-1.3.1/src/response.rs:37:25
[INFO] [stdout]    |
[INFO] [stdout] 37 |         receiver: sync::Receiver<crate::Result<Trailers>>,
[INFO] [stdout]    |                         ^^^^^^^^ not found in `sync`
[INFO] [stdout]    |
[INFO] [stdout] help: consider importing one of these items
[INFO] [stdout]    |
[INFO] [stdout] 1  | use async_std::channel::Receiver;
[INFO] [stdout]    |
[INFO] [stdout] 1  | use core::ops::Receiver;
[INFO] [stdout]    |
[INFO] [stdout] 1  | use std::ops::Receiver;
[INFO] [stdout]    |
[INFO] [stdout] 1  | use std::sync::mpsc::Receiver;
[INFO] [stdout]    |
[INFO] [stdout] help: if you import `Receiver`, refer to it directly
[INFO] [stdout]    |
[INFO] [stdout] 37 -         receiver: sync::Receiver<crate::Result<Trailers>>,
[INFO] [stdout] 37 +         receiver: Receiver<crate::Result<Trailers>>,
[INFO] [stdout]    |
[INFO] [stdout] 
[INFO] [stdout] 
[INFO] [stdout] error[E0425]: cannot find function `channel` in module `sync`
[INFO] [stdout]   --> /opt/rustwide/cargo-home/registry/src/github.com-1ecc6299db9ec823/http-types-1.3.1/src/response.rs:47:40
[INFO] [stdout]    |
[INFO] [stdout] 47 |         let (sender, receiver) = sync::channel(1);
[INFO] [stdout]    |                                        ^^^^^^^ not found in `sync`
[INFO] [stdout]    |
[INFO] [stdout] help: consider importing this function
[INFO] [stdout]    |
[INFO] [stdout] 1  | use std::sync::mpsc::channel;
[INFO] [stdout]    |
[INFO] [stdout] help: if you import `channel`, refer to it directly
[INFO] [stdout]    |
[INFO] [stdout] 47 -         let (sender, receiver) = sync::channel(1);
[INFO] [stdout] 47 +         let (sender, receiver) = channel(1);
[INFO] [stdout]    |
[INFO] [stdout] 
[INFO] [stdout] 
[INFO] [stdout] error: aborting due to 7 previous errors
[INFO] [stdout] 
[INFO] [stdout] 
[INFO] [stdout] Some errors have detailed explanations: E0412, E0425, E0432.
[INFO] [stdout] 
[INFO] [stdout] For more information about an error, try `rustc --explain E0412`.
[INFO] [stdout] 
[INFO] [stderr] error: could not compile `http-types` due to 8 previous errors; 4 warnings emitted
[INFO] [stderr] warning: build failed, waiting for other jobs to finish...
[INFO] running `Command { std: "docker" "inspect" "43d07a998a31e9e4862449ffcbd589047b38fc0778afa4fd4161e8a512ada74c", kill_on_drop: false }`
[INFO] running `Command { std: "docker" "rm" "-f" "43d07a998a31e9e4862449ffcbd589047b38fc0778afa4fd4161e8a512ada74c", kill_on_drop: false }`
[INFO] [stdout] 43d07a998a31e9e4862449ffcbd589047b38fc0778afa4fd4161e8a512ada74c
