[INFO] fetching crate http-box 0.1.5...
[INFO] testing http-box-0.1.5 against 1.69.0 for beta-1.70-1
[INFO] extracting crate http-box 0.1.5 into /workspace/builds/worker-0-tc1/source
[INFO] validating manifest of crates.io crate http-box 0.1.5 on toolchain 1.69.0
[INFO] running `Command { std: CARGO_HOME="/workspace/cargo-home" RUSTUP_HOME="/workspace/rustup-home" "/workspace/cargo-home/bin/cargo" "+1.69.0" "metadata" "--manifest-path" "Cargo.toml" "--no-deps", kill_on_drop: false }`
[INFO] started tweaking crates.io crate http-box 0.1.5
[INFO] finished tweaking crates.io crate http-box 0.1.5
[INFO] tweaked toml for crates.io crate http-box 0.1.5 written to /workspace/builds/worker-0-tc1/source/Cargo.toml
[INFO] running `Command { std: CARGO_HOME="/workspace/cargo-home" RUSTUP_HOME="/workspace/rustup-home" __CARGO_TEST_CHANNEL_OVERRIDE_DO_NOT_USE_THIS="nightly" "/workspace/cargo-home/bin/cargo" "+1.69.0" "generate-lockfile" "--manifest-path" "Cargo.toml" "-Zno-index-update", kill_on_drop: false }`
[INFO] running `Command { std: CARGO_HOME="/workspace/cargo-home" RUSTUP_HOME="/workspace/rustup-home" "/workspace/cargo-home/bin/cargo" "+1.69.0" "fetch" "--manifest-path" "Cargo.toml", kill_on_drop: false }`
[INFO] [stderr]  Downloading crates ...
[INFO] [stderr]   Downloaded pulldown-cmark v0.0.8
[INFO] [stderr]   Downloaded byte-slice v0.1.12
[INFO] [stderr]   Downloaded skeptic v0.7.1
[INFO] running `Command { std: "docker" "create" "-v" "/var/lib/crater-agent-workspace/builds/worker-0-tc1/target:/opt/rustwide/target:rw,Z" "-v" "/var/lib/crater-agent-workspace/builds/worker-0-tc1/source:/opt/rustwide/workdir:ro,Z" "-v" "/var/lib/crater-agent-workspace/cargo-home:/opt/rustwide/cargo-home:ro,Z" "-v" "/var/lib/crater-agent-workspace/rustup-home:/opt/rustwide/rustup-home:ro,Z" "-e" "SOURCE_DIR=/opt/rustwide/workdir" "-e" "CARGO_TARGET_DIR=/opt/rustwide/target" "-e" "CARGO_HOME=/opt/rustwide/cargo-home" "-e" "RUSTUP_HOME=/opt/rustwide/rustup-home" "-w" "/opt/rustwide/workdir" "-m" "1610612736" "--user" "0:0" "--network" "none" "ghcr.io/rust-lang/crates-build-env/linux@sha256:5ff2268d62e97bff2cde7d5815dd6ed5b47097566f13b8d0ca110b04b60e07ed" "/opt/rustwide/cargo-home/bin/cargo" "+1.69.0" "metadata" "--no-deps" "--format-version=1", kill_on_drop: false }`
[INFO] [stdout] c4169fc60549e8f8468e8f02d4855df7f1f65c689bdd5ab811cb0b7ad1e28bcb
[INFO] running `Command { std: "docker" "start" "-a" "c4169fc60549e8f8468e8f02d4855df7f1f65c689bdd5ab811cb0b7ad1e28bcb", kill_on_drop: false }`
[INFO] running `Command { std: "docker" "inspect" "c4169fc60549e8f8468e8f02d4855df7f1f65c689bdd5ab811cb0b7ad1e28bcb", kill_on_drop: false }`
[INFO] running `Command { std: "docker" "rm" "-f" "c4169fc60549e8f8468e8f02d4855df7f1f65c689bdd5ab811cb0b7ad1e28bcb", kill_on_drop: false }`
[INFO] [stdout] c4169fc60549e8f8468e8f02d4855df7f1f65c689bdd5ab811cb0b7ad1e28bcb
[INFO] running `Command { std: "docker" "create" "-v" "/var/lib/crater-agent-workspace/builds/worker-0-tc1/target:/opt/rustwide/target:rw,Z" "-v" "/var/lib/crater-agent-workspace/builds/worker-0-tc1/source:/opt/rustwide/workdir:ro,Z" "-v" "/var/lib/crater-agent-workspace/cargo-home:/opt/rustwide/cargo-home:ro,Z" "-v" "/var/lib/crater-agent-workspace/rustup-home:/opt/rustwide/rustup-home:ro,Z" "-e" "SOURCE_DIR=/opt/rustwide/workdir" "-e" "CARGO_TARGET_DIR=/opt/rustwide/target" "-e" "CARGO_INCREMENTAL=0" "-e" "RUST_BACKTRACE=full" "-e" "RUSTFLAGS=--cap-lints=warn" "-e" "RUSTDOCFLAGS=--cap-lints=warn" "-e" "CARGO_HOME=/opt/rustwide/cargo-home" "-e" "RUSTUP_HOME=/opt/rustwide/rustup-home" "-w" "/opt/rustwide/workdir" "-m" "1610612736" "--user" "0:0" "--network" "none" "ghcr.io/rust-lang/crates-build-env/linux@sha256:5ff2268d62e97bff2cde7d5815dd6ed5b47097566f13b8d0ca110b04b60e07ed" "/opt/rustwide/cargo-home/bin/cargo" "+1.69.0" "build" "--frozen" "--message-format=json", kill_on_drop: false }`
[INFO] [stdout] c784da0ad1e497b2e2d17e491d942c93017eb6b5f0b2582f3e8d58c21a365400
[INFO] running `Command { std: "docker" "start" "-a" "c784da0ad1e497b2e2d17e491d942c93017eb6b5f0b2582f3e8d58c21a365400", kill_on_drop: false }`
[INFO] [stderr]    Compiling getopts v0.2.21
[INFO] [stderr]    Compiling rand v0.4.6
[INFO] [stderr]    Compiling remove_dir_all v0.5.3
[INFO] [stderr]    Compiling bitflags v0.5.0
[INFO] [stderr]    Compiling byte-slice v0.1.12
[INFO] [stderr]    Compiling pulldown-cmark v0.0.8
[INFO] [stderr]    Compiling tempdir v0.3.7
[INFO] [stderr]    Compiling skeptic v0.7.1
[INFO] [stderr]    Compiling http-box v0.1.5 (/opt/rustwide/workdir)
[INFO] [stdout] warning: unused macro definition: `get_state`
[INFO] [stdout]    --> src/fsm.rs:195:14
[INFO] [stdout]     |
[INFO] [stdout] 195 | macro_rules! get_state {
[INFO] [stdout]     |              ^^^^^^^^^
[INFO] [stdout]     |
[INFO] [stdout]     = note: `#[warn(unused_macros)]` on by default
[INFO] [stdout] 
[INFO] [stdout] 
[INFO] [stdout] warning: unused macro definition: `inc_lower14`
[INFO] [stdout]   --> src/http1.rs:94:14
[INFO] [stdout]    |
[INFO] [stdout] 94 | macro_rules! inc_lower14 {
[INFO] [stdout]    |              ^^^^^^^^^^^
[INFO] [stdout] 
[INFO] [stdout] 
[INFO] [stdout] warning: unused macro definition: `unset_flag`
[INFO] [stdout]    --> src/http1.rs:141:14
[INFO] [stdout]     |
[INFO] [stdout] 141 | macro_rules! unset_flag {
[INFO] [stdout]     |              ^^^^^^^^^^
[INFO] [stdout] 
[INFO] [stdout] 
[INFO] [stdout] warning: unnecessary parentheses around method argument
[INFO] [stdout]     --> src/http2.rs:2164:13
[INFO] [stdout]      |
[INFO] [stdout] 2164 |             ((self.bit_data16a as u32) << 16 | self.bit_data16b as u32)
[INFO] [stdout]      |             ^                                                         ^
[INFO] [stdout]      |
[INFO] [stdout]      = note: `#[warn(unused_parens)]` on by default
[INFO] [stdout] help: remove these parentheses
[INFO] [stdout]      |
[INFO] [stdout] 2164 -             ((self.bit_data16a as u32) << 16 | self.bit_data16b as u32)
[INFO] [stdout] 2164 +             (self.bit_data16a as u32) << 16 | self.bit_data16b as u32
[INFO] [stdout]      |
[INFO] [stdout] 
[INFO] [stdout] 
[INFO] [stdout] warning: unused import: `str`
[INFO] [stdout]   --> src/util.rs:25:12
[INFO] [stdout]    |
[INFO] [stdout] 25 |            str };
[INFO] [stdout]    |            ^^^
[INFO] [stdout]    |
[INFO] [stdout]    = note: `#[warn(unused_imports)]` on by default
[INFO] [stdout] 
[INFO] [stdout] 
[INFO] [stdout] warning: trait objects without an explicit `dyn` are deprecated
[INFO] [stdout]    --> src/util.rs:245:20
[INFO] [stdout]     |
[INFO] [stdout] 245 |     on_error:  Box<FnMut(FieldError) + 'a>,
[INFO] [stdout]     |                    ^^^^^^^^^^^^^^^^^^^^^^
[INFO] [stdout]     |
[INFO] [stdout]     = warning: this is accepted in the current edition (Rust 2015) but is a hard error in Rust 2021!
[INFO] [stdout]     = note: for more information, see <https://doc.rust-lang.org/nightly/edition-guide/rust-2021/warnings-promoted-to-error.html>
[INFO] [stdout]     = note: `#[warn(bare_trait_objects)]` on by default
[INFO] [stdout] help: use `dyn`
[INFO] [stdout]     |
[INFO] [stdout] 245 |     on_error:  Box<dyn FnMut(FieldError) + 'a>,
[INFO] [stdout]     |                    +++
[INFO] [stdout] 
[INFO] [stdout] 
[INFO] [stdout] warning: trait objects without an explicit `dyn` are deprecated
[INFO] [stdout]    --> src/util.rs:555:19
[INFO] [stdout]     |
[INFO] [stdout] 555 |     on_error: Box<FnMut(QueryError) + 'a>,
[INFO] [stdout]     |                   ^^^^^^^^^^^^^^^^^^^^^^
[INFO] [stdout]     |
[INFO] [stdout]     = warning: this is accepted in the current edition (Rust 2015) but is a hard error in Rust 2021!
[INFO] [stdout]     = note: for more information, see <https://doc.rust-lang.org/nightly/edition-guide/rust-2021/warnings-promoted-to-error.html>
[INFO] [stdout] help: use `dyn`
[INFO] [stdout]     |
[INFO] [stdout] 555 |     on_error: Box<dyn FnMut(QueryError) + 'a>,
[INFO] [stdout]     |                   +++
[INFO] [stdout] 
[INFO] [stdout] 
[INFO] [stdout] warning: 7 warnings emitted
[INFO] [stdout] 
[INFO] [stdout] 
[INFO] [stderr]     Finished dev [unoptimized + debuginfo] target(s) in 2.78s
[INFO] running `Command { std: "docker" "inspect" "c784da0ad1e497b2e2d17e491d942c93017eb6b5f0b2582f3e8d58c21a365400", kill_on_drop: false }`
[INFO] running `Command { std: "docker" "rm" "-f" "c784da0ad1e497b2e2d17e491d942c93017eb6b5f0b2582f3e8d58c21a365400", kill_on_drop: false }`
[INFO] [stdout] c784da0ad1e497b2e2d17e491d942c93017eb6b5f0b2582f3e8d58c21a365400
[INFO] running `Command { std: "docker" "create" "-v" "/var/lib/crater-agent-workspace/builds/worker-0-tc1/target:/opt/rustwide/target:rw,Z" "-v" "/var/lib/crater-agent-workspace/builds/worker-0-tc1/source:/opt/rustwide/workdir:ro,Z" "-v" "/var/lib/crater-agent-workspace/cargo-home:/opt/rustwide/cargo-home:ro,Z" "-v" "/var/lib/crater-agent-workspace/rustup-home:/opt/rustwide/rustup-home:ro,Z" "-e" "SOURCE_DIR=/opt/rustwide/workdir" "-e" "CARGO_TARGET_DIR=/opt/rustwide/target" "-e" "CARGO_INCREMENTAL=0" "-e" "RUST_BACKTRACE=full" "-e" "RUSTFLAGS=--cap-lints=warn" "-e" "RUSTDOCFLAGS=--cap-lints=warn" "-e" "CARGO_HOME=/opt/rustwide/cargo-home" "-e" "RUSTUP_HOME=/opt/rustwide/rustup-home" "-w" "/opt/rustwide/workdir" "-m" "1610612736" "--user" "0:0" "--network" "none" "ghcr.io/rust-lang/crates-build-env/linux@sha256:5ff2268d62e97bff2cde7d5815dd6ed5b47097566f13b8d0ca110b04b60e07ed" "/opt/rustwide/cargo-home/bin/cargo" "+1.69.0" "test" "--frozen" "--no-run" "--message-format=json", kill_on_drop: false }`
[INFO] [stdout] 4d88d713112fb4cbd73018bec16a75dbe1350b5648c42f452c8f36e92203e24a
[INFO] running `Command { std: "docker" "start" "-a" "4d88d713112fb4cbd73018bec16a75dbe1350b5648c42f452c8f36e92203e24a", kill_on_drop: false }`
[INFO] [stderr]    Compiling unicode-width v0.1.10
[INFO] [stderr]    Compiling rand v0.4.6
[INFO] [stderr]    Compiling bitflags v0.5.0
[INFO] [stderr]    Compiling remove_dir_all v0.5.3
[INFO] [stderr]    Compiling getopts v0.2.21
[INFO] [stderr]    Compiling pulldown-cmark v0.0.8
[INFO] [stderr]    Compiling tempdir v0.3.7
[INFO] [stderr]    Compiling skeptic v0.7.1
[INFO] [stderr]    Compiling http-box v0.1.5 (/opt/rustwide/workdir)
[INFO] [stdout] warning: unused macro definition: `get_state`
[INFO] [stdout]    --> src/fsm.rs:195:14
[INFO] [stdout]     |
[INFO] [stdout] 195 | macro_rules! get_state {
[INFO] [stdout]     |              ^^^^^^^^^
[INFO] [stdout]     |
[INFO] [stdout]     = note: `#[warn(unused_macros)]` on by default
[INFO] [stdout] 
[INFO] [stdout] 
[INFO] [stdout] warning: unused macro definition: `inc_lower14`
[INFO] [stdout]   --> src/http1.rs:94:14
[INFO] [stdout]    |
[INFO] [stdout] 94 | macro_rules! inc_lower14 {
[INFO] [stdout]    |              ^^^^^^^^^^^
[INFO] [stdout] 
[INFO] [stdout] 
[INFO] [stdout] warning: unused macro definition: `unset_flag`
[INFO] [stdout]    --> src/http1.rs:141:14
[INFO] [stdout]     |
[INFO] [stdout] 141 | macro_rules! unset_flag {
[INFO] [stdout]     |              ^^^^^^^^^^
[INFO] [stdout] 
[INFO] [stdout] 
[INFO] [stdout] warning: unnecessary parentheses around method argument
[INFO] [stdout]     --> src/http2.rs:2164:13
[INFO] [stdout]      |
[INFO] [stdout] 2164 |             ((self.bit_data16a as u32) << 16 | self.bit_data16b as u32)
[INFO] [stdout]      |             ^                                                         ^
[INFO] [stdout]      |
[INFO] [stdout]      = note: `#[warn(unused_parens)]` on by default
[INFO] [stdout] help: remove these parentheses
[INFO] [stdout]      |
[INFO] [stdout] 2164 -             ((self.bit_data16a as u32) << 16 | self.bit_data16b as u32)
[INFO] [stdout] 2164 +             (self.bit_data16a as u32) << 16 | self.bit_data16b as u32
[INFO] [stdout]      |
[INFO] [stdout] 
[INFO] [stdout] 
[INFO] [stdout] warning: unused import: `str`
[INFO] [stdout]   --> src/util.rs:25:12
[INFO] [stdout]    |
[INFO] [stdout] 25 |            str };
[INFO] [stdout]    |            ^^^
[INFO] [stdout]    |
[INFO] [stdout]    = note: `#[warn(unused_imports)]` on by default
[INFO] [stdout] 
[INFO] [stdout] 
[INFO] [stdout] warning: trait objects without an explicit `dyn` are deprecated
[INFO] [stdout]    --> src/util.rs:245:20
[INFO] [stdout]     |
[INFO] [stdout] 245 |     on_error:  Box<FnMut(FieldError) + 'a>,
[INFO] [stdout]     |                    ^^^^^^^^^^^^^^^^^^^^^^
[INFO] [stdout]     |
[INFO] [stdout]     = warning: this is accepted in the current edition (Rust 2015) but is a hard error in Rust 2021!
[INFO] [stdout]     = note: for more information, see <https://doc.rust-lang.org/nightly/edition-guide/rust-2021/warnings-promoted-to-error.html>
[INFO] [stdout]     = note: `#[warn(bare_trait_objects)]` on by default
[INFO] [stdout] help: use `dyn`
[INFO] [stdout]     |
[INFO] [stdout] 245 |     on_error:  Box<dyn FnMut(FieldError) + 'a>,
[INFO] [stdout]     |                    +++
[INFO] [stdout] 
[INFO] [stdout] 
[INFO] [stdout] warning: trait objects without an explicit `dyn` are deprecated
[INFO] [stdout]    --> src/util.rs:555:19
[INFO] [stdout]     |
[INFO] [stdout] 555 |     on_error: Box<FnMut(QueryError) + 'a>,
[INFO] [stdout]     |                   ^^^^^^^^^^^^^^^^^^^^^^
[INFO] [stdout]     |
[INFO] [stdout]     = warning: this is accepted in the current edition (Rust 2015) but is a hard error in Rust 2021!
[INFO] [stdout]     = note: for more information, see <https://doc.rust-lang.org/nightly/edition-guide/rust-2021/warnings-promoted-to-error.html>
[INFO] [stdout] help: use `dyn`
[INFO] [stdout]     |
[INFO] [stdout] 555 |     on_error: Box<dyn FnMut(QueryError) + 'a>,
[INFO] [stdout]     |                   +++
[INFO] [stdout] 
[INFO] [stdout] 
[INFO] [stdout] warning: unused macro definition: `get_state`
[INFO] [stdout]    --> src/fsm.rs:195:14
[INFO] [stdout]     |
[INFO] [stdout] 195 | macro_rules! get_state {
[INFO] [stdout]     |              ^^^^^^^^^
[INFO] [stdout]     |
[INFO] [stdout]     = note: `#[warn(unused_macros)]` on by default
[INFO] [stdout] 
[INFO] [stdout] 
[INFO] [stdout] warning: unused macro definition: `inc_lower14`
[INFO] [stdout]   --> src/http1.rs:94:14
[INFO] [stdout]    |
[INFO] [stdout] 94 | macro_rules! inc_lower14 {
[INFO] [stdout]    |              ^^^^^^^^^^^
[INFO] [stdout] 
[INFO] [stdout] 
[INFO] [stdout] warning: unused macro definition: `unset_flag`
[INFO] [stdout]    --> src/http1.rs:141:14
[INFO] [stdout]     |
[INFO] [stdout] 141 | macro_rules! unset_flag {
[INFO] [stdout]     |              ^^^^^^^^^^
[INFO] [stdout] 
[INFO] [stdout] 
[INFO] [stdout] warning: unknown lint: `cyclomatic_complexity`
[INFO] [stdout]     --> src/http1.rs:1498:28
[INFO] [stdout]      |
[INFO] [stdout] 1498 |     #[cfg_attr(test, allow(cyclomatic_complexity))]
[INFO] [stdout]      |                            ^^^^^^^^^^^^^^^^^^^^^
[INFO] [stdout]      |
[INFO] [stdout]      = note: `#[warn(unknown_lints)]` on by default
[INFO] [stdout] 
[INFO] [stdout] 
[INFO] [stdout] warning: unnecessary parentheses around method argument
[INFO] [stdout]     --> src/http2.rs:2164:13
[INFO] [stdout]      |
[INFO] [stdout] 2164 |             ((self.bit_data16a as u32) << 16 | self.bit_data16b as u32)
[INFO] [stdout]      |             ^                                                         ^
[INFO] [stdout]      |
[INFO] [stdout]      = note: `#[warn(unused_parens)]` on by default
[INFO] [stdout] help: remove these parentheses
[INFO] [stdout]      |
[INFO] [stdout] 2164 -             ((self.bit_data16a as u32) << 16 | self.bit_data16b as u32)
[INFO] [stdout] 2164 +             (self.bit_data16a as u32) << 16 | self.bit_data16b as u32
[INFO] [stdout]      |
[INFO] [stdout] 
[INFO] [stdout] 
[INFO] [stdout] warning: unused import: `str`
[INFO] [stdout]   --> src/util.rs:25:12
[INFO] [stdout]    |
[INFO] [stdout] 25 |            str };
[INFO] [stdout]    |            ^^^
[INFO] [stdout]    |
[INFO] [stdout]    = note: `#[warn(unused_imports)]` on by default
[INFO] [stdout] 
[INFO] [stdout] 
[INFO] [stdout] warning: unused import: `ParserState`
[INFO] [stdout]   --> src/test/http2/frame_format.rs:22:14
[INFO] [stdout]    |
[INFO] [stdout] 22 |              ParserState };
[INFO] [stdout]    |              ^^^^^^^^^^^
[INFO] [stdout] 
[INFO] [stdout] 
[INFO] [stdout] warning: trait objects without an explicit `dyn` are deprecated
[INFO] [stdout]    --> src/util.rs:245:20
[INFO] [stdout]     |
[INFO] [stdout] 245 |     on_error:  Box<FnMut(FieldError) + 'a>,
[INFO] [stdout]     |                    ^^^^^^^^^^^^^^^^^^^^^^
[INFO] [stdout]     |
[INFO] [stdout]     = warning: this is accepted in the current edition (Rust 2015) but is a hard error in Rust 2021!
[INFO] [stdout]     = note: for more information, see <https://doc.rust-lang.org/nightly/edition-guide/rust-2021/warnings-promoted-to-error.html>
[INFO] [stdout]     = note: `#[warn(bare_trait_objects)]` on by default
[INFO] [stdout] help: use `dyn`
[INFO] [stdout]     |
[INFO] [stdout] 245 |     on_error:  Box<dyn FnMut(FieldError) + 'a>,
[INFO] [stdout]     |                    +++
[INFO] [stdout] 
[INFO] [stdout] 
[INFO] [stdout] warning: trait objects without an explicit `dyn` are deprecated
[INFO] [stdout]    --> src/util.rs:555:19
[INFO] [stdout]     |
[INFO] [stdout] 555 |     on_error: Box<FnMut(QueryError) + 'a>,
[INFO] [stdout]     |                   ^^^^^^^^^^^^^^^^^^^^^^
[INFO] [stdout]     |
[INFO] [stdout]     = warning: this is accepted in the current edition (Rust 2015) but is a hard error in Rust 2021!
[INFO] [stdout]     = note: for more information, see <https://doc.rust-lang.org/nightly/edition-guide/rust-2021/warnings-promoted-to-error.html>
[INFO] [stdout] help: use `dyn`
[INFO] [stdout]     |
[INFO] [stdout] 555 |     on_error: Box<dyn FnMut(QueryError) + 'a>,
[INFO] [stdout]     |                   +++
[INFO] [stdout] 
[INFO] [stdout] 
[INFO] [stdout] warning: 7 warnings emitted
[INFO] [stdout] 
[INFO] [stdout] 
[INFO] [stdout] warning: unused import: `std::str`
[INFO] [stdout]   --> tests/http1_multipart.rs:12:5
[INFO] [stdout]    |
[INFO] [stdout] 12 | use std::str;
[INFO] [stdout]    |     ^^^^^^^^
[INFO] [stdout]    |
[INFO] [stdout]    = note: `#[warn(unused_imports)]` on by default
[INFO] [stdout] 
[INFO] [stdout] 
[INFO] [stdout] warning: unused import: `std::str`
[INFO] [stdout]   --> tests/http1_chunk_encoded.rs:11:5
[INFO] [stdout]    |
[INFO] [stdout] 11 | use std::str;
[INFO] [stdout]    |     ^^^^^^^^
[INFO] [stdout]    |
[INFO] [stdout]    = note: `#[warn(unused_imports)]` on by default
[INFO] [stdout] 
[INFO] [stdout] 
[INFO] [stdout] warning: unused `Result` that must be used
[INFO] [stdout]    --> tests/http1_head.rs:108:5
[INFO] [stdout]     |
[INFO] [stdout] 108 |     File::open("tests/http1_data/multipart.dat").unwrap().read_to_end(&mut d);
[INFO] [stdout]     |     ^^^^^^^^^^^^^^^^^^^^^^^^^^^^^^^^^^^^^^^^^^^^^^^^^^^^^^^^^^^^^^^^^^^^^^^^^
[INFO] [stdout]     |
[INFO] [stdout]     = note: this `Result` may be an `Err` variant, which should be handled
[INFO] [stdout]     = note: `#[warn(unused_must_use)]` on by default
[INFO] [stdout] 
[INFO] [stdout] 
[INFO] [stdout] warning: unused `Result` that must be used
[INFO] [stdout]    --> tests/http1_head.rs:113:5
[INFO] [stdout]     |
[INFO] [stdout] 113 |     p.resume(&mut h, &d);
[INFO] [stdout]     |     ^^^^^^^^^^^^^^^^^^^^
[INFO] [stdout]     |
[INFO] [stdout]     = note: this `Result` may be an `Err` variant, which should be handled
[INFO] [stdout] 
[INFO] [stdout] 
[INFO] [stdout] warning: unused `Result` that must be used
[INFO] [stdout]    --> tests/http1_chunk_encoded.rs:136:5
[INFO] [stdout]     |
[INFO] [stdout] 136 |     File::open("tests/http1_data/chunk_encoded.dat").unwrap().read_to_end(&mut d);
[INFO] [stdout]     |     ^^^^^^^^^^^^^^^^^^^^^^^^^^^^^^^^^^^^^^^^^^^^^^^^^^^^^^^^^^^^^^^^^^^^^^^^^^^^^
[INFO] [stdout]     |
[INFO] [stdout]     = note: this `Result` may be an `Err` variant, which should be handled
[INFO] [stdout]     = note: `#[warn(unused_must_use)]` on by default
[INFO] [stdout] 
[INFO] [stdout] 
[INFO] [stdout] warning: unused `Result` that must be used
[INFO] [stdout]   --> tests/http1_url_encoded.rs:87:5
[INFO] [stdout]    |
[INFO] [stdout] 87 |     File::open("tests/http1_data/url_encoded.dat").unwrap().read_to_end(&mut d);
[INFO] [stdout]    |     ^^^^^^^^^^^^^^^^^^^^^^^^^^^^^^^^^^^^^^^^^^^^^^^^^^^^^^^^^^^^^^^^^^^^^^^^^^^
[INFO] [stdout]    |
[INFO] [stdout]    = note: this `Result` may be an `Err` variant, which should be handled
[INFO] [stdout]    = note: `#[warn(unused_must_use)]` on by default
[INFO] [stdout] 
[INFO] [stdout] 
[INFO] [stdout] warning: unused `Result` that must be used
[INFO] [stdout]    --> tests/http1_multipart.rs:178:5
[INFO] [stdout]     |
[INFO] [stdout] 178 |     File::open("tests/http1_data/multipart.dat").unwrap().read_to_end(&mut d);
[INFO] [stdout]     |     ^^^^^^^^^^^^^^^^^^^^^^^^^^^^^^^^^^^^^^^^^^^^^^^^^^^^^^^^^^^^^^^^^^^^^^^^^
[INFO] [stdout]     |
[INFO] [stdout]     = note: this `Result` may be an `Err` variant, which should be handled
[INFO] [stdout]     = note: `#[warn(unused_must_use)]` on by default
[INFO] [stdout] 
[INFO] [stdout] 
[INFO] [stdout] warning: 2 warnings emitted
[INFO] [stdout] 
[INFO] [stdout] 
[INFO] [stdout] warning: variable does not need to be mutable
[INFO] [stdout]   --> src/test/http1/multipart_boundary.rs:24:13
[INFO] [stdout]    |
[INFO] [stdout] 24 |         let mut handler = DebugHandler::new();
[INFO] [stdout]    |             ----^^^^^^^
[INFO] [stdout]    |             |
[INFO] [stdout]    |             help: remove this `mut`
[INFO] [stdout] ...
[INFO] [stdout] 36 |     let (mut p, mut h) = setup!();
[INFO] [stdout]    |                          -------- in this macro invocation
[INFO] [stdout]    |
[INFO] [stdout]    = note: `#[warn(unused_mut)]` on by default
[INFO] [stdout]    = note: this warning originates in the macro `setup` (in Nightly builds, run with -Z macro-backtrace for more info)
[INFO] [stdout] 
[INFO] [stdout] 
[INFO] [stdout] warning: variable does not need to be mutable
[INFO] [stdout]   --> src/test/http1/multipart_boundary.rs:24:13
[INFO] [stdout]    |
[INFO] [stdout] 24 |         let mut handler = DebugHandler::new();
[INFO] [stdout]    |             ----^^^^^^^
[INFO] [stdout]    |             |
[INFO] [stdout]    |             help: remove this `mut`
[INFO] [stdout] ...
[INFO] [stdout] 49 |     let (mut p, mut h) = setup!();
[INFO] [stdout]    |                          -------- in this macro invocation
[INFO] [stdout]    |
[INFO] [stdout]    = note: this warning originates in the macro `setup` (in Nightly builds, run with -Z macro-backtrace for more info)
[INFO] [stdout] 
[INFO] [stdout] 
[INFO] [stdout] warning: variable does not need to be mutable
[INFO] [stdout]   --> src/test/http1/multipart_boundary.rs:24:13
[INFO] [stdout]    |
[INFO] [stdout] 24 |         let mut handler = DebugHandler::new();
[INFO] [stdout]    |             ----^^^^^^^
[INFO] [stdout]    |             |
[INFO] [stdout]    |             help: remove this `mut`
[INFO] [stdout] ...
[INFO] [stdout] 62 |     let (mut p, mut h) = setup!();
[INFO] [stdout]    |                          -------- in this macro invocation
[INFO] [stdout]    |
[INFO] [stdout]    = note: this warning originates in the macro `setup` (in Nightly builds, run with -Z macro-backtrace for more info)
[INFO] [stdout] 
[INFO] [stdout] 
[INFO] [stdout] warning: variable does not need to be mutable
[INFO] [stdout]    --> src/test/http1/multipart_boundary.rs:24:13
[INFO] [stdout]     |
[INFO] [stdout] 24  |         let mut handler = DebugHandler::new();
[INFO] [stdout]     |             ----^^^^^^^
[INFO] [stdout]     |             |
[INFO] [stdout]     |             help: remove this `mut`
[INFO] [stdout] ...
[INFO] [stdout] 130 |     let (mut p, mut h) = setup!();
[INFO] [stdout]     |                          -------- in this macro invocation
[INFO] [stdout]     |
[INFO] [stdout]     = note: this warning originates in the macro `setup` (in Nightly builds, run with -Z macro-backtrace for more info)
[INFO] [stdout] 
[INFO] [stdout] 
[INFO] [stdout] warning: variable does not need to be mutable
[INFO] [stdout]    --> src/test/http1/multipart_boundary.rs:24:13
[INFO] [stdout]     |
[INFO] [stdout] 24  |         let mut handler = DebugHandler::new();
[INFO] [stdout]     |             ----^^^^^^^
[INFO] [stdout]     |             |
[INFO] [stdout]     |             help: remove this `mut`
[INFO] [stdout] ...
[INFO] [stdout] 150 |     let (mut p, mut h) = setup!();
[INFO] [stdout]     |                          -------- in this macro invocation
[INFO] [stdout]     |
[INFO] [stdout]     = note: this warning originates in the macro `setup` (in Nightly builds, run with -Z macro-backtrace for more info)
[INFO] [stdout] 
[INFO] [stdout] 
[INFO] [stdout] warning: variable does not need to be mutable
[INFO] [stdout]    --> src/test/http1/multipart_boundary.rs:24:13
[INFO] [stdout]     |
[INFO] [stdout] 24  |         let mut handler = DebugHandler::new();
[INFO] [stdout]     |             ----^^^^^^^
[INFO] [stdout]     |             |
[INFO] [stdout]     |             help: remove this `mut`
[INFO] [stdout] ...
[INFO] [stdout] 170 |     let (mut p, mut h) = setup!();
[INFO] [stdout]     |                          -------- in this macro invocation
[INFO] [stdout]     |
[INFO] [stdout]     = note: this warning originates in the macro `setup` (in Nightly builds, run with -Z macro-backtrace for more info)
[INFO] [stdout] 
[INFO] [stdout] 
[INFO] [stdout] warning: variable does not need to be mutable
[INFO] [stdout]    --> src/test/http1/multipart_boundary.rs:24:13
[INFO] [stdout]     |
[INFO] [stdout] 24  |         let mut handler = DebugHandler::new();
[INFO] [stdout]     |             ----^^^^^^^
[INFO] [stdout]     |             |
[INFO] [stdout]     |             help: remove this `mut`
[INFO] [stdout] ...
[INFO] [stdout] 190 |     let (mut p, mut h) = setup!();
[INFO] [stdout]     |                          -------- in this macro invocation
[INFO] [stdout]     |
[INFO] [stdout]     = note: this warning originates in the macro `setup` (in Nightly builds, run with -Z macro-backtrace for more info)
[INFO] [stdout] 
[INFO] [stdout] 
[INFO] [stdout] warning: 1 warning emitted
[INFO] [stdout] 
[INFO] [stdout] 
[INFO] [stdout] warning: 2 warnings emitted
[INFO] [stdout] 
[INFO] [stdout] 
[INFO] [stdout] warning: 2 warnings emitted
[INFO] [stdout] 
[INFO] [stdout] 
[INFO] [stdout] warning: variable does not need to be mutable
[INFO] [stdout]   --> src/test/http1/url_encoded_name.rs:34:13
[INFO] [stdout]    |
[INFO] [stdout] 34 |         let mut handler = DebugHandler::new();
[INFO] [stdout]    |             ----^^^^^^^
[INFO] [stdout]    |             |
[INFO] [stdout]    |             help: remove this `mut`
[INFO] [stdout] ...
[INFO] [stdout] 49 |             let (mut p, mut h) = setup!();
[INFO] [stdout]    |                                  -------- in this macro invocation
[INFO] [stdout]    |
[INFO] [stdout]    = note: this warning originates in the macro `setup` (in Nightly builds, run with -Z macro-backtrace for more info)
[INFO] [stdout] 
[INFO] [stdout] 
[INFO] [stdout] warning: variable does not need to be mutable
[INFO] [stdout]   --> src/test/http1/url_encoded_name.rs:25:13
[INFO] [stdout]    |
[INFO] [stdout] 25 |         let mut handler = DebugHandler::new();
[INFO] [stdout]    |             ----^^^^^^^
[INFO] [stdout]    |             |
[INFO] [stdout]    |             help: remove this `mut`
[INFO] [stdout] ...
[INFO] [stdout] 65 |             let (mut p, mut h) = setup!(1);
[INFO] [stdout]    |                                  --------- in this macro invocation
[INFO] [stdout]    |
[INFO] [stdout]    = note: this warning originates in the macro `setup` (in Nightly builds, run with -Z macro-backtrace for more info)
[INFO] [stdout] 
[INFO] [stdout] 
[INFO] [stdout] warning: variable does not need to be mutable
[INFO] [stdout]    --> src/test/http1/url_encoded_name.rs:34:13
[INFO] [stdout]     |
[INFO] [stdout] 34  |         let mut handler = DebugHandler::new();
[INFO] [stdout]     |             ----^^^^^^^
[INFO] [stdout]     |             |
[INFO] [stdout]     |             help: remove this `mut`
[INFO] [stdout] ...
[INFO] [stdout] 102 |     let (mut p, mut h) = setup!();
[INFO] [stdout]     |                          -------- in this macro invocation
[INFO] [stdout]     |
[INFO] [stdout]     = note: this warning originates in the macro `setup` (in Nightly builds, run with -Z macro-backtrace for more info)
[INFO] [stdout] 
[INFO] [stdout] 
[INFO] [stdout] warning: variable does not need to be mutable
[INFO] [stdout]    --> src/test/http1/url_encoded_name.rs:34:13
[INFO] [stdout]     |
[INFO] [stdout] 34  |         let mut handler = DebugHandler::new();
[INFO] [stdout]     |             ----^^^^^^^
[INFO] [stdout]     |             |
[INFO] [stdout]     |             help: remove this `mut`
[INFO] [stdout] ...
[INFO] [stdout] 119 |     let (mut p, mut h) = setup!();
[INFO] [stdout]     |                          -------- in this macro invocation
[INFO] [stdout]     |
[INFO] [stdout]     = note: this warning originates in the macro `setup` (in Nightly builds, run with -Z macro-backtrace for more info)
[INFO] [stdout] 
[INFO] [stdout] 
[INFO] [stdout] warning: variable does not need to be mutable
[INFO] [stdout]    --> src/test/http1/url_encoded_name.rs:34:13
[INFO] [stdout]     |
[INFO] [stdout] 34  |         let mut handler = DebugHandler::new();
[INFO] [stdout]     |             ----^^^^^^^
[INFO] [stdout]     |             |
[INFO] [stdout]     |             help: remove this `mut`
[INFO] [stdout] ...
[INFO] [stdout] 136 |     let (mut p, mut h) = setup!();
[INFO] [stdout]     |                          -------- in this macro invocation
[INFO] [stdout]     |
[INFO] [stdout]     = note: this warning originates in the macro `setup` (in Nightly builds, run with -Z macro-backtrace for more info)
[INFO] [stdout] 
[INFO] [stdout] 
[INFO] [stdout] warning: variable does not need to be mutable
[INFO] [stdout]    --> src/test/http1/url_encoded_name.rs:34:13
[INFO] [stdout]     |
[INFO] [stdout] 34  |         let mut handler = DebugHandler::new();
[INFO] [stdout]     |             ----^^^^^^^
[INFO] [stdout]     |             |
[INFO] [stdout]     |             help: remove this `mut`
[INFO] [stdout] ...
[INFO] [stdout] 153 |     let (mut p, mut h) = setup!();
[INFO] [stdout]     |                          -------- in this macro invocation
[INFO] [stdout]     |
[INFO] [stdout]     = note: this warning originates in the macro `setup` (in Nightly builds, run with -Z macro-backtrace for more info)
[INFO] [stdout] 
[INFO] [stdout] 
[INFO] [stdout] warning: variable does not need to be mutable
[INFO] [stdout]    --> src/test/http1/url_encoded_name.rs:34:13
[INFO] [stdout]     |
[INFO] [stdout] 34  |         let mut handler = DebugHandler::new();
[INFO] [stdout]     |             ----^^^^^^^
[INFO] [stdout]     |             |
[INFO] [stdout]     |             help: remove this `mut`
[INFO] [stdout] ...
[INFO] [stdout] 170 |     let (mut p, mut h) = setup!();
[INFO] [stdout]     |                          -------- in this macro invocation
[INFO] [stdout]     |
[INFO] [stdout]     = note: this warning originates in the macro `setup` (in Nightly builds, run with -Z macro-backtrace for more info)
[INFO] [stdout] 
[INFO] [stdout] 
[INFO] [stdout] warning: variable does not need to be mutable
[INFO] [stdout]    --> src/test/http1/url_encoded_name.rs:34:13
[INFO] [stdout]     |
[INFO] [stdout] 34  |         let mut handler = DebugHandler::new();
[INFO] [stdout]     |             ----^^^^^^^
[INFO] [stdout]     |             |
[INFO] [stdout]     |             help: remove this `mut`
[INFO] [stdout] ...
[INFO] [stdout] 187 |     let (mut p, mut h) = setup!();
[INFO] [stdout]     |                          -------- in this macro invocation
[INFO] [stdout]     |
[INFO] [stdout]     = note: this warning originates in the macro `setup` (in Nightly builds, run with -Z macro-backtrace for more info)
[INFO] [stdout] 
[INFO] [stdout] 
[INFO] [stdout] warning: variable does not need to be mutable
[INFO] [stdout]    --> src/test/http1/url_encoded_name.rs:34:13
[INFO] [stdout]     |
[INFO] [stdout] 34  |         let mut handler = DebugHandler::new();
[INFO] [stdout]     |             ----^^^^^^^
[INFO] [stdout]     |             |
[INFO] [stdout]     |             help: remove this `mut`
[INFO] [stdout] ...
[INFO] [stdout] 204 |     let (mut p, mut h) = setup!();
[INFO] [stdout]     |                          -------- in this macro invocation
[INFO] [stdout]     |
[INFO] [stdout]     = note: this warning originates in the macro `setup` (in Nightly builds, run with -Z macro-backtrace for more info)
[INFO] [stdout] 
[INFO] [stdout] 
[INFO] [stdout] warning: unused `Result` that must be used
[INFO] [stdout]   --> src/test/http2/continuation.rs:51:5
[INFO] [stdout]    |
[INFO] [stdout] 51 |     p.resume(&mut h, &v);
[INFO] [stdout]    |     ^^^^^^^^^^^^^^^^^^^^
[INFO] [stdout]    |
[INFO] [stdout]    = note: this `Result` may be an `Err` variant, which should be handled
[INFO] [stdout]    = note: `#[warn(unused_must_use)]` on by default
[INFO] [stdout] 
[INFO] [stdout] 
[INFO] [stdout] warning: unused `Result` that must be used
[INFO] [stdout]   --> src/test/http2/data.rs:59:5
[INFO] [stdout]    |
[INFO] [stdout] 59 |     p.resume(&mut h, &v);
[INFO] [stdout]    |     ^^^^^^^^^^^^^^^^^^^^
[INFO] [stdout]    |
[INFO] [stdout]    = note: this `Result` may be an `Err` variant, which should be handled
[INFO] [stdout] 
[INFO] [stdout] 
[INFO] [stdout] warning: unused `Result` that must be used
[INFO] [stdout]    --> src/test/http2/data.rs:106:5
[INFO] [stdout]     |
[INFO] [stdout] 106 |     p.resume(&mut h, &v);
[INFO] [stdout]     |     ^^^^^^^^^^^^^^^^^^^^
[INFO] [stdout]     |
[INFO] [stdout]     = note: this `Result` may be an `Err` variant, which should be handled
[INFO] [stdout] 
[INFO] [stdout] 
[INFO] [stdout] warning: unused `Result` that must be used
[INFO] [stdout]   --> src/test/http2/frame_format.rs:48:5
[INFO] [stdout]    |
[INFO] [stdout] 48 |     p.resume(&mut h, &v);
[INFO] [stdout]    |     ^^^^^^^^^^^^^^^^^^^^
[INFO] [stdout]    |
[INFO] [stdout]    = note: this `Result` may be an `Err` variant, which should be handled
[INFO] [stdout] 
[INFO] [stdout] 
[INFO] [stdout] warning: unused `Result` that must be used
[INFO] [stdout]   --> src/test/http2/frame_format.rs:93:5
[INFO] [stdout]    |
[INFO] [stdout] 93 |     p.resume(&mut h, &v);
[INFO] [stdout]    |     ^^^^^^^^^^^^^^^^^^^^
[INFO] [stdout]    |
[INFO] [stdout]    = note: this `Result` may be an `Err` variant, which should be handled
[INFO] [stdout] 
[INFO] [stdout] 
[INFO] [stdout] warning: literal out of range for `i32`
[INFO] [stdout]   --> src/test/http2/go_away.rs:51:9
[INFO] [stdout]    |
[INFO] [stdout] 51 |         0xBBEEBBEE
[INFO] [stdout]    |         ^^^^^^^^^^
[INFO] [stdout]    |
[INFO] [stdout]    = note: the literal `0xBBEEBBEE` (decimal `3152985070`) does not fit into the type `i32` and will become `-1141982226i32`
[INFO] [stdout]    = help: consider using the type `u32` instead
[INFO] [stdout]    = note: `#[warn(overflowing_literals)]` on by default
[INFO] [stdout] 
[INFO] [stdout] 
[INFO] [stdout] warning: unused `Result` that must be used
[INFO] [stdout]   --> src/test/http2/go_away.rs:63:5
[INFO] [stdout]    |
[INFO] [stdout] 63 |     p.resume(&mut h, &v);
[INFO] [stdout]    |     ^^^^^^^^^^^^^^^^^^^^
[INFO] [stdout]    |
[INFO] [stdout]    = note: this `Result` may be an `Err` variant, which should be handled
[INFO] [stdout] 
[INFO] [stdout] 
[INFO] [stdout] warning: literal out of range for `i32`
[INFO] [stdout]    --> src/test/http2/go_away.rs:120:9
[INFO] [stdout]     |
[INFO] [stdout] 120 |         0xBBEEBBEE
[INFO] [stdout]     |         ^^^^^^^^^^
[INFO] [stdout]     |
[INFO] [stdout]     = note: the literal `0xBBEEBBEE` (decimal `3152985070`) does not fit into the type `i32` and will become `-1141982226i32`
[INFO] [stdout]     = help: consider using the type `u32` instead
[INFO] [stdout] 
[INFO] [stdout] 
[INFO] [stdout] warning: unused `Result` that must be used
[INFO] [stdout]    --> src/test/http2/go_away.rs:126:5
[INFO] [stdout]     |
[INFO] [stdout] 126 |     p.resume(&mut h, &v);
[INFO] [stdout]     |     ^^^^^^^^^^^^^^^^^^^^
[INFO] [stdout]     |
[INFO] [stdout]     = note: this `Result` may be an `Err` variant, which should be handled
[INFO] [stdout] 
[INFO] [stdout] 
[INFO] [stdout] warning: unused `Result` that must be used
[INFO] [stdout]   --> src/test/http2/headers.rs:63:5
[INFO] [stdout]    |
[INFO] [stdout] 63 |     p.resume(&mut h, &v);
[INFO] [stdout]    |     ^^^^^^^^^^^^^^^^^^^^
[INFO] [stdout]    |
[INFO] [stdout]    = note: this `Result` may be an `Err` variant, which should be handled
[INFO] [stdout] 
[INFO] [stdout] 
[INFO] [stdout] warning: literal out of range for `i32`
[INFO] [stdout]    --> src/test/http2/headers.rs:120:9
[INFO] [stdout]     |
[INFO] [stdout] 120 |         0xFFFFFFFF
[INFO] [stdout]     |         ^^^^^^^^^^
[INFO] [stdout]     |
[INFO] [stdout]     = note: the literal `0xFFFFFFFF` (decimal `4294967295`) does not fit into the type `i32` and will become `-1i32`
[INFO] [stdout]     = help: consider using the type `u32` instead
[INFO] [stdout] 
[INFO] [stdout] 
[INFO] [stdout] warning: unused `Result` that must be used
[INFO] [stdout]    --> src/test/http2/headers.rs:144:5
[INFO] [stdout]     |
[INFO] [stdout] 144 |     p.resume(&mut h, &v);
[INFO] [stdout]     |     ^^^^^^^^^^^^^^^^^^^^
[INFO] [stdout]     |
[INFO] [stdout]     = note: this `Result` may be an `Err` variant, which should be handled
[INFO] [stdout] 
[INFO] [stdout] 
[INFO] [stdout] warning: unused `Result` that must be used
[INFO] [stdout]    --> src/test/http2/headers.rs:202:5
[INFO] [stdout]     |
[INFO] [stdout] 202 |     p.resume(&mut h, &v);
[INFO] [stdout]     |     ^^^^^^^^^^^^^^^^^^^^
[INFO] [stdout]     |
[INFO] [stdout]     = note: this `Result` may be an `Err` variant, which should be handled
[INFO] [stdout] 
[INFO] [stdout] 
[INFO] [stdout] warning: literal out of range for `i32`
[INFO] [stdout]    --> src/test/http2/headers.rs:255:9
[INFO] [stdout]     |
[INFO] [stdout] 255 |         0xFFFFFFFF
[INFO] [stdout]     |         ^^^^^^^^^^
[INFO] [stdout]     |
[INFO] [stdout]     = note: the literal `0xFFFFFFFF` (decimal `4294967295`) does not fit into the type `i32` and will become `-1i32`
[INFO] [stdout]     = help: consider using the type `u32` instead
[INFO] [stdout] 
[INFO] [stdout] 
[INFO] [stdout] warning: unused `Result` that must be used
[INFO] [stdout]    --> src/test/http2/headers.rs:273:5
[INFO] [stdout]     |
[INFO] [stdout] 273 |     p.resume(&mut h, &v);
[INFO] [stdout]     |     ^^^^^^^^^^^^^^^^^^^^
[INFO] [stdout]     |
[INFO] [stdout]     = note: this `Result` may be an `Err` variant, which should be handled
[INFO] [stdout] 
[INFO] [stdout] 
[INFO] [stdout] warning: literal out of range for `i32`
[INFO] [stdout]   --> src/test/http2/ping.rs:45:9
[INFO] [stdout]    |
[INFO] [stdout] 45 |         0xFFAADDAA
[INFO] [stdout]    |         ^^^^^^^^^^
[INFO] [stdout]    |
[INFO] [stdout]    = note: the literal `0xFFAADDAA` (decimal `4289387946`) does not fit into the type `i32` and will become `-5579350i32`
[INFO] [stdout]    = help: consider using the type `u32` instead
[INFO] [stdout] 
[INFO] [stdout] 
[INFO] [stdout] warning: literal out of range for `i32`
[INFO] [stdout]   --> src/test/http2/ping.rs:49:9
[INFO] [stdout]    |
[INFO] [stdout] 49 |         0xFFAADDAA
[INFO] [stdout]    |         ^^^^^^^^^^
[INFO] [stdout]    |
[INFO] [stdout]    = note: the literal `0xFFAADDAA` (decimal `4289387946`) does not fit into the type `i32` and will become `-5579350i32`
[INFO] [stdout]    = help: consider using the type `u32` instead
[INFO] [stdout] 
[INFO] [stdout] 
[INFO] [stdout] warning: unused `Result` that must be used
[INFO] [stdout]   --> src/test/http2/ping.rs:55:5
[INFO] [stdout]    |
[INFO] [stdout] 55 |     p.resume(&mut h, &v);
[INFO] [stdout]    |     ^^^^^^^^^^^^^^^^^^^^
[INFO] [stdout]    |
[INFO] [stdout]    = note: this `Result` may be an `Err` variant, which should be handled
[INFO] [stdout] 
[INFO] [stdout] 
[INFO] [stdout] warning: unused `Result` that must be used
[INFO] [stdout]   --> src/test/http2/priority.rs:57:5
[INFO] [stdout]    |
[INFO] [stdout] 57 |     p.resume(&mut h, &v);
[INFO] [stdout]    |     ^^^^^^^^^^^^^^^^^^^^
[INFO] [stdout]    |
[INFO] [stdout]    = note: this `Result` may be an `Err` variant, which should be handled
[INFO] [stdout] 
[INFO] [stdout] 
[INFO] [stdout] warning: unused `Result` that must be used
[INFO] [stdout]    --> src/test/http2/priority.rs:115:5
[INFO] [stdout]     |
[INFO] [stdout] 115 |     p.resume(&mut h, &v);
[INFO] [stdout]     |     ^^^^^^^^^^^^^^^^^^^^
[INFO] [stdout]     |
[INFO] [stdout]     = note: this `Result` may be an `Err` variant, which should be handled
[INFO] [stdout] 
[INFO] [stdout] 
[INFO] [stdout] warning: unused `Result` that must be used
[INFO] [stdout]   --> src/test/http2/push_promise.rs:69:5
[INFO] [stdout]    |
[INFO] [stdout] 69 |     p.resume(&mut h, &v);
[INFO] [stdout]    |     ^^^^^^^^^^^^^^^^^^^^
[INFO] [stdout]    |
[INFO] [stdout]    = note: this `Result` may be an `Err` variant, which should be handled
[INFO] [stdout] 
[INFO] [stdout] 
[INFO] [stdout] warning: unused `Result` that must be used
[INFO] [stdout]    --> src/test/http2/push_promise.rs:125:5
[INFO] [stdout]     |
[INFO] [stdout] 125 |     p.resume(&mut h, &v);
[INFO] [stdout]     |     ^^^^^^^^^^^^^^^^^^^^
[INFO] [stdout]     |
[INFO] [stdout]     = note: this `Result` may be an `Err` variant, which should be handled
[INFO] [stdout] 
[INFO] [stdout] 
[INFO] [stdout] warning: literal out of range for `i32`
[INFO] [stdout]   --> src/test/http2/rst_stream.rs:45:9
[INFO] [stdout]    |
[INFO] [stdout] 45 |         0xFFFFFFFF
[INFO] [stdout]    |         ^^^^^^^^^^
[INFO] [stdout]    |
[INFO] [stdout]    = note: the literal `0xFFFFFFFF` (decimal `4294967295`) does not fit into the type `i32` and will become `-1i32`
[INFO] [stdout]    = help: consider using the type `u32` instead
[INFO] [stdout] 
[INFO] [stdout] 
[INFO] [stdout] warning: unused `Result` that must be used
[INFO] [stdout]   --> src/test/http2/rst_stream.rs:51:5
[INFO] [stdout]    |
[INFO] [stdout] 51 |     p.resume(&mut h, &v);
[INFO] [stdout]    |     ^^^^^^^^^^^^^^^^^^^^
[INFO] [stdout]    |
[INFO] [stdout]    = note: this `Result` may be an `Err` variant, which should be handled
[INFO] [stdout] 
[INFO] [stdout] 
[INFO] [stdout] warning: literal out of range for `i32`
[INFO] [stdout]   --> src/test/http2/settings.rs:51:9
[INFO] [stdout]    |
[INFO] [stdout] 51 |         0xFFFFFFFF
[INFO] [stdout]    |         ^^^^^^^^^^
[INFO] [stdout]    |
[INFO] [stdout]    = note: the literal `0xFFFFFFFF` (decimal `4294967295`) does not fit into the type `i32` and will become `-1i32`
[INFO] [stdout]    = help: consider using the type `u32` instead
[INFO] [stdout] 
[INFO] [stdout] 
[INFO] [stdout] warning: unused `Result` that must be used
[INFO] [stdout]   --> src/test/http2/settings.rs:57:5
[INFO] [stdout]    |
[INFO] [stdout] 57 |     p.resume(&mut h, &v);
[INFO] [stdout]    |     ^^^^^^^^^^^^^^^^^^^^
[INFO] [stdout]    |
[INFO] [stdout]    = note: this `Result` may be an `Err` variant, which should be handled
[INFO] [stdout] 
[INFO] [stdout] 
[INFO] [stdout] warning: unused `Result` that must be used
[INFO] [stdout]   --> src/test/http2/window_update.rs:51:5
[INFO] [stdout]    |
[INFO] [stdout] 51 |     p.resume(&mut h, &v);
[INFO] [stdout]    |     ^^^^^^^^^^^^^^^^^^^^
[INFO] [stdout]    |
[INFO] [stdout]    = note: this `Result` may be an `Err` variant, which should be handled
[INFO] [stdout] 
[INFO] [stdout] 
[INFO] [stdout] warning: 52 warnings emitted
[INFO] [stdout] 
[INFO] [stdout] 
[INFO] [stderr]     Finished test [unoptimized + debuginfo] target(s) in 6.16s
[INFO] running `Command { std: "docker" "inspect" "4d88d713112fb4cbd73018bec16a75dbe1350b5648c42f452c8f36e92203e24a", kill_on_drop: false }`
[INFO] running `Command { std: "docker" "rm" "-f" "4d88d713112fb4cbd73018bec16a75dbe1350b5648c42f452c8f36e92203e24a", kill_on_drop: false }`
[INFO] [stdout] 4d88d713112fb4cbd73018bec16a75dbe1350b5648c42f452c8f36e92203e24a
[INFO] running `Command { std: "docker" "create" "-v" "/var/lib/crater-agent-workspace/builds/worker-0-tc1/target:/opt/rustwide/target:rw,Z" "-v" "/var/lib/crater-agent-workspace/builds/worker-0-tc1/source:/opt/rustwide/workdir:ro,Z" "-v" "/var/lib/crater-agent-workspace/cargo-home:/opt/rustwide/cargo-home:ro,Z" "-v" "/var/lib/crater-agent-workspace/rustup-home:/opt/rustwide/rustup-home:ro,Z" "-e" "SOURCE_DIR=/opt/rustwide/workdir" "-e" "CARGO_TARGET_DIR=/opt/rustwide/target" "-e" "CARGO_INCREMENTAL=0" "-e" "RUST_BACKTRACE=full" "-e" "RUSTFLAGS=--cap-lints=warn" "-e" "RUSTDOCFLAGS=--cap-lints=warn" "-e" "CARGO_HOME=/opt/rustwide/cargo-home" "-e" "RUSTUP_HOME=/opt/rustwide/rustup-home" "-w" "/opt/rustwide/workdir" "-m" "1610612736" "--user" "0:0" "--network" "none" "ghcr.io/rust-lang/crates-build-env/linux@sha256:5ff2268d62e97bff2cde7d5815dd6ed5b47097566f13b8d0ca110b04b60e07ed" "/opt/rustwide/cargo-home/bin/cargo" "+1.69.0" "test" "--frozen", kill_on_drop: false }`
[INFO] [stdout] b13a60877aac55e4e629866e34898397c8ed02059ae9b5e29ccdfc1c24b9cce2
[INFO] running `Command { std: "docker" "start" "-a" "b13a60877aac55e4e629866e34898397c8ed02059ae9b5e29ccdfc1c24b9cce2", kill_on_drop: false }`
[INFO] [stderr] warning: unused macro definition: `get_state`
[INFO] [stderr]    --> src/fsm.rs:195:14
[INFO] [stderr]     |
[INFO] [stderr] 195 | macro_rules! get_state {
[INFO] [stderr]     |              ^^^^^^^^^
[INFO] [stderr]     |
[INFO] [stderr]     = note: `#[warn(unused_macros)]` on by default
[INFO] [stderr] 
[INFO] [stderr] warning: unused macro definition: `inc_lower14`
[INFO] [stderr]   --> src/http1.rs:94:14
[INFO] [stderr]    |
[INFO] [stderr] 94 | macro_rules! inc_lower14 {
[INFO] [stderr]    |              ^^^^^^^^^^^
[INFO] [stderr] 
[INFO] [stderr] warning: unused macro definition: `unset_flag`
[INFO] [stderr]    --> src/http1.rs:141:14
[INFO] [stderr]     |
[INFO] [stderr] 141 | macro_rules! unset_flag {
[INFO] [stderr]     |              ^^^^^^^^^^
[INFO] [stderr] 
[INFO] [stderr] warning: unnecessary parentheses around method argument
[INFO] [stderr]     --> src/http2.rs:2164:13
[INFO] [stderr]      |
[INFO] [stderr] 2164 |             ((self.bit_data16a as u32) << 16 | self.bit_data16b as u32)
[INFO] [stderr]      |             ^                                                         ^
[INFO] [stderr]      |
[INFO] [stderr]      = note: `#[warn(unused_parens)]` on by default
[INFO] [stderr] help: remove these parentheses
[INFO] [stderr]      |
[INFO] [stderr] 2164 -             ((self.bit_data16a as u32) << 16 | self.bit_data16b as u32)
[INFO] [stderr] 2164 +             (self.bit_data16a as u32) << 16 | self.bit_data16b as u32
[INFO] [stderr]      |
[INFO] [stderr] 
[INFO] [stderr] warning: unused import: `str`
[INFO] [stderr]   --> src/util.rs:25:12
[INFO] [stderr]    |
[INFO] [stderr] 25 |            str };
[INFO] [stderr]    |            ^^^
[INFO] [stderr]    |
[INFO] [stderr]    = note: `#[warn(unused_imports)]` on by default
[INFO] [stderr] 
[INFO] [stderr] warning: trait objects without an explicit `dyn` are deprecated
[INFO] [stderr]    --> src/util.rs:245:20
[INFO] [stderr]     |
[INFO] [stderr] 245 |     on_error:  Box<FnMut(FieldError) + 'a>,
[INFO] [stderr]     |                    ^^^^^^^^^^^^^^^^^^^^^^
[INFO] [stderr]     |
[INFO] [stderr]     = warning: this is accepted in the current edition (Rust 2015) but is a hard error in Rust 2021!
[INFO] [stderr]     = note: for more information, see <https://doc.rust-lang.org/nightly/edition-guide/rust-2021/warnings-promoted-to-error.html>
[INFO] [stderr]     = note: `#[warn(bare_trait_objects)]` on by default
[INFO] [stderr] help: use `dyn`
[INFO] [stderr]     |
[INFO] [stderr] 245 |     on_error:  Box<dyn FnMut(FieldError) + 'a>,
[INFO] [stderr]     |                    +++
[INFO] [stderr] 
[INFO] [stderr] warning: trait objects without an explicit `dyn` are deprecated
[INFO] [stderr]    --> src/util.rs:555:19
[INFO] [stderr]     |
[INFO] [stderr] 555 |     on_error: Box<FnMut(QueryError) + 'a>,
[INFO] [stderr]     |                   ^^^^^^^^^^^^^^^^^^^^^^
[INFO] [stderr]     |
[INFO] [stderr]     = warning: this is accepted in the current edition (Rust 2015) but is a hard error in Rust 2021!
[INFO] [stderr]     = note: for more information, see <https://doc.rust-lang.org/nightly/edition-guide/rust-2021/warnings-promoted-to-error.html>
[INFO] [stderr] help: use `dyn`
[INFO] [stderr]     |
[INFO] [stderr] 555 |     on_error: Box<dyn FnMut(QueryError) + 'a>,
[INFO] [stderr]     |                   +++
[INFO] [stderr] 
[INFO] [stderr] warning: unknown lint: `cyclomatic_complexity`
[INFO] [stderr]     --> src/http1.rs:1498:28
[INFO] [stderr]      |
[INFO] [stderr] 1498 |     #[cfg_attr(test, allow(cyclomatic_complexity))]
[INFO] [stderr]      |                            ^^^^^^^^^^^^^^^^^^^^^
[INFO] [stderr]      |
[INFO] [stderr]      = note: `#[warn(unknown_lints)]` on by default
[INFO] [stderr] 
[INFO] [stderr] warning: unused import: `ParserState`
[INFO] [stderr]   --> src/test/http2/frame_format.rs:22:14
[INFO] [stderr]    |
[INFO] [stderr] 22 |              ParserState };
[INFO] [stderr]    |              ^^^^^^^^^^^
[INFO] [stderr] 
[INFO] [stderr] warning: variable does not need to be mutable
[INFO] [stderr]   --> src/test/http1/multipart_boundary.rs:24:13
[INFO] [stderr]    |
[INFO] [stderr] 24 |         let mut handler = DebugHandler::new();
[INFO] [stderr]    |             ----^^^^^^^
[INFO] [stderr]    |             |
[INFO] [stderr]    |             help: remove this `mut`
[INFO] [stderr] ...
[INFO] [stderr] 36 |     let (mut p, mut h) = setup!();
[INFO] [stderr]    |                          -------- in this macro invocation
[INFO] [stderr]    |
[INFO] [stderr]    = note: `#[warn(unused_mut)]` on by default
[INFO] [stderr]    = note: this warning originates in the macro `setup` (in Nightly builds, run with -Z macro-backtrace for more info)
[INFO] [stderr] 
[INFO] [stderr] warning: variable does not need to be mutable
[INFO] [stderr]   --> src/test/http1/multipart_boundary.rs:24:13
[INFO] [stderr]    |
[INFO] [stderr] 24 |         let mut handler = DebugHandler::new();
[INFO] [stderr]    |             ----^^^^^^^
[INFO] [stderr]    |             |
[INFO] [stderr]    |             help: remove this `mut`
[INFO] [stderr] ...
[INFO] [stderr] 49 |     let (mut p, mut h) = setup!();
[INFO] [stderr]    |                          -------- in this macro invocation
[INFO] [stderr]    |
[INFO] [stderr]    = note: this warning originates in the macro `setup` (in Nightly builds, run with -Z macro-backtrace for more info)
[INFO] [stderr] 
[INFO] [stderr] warning: variable does not need to be mutable
[INFO] [stderr]   --> src/test/http1/multipart_boundary.rs:24:13
[INFO] [stderr]    |
[INFO] [stderr] 24 |         let mut handler = DebugHandler::new();
[INFO] [stderr]    |             ----^^^^^^^
[INFO] [stderr]    |             |
[INFO] [stderr]    |             help: remove this `mut`
[INFO] [stderr] ...
[INFO] [stderr] 62 |     let (mut p, mut h) = setup!();
[INFO] [stderr]    |                          -------- in this macro invocation
[INFO] [stderr]    |
[INFO] [stderr]    = note: this warning originates in the macro `setup` (in Nightly builds, run with -Z macro-backtrace for more info)
[INFO] [stderr] 
[INFO] [stderr] warning: variable does not need to be mutable
[INFO] [stderr]    --> src/test/http1/multipart_boundary.rs:24:13
[INFO] [stderr]     |
[INFO] [stderr] 24  |         let mut handler = DebugHandler::new();
[INFO] [stderr]     |             ----^^^^^^^
[INFO] [stderr]     |             |
[INFO] [stderr]     |             help: remove this `mut`
[INFO] [stderr] ...
[INFO] [stderr] 130 |     let (mut p, mut h) = setup!();
[INFO] [stderr]     |                          -------- in this macro invocation
[INFO] [stderr]     |
[INFO] [stderr]     = note: this warning originates in the macro `setup` (in Nightly builds, run with -Z macro-backtrace for more info)
[INFO] [stderr] 
[INFO] [stderr] warning: variable does not need to be mutable
[INFO] [stderr]    --> src/test/http1/multipart_boundary.rs:24:13
[INFO] [stderr]     |
[INFO] [stderr] 24  |         let mut handler = DebugHandler::new();
[INFO] [stderr]     |             ----^^^^^^^
[INFO] [stderr]     |             |
[INFO] [stderr]     |             help: remove this `mut`
[INFO] [stderr] ...
[INFO] [stderr] 150 |     let (mut p, mut h) = setup!();
[INFO] [stderr]     |                          -------- in this macro invocation
[INFO] [stderr]     |
[INFO] [stderr]     = note: this warning originates in the macro `setup` (in Nightly builds, run with -Z macro-backtrace for more info)
[INFO] [stderr] 
[INFO] [stderr] warning: variable does not need to be mutable
[INFO] [stderr]    --> src/test/http1/multipart_boundary.rs:24:13
[INFO] [stderr]     |
[INFO] [stderr] 24  |         let mut handler = DebugHandler::new();
[INFO] [stderr]     |             ----^^^^^^^
[INFO] [stderr]     |             |
[INFO] [stderr]     |             help: remove this `mut`
[INFO] [stderr] ...
[INFO] [stderr] 170 |     let (mut p, mut h) = setup!();
[INFO] [stderr]     |                          -------- in this macro invocation
[INFO] [stderr]     |
[INFO] [stderr]     = note: this warning originates in the macro `setup` (in Nightly builds, run with -Z macro-backtrace for more info)
[INFO] [stderr] 
[INFO] [stderr] warning: variable does not need to be mutable
[INFO] [stderr]    --> src/test/http1/multipart_boundary.rs:24:13
[INFO] [stderr]     |
[INFO] [stderr] 24  |         let mut handler = DebugHandler::new();
[INFO] [stderr]     |             ----^^^^^^^
[INFO] [stderr]     |             |
[INFO] [stderr]     |             help: remove this `mut`
[INFO] [stderr] ...
[INFO] [stderr] 190 |     let (mut p, mut h) = setup!();
[INFO] [stderr]     |                          -------- in this macro invocation
[INFO] [stderr]     |
[INFO] [stderr]     = note: this warning originates in the macro `setup` (in Nightly builds, run with -Z macro-backtrace for more info)
[INFO] [stderr] 
[INFO] [stderr] warning: variable does not need to be mutable
[INFO] [stderr]   --> src/test/http1/url_encoded_name.rs:34:13
[INFO] [stderr]    |
[INFO] [stderr] 34 |         let mut handler = DebugHandler::new();
[INFO] [stderr]    |             ----^^^^^^^
[INFO] [stderr]    |             |
[INFO] [stderr]    |             help: remove this `mut`
[INFO] [stderr] ...
[INFO] [stderr] 49 |             let (mut p, mut h) = setup!();
[INFO] [stderr]    |                                  -------- in this macro invocation
[INFO] [stderr]    |
[INFO] [stderr]    = note: this warning originates in the macro `setup` (in Nightly builds, run with -Z macro-backtrace for more info)
[INFO] [stderr] 
[INFO] [stderr] warning: variable does not need to be mutable
[INFO] [stderr]   --> src/test/http1/url_encoded_name.rs:25:13
[INFO] [stderr]    |
[INFO] [stderr] 25 |         let mut handler = DebugHandler::new();
[INFO] [stderr]    |             ----^^^^^^^
[INFO] [stderr]    |             |
[INFO] [stderr]    |             help: remove this `mut`
[INFO] [stderr] ...
[INFO] [stderr] 65 |             let (mut p, mut h) = setup!(1);
[INFO] [stderr]    |                                  --------- in this macro invocation
[INFO] [stderr]    |
[INFO] [stderr]    = note: this warning originates in the macro `setup` (in Nightly builds, run with -Z macro-backtrace for more info)
[INFO] [stderr] 
[INFO] [stderr] warning: variable does not need to be mutable
[INFO] [stderr]    --> src/test/http1/url_encoded_name.rs:34:13
[INFO] [stderr]     |
[INFO] [stderr] 34  |         let mut handler = DebugHandler::new();
[INFO] [stderr]     |             ----^^^^^^^
[INFO] [stderr]     |             |
[INFO] [stderr]     |             help: remove this `mut`
[INFO] [stderr] ...
[INFO] [stderr] 102 |     let (mut p, mut h) = setup!();
[INFO] [stderr]     |                          -------- in this macro invocation
[INFO] [stderr]     |
[INFO] [stderr]     = note: this warning originates in the macro `setup` (in Nightly builds, run with -Z macro-backtrace for more info)
[INFO] [stderr] 
[INFO] [stderr] warning: variable does not need to be mutable
[INFO] [stderr]    --> src/test/http1/url_encoded_name.rs:34:13
[INFO] [stderr]     |
[INFO] [stderr] 34  |         let mut handler = DebugHandler::new();
[INFO] [stderr]     |             ----^^^^^^^
[INFO] [stderr]     |             |
[INFO] [stderr]     |             help: remove this `mut`
[INFO] [stderr] ...
[INFO] [stderr] 119 |     let (mut p, mut h) = setup!();
[INFO] [stderr]     |                          -------- in this macro invocation
[INFO] [stderr]     |
[INFO] [stderr]     = note: this warning originates in the macro `setup` (in Nightly builds, run with -Z macro-backtrace for more info)
[INFO] [stderr] 
[INFO] [stderr] warning: variable does not need to be mutable
[INFO] [stderr]    --> src/test/http1/url_encoded_name.rs:34:13
[INFO] [stderr]     |
[INFO] [stderr] 34  |         let mut handler = DebugHandler::new();
[INFO] [stderr]     |             ----^^^^^^^
[INFO] [stderr]     |             |
[INFO] [stderr]     |             help: remove this `mut`
[INFO] [stderr] ...
[INFO] [stderr] 136 |     let (mut p, mut h) = setup!();
[INFO] [stderr]     |                          -------- in this macro invocation
[INFO] [stderr]     |
[INFO] [stderr]     = note: this warning originates in the macro `setup` (in Nightly builds, run with -Z macro-backtrace for more info)
[INFO] [stderr] 
[INFO] [stderr] warning: variable does not need to be mutable
[INFO] [stderr]    --> src/test/http1/url_encoded_name.rs:34:13
[INFO] [stderr]     |
[INFO] [stderr] 34  |         let mut handler = DebugHandler::new();
[INFO] [stderr]     |             ----^^^^^^^
[INFO] [stderr]     |             |
[INFO] [stderr]     |             help: remove this `mut`
[INFO] [stderr] ...
[INFO] [stderr] 153 |     let (mut p, mut h) = setup!();
[INFO] [stderr]     |                          -------- in this macro invocation
[INFO] [stderr]     |
[INFO] [stderr]     = note: this warning originates in the macro `setup` (in Nightly builds, run with -Z macro-backtrace for more info)
[INFO] [stderr] 
[INFO] [stderr] warning: variable does not need to be mutable
[INFO] [stderr]    --> src/test/http1/url_encoded_name.rs:34:13
[INFO] [stderr]     |
[INFO] [stderr] 34  |         let mut handler = DebugHandler::new();
[INFO] [stderr]     |             ----^^^^^^^
[INFO] [stderr]     |             |
[INFO] [stderr]     |             help: remove this `mut`
[INFO] [stderr] ...
[INFO] [stderr] 170 |     let (mut p, mut h) = setup!();
[INFO] [stderr]     |                          -------- in this macro invocation
[INFO] [stderr]     |
[INFO] [stderr]     = note: this warning originates in the macro `setup` (in Nightly builds, run with -Z macro-backtrace for more info)
[INFO] [stderr] 
[INFO] [stderr] warning: variable does not need to be mutable
[INFO] [stderr]    --> src/test/http1/url_encoded_name.rs:34:13
[INFO] [stderr]     |
[INFO] [stderr] 34  |         let mut handler = DebugHandler::new();
[INFO] [stderr]     |             ----^^^^^^^
[INFO] [stderr]     |             |
[INFO] [stderr]     |             help: remove this `mut`
[INFO] [stderr] ...
[INFO] [stderr] 187 |     let (mut p, mut h) = setup!();
[INFO] [stderr]     |                          -------- in this macro invocation
[INFO] [stderr]     |
[INFO] [stderr]     = note: this warning originates in the macro `setup` (in Nightly builds, run with -Z macro-backtrace for more info)
[INFO] [stderr] 
[INFO] [stderr] warning: variable does not need to be mutable
[INFO] [stderr]    --> src/test/http1/url_encoded_name.rs:34:13
[INFO] [stderr]     |
[INFO] [stderr] 34  |         let mut handler = DebugHandler::new();
[INFO] [stderr]     |             ----^^^^^^^
[INFO] [stderr]     |             |
[INFO] [stderr]     |             help: remove this `mut`
[INFO] [stderr] ...
[INFO] [stderr] 204 |     let (mut p, mut h) = setup!();
[INFO] [stderr]     |                          -------- in this macro invocation
[INFO] [stderr]     |
[INFO] [stderr]     = note: this warning originates in the macro `setup` (in Nightly builds, run with -Z macro-backtrace for more info)
[INFO] [stderr] 
[INFO] [stderr] warning: unused `Result` that must be used
[INFO] [stderr]   --> src/test/http2/continuation.rs:51:5
[INFO] [stderr]    |
[INFO] [stderr] 51 |     p.resume(&mut h, &v);
[INFO] [stderr]    |     ^^^^^^^^^^^^^^^^^^^^
[INFO] [stderr]    |
[INFO] [stderr]    = note: this `Result` may be an `Err` variant, which should be handled
[INFO] [stderr]    = note: `#[warn(unused_must_use)]` on by default
[INFO] [stderr] 
[INFO] [stderr] warning: unused `Result` that must be used
[INFO] [stderr]   --> src/test/http2/data.rs:59:5
[INFO] [stderr]    |
[INFO] [stderr] 59 |     p.resume(&mut h, &v);
[INFO] [stderr]    |     ^^^^^^^^^^^^^^^^^^^^
[INFO] [stderr]    |
[INFO] [stderr]    = note: this `Result` may be an `Err` variant, which should be handled
[INFO] [stderr] 
[INFO] [stderr] warning: unused `Result` that must be used
[INFO] [stderr]    --> src/test/http2/data.rs:106:5
[INFO] [stderr]     |
[INFO] [stderr] 106 |     p.resume(&mut h, &v);
[INFO] [stderr]     |     ^^^^^^^^^^^^^^^^^^^^
[INFO] [stderr]     |
[INFO] [stderr]     = note: this `Result` may be an `Err` variant, which should be handled
[INFO] [stderr] 
[INFO] [stderr] warning: unused `Result` that must be used
[INFO] [stderr]   --> src/test/http2/frame_format.rs:48:5
[INFO] [stderr]    |
[INFO] [stderr] 48 |     p.resume(&mut h, &v);
[INFO] [stderr]    |     ^^^^^^^^^^^^^^^^^^^^
[INFO] [stderr]    |
[INFO] [stderr]    = note: this `Result` may be an `Err` variant, which should be handled
[INFO] [stderr] 
[INFO] [stderr] warning: unused `Result` that must be used
[INFO] [stderr]   --> src/test/http2/frame_format.rs:93:5
[INFO] [stderr]    |
[INFO] [stderr] 93 |     p.resume(&mut h, &v);
[INFO] [stderr]    |     ^^^^^^^^^^^^^^^^^^^^
[INFO] [stderr]    |
[INFO] [stderr]    = note: this `Result` may be an `Err` variant, which should be handled
[INFO] [stderr] 
[INFO] [stderr] warning: literal out of range for `i32`
[INFO] [stderr]   --> src/test/http2/go_away.rs:51:9
[INFO] [stderr]    |
[INFO] [stderr] 51 |         0xBBEEBBEE
[INFO] [stderr]    |         ^^^^^^^^^^
[INFO] [stderr]    |
[INFO] [stderr]    = note: the literal `0xBBEEBBEE` (decimal `3152985070`) does not fit into the type `i32` and will become `-1141982226i32`
[INFO] [stderr]    = help: consider using the type `u32` instead
[INFO] [stderr]    = note: `#[warn(overflowing_literals)]` on by default
[INFO] [stderr] 
[INFO] [stderr] warning: unused `Result` that must be used
[INFO] [stderr]   --> src/test/http2/go_away.rs:63:5
[INFO] [stderr]    |
[INFO] [stderr] 63 |     p.resume(&mut h, &v);
[INFO] [stderr]    |     ^^^^^^^^^^^^^^^^^^^^
[INFO] [stderr]    |
[INFO] [stderr]    = note: this `Result` may be an `Err` variant, which should be handled
[INFO] [stderr] 
[INFO] [stderr] warning: literal out of range for `i32`
[INFO] [stderr]    --> src/test/http2/go_away.rs:120:9
[INFO] [stderr]     |
[INFO] [stderr] 120 |         0xBBEEBBEE
[INFO] [stderr]     |         ^^^^^^^^^^
[INFO] [stderr]     |
[INFO] [stderr]     = note: the literal `0xBBEEBBEE` (decimal `3152985070`) does not fit into the type `i32` and will become `-1141982226i32`
[INFO] [stderr]     = help: consider using the type `u32` instead
[INFO] [stderr] 
[INFO] [stderr] warning: unused `Result` that must be used
[INFO] [stderr]    --> src/test/http2/go_away.rs:126:5
[INFO] [stderr]     |
[INFO] [stderr] 126 |     p.resume(&mut h, &v);
[INFO] [stderr]     |     ^^^^^^^^^^^^^^^^^^^^
[INFO] [stderr]     |
[INFO] [stderr]     = note: this `Result` may be an `Err` variant, which should be handled
[INFO] [stderr] 
[INFO] [stderr] warning: unused `Result` that must be used
[INFO] [stderr]   --> src/test/http2/headers.rs:63:5
[INFO] [stderr]    |
[INFO] [stderr] 63 |     p.resume(&mut h, &v);
[INFO] [stderr]    |     ^^^^^^^^^^^^^^^^^^^^
[INFO] [stderr]    |
[INFO] [stderr]    = note: this `Result` may be an `Err` variant, which should be handled
[INFO] [stderr] 
[INFO] [stderr] warning: literal out of range for `i32`
[INFO] [stderr]    --> src/test/http2/headers.rs:120:9
[INFO] [stderr]     |
[INFO] [stderr] 120 |         0xFFFFFFFF
[INFO] [stderr]     |         ^^^^^^^^^^
[INFO] [stderr]     |
[INFO] [stderr]     = note: the literal `0xFFFFFFFF` (decimal `4294967295`) does not fit into the type `i32` and will become `-1i32`
[INFO] [stderr]     = help: consider using the type `u32` instead
[INFO] [stderr] 
[INFO] [stderr] warning: unused `Result` that must be used
[INFO] [stderr]    --> src/test/http2/headers.rs:144:5
[INFO] [stderr]     |
[INFO] [stderr] 144 |     p.resume(&mut h, &v);
[INFO] [stderr]     |     ^^^^^^^^^^^^^^^^^^^^
[INFO] [stderr]     |
[INFO] [stderr]     = note: this `Result` may be an `Err` variant, which should be handled
[INFO] [stderr] 
[INFO] [stderr] warning: unused `Result` that must be used
[INFO] [stderr]    --> src/test/http2/headers.rs:202:5
[INFO] [stderr]     |
[INFO] [stderr] 202 |     p.resume(&mut h, &v);
[INFO] [stderr]     |     ^^^^^^^^^^^^^^^^^^^^
[INFO] [stderr]     |
[INFO] [stderr]     = note: this `Result` may be an `Err` variant, which should be handled
[INFO] [stderr] 
[INFO] [stderr] warning: literal out of range for `i32`
[INFO] [stderr]    --> src/test/http2/headers.rs:255:9
[INFO] [stderr]     |
[INFO] [stderr] 255 |         0xFFFFFFFF
[INFO] [stderr]     |         ^^^^^^^^^^
[INFO] [stderr]     |
[INFO] [stderr]     = note: the literal `0xFFFFFFFF` (decimal `4294967295`) does not fit into the type `i32` and will become `-1i32`
[INFO] [stderr]     = help: consider using the type `u32` instead
[INFO] [stderr] 
[INFO] [stderr] warning: unused `Result` that must be used
[INFO] [stderr]    --> src/test/http2/headers.rs:273:5
[INFO] [stderr]     |
[INFO] [stderr] 273 |     p.resume(&mut h, &v);
[INFO] [stderr]     |     ^^^^^^^^^^^^^^^^^^^^
[INFO] [stderr]     |
[INFO] [stderr]     = note: this `Result` may be an `Err` variant, which should be handled
[INFO] [stderr] 
[INFO] [stderr] warning: literal out of range for `i32`
[INFO] [stderr]   --> src/test/http2/ping.rs:45:9
[INFO] [stderr]    |
[INFO] [stderr] 45 |         0xFFAADDAA
[INFO] [stderr]    |         ^^^^^^^^^^
[INFO] [stderr]    |
[INFO] [stderr]    = note: the literal `0xFFAADDAA` (decimal `4289387946`) does not fit into the type `i32` and will become `-5579350i32`
[INFO] [stderr]    = help: consider using the type `u32` instead
[INFO] [stderr] 
[INFO] [stderr] warning: literal out of range for `i32`
[INFO] [stderr]   --> src/test/http2/ping.rs:49:9
[INFO] [stderr]    |
[INFO] [stderr] 49 |         0xFFAADDAA
[INFO] [stderr]    |         ^^^^^^^^^^
[INFO] [stderr]    |
[INFO] [stderr]    = note: the literal `0xFFAADDAA` (decimal `4289387946`) does not fit into the type `i32` and will become `-5579350i32`
[INFO] [stderr]    = help: consider using the type `u32` instead
[INFO] [stderr] 
[INFO] [stderr] warning: unused `Result` that must be used
[INFO] [stderr]   --> src/test/http2/ping.rs:55:5
[INFO] [stderr]    |
[INFO] [stderr] 55 |     p.resume(&mut h, &v);
[INFO] [stderr]    |     ^^^^^^^^^^^^^^^^^^^^
[INFO] [stderr]    |
[INFO] [stderr]    = note: this `Result` may be an `Err` variant, which should be handled
[INFO] [stderr] 
[INFO] [stderr] warning: unused `Result` that must be used
[INFO] [stderr]   --> src/test/http2/priority.rs:57:5
[INFO] [stderr]    |
[INFO] [stderr] 57 |     p.resume(&mut h, &v);
[INFO] [stderr]    |     ^^^^^^^^^^^^^^^^^^^^
[INFO] [stderr]    |
[INFO] [stderr]    = note: this `Result` may be an `Err` variant, which should be handled
[INFO] [stderr] 
[INFO] [stderr] warning: unused `Result` that must be used
[INFO] [stderr]    --> src/test/http2/priority.rs:115:5
[INFO] [stderr]     |
[INFO] [stderr] 115 |     p.resume(&mut h, &v);
[INFO] [stderr]     |     ^^^^^^^^^^^^^^^^^^^^
[INFO] [stderr]     |
[INFO] [stderr]     = note: this `Result` may be an `Err` variant, which should be handled
[INFO] [stderr] 
[INFO] [stderr] warning: unused `Result` that must be used
[INFO] [stderr]   --> src/test/http2/push_promise.rs:69:5
[INFO] [stderr]    |
[INFO] [stderr] 69 |     p.resume(&mut h, &v);
[INFO] [stderr]    |     ^^^^^^^^^^^^^^^^^^^^
[INFO] [stderr]    |
[INFO] [stderr]    = note: this `Result` may be an `Err` variant, which should be handled
[INFO] [stderr] 
[INFO] [stderr] warning: unused `Result` that must be used
[INFO] [stderr]    --> src/test/http2/push_promise.rs:125:5
[INFO] [stderr]     |
[INFO] [stderr] 125 |     p.resume(&mut h, &v);
[INFO] [stderr]     |     ^^^^^^^^^^^^^^^^^^^^
[INFO] [stderr]     |
[INFO] [stderr]     = note: this `Result` may be an `Err` variant, which should be handled
[INFO] [stderr] 
[INFO] [stderr] warning: literal out of range for `i32`
[INFO] [stderr]   --> src/test/http2/rst_stream.rs:45:9
[INFO] [stderr]    |
[INFO] [stderr] 45 |         0xFFFFFFFF
[INFO] [stderr]    |         ^^^^^^^^^^
[INFO] [stderr]    |
[INFO] [stderr]    = note: the literal `0xFFFFFFFF` (decimal `4294967295`) does not fit into the type `i32` and will become `-1i32`
[INFO] [stderr]    = help: consider using the type `u32` instead
[INFO] [stderr] 
[INFO] [stderr] warning: unused `Result` that must be used
[INFO] [stderr]   --> src/test/http2/rst_stream.rs:51:5
[INFO] [stderr]    |
[INFO] [stderr] 51 |     p.resume(&mut h, &v);
[INFO] [stderr]    |     ^^^^^^^^^^^^^^^^^^^^
[INFO] [stderr]    |
[INFO] [stderr]    = note: this `Result` may be an `Err` variant, which should be handled
[INFO] [stderr] 
[INFO] [stderr] warning: literal out of range for `i32`
[INFO] [stderr]   --> src/test/http2/settings.rs:51:9
[INFO] [stderr]    |
[INFO] [stderr] 51 |         0xFFFFFFFF
[INFO] [stderr]    |         ^^^^^^^^^^
[INFO] [stderr]    |
[INFO] [stderr]    = note: the literal `0xFFFFFFFF` (decimal `4294967295`) does not fit into the type `i32` and will become `-1i32`
[INFO] [stderr]    = help: consider using the type `u32` instead
[INFO] [stderr] 
[INFO] [stderr] warning: unused `Result` that must be used
[INFO] [stderr]   --> src/test/http2/settings.rs:57:5
[INFO] [stderr]    |
[INFO] [stderr] 57 |     p.resume(&mut h, &v);
[INFO] [stderr]    |     ^^^^^^^^^^^^^^^^^^^^
[INFO] [stderr]    |
[INFO] [stderr]    = note: this `Result` may be an `Err` variant, which should be handled
[INFO] [stderr] 
[INFO] [stderr] warning: unused `Result` that must be used
[INFO] [stderr]   --> src/test/http2/window_update.rs:51:5
[INFO] [stderr]    |
[INFO] [stderr] 51 |     p.resume(&mut h, &v);
[INFO] [stderr]    |     ^^^^^^^^^^^^^^^^^^^^
[INFO] [stderr]    |
[INFO] [stderr]    = note: this `Result` may be an `Err` variant, which should be handled
[INFO] [stderr] 
[INFO] [stderr] warning: `http-box` (lib) generated 7 warnings (run `cargo fix --lib -p http-box` to apply 4 suggestions)
[INFO] [stderr] warning: `http-box` (lib test) generated 52 warnings (7 duplicates) (run `cargo fix --lib -p http-box --tests` to apply 17 suggestions)
[INFO] [stderr] warning: unused `Result` that must be used
[INFO] [stderr]   --> tests/http1_url_encoded.rs:87:5
[INFO] [stderr]    |
[INFO] [stderr] 87 |     File::open("tests/http1_data/url_encoded.dat").unwrap().read_to_end(&mut d);
[INFO] [stderr]    |     ^^^^^^^^^^^^^^^^^^^^^^^^^^^^^^^^^^^^^^^^^^^^^^^^^^^^^^^^^^^^^^^^^^^^^^^^^^^
[INFO] [stderr]    |
[INFO] [stderr]    = note: this `Result` may be an `Err` variant, which should be handled
[INFO] [stderr]    = note: `#[warn(unused_must_use)]` on by default
[INFO] [stderr] 
[INFO] [stderr] warning: unused `Result` that must be used
[INFO] [stderr]    --> tests/http1_head.rs:108:5
[INFO] [stderr]     |
[INFO] [stderr] 108 |     File::open("tests/http1_data/multipart.dat").unwrap().read_to_end(&mut d);
[INFO] [stderr]     |     ^^^^^^^^^^^^^^^^^^^^^^^^^^^^^^^^^^^^^^^^^^^^^^^^^^^^^^^^^^^^^^^^^^^^^^^^^
[INFO] [stderr]     |
[INFO] [stderr]     = note: this `Result` may be an `Err` variant, which should be handled
[INFO] [stderr]     = note: `#[warn(unused_must_use)]` on by default
[INFO] [stderr] 
[INFO] [stderr] warning: unused `Result` that must be used
[INFO] [stderr]    --> tests/http1_head.rs:113:5
[INFO] [stderr]     |
[INFO] [stderr] 113 |     p.resume(&mut h, &d);
[INFO] [stderr]     |     ^^^^^^^^^^^^^^^^^^^^
[INFO] [stderr]     |
[INFO] [stderr]     = note: this `Result` may be an `Err` variant, which should be handled
[INFO] [stderr] 
[INFO] [stderr] warning: unused import: `std::str`
[INFO] [stderr]   --> tests/http1_chunk_encoded.rs:11:5
[INFO] [stderr]    |
[INFO] [stderr] 11 | use std::str;
[INFO] [stderr]    |     ^^^^^^^^
[INFO] [stderr]    |
[INFO] [stderr]    = note: `#[warn(unused_imports)]` on by default
[INFO] [stderr] 
[INFO] [stderr] warning: unused `Result` that must be used
[INFO] [stderr]    --> tests/http1_chunk_encoded.rs:136:5
[INFO] [stderr]     |
[INFO] [stderr] 136 |     File::open("tests/http1_data/chunk_encoded.dat").unwrap().read_to_end(&mut d);
[INFO] [stderr]     |     ^^^^^^^^^^^^^^^^^^^^^^^^^^^^^^^^^^^^^^^^^^^^^^^^^^^^^^^^^^^^^^^^^^^^^^^^^^^^^
[INFO] [stderr]     |
[INFO] [stderr]     = note: this `Result` may be an `Err` variant, which should be handled
[INFO] [stderr]     = note: `#[warn(unused_must_use)]` on by default
[INFO] [stderr] 
[INFO] [stderr] warning: unused import: `std::str`
[INFO] [stderr]   --> tests/http1_multipart.rs:12:5
[INFO] [stderr]    |
[INFO] [stderr] 12 | use std::str;
[INFO] [stderr]    |     ^^^^^^^^
[INFO] [stderr]    |
[INFO] [stderr]    = note: `#[warn(unused_imports)]` on by default
[INFO] [stderr] 
[INFO] [stderr] warning: unused `Result` that must be used
[INFO] [stderr]    --> tests/http1_multipart.rs:178:5
[INFO] [stderr]     |
[INFO] [stderr] 178 |     File::open("tests/http1_data/multipart.dat").unwrap().read_to_end(&mut d);
[INFO] [stderr]     |     ^^^^^^^^^^^^^^^^^^^^^^^^^^^^^^^^^^^^^^^^^^^^^^^^^^^^^^^^^^^^^^^^^^^^^^^^^
[INFO] [stderr]     |
[INFO] [stderr]     = note: this `Result` may be an `Err` variant, which should be handled
[INFO] [stderr]     = note: `#[warn(unused_must_use)]` on by default
[INFO] [stderr] 
[INFO] [stderr] warning: `http-box` (test "http1_url_encoded") generated 1 warning
[INFO] [stderr] warning: `http-box` (test "http1_head") generated 2 warnings
[INFO] [stderr] warning: `http-box` (test "http1_chunk_encoded") generated 2 warnings (run `cargo fix --test "http1_chunk_encoded"` to apply 1 suggestion)
[INFO] [stderr] warning: `http-box` (test "http1_multipart") generated 2 warnings (run `cargo fix --test "http1_multipart"` to apply 1 suggestion)
[INFO] [stderr]     Finished test [unoptimized + debuginfo] target(s) in 0.01s
[INFO] [stderr]      Running unittests src/lib.rs (/opt/rustwide/target/debug/deps/http_box-efab8b491f9f8318)
[INFO] [stdout] 
[INFO] [stdout] running 226 tests
[INFO] [stdout] test test::http1::chunk_extension_finished::callback_exit ... ok
[INFO] [stdout] test test::http1::chunk_data::single ... ok
[INFO] [stdout] test test::http1::chunk_data::multiple ... ok
[INFO] [stdout] test test::http1::chunk_extension_name::callback_exit ... ok
[INFO] [stdout] test test::http1::chunk_data::multiple_chunks ... ok
[INFO] [stdout] test test::http1::chunk_extension_name::no_value ... ok
[INFO] [stdout] test test::http1::chunk_extension_name::normalize ... ok
[INFO] [stdout] test test::http1::chunk_extension_name::valid ... ok
[INFO] [stdout] test test::http1::chunk_extension_quoted_value::basic ... ok
[INFO] [stdout] test test::http1::chunk_extension_name::byte_check ... ok
[INFO] [stdout] test test::http1::chunk_extension_quoted_value::callback_exit ... ok
[INFO] [stdout] test test::http1::chunk_extension_quoted_value::escaped ... ok
[INFO] [stdout] test test::http1::chunk_extension_quoted_value::repeat ... ok
[INFO] [stdout] test test::http1::chunk_extension_value::basic ... ok
[INFO] [stdout] test test::http1::chunk_extension_value::callback_exit ... ok
[INFO] [stdout] test test::http1::chunk_extension_value::linear_space ... ok
[INFO] [stdout] test test::http1::chunk_extension_quoted_value::byte_check ... ok
[INFO] [stdout] test test::http1::chunk_extension_value::repeat ... ok
[INFO] [stdout] test test::http1::chunk_length::byte_check ... ok
[INFO] [stdout] test test::http1::chunk_length::length2 ... ok
[INFO] [stdout] test test::http1::chunk_length::length1 ... ok
[INFO] [stdout] test test::http1::chunk_extensions_finished::callback_exit ... ok
[INFO] [stdout] test test::http1::chunk_data::byte_check ... ok
[INFO] [stdout] test test::http1::chunk_length::callback_exit ... ok
[INFO] [stdout] test test::http1::chunk_extension_value::byte_check_unquoted ... ok
[INFO] [stdout] test test::http1::chunk_length::length3 ... ok
[INFO] [stdout] test test::http1::chunk_length::missing_length ... ok
[INFO] [stdout] test test::http1::chunk_length::too_long ... ok
[INFO] [stdout] test test::http1::chunk_trailer::single ... ok
[INFO] [stdout] test test::http1::header_name::by_name_accept_charset ... ok
[INFO] [stdout] test test::http1::chunk_trailer::multiple ... ok
[INFO] [stdout] test test::http1::header_name::by_name_accept ... ok
[INFO] [stdout] test test::http1::header_name::by_name_accept_language ... ok
[INFO] [stdout] test test::http1::header_name::by_name_authorization ... ok
[INFO] [stdout] test test::http1::header_name::by_name_connection ... ok
[INFO] [stdout] test test::http1::header_name::by_name_accept_encoding ... ok
[INFO] [stdout] test test::http1::header_name::by_name_content_length ... ok
[INFO] [stdout] test test::http1::header_name::by_name_cache_control ... ok
[INFO] [stdout] test test::http1::header_name::by_name_content_security_policy ... ok
[INFO] [stdout] test test::http1::header_name::by_name_content_type ... ok
[INFO] [stdout] test test::http1::header_name::by_name_location ... ok
[INFO] [stdout] test test::http1::header_name::by_name_transfer_encoding ... ok
[INFO] [stdout] test test::http1::header_name::by_name_set_cookie ... ok
[INFO] [stdout] test test::http1::header_name::by_name_cookie ... ok
[INFO] [stdout] test test::http1::header_name::by_name_www_authenticate ... ok
[INFO] [stdout] test test::http1::header_name::by_name_upgrade ... ok
[INFO] [stdout] test test::http1::header_name::single ... ok
[INFO] [stdout] test test::http1::header_quoted_value::escaped_multiple ... ok
[INFO] [stdout] test test::http1::header_name::by_name_user_agent ... ok
[INFO] [stdout] test test::http1::header_name::by_name_x_forwarded_host ... ok
[INFO] [stdout] test test::http1::header_name::normalize ... ok
[INFO] [stdout] test test::http1::header_name::multiple ... ok
[INFO] [stdout] test test::http1::header_name::by_name_x_forwarded_for ... ok
[INFO] [stdout] test test::http1::header_quoted_value::multiple ... ok
[INFO] [stdout] test test::http1::header_name::by_name_last_modified ... ok
[INFO] [stdout] test test::http1::header_name::by_name_x_xss_protection ... ok
[INFO] [stdout] test test::http1::header_name::by_name_x_powered_by ... ok
[INFO] [stdout] test test::http1::header_name::byte_check ... ok
[INFO] [stdout] test test::http1::header_name::callback_exit ... ok
[INFO] [stdout] test test::http1::header_name::by_name_pragma ... ok
[INFO] [stdout] test test::http1::header_name::by_name_x_webkit_csp ... ok
[INFO] [stdout] test test::http1::header_quoted_value::escaped_single ... ok
[INFO] [stdout] test test::http1::header_quoted_value::single ... ok
[INFO] [stdout] test test::http1::header_value::multiline ... ok
[INFO] [stdout] test test::http1::headers_finished::callback_exit ... ok
[INFO] [stdout] test test::http1::header_value::callback_exit ... ok
[INFO] [stdout] test test::http1::header_value::single ... ok
[INFO] [stdout] test test::http1::initial_finished::callback_exit ... ok
[INFO] [stdout] test test::http1::headers_finished::finished ... ok
[INFO] [stdout] test test::http1::header_value::space ... ok
[INFO] [stdout] test test::http1::header_value::multiple ... ok
[INFO] [stdout] test test::http1::multipart_boundary::first_boundary_hyphen1_error ... ok
[INFO] [stdout] test test::http1::multipart_boundary::first_boundary_hyphen2_error ... ok
[INFO] [stdout] test test::http1::multipart_boundary::first_boundary_no_match ... ok
[INFO] [stdout] test test::http1::multipart_begin::callback_exit ... ok
[INFO] [stdout] test test::http1::multipart_boundary::second_boundary_match ... ok
[INFO] [stdout] test test::http1::multipart_boundary::first_boundary_match ... ok
[INFO] [stdout] test test::http1::multipart_header::headers_ok ... ok
[INFO] [stdout] test test::http1::request_http::h_lower ... ok
[INFO] [stdout] test test::http1::multipart_boundary::second_false_boundary ... ok
[INFO] [stdout] test test::http1::multipart_boundary::second_false_third_boundary_match ... ok
[INFO] [stdout] test test::http1::request_http::htt_upper ... ok
[INFO] [stdout] test test::http1::request_http::ht_upper ... ok
[INFO] [stdout] test test::http1::request_http::http_1_0 ... ok
[INFO] [stdout] test test::http1::multipart_data::data_ok ... ok
[INFO] [stdout] test test::http1::request_http::htt_lower ... ok
[INFO] [stdout] test test::http1::request_http::h_upper ... ok
[INFO] [stdout] test test::http1::request_http::callback_exit ... ok
[INFO] [stdout] test test::http1::request_http::http_2_0 ... ok
[INFO] [stdout] test test::http1::request_http::ht_lower ... ok
[INFO] [stdout] test test::http1::request_http::http_lower ... ok
[INFO] [stdout] test test::http1::request_http::http_1_1 ... ok
[INFO] [stdout] test test::http1::request_http::http_slash_upper ... ok
[INFO] [stdout] test test::http1::request_method::multiple_connect ... ok
[INFO] [stdout] test test::http1::request_method::callback_exit ... ok
[INFO] [stdout] test test::http1::request_method::multiple_get ... ok
[INFO] [stdout] test test::http1::request_method::multiple_head ... ok
[INFO] [stdout] test test::http1::request_http::http_slash_lower ... ok
[INFO] [stdout] test test::http1::request_http::http_upper ... ok
[INFO] [stdout] test test::http1::request_method::multiple_put ... ok
[INFO] [stdout] test test::http1::request_method::multiple_options ... ok
[INFO] [stdout] test test::http1::request_method::multiple_unknown ... ok
[INFO] [stdout] test test::http1::request_method::normalize ... ok
[INFO] [stdout] test test::http1::request_method::single_connect ... ok
[INFO] [stdout] test test::http1::request_method::multiple_post ... ok
[INFO] [stdout] test test::http1::request_method::multiple_trace ... ok
[INFO] [stdout] test test::http1::request_method::single_put ... ok
[INFO] [stdout] test test::http1::request_method::single_delete ... ok
[INFO] [stdout] test test::http1::request_method::single_trace ... ok
[INFO] [stdout] test test::http1::request_method::single_head ... ok
[INFO] [stdout] test test::http1::request_method::single_unknown ... ok
[INFO] [stdout] test test::http1::request_method::single_options ... ok
[INFO] [stdout] test test::http1::request_url::asterisk ... ok
[INFO] [stdout] test test::http1::request_method::byte_check ... ok
[INFO] [stdout] test test::http1::request_method::starting_space ... ok
[INFO] [stdout] test test::http1::request_method::single_post ... ok
[INFO] [stdout] test test::http1::request_method::single_get ... ok
[INFO] [stdout] test test::http1::request_url::callback_exit ... ok
[INFO] [stdout] test test::http1::request_url::with_schema ... ok
[INFO] [stdout] test test::http1::request_url::without_schema ... ok
[INFO] [stdout] test test::http1::request_version::callback_exit ... ok
[INFO] [stdout] test test::http1::request_url::byte_check ... ok
[INFO] [stdout] test test::http1::request_version::v1000_0 ... ok
[INFO] [stdout] test test::http1::request_version::v1_0 ... ok
[INFO] [stdout] test test::http1::header_value::byte_check ... ok
[INFO] [stdout] test test::http1::request_version::v0_0 ... ok
[INFO] [stdout] test test::http1::request_version::v0_1000 ... ok
[INFO] [stdout] test test::http1::request_version::v1_1 ... ok
[INFO] [stdout] test test::http1::response_http::h_upper ... ok
[INFO] [stdout] test test::http1::response_http::callback_exit ... ok
[INFO] [stdout] test test::http1::request_version::v2_0 ... ok
[INFO] [stdout] test test::http1::response_http::htt_lower ... ok
[INFO] [stdout] test test::http1::response_http::htt_upper ... ok
[INFO] [stdout] test test::http1::response_http::h_lower ... ok
[INFO] [stdout] test test::http1::request_version::v999_999 ... ok
[INFO] [stdout] test test::http1::header_quoted_value::byte_check ... ok
[INFO] [stdout] test test::http1::response_http::ht_upper ... ok
[INFO] [stdout] test test::http1::response_http::http_1_0 ... ok
[INFO] [stdout] test test::http1::response_http::ht_lower ... ok
[INFO] [stdout] test test::http1::response_http::http_1_1 ... ok
[INFO] [stdout] test test::http1::response_http::http_lower ... ok
[INFO] [stdout] test test::http1::response_http::http_slash_lower ... ok
[INFO] [stdout] test test::http1::response_http::http_2_0 ... ok
[INFO] [stdout] test test::http1::response_http::http_slash_upper ... ok
[INFO] [stdout] test test::http1::response_http::http_upper ... ok
[INFO] [stdout] test test::http1::response_status::callback_exit ... ok
[INFO] [stdout] test test::http1::response_status::single ... ok
[INFO] [stdout] test test::http1::response_status::multiple ... ok
[INFO] [stdout] test test::http1::response_status_code::v0 ... ok
[INFO] [stdout] test test::http1::response_status_code::v1000 ... ok
[INFO] [stdout] test test::http1::response_status_code::callback_exit ... ok
[INFO] [stdout] test test::http1::response_status_code::v999 ... ok
[INFO] [stdout] test test::http1::response_version::callback_exit ... ok
[INFO] [stdout] test test::http1::response_version::v0_0 ... ok
[INFO] [stdout] test test::http1::response_status_code::byte_check ... ok
[INFO] [stdout] test test::http1::response_status::byte_check ... ok
[INFO] [stdout] test test::http1::response_version::v1000_0 ... ok
[INFO] [stdout] test test::http1::response_version::v2_0 ... ok
[INFO] [stdout] test test::http1::response_version::v999_999 ... ok
[INFO] [stdout] test test::http1::response_version::v1_0 ... ok
[INFO] [stdout] test test::http1::response_version::v0_1000 ... ok
[INFO] [stdout] test test::http1::response_version::v1_1 ... ok
[INFO] [stdout] test test::http1::url_encoded_name::basic ... ok
[INFO] [stdout] test test::http1::url_encoded_name::callback_exit ... ok
[INFO] [stdout] test test::http1::url_encoded_name::ending_equal ... ok
[INFO] [stdout] test test::http1::url_encoded_name::ending_ampersand ... ok
[INFO] [stdout] test test::http1::url_encoded_name::byte_check ... ok
[INFO] [stdout] test test::http1::url_encoded_name::ending_plus ... ok
[INFO] [stdout] test test::http1::url_encoded_name::ending_percent ... ok
[INFO] [stdout] test test::http1::url_encoded_name::hex ... ok
[INFO] [stdout] test test::http1::url_encoded_value::callback_exit ... ok
[INFO] [stdout] test test::http1::url_encoded_name::hex_error ... ok
[INFO] [stdout] test test::http2::frame_format::all_flags ... ok
[INFO] [stdout] test test::http1::url_encoded_value::equal_error ... ok
[INFO] [stdout] test test::http1::url_encoded_value::full_complex ... ok
[INFO] [stdout] test test::http1::url_encoded_value::full_simple ... ok
[INFO] [stdout] test test::http2::frame_format::no_flags ... ok
[INFO] [stdout] test test::http1::request_method::multiple_delete ... ok
[INFO] [stdout] test test::http2::go_away::go_away_with_debug_data ... ok
[INFO] [stdout] test test::http1::url_encoded_value::hex_error ... ok
[INFO] [stdout] test test::http1::url_encoded_value::value_ending_ampersand ... ok
[INFO] [stdout] test test::http1::url_encoded_value::value ... ok
[INFO] [stdout] test test::http2::go_away::go_away_without_debug_data ... ok
[INFO] [stdout] test test::http2::headers::with_padding_with_priority ... ok
[INFO] [stdout] test test::http1::url_encoded_value::value_ending_percent ... ok
[INFO] [stdout] test test::http1::url_encoded_value::value_ending_plus ... ok
[INFO] [stdout] test test::http2::continuation::continuation ... ok
[INFO] [stdout] test test::http1::url_encoded_value::value_hex ... ok
[INFO] [stdout] test test::http2::data::with_padding ... ok
[INFO] [stdout] test test::http2::priority::is_exclusive ... ok
[INFO] [stdout] test test::http2::data::without_padding ... ok
[INFO] [stdout] test test::http2::priority::is_not_exclusive ... ok
[INFO] [stdout] test test::http2::headers::without_padding_with_priority ... ok
[INFO] [stdout] test test::http2::push_promise::push_promise_without_padding ... ok
[INFO] [stdout] test test::http2::settings::settings ... ok
[INFO] [stdout] test test::http2::headers::without_padding_without_priority ... ok
[INFO] [stdout] test test::http2::window_update::window_update ... ok
[INFO] [stdout] test test::http2::ping::ping ... ok
[INFO] [stdout] test test::util::decode::basic ... ok
[INFO] [stdout] test test::http2::push_promise::push_promise_with_padding ... ok
[INFO] [stdout] test test::http2::headers::with_padding_without_priority ... ok
[INFO] [stdout] test test::util::decode::byte_check ... ok
[INFO] [stdout] test test::http1::url_encoded_value::byte_check ... ok
[INFO] [stdout] test test::util::decode::ending_hex_error ... ok
[INFO] [stdout] test test::util::decode::ending_plus ... ok
[INFO] [stdout] test test::util::decode::ending_hex ... ok
[INFO] [stdout] test test::util::decode::middle_hex_error ... ok
[INFO] [stdout] test test::http2::rst_stream::rst_stream ... ok
[INFO] [stdout] test test::util::decode::middle_hex ... ok
[INFO] [stdout] test test::util::decode::middle_plus ... ok
[INFO] [stdout] test test::util::decode::complex ... ok
[INFO] [stdout] test test::util::decode::starting_hex_error ... ok
[INFO] [stdout] test test::util::decode::starting_plus ... ok
[INFO] [stdout] test test::util::field_iterator::missing_end_quote_error ... ok
[INFO] [stdout] test test::util::decode::plus ... ok
[INFO] [stdout] test test::util::decode::starting_hex ... ok
[INFO] [stdout] test test::util::field_iterator::name_error ... ok
[INFO] [stdout] test test::util::field_iterator::no_normalize ... ok
[INFO] [stdout] test test::util::field_iterator::no_value ... ok
[INFO] [stdout] test test::util::field_iterator::normalize ... ok
[INFO] [stdout] test test::util::field_iterator::quoted ... ok
[INFO] [stdout] test test::util::query_iterator::hex_value_error ... ok
[INFO] [stdout] test test::util::query_iterator::hex_name_error ... ok
[INFO] [stdout] test test::util::field_iterator::value_error ... ok
[INFO] [stdout] test test::util::query_iterator::hex ... ok
[INFO] [stdout] test test::util::query_iterator::no_hex ... ok
[INFO] [stdout] 
[INFO] [stdout] test result: ok. 226 passed; 0 failed; 0 ignored; 0 measured; 0 filtered out; finished in 0.02s
[INFO] [stdout] 
[INFO] [stderr]      Running tests/http1_chunk_encoded.rs (/opt/rustwide/target/debug/deps/http1_chunk_encoded-f344f2ab9620c0a1)
[INFO] [stdout] 
[INFO] [stdout] running 1 test
[INFO] [stdout] test chunk_encoded_body ... ok
[INFO] [stdout] 
[INFO] [stdout] test result: ok. 1 passed; 0 failed; 0 ignored; 0 measured; 0 filtered out; finished in 0.00s
[INFO] [stdout] 
[INFO] [stderr]      Running tests/http1_head.rs (/opt/rustwide/target/debug/deps/http1_head-4d2fdbd925db5ba3)
[INFO] [stdout] 
[INFO] [stdout] running 1 test
[INFO] [stdout] test head ... ok
[INFO] [stdout] 
[INFO] [stdout] test result: ok. 1 passed; 0 failed; 0 ignored; 0 measured; 0 filtered out; finished in 0.00s
[INFO] [stdout] 
[INFO] [stderr]      Running tests/http1_multipart.rs (/opt/rustwide/target/debug/deps/http1_multipart-5fdbfbebc48c8140)
[INFO] [stdout] 
[INFO] [stdout] running 1 test
[INFO] [stdout] test multipart ... ok
[INFO] [stdout] 
[INFO] [stdout] test result: ok. 1 passed; 0 failed; 0 ignored; 0 measured; 0 filtered out; finished in 0.00s
[INFO] [stdout] 
[INFO] [stderr]      Running tests/http1_url_encoded.rs (/opt/rustwide/target/debug/deps/http1_url_encoded-13805f2bf2cb213b)
[INFO] [stdout] 
[INFO] [stdout] running 1 test
[INFO] [stdout] test url_encoded ... ok
[INFO] [stdout] 
[INFO] [stdout] test result: ok. 1 passed; 0 failed; 0 ignored; 0 measured; 0 filtered out; finished in 0.00s
[INFO] [stdout] 
[INFO] [stderr]      Running tests/skeptic.rs (/opt/rustwide/target/debug/deps/skeptic-14b9d7a3e8f871d0)
[INFO] [stdout] 
[INFO] [stdout] running 6 tests
[INFO] [stderr] error[E0464]: multiple candidates for `rlib` dependency `http_box` found
[INFO] [stderr]  --> /tmp/rust-skeptic.h9OMymQwcG5t/test.rs:1:1
[INFO] [stderr]   |
[INFO] [stderr] 1 | extern crate http_box;
[INFO] [stderr]   | ^^^^^^^^^^^^^^^^^^^^^^
[INFO] [stderr]   |
[INFO] [stderr]   = note: candidate #1: /opt/rustwide/target/debug/deps/libhttp_box-7d1f8fcf91c52675.rlib
[INFO] [stderr]   = note: candidate #2: /opt/rustwide/target/debug/deps/libhttp_box-a844bb2711ac033d.rlib
[INFO] [stderr] 
[INFO] [stderr] error: aborting due to previous error
[INFO] [stderr] 
[INFO] [stderr] For more information about this error, try `rustc --explain E0464`.
[INFO] [stderr] error[E0464]: multiple candidates for `rlib` dependency `http_box` found
[INFO] [stderr]  --> /tmp/rust-skeptic.6v2G0gzw2SOT/test.rs:1:1
[INFO] [stderr]   |
[INFO] [stderr] 1 | extern crate http_box;
[INFO] [stderr]   | ^^^^^^^^^^^^^^^^^^^^^^
[INFO] [stderr]   |
[INFO] [stderr]   = note: candidate #1: /opt/rustwide/target/debug/deps/libhttp_box-7d1f8fcf91c52675.rlib
[INFO] [stderr]   = note: candidate #2: /opt/rustwide/target/debug/deps/libhttp_box-a844bb2711ac033d.rlib
[INFO] [stderr] 
[INFO] [stderr] error: aborting due to previous error
[INFO] [stderr] 
[INFO] [stderr] For more information about this error, try `rustc --explain E0464`.
[INFO] [stderr] error[E0464]: multiple candidates for `rlib` dependency `http_box` found
[INFO] [stderr]  --> /tmp/rust-skeptic.xLcvJomfatME/test.rs:1:1
[INFO] [stderr]   |
[INFO] [stderr] 1 | extern crate http_box;
[INFO] [stderr]   | ^^^^^^^^^^^^^^^^^^^^^^
[INFO] [stderr]   |
[INFO] [stderr]   = note: candidate #1: /opt/rustwide/target/debug/deps/libhttp_box-7d1f8fcf91c52675.rlib
[INFO] [stderr]   = note: candidate #2: /opt/rustwide/target/debug/deps/libhttp_box-a844bb2711ac033d.rlib
[INFO] [stderr] 
[INFO] [stderr] error: aborting due to previous error
[INFO] [stderr] 
[INFO] [stderr] For more information about this error, try `rustc --explain E0464`.
[INFO] [stderr] error[E0464]: multiple candidates for `rlib` dependency `http_box` found
[INFO] [stderr]  --> /tmp/rust-skeptic.kj3nKJ4wopmL/test.rs:1:1
[INFO] [stderr]   |
[INFO] [stderr] 1 | extern crate http_box;
[INFO] [stderr]   | ^^^^^^^^^^^^^^^^^^^^^^
[INFO] [stderr]   |
[INFO] [stderr]   = note: candidate #1: /opt/rustwide/target/debug/deps/libhttp_box-7d1f8fcf91c52675.rlib
[INFO] [stderr]   = note: candidate #2: /opt/rustwide/target/debug/deps/libhttp_box-a844bb2711ac033d.rlib
[INFO] [stderr] 
[INFO] [stderr] error: aborting due to previous error
[INFO] [stderr] 
[INFO] [stderr] For more information about this error, try `rustc --explain E0464`.
[INFO] [stdout] test http_decoding_url_encoded_data_0 ... FAILED
[INFO] [stdout] test http_parsing_header_fields_1 ... FAILED
[INFO] [stdout] test http_parsing_header_fields_0 ... FAILED
[INFO] [stdout] test http1_head_parsing_0 ... FAILED
[INFO] [stderr] error[E0464]: multiple candidates for `rlib` dependency `http_box` found
[INFO] [stderr]  --> /tmp/rust-skeptic.Oh2MzFxop35S/test.rs:1:1
[INFO] [stderr]   |
[INFO] [stderr] 1 | extern crate http_box;
[INFO] [stderr]   | ^^^^^^^^^^^^^^^^^^^^^^
[INFO] [stderr]   |
[INFO] [stderr]   = note: candidate #1: /opt/rustwide/target/debug/deps/libhttp_box-7d1f8fcf91c52675.rlib
[INFO] [stderr]   = note: candidate #2: /opt/rustwide/target/debug/deps/libhttp_box-a844bb2711ac033d.rlib
[INFO] [stderr] 
[INFO] [stderr] error: aborting due to previous error
[INFO] [stderr] 
[INFO] [stderr] For more information about this error, try `rustc --explain E0464`.
[INFO] [stdout] test http_parsing_query_strings_1 ... FAILED
[INFO] [stderr] error[E0464]: multiple candidates for `rlib` dependency `http_box` found
[INFO] [stderr]  --> /tmp/rust-skeptic.D0WyWEwaQFbY/test.rs:1:1
[INFO] [stderr]   |
[INFO] [stderr] 1 | extern crate http_box;
[INFO] [stderr]   | ^^^^^^^^^^^^^^^^^^^^^^
[INFO] [stderr]   |
[INFO] [stderr]   = note: candidate #1: /opt/rustwide/target/debug/deps/libhttp_box-7d1f8fcf91c52675.rlib
[INFO] [stderr]   = note: candidate #2: /opt/rustwide/target/debug/deps/libhttp_box-a844bb2711ac033d.rlib
[INFO] [stderr] 
[INFO] [stderr] error: aborting due to previous error
[INFO] [stderr] 
[INFO] [stderr] For more information about this error, try `rustc --explain E0464`.
[INFO] [stdout] test http_parsing_query_strings_0 ... FAILED
[INFO] [stdout] 
[INFO] [stdout] failures:
[INFO] [stdout] 
[INFO] [stdout] ---- http_decoding_url_encoded_data_0 stdout ----
[INFO] [stdout] thread 'http_decoding_url_encoded_data_0' panicked at 'Command failed:
[INFO] [stdout] "rustc" "/tmp/rust-skeptic.h9OMymQwcG5t/test.rs" "--verbose" "-o" "/tmp/rust-skeptic.h9OMymQwcG5t/out.exe" "--crate-type=bin" "-L" "/opt/rustwide/target/debug" "-L" "/opt/rustwide/target/debug/deps" "--extern" "tempdir=/opt/rustwide/target/debug/deps/libtempdir-fbc640d85887a98b.rlib" "--extern" "cty=/opt/rustwide/target/debug/deps/libcty-098e3d68ce2248fa.rlib" "--extern" "tempfile=/opt/rustwide/target/debug/deps/libtempfile-aae6854e04c6e2dc.rlib" "--extern" "atty=/opt/rustwide/target/debug/deps/libatty-370c1b43e0c456b1.rlib" "--extern" "lazycell=/opt/rustwide/target/debug/deps/liblazycell-4de3c88d56557364.rlib" "--extern" "tiff=/opt/rustwide/target/debug/deps/libtiff-5afa91123f1118a9.rlib" "--extern" "which=/opt/rustwide/target/debug/deps/libwhich-7e64ea5f839b3c52.rlib" "--extern" "shlex=/opt/rustwide/target/debug/deps/libshlex-5e85ae70dfbf86fb.rlib" "--extern" "miniz_oxide=/opt/rustwide/target/debug/deps/libminiz_oxide-7a4f21ad0e0c31dd.rlib" "--extern" "hotg_rune_core=/opt/rustwide/target/debug/deps/libhotg_rune_core-f7041b968c2cfbae.rlib" "--extern" "crossbeam_utils=/opt/rustwide/target/debug/deps/libcrossbeam_utils-3546b3b1c787b86b.rlib" "--extern" "bitflags=/opt/rustwide/target/debug/deps/libbitflags-9671457bae43e199.rlib" "--extern" "unicode_ident=/opt/rustwide/target/debug/deps/libunicode_ident-b80adc97778cd786.rlib" "--extern" "clap=/opt/rustwide/target/debug/deps/libclap-c607de558dd6733c.rlib" "--extern" "image=/opt/rustwide/target/debug/deps/libimage-b9ea82a97f5b8cc1.rlib" "--extern" "hotg_rune_core=/opt/rustwide/target/debug/deps/libhotg_rune_core-54ec38459d04a682.rlib" "--extern" "env_logger=/opt/rustwide/target/debug/deps/libenv_logger-a74a0a96e1780e76.rlib" "--extern" "termcolor=/opt/rustwide/target/debug/deps/libtermcolor-20e563e1564785c2.rlib" "--extern" "rand_core=/opt/rustwide/target/debug/deps/librand_core-e5a8f0f991f76bbb.rlib" "--extern" "humantime=/opt/rustwide/target/debug/deps/libhumantime-4f131e4dd8112504.rlib" "--extern" "num_traits=/opt/rustwide/target/debug/deps/libnum_traits-b237925f6bfbb7f7.rlib" "--extern" "glob=/opt/rustwide/target/debug/deps/libglob-4707cbd2adfc2df0.rlib" "--extern" "rayon_core=/opt/rustwide/target/debug/deps/librayon_core-810548a7643b9071.rlib" "--extern" "rand_core=/opt/rustwide/target/debug/deps/librand_core-ebc2a136de28cec1.rlib" "--extern" "libc=/opt/rustwide/target/debug/deps/liblibc-90160b19f0e8bd32.rlib" "--extern" "which=/opt/rustwide/target/debug/deps/libwhich-d980caea8441388d.rlib" "--extern" "autocfg=/opt/rustwide/target/debug/deps/libautocfg-129bdff40ef07337.rlib" "--extern" "tempdir=/opt/rustwide/target/debug/deps/libtempdir-c59f320d557ec1d5.rlib" "--extern" "rand=/opt/rustwide/target/debug/deps/librand-8fe33c175abbb0bc.rlib" "--extern" "wasm3_sys=/opt/rustwide/target/debug/deps/libwasm3_sys-a830f1109eae35d4.rlib" "--extern" "byteorder=/opt/rustwide/target/debug/deps/libbyteorder-50c19e9bd62c942c.rlib" "--extern" "ppv_lite86=/opt/rustwide/target/debug/deps/libppv_lite86-c3ad053967cc551c.rlib" "--extern" "num_iter=/opt/rustwide/target/debug/deps/libnum_iter-8dbb15dbdfe8dde5.rlib" "--extern" "cfg_if=/opt/rustwide/target/debug/deps/libcfg_if-e5e118dd7d121aaa.rlib" "--extern" "hound=/opt/rustwide/target/debug/deps/libhound-e056f0fa79a9598d.rlib" "--extern" "getopts=/opt/rustwide/target/debug/deps/libgetopts-f41c972e6eb046bf.rlib" "--extern" "atty=/opt/rustwide/target/debug/deps/libatty-d3d6b4bbef2df183.rlib" "--extern" "cc=/opt/rustwide/target/debug/deps/libcc-6d71334a69aaf663.rlib" "--extern" "hotg_rune_wasm3_runtime=/opt/rustwide/target/debug/deps/libhotg_rune_wasm3_runtime-3c6784cf2a7462ef.rlib" "--extern" "bindgen=/opt/rustwide/target/debug/deps/libbindgen-bf19e77c3ac00232.rlib" "--extern" "image=/opt/rustwide/target/debug/deps/libimage-189589c4e823bd9e.rlib" "--extern" "anyhow=/opt/rustwide/target/debug/deps/libanyhow-2a8b4879abb5c883.rlib" "--extern" "adler32=/opt/rustwide/target/debug/deps/libadler32-83111893a069e541.rlib" "--extern" "aho_corasick=/opt/rustwide/target/debug/deps/libaho_corasick-2ce1759316b631e8.rlib" "--extern" "num_cpus=/opt/rustwide/target/debug/deps/libnum_cpus-99eb5bb783d8d3db.rlib" "--extern" "rayon=/opt/rustwide/target/debug/deps/librayon-68be80a72f46882b.rlib" "--extern" "linux_raw_sys=/opt/rustwide/target/debug/deps/liblinux_raw_sys-8cc4f4b00c14099c.rlib" "--extern" "clang_sys=/opt/rustwide/target/debug/deps/libclang_sys-6754249683dfc9c5.rlib" "--extern" "unicode_width=/opt/rustwide/target/debug/deps/libunicode_width-f75bb0008a5efcfa.rlib" "--extern" "skeptic=/opt/rustwide/target/debug/deps/libskeptic-de39e62bd5b21dd1.rlib" "--extern" "log=/opt/rustwide/target/debug/deps/liblog-3957226ca0d6354e.rlib" "--extern" "syn=/opt/rustwide/target/debug/deps/libsyn-13af2442622ddcb4.rlib" "--extern" "scopeguard=/opt/rustwide/target/debug/deps/libscopeguard-f471875f675163b5.rlib" "--extern" "wasm3_sys=/opt/rustwide/target/debug/deps/libwasm3_sys-73eec7691636fe0f.rlib" "--extern" "either=/opt/rustwide/target/debug/deps/libeither-e407352f1a2e3c73.rlib" "--extern" "wasm3=/opt/rustwide/target/debug/deps/libwasm3-34a425f7129b1ad1.rlib" "--extern" "getrandom=/opt/rustwide/target/debug/deps/libgetrandom-ea50d3a3c1361eef.rlib" "--extern" "rayon_core=/opt/rustwide/target/debug/deps/librayon_core-fa6b572babd43de7.rlib" "--extern" "clap=/opt/rustwide/target/debug/deps/libclap-4b4bb128b3672782.rlib" "--extern" "adler=/opt/rustwide/target/debug/deps/libadler-478247d24f5486f3.rlib" "--extern" "serde=/opt/rustwide/target/debug/deps/libserde-a4ba8264543c2d70.rlib" "--extern" "byte_slice=/opt/rustwide/target/debug/deps/libbyte_slice-f3318dc372518039.rlib" "--extern" "strsim=/opt/rustwide/target/debug/deps/libstrsim-34ab28aae96c9897.rlib" "--extern" "quote=/opt/rustwide/target/debug/deps/libquote-ad78e25cc9e71d7e.rlib" "--extern" "num_rational=/opt/rustwide/target/debug/deps/libnum_rational-b73d331b514e88fa.rlib" "--extern" "remove_dir_all=/opt/rustwide/target/debug/deps/libremove_dir_all-eff5dea3d8a02b70.rlib" "--extern" "ansi_term=/opt/rustwide/target/debug/deps/libansi_term-afff4adec1f3528f.rlib" "--extern" "miniz_oxide=/opt/rustwide/target/debug/deps/libminiz_oxide-883cb810e070b535.rlib" "--extern" "rand_chacha=/opt/rustwide/target/debug/deps/librand_chacha-1011df681e4d15da.rlib" "--extern" "http_box=/opt/rustwide/target/debug/deps/libhttp_box-a844bb2711ac033d.rlib" "--extern" "http_box=/opt/rustwide/target/debug/deps/libhttp_box-7d1f8fcf91c52675.rlib" "--extern" "env_logger=/opt/rustwide/target/debug/deps/libenv_logger-b82dabd603f94b3a.rlib" "--extern" "skeptic=/opt/rustwide/target/debug/deps/libskeptic-69680266080949e5.rlib" "--extern" "crossbeam_channel=/opt/rustwide/target/debug/deps/libcrossbeam_channel-c7cc992b117444ea.rlib" "--extern" "either=/opt/rustwide/target/debug/deps/libeither-f9228cdbdd25b059.rlib" "--extern" "remove_dir_all=/opt/rustwide/target/debug/deps/libremove_dir_all-53c16c1fad07eba0.rlib" "--extern" "rand=/opt/rustwide/target/debug/deps/librand-9a34e85b2ad0770a.rlib" "--extern" "deflate=/opt/rustwide/target/debug/deps/libdeflate-a6d7d666fffa97d9.rlib" "--extern" "jpeg_decoder=/opt/rustwide/target/debug/deps/libjpeg_decoder-3a0f997e3fe11d02.rlib" "--extern" "fastrand=/opt/rustwide/target/debug/deps/libfastrand-36b5f93a51c81f9b.rlib" "--extern" "bitflags=/opt/rustwide/target/debug/deps/libbitflags-82cc2d155c6eb112.rlib" "--extern" "nom=/opt/rustwide/target/debug/deps/libnom-4c13cc3e6611321e.rlib" "--extern" "rand=/opt/rustwide/target/debug/deps/librand-a95b5f9084c07716.rlib" "--extern" "log=/opt/rustwide/target/debug/deps/liblog-ea9d81a303188254.rlib" "--extern" "getrandom=/opt/rustwide/target/debug/deps/libgetrandom-5d46253a319b81ee.rlib" "--extern" "clang_sys=/opt/rustwide/target/debug/deps/libclang_sys-e16b0316253fcf2b.rlib" "--extern" "rayon=/opt/rustwide/target/debug/deps/librayon-fcf44988f44e78e3.rlib" "--extern" "peeking_take_while=/opt/rustwide/target/debug/deps/libpeeking_take_while-ea19703f2f8bfe52.rlib" "--extern" "proc_macro2=/opt/rustwide/target/debug/deps/libproc_macro2-28c79a6b7e0f474e.rlib" "--extern" "getopts=/opt/rustwide/target/debug/deps/libgetopts-3ebd4d3803f548fc.rlib" "--extern" "cexpr=/opt/rustwide/target/debug/deps/libcexpr-2e724870e86d230a.rlib" "--extern" "bitflags=/opt/rustwide/target/debug/deps/libbitflags-eac8cbd4e84c370d.rlib" "--extern" "crossbeam_epoch=/opt/rustwide/target/debug/deps/libcrossbeam_epoch-ce14d878c6b46754.rlib" "--extern" "weezl=/opt/rustwide/target/debug/deps/libweezl-b8d0d3d3ea86fdd3.rlib" "--extern" "rand=/opt/rustwide/target/debug/deps/librand-dd11e6c692a3bb8b.rlib" "--extern" "crossbeam_deque=/opt/rustwide/target/debug/deps/libcrossbeam_deque-c88c73a8dbd1207f.rlib" "--extern" "memoffset=/opt/rustwide/target/debug/deps/libmemoffset-cc94e166f136fd4e.rlib" "--extern" "thiserror=/opt/rustwide/target/debug/deps/libthiserror-e4ca7c641acd4c0d.rlib" "--extern" "rand_chacha=/opt/rustwide/target/debug/deps/librand_chacha-02db262bfffa7904.rlib" "--extern" "hotg_rune_runtime=/opt/rustwide/target/debug/deps/libhotg_rune_runtime-68c14b433001cf82.rlib" "--extern" "memchr=/opt/rustwide/target/debug/deps/libmemchr-df7f2b9f3dbcde12.rlib" "--extern" "pulldown_cmark=/opt/rustwide/target/debug/deps/libpulldown_cmark-aed3465b42698ad9.rlib" "--extern" "color_quant=/opt/rustwide/target/debug/deps/libcolor_quant-c4e6a74fd65e1c69.rlib" "--extern" "bytemuck=/opt/rustwide/target/debug/deps/libbytemuck-86ddde4110e746a7.rlib" "--extern" "libloading=/opt/rustwide/target/debug/deps/liblibloading-c7641815dba96aa5.rlib" "--extern" "bindgen=/opt/rustwide/target/debug/deps/libbindgen-b595f8ba3201c51b.rlib" "--extern" "wasm3=/opt/rustwide/target/debug/deps/libwasm3-4398acf4e17e3d37.rlib" "--extern" "jpeg_decoder=/opt/rustwide/target/debug/deps/libjpeg_decoder-a90da91646ca5c37.rlib" "--extern" "tiff=/opt/rustwide/target/debug/deps/libtiff-feab30c265364a8d.rlib" "--extern" "io_lifetimes=/opt/rustwide/target/debug/deps/libio_lifetimes-b81c2f4baa56ead1.rlib" "--extern" "regex=/opt/rustwide/target/debug/deps/libregex-81f71970547e2ac7.rlib" "--extern" "lazy_static=/opt/rustwide/target/debug/deps/liblazy_static-fffb742395d36153.rlib" "--extern" "num_integer=/opt/rustwide/target/debug/deps/libnum_integer-7d6121c00680145f.rlib" "--extern" "hotg_rune_runtime=/opt/rustwide/target/debug/deps/libhotg_rune_runtime-75ef34f8ccc365f6.rlib" "--extern" "rustc_hash=/opt/rustwide/target/debug/deps/librustc_hash-6f4995b07864623a.rlib" "--extern" "num_cpus=/opt/rustwide/target/debug/deps/libnum_cpus-955db27608b22469.rlib" "--extern" "vec_map=/opt/rustwide/target/debug/deps/libvec_map-584a390a74cf74b3.rlib" "--extern" "png=/opt/rustwide/target/debug/deps/libpng-ceae838327fdb14f.rlib" "--extern" "minimal_lexical=/opt/rustwide/target/debug/deps/libminimal_lexical-29da7407ff05078c.rlib" "--extern" "unicode_width=/opt/rustwide/target/debug/deps/libunicode_width-381b4a7539d39955.rlib" "--extern" "gif=/opt/rustwide/target/debug/deps/libgif-a18efa9c08b73864.rlib" "--extern" "shlex=/opt/rustwide/target/debug/deps/libshlex-d3a5f6886001229e.rlib" "--extern" "textwrap=/opt/rustwide/target/debug/deps/libtextwrap-664de7ad0e637f07.rlib" "--extern" "libc=/opt/rustwide/target/debug/deps/liblibc-1c44c26a4c16f4d2.rlib" "--extern" "regex_syntax=/opt/rustwide/target/debug/deps/libregex_syntax-f822b89ac454d915.rlib" "--extern" "crc32fast=/opt/rustwide/target/debug/deps/libcrc32fast-104e9b895f0c2d44.rlib" "--extern" "pulldown_cmark=/opt/rustwide/target/debug/deps/libpulldown_cmark-63d2e6b3734098b4.rlib" "--extern" "libc=/opt/rustwide/target/debug/deps/liblibc-b7b14a0fe316ec96.rlib" "--extern" "scoped_threadpool=/opt/rustwide/target/debug/deps/libscoped_threadpool-4f6c1420c01fda30.rlib" "--extern" "rustix=/opt/rustwide/target/debug/deps/librustix-a7b2b8ec2ac67b7d.rlib" "--extern" "hotg_rune_wasm3_runtime=/opt/rustwide/target/debug/deps/libhotg_rune_wasm3_runtime-a4df76b76820d741.rlib"', /opt/rustwide/cargo-home/registry/src/github.com-1ecc6299db9ec823/skeptic-0.7.1/lib.rs:391:13
[INFO] [stdout] stack backtrace:
[INFO] [stdout]    0:     0x55f9263ad60a - std::backtrace_rs::backtrace::libunwind::trace::ha9053a9a07ca49cb
[INFO] [stdout]                                at /rustc/84c898d65adf2f39a5a98507f1fe0ce10a2b8dbc/library/std/src/../../backtrace/src/backtrace/libunwind.rs:93:5
[INFO] [stdout]    1:     0x55f9263ad60a - std::backtrace_rs::backtrace::trace_unsynchronized::h9c2852a457ad564e
[INFO] [stdout]                                at /rustc/84c898d65adf2f39a5a98507f1fe0ce10a2b8dbc/library/std/src/../../backtrace/src/backtrace/mod.rs:66:5
[INFO] [stdout]    2:     0x55f9263ad60a - std::sys_common::backtrace::_print_fmt::h457936fbfaa0070f
[INFO] [stdout]                                at /rustc/84c898d65adf2f39a5a98507f1fe0ce10a2b8dbc/library/std/src/sys_common/backtrace.rs:65:5
[INFO] [stdout]    3:     0x55f9263ad60a - <std::sys_common::backtrace::_print::DisplayBacktrace as core::fmt::Display>::fmt::h5779d7bf7f70cb0c
[INFO] [stdout]                                at /rustc/84c898d65adf2f39a5a98507f1fe0ce10a2b8dbc/library/std/src/sys_common/backtrace.rs:44:22
[INFO] [stdout]    4:     0x55f9263d23fe - core::fmt::write::h5a4baaff1bcd3eb5
[INFO] [stdout]                                at /rustc/84c898d65adf2f39a5a98507f1fe0ce10a2b8dbc/library/core/src/fmt/mod.rs:1232:17
[INFO] [stdout]    5:     0x55f9263aa6e5 - std::io::Write::write_fmt::h478f79c628ef31d1
[INFO] [stdout]                                at /rustc/84c898d65adf2f39a5a98507f1fe0ce10a2b8dbc/library/std/src/io/mod.rs:1684:15
[INFO] [stdout]    6:     0x55f9263ad3d5 - std::sys_common::backtrace::_print::h5fcdc36060f177e8
[INFO] [stdout]                                at /rustc/84c898d65adf2f39a5a98507f1fe0ce10a2b8dbc/library/std/src/sys_common/backtrace.rs:47:5
[INFO] [stdout]    7:     0x55f9263ad3d5 - std::sys_common::backtrace::print::h54ca9458b876c8bf
[INFO] [stdout]                                at /rustc/84c898d65adf2f39a5a98507f1fe0ce10a2b8dbc/library/std/src/sys_common/backtrace.rs:34:9
[INFO] [stdout]    8:     0x55f9263af21f - std::panicking::default_hook::{{closure}}::hbe471161c7664ed6
[INFO] [stdout]                                at /rustc/84c898d65adf2f39a5a98507f1fe0ce10a2b8dbc/library/std/src/panicking.rs:271:22
[INFO] [stdout]    9:     0x55f9263aeedf - std::panicking::default_hook::ha3500da57aa4ac4f
[INFO] [stdout]                                at /rustc/84c898d65adf2f39a5a98507f1fe0ce10a2b8dbc/library/std/src/panicking.rs:287:9
[INFO] [stdout]   10:     0x55f926363777 - <alloc::boxed::Box<F,A> as core::ops::function::Fn<Args>>::call::hdf1b89dd137ece34
[INFO] [stdout]                                at /rustc/84c898d65adf2f39a5a98507f1fe0ce10a2b8dbc/library/alloc/src/boxed.rs:2001:9
[INFO] [stdout]   11:     0x55f926363777 - test::test_main::{{closure}}::h9081a79f20e75698
[INFO] [stdout]                                at /rustc/84c898d65adf2f39a5a98507f1fe0ce10a2b8dbc/library/test/src/lib.rs:135:21
[INFO] [stdout]   12:     0x55f9263af94d - <alloc::boxed::Box<F,A> as core::ops::function::Fn<Args>>::call::h6507bddc3eebb4a5
[INFO] [stdout]                                at /rustc/84c898d65adf2f39a5a98507f1fe0ce10a2b8dbc/library/alloc/src/boxed.rs:2001:9
[INFO] [stdout]   13:     0x55f9263af94d - std::panicking::rust_panic_with_hook::h50c09d000dc561d2
[INFO] [stdout]                                at /rustc/84c898d65adf2f39a5a98507f1fe0ce10a2b8dbc/library/std/src/panicking.rs:696:13
[INFO] [stdout]   14:     0x55f9263af6c9 - std::panicking::begin_panic_handler::{{closure}}::h9e2b2176e00e0d9c
[INFO] [stdout]                                at /rustc/84c898d65adf2f39a5a98507f1fe0ce10a2b8dbc/library/std/src/panicking.rs:583:13
[INFO] [stdout]   15:     0x55f9263ada76 - std::sys_common::backtrace::__rust_end_short_backtrace::h5739b8e512c09d02
[INFO] [stdout]                                at /rustc/84c898d65adf2f39a5a98507f1fe0ce10a2b8dbc/library/std/src/sys_common/backtrace.rs:150:18
[INFO] [stdout]   16:     0x55f9263af3d2 - rust_begin_unwind
[INFO] [stdout]                                at /rustc/84c898d65adf2f39a5a98507f1fe0ce10a2b8dbc/library/std/src/panicking.rs:579:5
[INFO] [stdout]   17:     0x55f926332fc3 - core::panicking::panic_fmt::hf33a1475b4dc5c3e
[INFO] [stdout]                                at /rustc/84c898d65adf2f39a5a98507f1fe0ce10a2b8dbc/library/core/src/panicking.rs:64:14
[INFO] [stdout]   18:     0x55f92636edf3 - skeptic::rt::interpret_output::h31cfe0c7f119092c
[INFO] [stdout]                                at /opt/rustwide/cargo-home/registry/src/github.com-1ecc6299db9ec823/skeptic-0.7.1/lib.rs:391:13
[INFO] [stdout]   19:     0x55f92636e92e - skeptic::rt::compile_test_case::h4dd47ebcfcda5972
[INFO] [stdout]                                at /opt/rustwide/cargo-home/registry/src/github.com-1ecc6299db9ec823/skeptic-0.7.1/lib.rs:374:9
[INFO] [stdout]   20:     0x55f92636dd66 - skeptic::rt::run_test::h6772ee1ace95c9de
[INFO] [stdout]                                at /opt/rustwide/cargo-home/registry/src/github.com-1ecc6299db9ec823/skeptic-0.7.1/lib.rs:326:9
[INFO] [stdout]   21:     0x55f9263337c4 - skeptic::http_decoding_url_encoded_data_0::h12f941e35042766c
[INFO] [stdout]                                at /opt/rustwide/target/debug/build/http-box-508d7813a8bedccf/out/skeptic-tests.rs:19:5
[INFO] [stdout]   22:     0x55f9263336d7 - skeptic::http_decoding_url_encoded_data_0::{{closure}}::h5c1ffb9099ec6c0b
[INFO] [stdout]                                at /opt/rustwide/target/debug/build/http-box-508d7813a8bedccf/out/skeptic-tests.rs:2:47
[INFO] [stdout]   23:     0x55f926333f85 - core::ops::function::FnOnce::call_once::hb148c4f0d88e3c81
[INFO] [stdout]                                at /rustc/84c898d65adf2f39a5a98507f1fe0ce10a2b8dbc/library/core/src/ops/function.rs:250:5
[INFO] [stdout]   24:     0x55f926368b5f - core::ops::function::FnOnce::call_once::h7d969581be7d0075
[INFO] [stdout]                                at /rustc/84c898d65adf2f39a5a98507f1fe0ce10a2b8dbc/library/core/src/ops/function.rs:250:5
[INFO] [stdout]   25:     0x55f926368b5f - test::__rust_begin_short_backtrace::hca25a52684e56655
[INFO] [stdout]                                at /rustc/84c898d65adf2f39a5a98507f1fe0ce10a2b8dbc/library/test/src/lib.rs:656:18
[INFO] [stdout]   26:     0x55f92633a17c - test::run_test::{{closure}}::ha8ac744c4af1a4bb
[INFO] [stdout]                                at /rustc/84c898d65adf2f39a5a98507f1fe0ce10a2b8dbc/library/test/src/lib.rs:647:30
[INFO] [stdout]   27:     0x55f92633a17c - core::ops::function::FnOnce::call_once{{vtable.shim}}::h7b411a9ed45bdecf
[INFO] [stdout]                                at /rustc/84c898d65adf2f39a5a98507f1fe0ce10a2b8dbc/library/core/src/ops/function.rs:250:5
[INFO] [stdout]   28:     0x55f926367b26 - <alloc::boxed::Box<F,A> as core::ops::function::FnOnce<Args>>::call_once::hd05328869a8ed200
[INFO] [stdout]                                at /rustc/84c898d65adf2f39a5a98507f1fe0ce10a2b8dbc/library/alloc/src/boxed.rs:1987:9
[INFO] [stdout]   29:     0x55f926367b26 - <core::panic::unwind_safe::AssertUnwindSafe<F> as core::ops::function::FnOnce<()>>::call_once::h0c601ce20bd5b2be
[INFO] [stdout]                                at /rustc/84c898d65adf2f39a5a98507f1fe0ce10a2b8dbc/library/core/src/panic/unwind_safe.rs:271:9
[INFO] [stdout]   30:     0x55f926367b26 - std::panicking::try::do_call::ha4be5c164fe30854
[INFO] [stdout]                                at /rustc/84c898d65adf2f39a5a98507f1fe0ce10a2b8dbc/library/std/src/panicking.rs:487:40
[INFO] [stdout]   31:     0x55f926367b26 - std::panicking::try::h604546f3609af05f
[INFO] [stdout]                                at /rustc/84c898d65adf2f39a5a98507f1fe0ce10a2b8dbc/library/std/src/panicking.rs:451:19
[INFO] [stdout]   32:     0x55f926367b26 - std::panic::catch_unwind::h5bfa8afe44c9c2f9
[INFO] [stdout]                                at /rustc/84c898d65adf2f39a5a98507f1fe0ce10a2b8dbc/library/std/src/panic.rs:140:14
[INFO] [stdout]   33:     0x55f926367b26 - test::run_test_in_process::hd50dee55dd63e6aa
[INFO] [stdout]                                at /rustc/84c898d65adf2f39a5a98507f1fe0ce10a2b8dbc/library/test/src/lib.rs:679:27
[INFO] [stdout]   34:     0x55f926367b26 - test::run_test::run_test_inner::{{closure}}::h4aa0f433aa85cea8
[INFO] [stdout]                                at /rustc/84c898d65adf2f39a5a98507f1fe0ce10a2b8dbc/library/test/src/lib.rs:573:39
[INFO] [stdout]   35:     0x55f9263347f1 - test::run_test::run_test_inner::{{closure}}::had56431adf24b4d6
[INFO] [stdout]                                at /rustc/84c898d65adf2f39a5a98507f1fe0ce10a2b8dbc/library/test/src/lib.rs:600:37
[INFO] [stdout]   36:     0x55f9263347f1 - std::sys_common::backtrace::__rust_begin_short_backtrace::ha8d9890e0c73bf13
[INFO] [stdout]                                at /rustc/84c898d65adf2f39a5a98507f1fe0ce10a2b8dbc/library/std/src/sys_common/backtrace.rs:134:18
[INFO] [stdout]   37:     0x55f92633a20b - std::thread::Builder::spawn_unchecked_::{{closure}}::{{closure}}::h251832bcb4a95327
[INFO] [stdout]                                at /rustc/84c898d65adf2f39a5a98507f1fe0ce10a2b8dbc/library/std/src/thread/mod.rs:560:17
[INFO] [stdout]   38:     0x55f92633a20b - <core::panic::unwind_safe::AssertUnwindSafe<F> as core::ops::function::FnOnce<()>>::call_once::h8fdff598fa414831
[INFO] [stdout]                                at /rustc/84c898d65adf2f39a5a98507f1fe0ce10a2b8dbc/library/core/src/panic/unwind_safe.rs:271:9
[INFO] [stdout]   39:     0x55f92633a20b - std::panicking::try::do_call::h455dd2f7764a950f
[INFO] [stdout]                                at /rustc/84c898d65adf2f39a5a98507f1fe0ce10a2b8dbc/library/std/src/panicking.rs:487:40
[INFO] [stdout]   40:     0x55f92633a20b - std::panicking::try::had6f23b7b73ae72a
[INFO] [stdout]                                at /rustc/84c898d65adf2f39a5a98507f1fe0ce10a2b8dbc/library/std/src/panicking.rs:451:19
[INFO] [stdout]   41:     0x55f92633a20b - std::panic::catch_unwind::ha6a5ca3915b4dad0
[INFO] [stdout]                                at /rustc/84c898d65adf2f39a5a98507f1fe0ce10a2b8dbc/library/std/src/panic.rs:140:14
[INFO] [stdout]   42:     0x55f92633a20b - std::thread::Builder::spawn_unchecked_::{{closure}}::h883b72ef75da6231
[INFO] [stdout]                                at /rustc/84c898d65adf2f39a5a98507f1fe0ce10a2b8dbc/library/std/src/thread/mod.rs:559:30
[INFO] [stdout]   43:     0x55f92633a20b - core::ops::function::FnOnce::call_once{{vtable.shim}}::hb7dff73dc8bd2ccb
[INFO] [stdout]                                at /rustc/84c898d65adf2f39a5a98507f1fe0ce10a2b8dbc/library/core/src/ops/function.rs:250:5
[INFO] [stdout]   44:     0x55f9263b4e03 - <alloc::boxed::Box<F,A> as core::ops::function::FnOnce<Args>>::call_once::h39990b24eedef2ab
[INFO] [stdout]                                at /rustc/84c898d65adf2f39a5a98507f1fe0ce10a2b8dbc/library/alloc/src/boxed.rs:1987:9
[INFO] [stdout]   45:     0x55f9263b4e03 - <alloc::boxed::Box<F,A> as core::ops::function::FnOnce<Args>>::call_once::h01a027258444143b
[INFO] [stdout]                                at /rustc/84c898d65adf2f39a5a98507f1fe0ce10a2b8dbc/library/alloc/src/boxed.rs:1987:9
[INFO] [stdout]   46:     0x55f9263b4e03 - std::sys::unix::thread::Thread::new::thread_start::ha4f1cdd9c25884ba
[INFO] [stdout]                                at /rustc/84c898d65adf2f39a5a98507f1fe0ce10a2b8dbc/library/std/src/sys/unix/thread.rs:108:17
[INFO] [stdout]   47:     0x7f129ffb9b43 - <unknown>
[INFO] [stdout]   48:     0x7f12a004abb4 - __clone
[INFO] [stdout]   49:                0x0 - <unknown>
[INFO] [stdout] 
[INFO] [stdout] ---- http_parsing_header_fields_1 stdout ----
[INFO] [stdout] thread 'http_parsing_header_fields_1' panicked at 'Command failed:
[INFO] [stdout] "rustc" "/tmp/rust-skeptic.6v2G0gzw2SOT/test.rs" "--verbose" "-o" "/tmp/rust-skeptic.6v2G0gzw2SOT/out.exe" "--crate-type=bin" "-L" "/opt/rustwide/target/debug" "-L" "/opt/rustwide/target/debug/deps" "--extern" "tempdir=/opt/rustwide/target/debug/deps/libtempdir-fbc640d85887a98b.rlib" "--extern" "cty=/opt/rustwide/target/debug/deps/libcty-098e3d68ce2248fa.rlib" "--extern" "tempfile=/opt/rustwide/target/debug/deps/libtempfile-aae6854e04c6e2dc.rlib" "--extern" "atty=/opt/rustwide/target/debug/deps/libatty-370c1b43e0c456b1.rlib" "--extern" "lazycell=/opt/rustwide/target/debug/deps/liblazycell-4de3c88d56557364.rlib" "--extern" "tiff=/opt/rustwide/target/debug/deps/libtiff-5afa91123f1118a9.rlib" "--extern" "which=/opt/rustwide/target/debug/deps/libwhich-7e64ea5f839b3c52.rlib" "--extern" "shlex=/opt/rustwide/target/debug/deps/libshlex-5e85ae70dfbf86fb.rlib" "--extern" "miniz_oxide=/opt/rustwide/target/debug/deps/libminiz_oxide-7a4f21ad0e0c31dd.rlib" "--extern" "hotg_rune_core=/opt/rustwide/target/debug/deps/libhotg_rune_core-f7041b968c2cfbae.rlib" "--extern" "crossbeam_utils=/opt/rustwide/target/debug/deps/libcrossbeam_utils-3546b3b1c787b86b.rlib" "--extern" "bitflags=/opt/rustwide/target/debug/deps/libbitflags-9671457bae43e199.rlib" "--extern" "unicode_ident=/opt/rustwide/target/debug/deps/libunicode_ident-b80adc97778cd786.rlib" "--extern" "clap=/opt/rustwide/target/debug/deps/libclap-c607de558dd6733c.rlib" "--extern" "image=/opt/rustwide/target/debug/deps/libimage-b9ea82a97f5b8cc1.rlib" "--extern" "hotg_rune_core=/opt/rustwide/target/debug/deps/libhotg_rune_core-54ec38459d04a682.rlib" "--extern" "env_logger=/opt/rustwide/target/debug/deps/libenv_logger-a74a0a96e1780e76.rlib" "--extern" "termcolor=/opt/rustwide/target/debug/deps/libtermcolor-20e563e1564785c2.rlib" "--extern" "rand_core=/opt/rustwide/target/debug/deps/librand_core-e5a8f0f991f76bbb.rlib" "--extern" "humantime=/opt/rustwide/target/debug/deps/libhumantime-4f131e4dd8112504.rlib" "--extern" "num_traits=/opt/rustwide/target/debug/deps/libnum_traits-b237925f6bfbb7f7.rlib" "--extern" "glob=/opt/rustwide/target/debug/deps/libglob-4707cbd2adfc2df0.rlib" "--extern" "rayon_core=/opt/rustwide/target/debug/deps/librayon_core-810548a7643b9071.rlib" "--extern" "rand_core=/opt/rustwide/target/debug/deps/librand_core-ebc2a136de28cec1.rlib" "--extern" "libc=/opt/rustwide/target/debug/deps/liblibc-90160b19f0e8bd32.rlib" "--extern" "which=/opt/rustwide/target/debug/deps/libwhich-d980caea8441388d.rlib" "--extern" "autocfg=/opt/rustwide/target/debug/deps/libautocfg-129bdff40ef07337.rlib" "--extern" "tempdir=/opt/rustwide/target/debug/deps/libtempdir-c59f320d557ec1d5.rlib" "--extern" "rand=/opt/rustwide/target/debug/deps/librand-8fe33c175abbb0bc.rlib" "--extern" "wasm3_sys=/opt/rustwide/target/debug/deps/libwasm3_sys-a830f1109eae35d4.rlib" "--extern" "byteorder=/opt/rustwide/target/debug/deps/libbyteorder-50c19e9bd62c942c.rlib" "--extern" "ppv_lite86=/opt/rustwide/target/debug/deps/libppv_lite86-c3ad053967cc551c.rlib" "--extern" "num_iter=/opt/rustwide/target/debug/deps/libnum_iter-8dbb15dbdfe8dde5.rlib" "--extern" "cfg_if=/opt/rustwide/target/debug/deps/libcfg_if-e5e118dd7d121aaa.rlib" "--extern" "hound=/opt/rustwide/target/debug/deps/libhound-e056f0fa79a9598d.rlib" "--extern" "getopts=/opt/rustwide/target/debug/deps/libgetopts-f41c972e6eb046bf.rlib" "--extern" "atty=/opt/rustwide/target/debug/deps/libatty-d3d6b4bbef2df183.rlib" "--extern" "cc=/opt/rustwide/target/debug/deps/libcc-6d71334a69aaf663.rlib" "--extern" "hotg_rune_wasm3_runtime=/opt/rustwide/target/debug/deps/libhotg_rune_wasm3_runtime-3c6784cf2a7462ef.rlib" "--extern" "bindgen=/opt/rustwide/target/debug/deps/libbindgen-bf19e77c3ac00232.rlib" "--extern" "image=/opt/rustwide/target/debug/deps/libimage-189589c4e823bd9e.rlib" "--extern" "anyhow=/opt/rustwide/target/debug/deps/libanyhow-2a8b4879abb5c883.rlib" "--extern" "adler32=/opt/rustwide/target/debug/deps/libadler32-83111893a069e541.rlib" "--extern" "aho_corasick=/opt/rustwide/target/debug/deps/libaho_corasick-2ce1759316b631e8.rlib" "--extern" "num_cpus=/opt/rustwide/target/debug/deps/libnum_cpus-99eb5bb783d8d3db.rlib" "--extern" "rayon=/opt/rustwide/target/debug/deps/librayon-68be80a72f46882b.rlib" "--extern" "linux_raw_sys=/opt/rustwide/target/debug/deps/liblinux_raw_sys-8cc4f4b00c14099c.rlib" "--extern" "clang_sys=/opt/rustwide/target/debug/deps/libclang_sys-6754249683dfc9c5.rlib" "--extern" "unicode_width=/opt/rustwide/target/debug/deps/libunicode_width-f75bb0008a5efcfa.rlib" "--extern" "skeptic=/opt/rustwide/target/debug/deps/libskeptic-de39e62bd5b21dd1.rlib" "--extern" "log=/opt/rustwide/target/debug/deps/liblog-3957226ca0d6354e.rlib" "--extern" "syn=/opt/rustwide/target/debug/deps/libsyn-13af2442622ddcb4.rlib" "--extern" "scopeguard=/opt/rustwide/target/debug/deps/libscopeguard-f471875f675163b5.rlib" "--extern" "wasm3_sys=/opt/rustwide/target/debug/deps/libwasm3_sys-73eec7691636fe0f.rlib" "--extern" "either=/opt/rustwide/target/debug/deps/libeither-e407352f1a2e3c73.rlib" "--extern" "wasm3=/opt/rustwide/target/debug/deps/libwasm3-34a425f7129b1ad1.rlib" "--extern" "getrandom=/opt/rustwide/target/debug/deps/libgetrandom-ea50d3a3c1361eef.rlib" "--extern" "rayon_core=/opt/rustwide/target/debug/deps/librayon_core-fa6b572babd43de7.rlib" "--extern" "clap=/opt/rustwide/target/debug/deps/libclap-4b4bb128b3672782.rlib" "--extern" "adler=/opt/rustwide/target/debug/deps/libadler-478247d24f5486f3.rlib" "--extern" "serde=/opt/rustwide/target/debug/deps/libserde-a4ba8264543c2d70.rlib" "--extern" "byte_slice=/opt/rustwide/target/debug/deps/libbyte_slice-f3318dc372518039.rlib" "--extern" "strsim=/opt/rustwide/target/debug/deps/libstrsim-34ab28aae96c9897.rlib" "--extern" "quote=/opt/rustwide/target/debug/deps/libquote-ad78e25cc9e71d7e.rlib" "--extern" "num_rational=/opt/rustwide/target/debug/deps/libnum_rational-b73d331b514e88fa.rlib" "--extern" "remove_dir_all=/opt/rustwide/target/debug/deps/libremove_dir_all-eff5dea3d8a02b70.rlib" "--extern" "ansi_term=/opt/rustwide/target/debug/deps/libansi_term-afff4adec1f3528f.rlib" "--extern" "miniz_oxide=/opt/rustwide/target/debug/deps/libminiz_oxide-883cb810e070b535.rlib" "--extern" "rand_chacha=/opt/rustwide/target/debug/deps/librand_chacha-1011df681e4d15da.rlib" "--extern" "http_box=/opt/rustwide/target/debug/deps/libhttp_box-a844bb2711ac033d.rlib" "--extern" "http_box=/opt/rustwide/target/debug/deps/libhttp_box-7d1f8fcf91c52675.rlib" "--extern" "env_logger=/opt/rustwide/target/debug/deps/libenv_logger-b82dabd603f94b3a.rlib" "--extern" "skeptic=/opt/rustwide/target/debug/deps/libskeptic-69680266080949e5.rlib" "--extern" "crossbeam_channel=/opt/rustwide/target/debug/deps/libcrossbeam_channel-c7cc992b117444ea.rlib" "--extern" "either=/opt/rustwide/target/debug/deps/libeither-f9228cdbdd25b059.rlib" "--extern" "remove_dir_all=/opt/rustwide/target/debug/deps/libremove_dir_all-53c16c1fad07eba0.rlib" "--extern" "rand=/opt/rustwide/target/debug/deps/librand-9a34e85b2ad0770a.rlib" "--extern" "deflate=/opt/rustwide/target/debug/deps/libdeflate-a6d7d666fffa97d9.rlib" "--extern" "jpeg_decoder=/opt/rustwide/target/debug/deps/libjpeg_decoder-3a0f997e3fe11d02.rlib" "--extern" "fastrand=/opt/rustwide/target/debug/deps/libfastrand-36b5f93a51c81f9b.rlib" "--extern" "bitflags=/opt/rustwide/target/debug/deps/libbitflags-82cc2d155c6eb112.rlib" "--extern" "nom=/opt/rustwide/target/debug/deps/libnom-4c13cc3e6611321e.rlib" "--extern" "rand=/opt/rustwide/target/debug/deps/librand-a95b5f9084c07716.rlib" "--extern" "log=/opt/rustwide/target/debug/deps/liblog-ea9d81a303188254.rlib" "--extern" "getrandom=/opt/rustwide/target/debug/deps/libgetrandom-5d46253a319b81ee.rlib" "--extern" "clang_sys=/opt/rustwide/target/debug/deps/libclang_sys-e16b0316253fcf2b.rlib" "--extern" "rayon=/opt/rustwide/target/debug/deps/librayon-fcf44988f44e78e3.rlib" "--extern" "peeking_take_while=/opt/rustwide/target/debug/deps/libpeeking_take_while-ea19703f2f8bfe52.rlib" "--extern" "proc_macro2=/opt/rustwide/target/debug/deps/libproc_macro2-28c79a6b7e0f474e.rlib" "--extern" "getopts=/opt/rustwide/target/debug/deps/libgetopts-3ebd4d3803f548fc.rlib" "--extern" "cexpr=/opt/rustwide/target/debug/deps/libcexpr-2e724870e86d230a.rlib" "--extern" "bitflags=/opt/rustwide/target/debug/deps/libbitflags-eac8cbd4e84c370d.rlib" "--extern" "crossbeam_epoch=/opt/rustwide/target/debug/deps/libcrossbeam_epoch-ce14d878c6b46754.rlib" "--extern" "weezl=/opt/rustwide/target/debug/deps/libweezl-b8d0d3d3ea86fdd3.rlib" "--extern" "rand=/opt/rustwide/target/debug/deps/librand-dd11e6c692a3bb8b.rlib" "--extern" "crossbeam_deque=/opt/rustwide/target/debug/deps/libcrossbeam_deque-c88c73a8dbd1207f.rlib" "--extern" "memoffset=/opt/rustwide/target/debug/deps/libmemoffset-cc94e166f136fd4e.rlib" "--extern" "thiserror=/opt/rustwide/target/debug/deps/libthiserror-e4ca7c641acd4c0d.rlib" "--extern" "rand_chacha=/opt/rustwide/target/debug/deps/librand_chacha-02db262bfffa7904.rlib" "--extern" "hotg_rune_runtime=/opt/rustwide/target/debug/deps/libhotg_rune_runtime-68c14b433001cf82.rlib" "--extern" "memchr=/opt/rustwide/target/debug/deps/libmemchr-df7f2b9f3dbcde12.rlib" "--extern" "pulldown_cmark=/opt/rustwide/target/debug/deps/libpulldown_cmark-aed3465b42698ad9.rlib" "--extern" "color_quant=/opt/rustwide/target/debug/deps/libcolor_quant-c4e6a74fd65e1c69.rlib" "--extern" "bytemuck=/opt/rustwide/target/debug/deps/libbytemuck-86ddde4110e746a7.rlib" "--extern" "libloading=/opt/rustwide/target/debug/deps/liblibloading-c7641815dba96aa5.rlib" "--extern" "bindgen=/opt/rustwide/target/debug/deps/libbindgen-b595f8ba3201c51b.rlib" "--extern" "wasm3=/opt/rustwide/target/debug/deps/libwasm3-4398acf4e17e3d37.rlib" "--extern" "jpeg_decoder=/opt/rustwide/target/debug/deps/libjpeg_decoder-a90da91646ca5c37.rlib" "--extern" "tiff=/opt/rustwide/target/debug/deps/libtiff-feab30c265364a8d.rlib" "--extern" "io_lifetimes=/opt/rustwide/target/debug/deps/libio_lifetimes-b81c2f4baa56ead1.rlib" "--extern" "regex=/opt/rustwide/target/debug/deps/libregex-81f71970547e2ac7.rlib" "--extern" "lazy_static=/opt/rustwide/target/debug/deps/liblazy_static-fffb742395d36153.rlib" "--extern" "num_integer=/opt/rustwide/target/debug/deps/libnum_integer-7d6121c00680145f.rlib" "--extern" "hotg_rune_runtime=/opt/rustwide/target/debug/deps/libhotg_rune_runtime-75ef34f8ccc365f6.rlib" "--extern" "rustc_hash=/opt/rustwide/target/debug/deps/librustc_hash-6f4995b07864623a.rlib" "--extern" "num_cpus=/opt/rustwide/target/debug/deps/libnum_cpus-955db27608b22469.rlib" "--extern" "vec_map=/opt/rustwide/target/debug/deps/libvec_map-584a390a74cf74b3.rlib" "--extern" "png=/opt/rustwide/target/debug/deps/libpng-ceae838327fdb14f.rlib" "--extern" "minimal_lexical=/opt/rustwide/target/debug/deps/libminimal_lexical-29da7407ff05078c.rlib" "--extern" "unicode_width=/opt/rustwide/target/debug/deps/libunicode_width-381b4a7539d39955.rlib" "--extern" "gif=/opt/rustwide/target/debug/deps/libgif-a18efa9c08b73864.rlib" "--extern" "shlex=/opt/rustwide/target/debug/deps/libshlex-d3a5f6886001229e.rlib" "--extern" "textwrap=/opt/rustwide/target/debug/deps/libtextwrap-664de7ad0e637f07.rlib" "--extern" "libc=/opt/rustwide/target/debug/deps/liblibc-1c44c26a4c16f4d2.rlib" "--extern" "regex_syntax=/opt/rustwide/target/debug/deps/libregex_syntax-f822b89ac454d915.rlib" "--extern" "crc32fast=/opt/rustwide/target/debug/deps/libcrc32fast-104e9b895f0c2d44.rlib" "--extern" "pulldown_cmark=/opt/rustwide/target/debug/deps/libpulldown_cmark-63d2e6b3734098b4.rlib" "--extern" "libc=/opt/rustwide/target/debug/deps/liblibc-b7b14a0fe316ec96.rlib" "--extern" "scoped_threadpool=/opt/rustwide/target/debug/deps/libscoped_threadpool-4f6c1420c01fda30.rlib" "--extern" "rustix=/opt/rustwide/target/debug/deps/librustix-a7b2b8ec2ac67b7d.rlib" "--extern" "hotg_rune_wasm3_runtime=/opt/rustwide/target/debug/deps/libhotg_rune_wasm3_runtime-a4df76b76820d741.rlib"', /opt/rustwide/cargo-home/registry/src/github.com-1ecc6299db9ec823/skeptic-0.7.1/lib.rs:391:13
[INFO] [stdout] stack backtrace:
[INFO] [stdout]    0:     0x55f9263ad60a - std::backtrace_rs::backtrace::libunwind::trace::ha9053a9a07ca49cb
[INFO] [stdout]                                at /rustc/84c898d65adf2f39a5a98507f1fe0ce10a2b8dbc/library/std/src/../../backtrace/src/backtrace/libunwind.rs:93:5
[INFO] [stdout]    1:     0x55f9263ad60a - std::backtrace_rs::backtrace::trace_unsynchronized::h9c2852a457ad564e
[INFO] [stdout]                                at /rustc/84c898d65adf2f39a5a98507f1fe0ce10a2b8dbc/library/std/src/../../backtrace/src/backtrace/mod.rs:66:5
[INFO] [stdout]    2:     0x55f9263ad60a - std::sys_common::backtrace::_print_fmt::h457936fbfaa0070f
[INFO] [stdout]                                at /rustc/84c898d65adf2f39a5a98507f1fe0ce10a2b8dbc/library/std/src/sys_common/backtrace.rs:65:5
[INFO] [stdout]    3:     0x55f9263ad60a - <std::sys_common::backtrace::_print::DisplayBacktrace as core::fmt::Display>::fmt::h5779d7bf7f70cb0c
[INFO] [stdout]                                at /rustc/84c898d65adf2f39a5a98507f1fe0ce10a2b8dbc/library/std/src/sys_common/backtrace.rs:44:22
[INFO] [stdout]    4:     0x55f9263d23fe - core::fmt::write::h5a4baaff1bcd3eb5
[INFO] [stdout]                                at /rustc/84c898d65adf2f39a5a98507f1fe0ce10a2b8dbc/library/core/src/fmt/mod.rs:1232:17
[INFO] [stdout]    5:     0x55f9263aa6e5 - std::io::Write::write_fmt::h478f79c628ef31d1
[INFO] [stdout]                                at /rustc/84c898d65adf2f39a5a98507f1fe0ce10a2b8dbc/library/std/src/io/mod.rs:1684:15
[INFO] [stdout]    6:     0x55f9263ad3d5 - std::sys_common::backtrace::_print::h5fcdc36060f177e8
[INFO] [stdout]                                at /rustc/84c898d65adf2f39a5a98507f1fe0ce10a2b8dbc/library/std/src/sys_common/backtrace.rs:47:5
[INFO] [stdout]    7:     0x55f9263ad3d5 - std::sys_common::backtrace::print::h54ca9458b876c8bf
[INFO] [stdout]                                at /rustc/84c898d65adf2f39a5a98507f1fe0ce10a2b8dbc/library/std/src/sys_common/backtrace.rs:34:9
[INFO] [stdout]    8:     0x55f9263af21f - std::panicking::default_hook::{{closure}}::hbe471161c7664ed6
[INFO] [stdout]                                at /rustc/84c898d65adf2f39a5a98507f1fe0ce10a2b8dbc/library/std/src/panicking.rs:271:22
[INFO] [stdout]    9:     0x55f9263aeedf - std::panicking::default_hook::ha3500da57aa4ac4f
[INFO] [stdout]                                at /rustc/84c898d65adf2f39a5a98507f1fe0ce10a2b8dbc/library/std/src/panicking.rs:287:9
[INFO] [stdout]   10:     0x55f926363777 - <alloc::boxed::Box<F,A> as core::ops::function::Fn<Args>>::call::hdf1b89dd137ece34
[INFO] [stdout]                                at /rustc/84c898d65adf2f39a5a98507f1fe0ce10a2b8dbc/library/alloc/src/boxed.rs:2001:9
[INFO] [stdout]   11:     0x55f926363777 - test::test_main::{{closure}}::h9081a79f20e75698
[INFO] [stdout]                                at /rustc/84c898d65adf2f39a5a98507f1fe0ce10a2b8dbc/library/test/src/lib.rs:135:21
[INFO] [stdout]   12:     0x55f9263af94d - <alloc::boxed::Box<F,A> as core::ops::function::Fn<Args>>::call::h6507bddc3eebb4a5
[INFO] [stdout]                                at /rustc/84c898d65adf2f39a5a98507f1fe0ce10a2b8dbc/library/alloc/src/boxed.rs:2001:9
[INFO] [stdout]   13:     0x55f9263af94d - std::panicking::rust_panic_with_hook::h50c09d000dc561d2
[INFO] [stdout]                                at /rustc/84c898d65adf2f39a5a98507f1fe0ce10a2b8dbc/library/std/src/panicking.rs:696:13
[INFO] [stdout]   14:     0x55f9263af6c9 - std::panicking::begin_panic_handler::{{closure}}::h9e2b2176e00e0d9c
[INFO] [stdout]                                at /rustc/84c898d65adf2f39a5a98507f1fe0ce10a2b8dbc/library/std/src/panicking.rs:583:13
[INFO] [stdout]   15:     0x55f9263ada76 - std::sys_common::backtrace::__rust_end_short_backtrace::h5739b8e512c09d02
[INFO] [stdout]                                at /rustc/84c898d65adf2f39a5a98507f1fe0ce10a2b8dbc/library/std/src/sys_common/backtrace.rs:150:18
[INFO] [stdout]   16:     0x55f9263af3d2 - rust_begin_unwind
[INFO] [stdout]                                at /rustc/84c898d65adf2f39a5a98507f1fe0ce10a2b8dbc/library/std/src/panicking.rs:579:5
[INFO] [stdout]   17:     0x55f926332fc3 - core::panicking::panic_fmt::hf33a1475b4dc5c3e
[INFO] [stdout]                                at /rustc/84c898d65adf2f39a5a98507f1fe0ce10a2b8dbc/library/core/src/panicking.rs:64:14
[INFO] [stdout]   18:     0x55f92636edf3 - skeptic::rt::interpret_output::h31cfe0c7f119092c
[INFO] [stdout]                                at /opt/rustwide/cargo-home/registry/src/github.com-1ecc6299db9ec823/skeptic-0.7.1/lib.rs:391:13
[INFO] [stdout]   19:     0x55f92636e92e - skeptic::rt::compile_test_case::h4dd47ebcfcda5972
[INFO] [stdout]                                at /opt/rustwide/cargo-home/registry/src/github.com-1ecc6299db9ec823/skeptic-0.7.1/lib.rs:374:9
[INFO] [stdout]   20:     0x55f92636dd66 - skeptic::rt::run_test::h6772ee1ace95c9de
[INFO] [stdout]                                at /opt/rustwide/cargo-home/registry/src/github.com-1ecc6299db9ec823/skeptic-0.7.1/lib.rs:326:9
[INFO] [stdout]   21:     0x55f926333a44 - skeptic::http_parsing_header_fields_1::h82c53e37a9b8019a
[INFO] [stdout]                                at /opt/rustwide/target/debug/build/http-box-508d7813a8bedccf/out/skeptic-tests.rs:93:5
[INFO] [stdout]   22:     0x55f926333957 - skeptic::http_parsing_header_fields_1::{{closure}}::hda69cdd68b37f5a2
[INFO] [stdout]                                at /opt/rustwide/target/debug/build/http-box-508d7813a8bedccf/out/skeptic-tests.rs:58:43
[INFO] [stdout]   23:     0x55f926333f05 - core::ops::function::FnOnce::call_once::h7c81251097446c1b
[INFO] [stdout]                                at /rustc/84c898d65adf2f39a5a98507f1fe0ce10a2b8dbc/library/core/src/ops/function.rs:250:5
[INFO] [stdout]   24:     0x55f926368b5f - core::ops::function::FnOnce::call_once::h7d969581be7d0075
[INFO] [stdout]                                at /rustc/84c898d65adf2f39a5a98507f1fe0ce10a2b8dbc/library/core/src/ops/function.rs:250:5
[INFO] [stdout]   25:     0x55f926368b5f - test::__rust_begin_short_backtrace::hca25a52684e56655
[INFO] [stdout]                                at /rustc/84c898d65adf2f39a5a98507f1fe0ce10a2b8dbc/library/test/src/lib.rs:656:18
[INFO] [stdout]   26:     0x55f92633a17c - test::run_test::{{closure}}::ha8ac744c4af1a4bb
[INFO] [stdout]                                at /rustc/84c898d65adf2f39a5a98507f1fe0ce10a2b8dbc/library/test/src/lib.rs:647:30
[INFO] [stdout]   27:     0x55f92633a17c - core::ops::function::FnOnce::call_once{{vtable.shim}}::h7b411a9ed45bdecf
[INFO] [stdout]                                at /rustc/84c898d65adf2f39a5a98507f1fe0ce10a2b8dbc/library/core/src/ops/function.rs:250:5
[INFO] [stdout]   28:     0x55f926367b26 - <alloc::boxed::Box<F,A> as core::ops::function::FnOnce<Args>>::call_once::hd05328869a8ed200
[INFO] [stdout]                                at /rustc/84c898d65adf2f39a5a98507f1fe0ce10a2b8dbc/library/alloc/src/boxed.rs:1987:9
[INFO] [stdout]   29:     0x55f926367b26 - <core::panic::unwind_safe::AssertUnwindSafe<F> as core::ops::function::FnOnce<()>>::call_once::h0c601ce20bd5b2be
[INFO] [stdout]                                at /rustc/84c898d65adf2f39a5a98507f1fe0ce10a2b8dbc/library/core/src/panic/unwind_safe.rs:271:9
[INFO] [stdout]   30:     0x55f926367b26 - std::panicking::try::do_call::ha4be5c164fe30854
[INFO] [stdout]                                at /rustc/84c898d65adf2f39a5a98507f1fe0ce10a2b8dbc/library/std/src/panicking.rs:487:40
[INFO] [stdout]   31:     0x55f926367b26 - std::panicking::try::h604546f3609af05f
[INFO] [stdout]                                at /rustc/84c898d65adf2f39a5a98507f1fe0ce10a2b8dbc/library/std/src/panicking.rs:451:19
[INFO] [stdout]   32:     0x55f926367b26 - std::panic::catch_unwind::h5bfa8afe44c9c2f9
[INFO] [stdout]                                at /rustc/84c898d65adf2f39a5a98507f1fe0ce10a2b8dbc/library/std/src/panic.rs:140:14
[INFO] [stdout]   33:     0x55f926367b26 - test::run_test_in_process::hd50dee55dd63e6aa
[INFO] [stdout]                                at /rustc/84c898d65adf2f39a5a98507f1fe0ce10a2b8dbc/library/test/src/lib.rs:679:27
[INFO] [stdout]   34:     0x55f926367b26 - test::run_test::run_test_inner::{{closure}}::h4aa0f433aa85cea8
[INFO] [stdout]                                at /rustc/84c898d65adf2f39a5a98507f1fe0ce10a2b8dbc/library/test/src/lib.rs:573:39
[INFO] [stdout]   35:     0x55f9263347f1 - test::run_test::run_test_inner::{{closure}}::had56431adf24b4d6
[INFO] [stdout]                                at /rustc/84c898d65adf2f39a5a98507f1fe0ce10a2b8dbc/library/test/src/lib.rs:600:37
[INFO] [stdout]   36:     0x55f9263347f1 - std::sys_common::backtrace::__rust_begin_short_backtrace::ha8d9890e0c73bf13
[INFO] [stdout]                                at /rustc/84c898d65adf2f39a5a98507f1fe0ce10a2b8dbc/library/std/src/sys_common/backtrace.rs:134:18
[INFO] [stdout]   37:     0x55f92633a20b - std::thread::Builder::spawn_unchecked_::{{closure}}::{{closure}}::h251832bcb4a95327
[INFO] [stdout]                                at /rustc/84c898d65adf2f39a5a98507f1fe0ce10a2b8dbc/library/std/src/thread/mod.rs:560:17
[INFO] [stdout]   38:     0x55f92633a20b - <core::panic::unwind_safe::AssertUnwindSafe<F> as core::ops::function::FnOnce<()>>::call_once::h8fdff598fa414831
[INFO] [stdout]                                at /rustc/84c898d65adf2f39a5a98507f1fe0ce10a2b8dbc/library/core/src/panic/unwind_safe.rs:271:9
[INFO] [stdout]   39:     0x55f92633a20b - std::panicking::try::do_call::h455dd2f7764a950f
[INFO] [stdout]                                at /rustc/84c898d65adf2f39a5a98507f1fe0ce10a2b8dbc/library/std/src/panicking.rs:487:40
[INFO] [stdout]   40:     0x55f92633a20b - std::panicking::try::had6f23b7b73ae72a
[INFO] [stdout]                                at /rustc/84c898d65adf2f39a5a98507f1fe0ce10a2b8dbc/library/std/src/panicking.rs:451:19
[INFO] [stdout]   41:     0x55f92633a20b - std::panic::catch_unwind::ha6a5ca3915b4dad0
[INFO] [stdout]                                at /rustc/84c898d65adf2f39a5a98507f1fe0ce10a2b8dbc/library/std/src/panic.rs:140:14
[INFO] [stdout]   42:     0x55f92633a20b - std::thread::Builder::spawn_unchecked_::{{closure}}::h883b72ef75da6231
[INFO] [stdout]                                at /rustc/84c898d65adf2f39a5a98507f1fe0ce10a2b8dbc/library/std/src/thread/mod.rs:559:30
[INFO] [stdout]   43:     0x55f92633a20b - core::ops::function::FnOnce::call_once{{vtable.shim}}::hb7dff73dc8bd2ccb
[INFO] [stdout]                                at /rustc/84c898d65adf2f39a5a98507f1fe0ce10a2b8dbc/library/core/src/ops/function.rs:250:5
[INFO] [stdout]   44:     0x55f9263b4e03 - <alloc::boxed::Box<F,A> as core::ops::function::FnOnce<Args>>::call_once::h39990b24eedef2ab
[INFO] [stdout]                                at /rustc/84c898d65adf2f39a5a98507f1fe0ce10a2b8dbc/library/alloc/src/boxed.rs:1987:9
[INFO] [stdout]   45:     0x55f9263b4e03 - <alloc::boxed::Box<F,A> as core::ops::function::FnOnce<Args>>::call_once::h01a027258444143b
[INFO] [stdout]                                at /rustc/84c898d65adf2f39a5a98507f1fe0ce10a2b8dbc/library/alloc/src/boxed.rs:1987:9
[INFO] [stdout]   46:     0x55f9263b4e03 - std::sys::unix::thread::Thread::new::thread_start::ha4f1cdd9c25884ba
[INFO] [stdout]                                at /rustc/84c898d65adf2f39a5a98507f1fe0ce10a2b8dbc/library/std/src/sys/unix/thread.rs:108:17
[INFO] [stdout]   47:     0x7f129ffb9b43 - <unknown>
[INFO] [stdout]   48:     0x7f12a004abb4 - __clone
[INFO] [stdout]   49:                0x0 - <unknown>
[INFO] [stdout] 
[INFO] [stdout] ---- http_parsing_header_fields_0 stdout ----
[INFO] [stdout] thread 'http_parsing_header_fields_0' panicked at 'Command failed:
[INFO] [stdout] "rustc" "/tmp/rust-skeptic.xLcvJomfatME/test.rs" "--verbose" "-o" "/tmp/rust-skeptic.xLcvJomfatME/out.exe" "--crate-type=bin" "-L" "/opt/rustwide/target/debug" "-L" "/opt/rustwide/target/debug/deps" "--extern" "tempdir=/opt/rustwide/target/debug/deps/libtempdir-fbc640d85887a98b.rlib" "--extern" "cty=/opt/rustwide/target/debug/deps/libcty-098e3d68ce2248fa.rlib" "--extern" "tempfile=/opt/rustwide/target/debug/deps/libtempfile-aae6854e04c6e2dc.rlib" "--extern" "atty=/opt/rustwide/target/debug/deps/libatty-370c1b43e0c456b1.rlib" "--extern" "lazycell=/opt/rustwide/target/debug/deps/liblazycell-4de3c88d56557364.rlib" "--extern" "tiff=/opt/rustwide/target/debug/deps/libtiff-5afa91123f1118a9.rlib" "--extern" "which=/opt/rustwide/target/debug/deps/libwhich-7e64ea5f839b3c52.rlib" "--extern" "shlex=/opt/rustwide/target/debug/deps/libshlex-5e85ae70dfbf86fb.rlib" "--extern" "miniz_oxide=/opt/rustwide/target/debug/deps/libminiz_oxide-7a4f21ad0e0c31dd.rlib" "--extern" "hotg_rune_core=/opt/rustwide/target/debug/deps/libhotg_rune_core-f7041b968c2cfbae.rlib" "--extern" "crossbeam_utils=/opt/rustwide/target/debug/deps/libcrossbeam_utils-3546b3b1c787b86b.rlib" "--extern" "bitflags=/opt/rustwide/target/debug/deps/libbitflags-9671457bae43e199.rlib" "--extern" "unicode_ident=/opt/rustwide/target/debug/deps/libunicode_ident-b80adc97778cd786.rlib" "--extern" "clap=/opt/rustwide/target/debug/deps/libclap-c607de558dd6733c.rlib" "--extern" "image=/opt/rustwide/target/debug/deps/libimage-b9ea82a97f5b8cc1.rlib" "--extern" "hotg_rune_core=/opt/rustwide/target/debug/deps/libhotg_rune_core-54ec38459d04a682.rlib" "--extern" "env_logger=/opt/rustwide/target/debug/deps/libenv_logger-a74a0a96e1780e76.rlib" "--extern" "termcolor=/opt/rustwide/target/debug/deps/libtermcolor-20e563e1564785c2.rlib" "--extern" "rand_core=/opt/rustwide/target/debug/deps/librand_core-e5a8f0f991f76bbb.rlib" "--extern" "humantime=/opt/rustwide/target/debug/deps/libhumantime-4f131e4dd8112504.rlib" "--extern" "num_traits=/opt/rustwide/target/debug/deps/libnum_traits-b237925f6bfbb7f7.rlib" "--extern" "glob=/opt/rustwide/target/debug/deps/libglob-4707cbd2adfc2df0.rlib" "--extern" "rayon_core=/opt/rustwide/target/debug/deps/librayon_core-810548a7643b9071.rlib" "--extern" "rand_core=/opt/rustwide/target/debug/deps/librand_core-ebc2a136de28cec1.rlib" "--extern" "libc=/opt/rustwide/target/debug/deps/liblibc-90160b19f0e8bd32.rlib" "--extern" "which=/opt/rustwide/target/debug/deps/libwhich-d980caea8441388d.rlib" "--extern" "autocfg=/opt/rustwide/target/debug/deps/libautocfg-129bdff40ef07337.rlib" "--extern" "tempdir=/opt/rustwide/target/debug/deps/libtempdir-c59f320d557ec1d5.rlib" "--extern" "rand=/opt/rustwide/target/debug/deps/librand-8fe33c175abbb0bc.rlib" "--extern" "wasm3_sys=/opt/rustwide/target/debug/deps/libwasm3_sys-a830f1109eae35d4.rlib" "--extern" "byteorder=/opt/rustwide/target/debug/deps/libbyteorder-50c19e9bd62c942c.rlib" "--extern" "ppv_lite86=/opt/rustwide/target/debug/deps/libppv_lite86-c3ad053967cc551c.rlib" "--extern" "num_iter=/opt/rustwide/target/debug/deps/libnum_iter-8dbb15dbdfe8dde5.rlib" "--extern" "cfg_if=/opt/rustwide/target/debug/deps/libcfg_if-e5e118dd7d121aaa.rlib" "--extern" "hound=/opt/rustwide/target/debug/deps/libhound-e056f0fa79a9598d.rlib" "--extern" "getopts=/opt/rustwide/target/debug/deps/libgetopts-f41c972e6eb046bf.rlib" "--extern" "atty=/opt/rustwide/target/debug/deps/libatty-d3d6b4bbef2df183.rlib" "--extern" "cc=/opt/rustwide/target/debug/deps/libcc-6d71334a69aaf663.rlib" "--extern" "hotg_rune_wasm3_runtime=/opt/rustwide/target/debug/deps/libhotg_rune_wasm3_runtime-3c6784cf2a7462ef.rlib" "--extern" "bindgen=/opt/rustwide/target/debug/deps/libbindgen-bf19e77c3ac00232.rlib" "--extern" "image=/opt/rustwide/target/debug/deps/libimage-189589c4e823bd9e.rlib" "--extern" "anyhow=/opt/rustwide/target/debug/deps/libanyhow-2a8b4879abb5c883.rlib" "--extern" "adler32=/opt/rustwide/target/debug/deps/libadler32-83111893a069e541.rlib" "--extern" "aho_corasick=/opt/rustwide/target/debug/deps/libaho_corasick-2ce1759316b631e8.rlib" "--extern" "num_cpus=/opt/rustwide/target/debug/deps/libnum_cpus-99eb5bb783d8d3db.rlib" "--extern" "rayon=/opt/rustwide/target/debug/deps/librayon-68be80a72f46882b.rlib" "--extern" "linux_raw_sys=/opt/rustwide/target/debug/deps/liblinux_raw_sys-8cc4f4b00c14099c.rlib" "--extern" "clang_sys=/opt/rustwide/target/debug/deps/libclang_sys-6754249683dfc9c5.rlib" "--extern" "unicode_width=/opt/rustwide/target/debug/deps/libunicode_width-f75bb0008a5efcfa.rlib" "--extern" "skeptic=/opt/rustwide/target/debug/deps/libskeptic-de39e62bd5b21dd1.rlib" "--extern" "log=/opt/rustwide/target/debug/deps/liblog-3957226ca0d6354e.rlib" "--extern" "syn=/opt/rustwide/target/debug/deps/libsyn-13af2442622ddcb4.rlib" "--extern" "scopeguard=/opt/rustwide/target/debug/deps/libscopeguard-f471875f675163b5.rlib" "--extern" "wasm3_sys=/opt/rustwide/target/debug/deps/libwasm3_sys-73eec7691636fe0f.rlib" "--extern" "either=/opt/rustwide/target/debug/deps/libeither-e407352f1a2e3c73.rlib" "--extern" "wasm3=/opt/rustwide/target/debug/deps/libwasm3-34a425f7129b1ad1.rlib" "--extern" "getrandom=/opt/rustwide/target/debug/deps/libgetrandom-ea50d3a3c1361eef.rlib" "--extern" "rayon_core=/opt/rustwide/target/debug/deps/librayon_core-fa6b572babd43de7.rlib" "--extern" "clap=/opt/rustwide/target/debug/deps/libclap-4b4bb128b3672782.rlib" "--extern" "adler=/opt/rustwide/target/debug/deps/libadler-478247d24f5486f3.rlib" "--extern" "serde=/opt/rustwide/target/debug/deps/libserde-a4ba8264543c2d70.rlib" "--extern" "byte_slice=/opt/rustwide/target/debug/deps/libbyte_slice-f3318dc372518039.rlib" "--extern" "strsim=/opt/rustwide/target/debug/deps/libstrsim-34ab28aae96c9897.rlib" "--extern" "quote=/opt/rustwide/target/debug/deps/libquote-ad78e25cc9e71d7e.rlib" "--extern" "num_rational=/opt/rustwide/target/debug/deps/libnum_rational-b73d331b514e88fa.rlib" "--extern" "remove_dir_all=/opt/rustwide/target/debug/deps/libremove_dir_all-eff5dea3d8a02b70.rlib" "--extern" "ansi_term=/opt/rustwide/target/debug/deps/libansi_term-afff4adec1f3528f.rlib" "--extern" "miniz_oxide=/opt/rustwide/target/debug/deps/libminiz_oxide-883cb810e070b535.rlib" "--extern" "rand_chacha=/opt/rustwide/target/debug/deps/librand_chacha-1011df681e4d15da.rlib" "--extern" "http_box=/opt/rustwide/target/debug/deps/libhttp_box-a844bb2711ac033d.rlib" "--extern" "http_box=/opt/rustwide/target/debug/deps/libhttp_box-7d1f8fcf91c52675.rlib" "--extern" "env_logger=/opt/rustwide/target/debug/deps/libenv_logger-b82dabd603f94b3a.rlib" "--extern" "skeptic=/opt/rustwide/target/debug/deps/libskeptic-69680266080949e5.rlib" "--extern" "crossbeam_channel=/opt/rustwide/target/debug/deps/libcrossbeam_channel-c7cc992b117444ea.rlib" "--extern" "either=/opt/rustwide/target/debug/deps/libeither-f9228cdbdd25b059.rlib" "--extern" "remove_dir_all=/opt/rustwide/target/debug/deps/libremove_dir_all-53c16c1fad07eba0.rlib" "--extern" "rand=/opt/rustwide/target/debug/deps/librand-9a34e85b2ad0770a.rlib" "--extern" "deflate=/opt/rustwide/target/debug/deps/libdeflate-a6d7d666fffa97d9.rlib" "--extern" "jpeg_decoder=/opt/rustwide/target/debug/deps/libjpeg_decoder-3a0f997e3fe11d02.rlib" "--extern" "fastrand=/opt/rustwide/target/debug/deps/libfastrand-36b5f93a51c81f9b.rlib" "--extern" "bitflags=/opt/rustwide/target/debug/deps/libbitflags-82cc2d155c6eb112.rlib" "--extern" "nom=/opt/rustwide/target/debug/deps/libnom-4c13cc3e6611321e.rlib" "--extern" "rand=/opt/rustwide/target/debug/deps/librand-a95b5f9084c07716.rlib" "--extern" "log=/opt/rustwide/target/debug/deps/liblog-ea9d81a303188254.rlib" "--extern" "getrandom=/opt/rustwide/target/debug/deps/libgetrandom-5d46253a319b81ee.rlib" "--extern" "clang_sys=/opt/rustwide/target/debug/deps/libclang_sys-e16b0316253fcf2b.rlib" "--extern" "rayon=/opt/rustwide/target/debug/deps/librayon-fcf44988f44e78e3.rlib" "--extern" "peeking_take_while=/opt/rustwide/target/debug/deps/libpeeking_take_while-ea19703f2f8bfe52.rlib" "--extern" "proc_macro2=/opt/rustwide/target/debug/deps/libproc_macro2-28c79a6b7e0f474e.rlib" "--extern" "getopts=/opt/rustwide/target/debug/deps/libgetopts-3ebd4d3803f548fc.rlib" "--extern" "cexpr=/opt/rustwide/target/debug/deps/libcexpr-2e724870e86d230a.rlib" "--extern" "bitflags=/opt/rustwide/target/debug/deps/libbitflags-eac8cbd4e84c370d.rlib" "--extern" "crossbeam_epoch=/opt/rustwide/target/debug/deps/libcrossbeam_epoch-ce14d878c6b46754.rlib" "--extern" "weezl=/opt/rustwide/target/debug/deps/libweezl-b8d0d3d3ea86fdd3.rlib" "--extern" "rand=/opt/rustwide/target/debug/deps/librand-dd11e6c692a3bb8b.rlib" "--extern" "crossbeam_deque=/opt/rustwide/target/debug/deps/libcrossbeam_deque-c88c73a8dbd1207f.rlib" "--extern" "memoffset=/opt/rustwide/target/debug/deps/libmemoffset-cc94e166f136fd4e.rlib" "--extern" "thiserror=/opt/rustwide/target/debug/deps/libthiserror-e4ca7c641acd4c0d.rlib" "--extern" "rand_chacha=/opt/rustwide/target/debug/deps/librand_chacha-02db262bfffa7904.rlib" "--extern" "hotg_rune_runtime=/opt/rustwide/target/debug/deps/libhotg_rune_runtime-68c14b433001cf82.rlib" "--extern" "memchr=/opt/rustwide/target/debug/deps/libmemchr-df7f2b9f3dbcde12.rlib" "--extern" "pulldown_cmark=/opt/rustwide/target/debug/deps/libpulldown_cmark-aed3465b42698ad9.rlib" "--extern" "color_quant=/opt/rustwide/target/debug/deps/libcolor_quant-c4e6a74fd65e1c69.rlib" "--extern" "bytemuck=/opt/rustwide/target/debug/deps/libbytemuck-86ddde4110e746a7.rlib" "--extern" "libloading=/opt/rustwide/target/debug/deps/liblibloading-c7641815dba96aa5.rlib" "--extern" "bindgen=/opt/rustwide/target/debug/deps/libbindgen-b595f8ba3201c51b.rlib" "--extern" "wasm3=/opt/rustwide/target/debug/deps/libwasm3-4398acf4e17e3d37.rlib" "--extern" "jpeg_decoder=/opt/rustwide/target/debug/deps/libjpeg_decoder-a90da91646ca5c37.rlib" "--extern" "tiff=/opt/rustwide/target/debug/deps/libtiff-feab30c265364a8d.rlib" "--extern" "io_lifetimes=/opt/rustwide/target/debug/deps/libio_lifetimes-b81c2f4baa56ead1.rlib" "--extern" "regex=/opt/rustwide/target/debug/deps/libregex-81f71970547e2ac7.rlib" "--extern" "lazy_static=/opt/rustwide/target/debug/deps/liblazy_static-fffb742395d36153.rlib" "--extern" "num_integer=/opt/rustwide/target/debug/deps/libnum_integer-7d6121c00680145f.rlib" "--extern" "hotg_rune_runtime=/opt/rustwide/target/debug/deps/libhotg_rune_runtime-75ef34f8ccc365f6.rlib" "--extern" "rustc_hash=/opt/rustwide/target/debug/deps/librustc_hash-6f4995b07864623a.rlib" "--extern" "num_cpus=/opt/rustwide/target/debug/deps/libnum_cpus-955db27608b22469.rlib" "--extern" "vec_map=/opt/rustwide/target/debug/deps/libvec_map-584a390a74cf74b3.rlib" "--extern" "png=/opt/rustwide/target/debug/deps/libpng-ceae838327fdb14f.rlib" "--extern" "minimal_lexical=/opt/rustwide/target/debug/deps/libminimal_lexical-29da7407ff05078c.rlib" "--extern" "unicode_width=/opt/rustwide/target/debug/deps/libunicode_width-381b4a7539d39955.rlib" "--extern" "gif=/opt/rustwide/target/debug/deps/libgif-a18efa9c08b73864.rlib" "--extern" "shlex=/opt/rustwide/target/debug/deps/libshlex-d3a5f6886001229e.rlib" "--extern" "textwrap=/opt/rustwide/target/debug/deps/libtextwrap-664de7ad0e637f07.rlib" "--extern" "libc=/opt/rustwide/target/debug/deps/liblibc-1c44c26a4c16f4d2.rlib" "--extern" "regex_syntax=/opt/rustwide/target/debug/deps/libregex_syntax-f822b89ac454d915.rlib" "--extern" "crc32fast=/opt/rustwide/target/debug/deps/libcrc32fast-104e9b895f0c2d44.rlib" "--extern" "pulldown_cmark=/opt/rustwide/target/debug/deps/libpulldown_cmark-63d2e6b3734098b4.rlib" "--extern" "libc=/opt/rustwide/target/debug/deps/liblibc-b7b14a0fe316ec96.rlib" "--extern" "scoped_threadpool=/opt/rustwide/target/debug/deps/libscoped_threadpool-4f6c1420c01fda30.rlib" "--extern" "rustix=/opt/rustwide/target/debug/deps/librustix-a7b2b8ec2ac67b7d.rlib" "--extern" "hotg_rune_wasm3_runtime=/opt/rustwide/target/debug/deps/libhotg_rune_wasm3_runtime-a4df76b76820d741.rlib"', /opt/rustwide/cargo-home/registry/src/github.com-1ecc6299db9ec823/skeptic-0.7.1/lib.rs:391:13
[INFO] [stdout] stack backtrace:
[INFO] [stdout]    0:     0x55f9263ad60a - std::backtrace_rs::backtrace::libunwind::trace::ha9053a9a07ca49cb
[INFO] [stdout]                                at /rustc/84c898d65adf2f39a5a98507f1fe0ce10a2b8dbc/library/std/src/../../backtrace/src/backtrace/libunwind.rs:93:5
[INFO] [stdout]    1:     0x55f9263ad60a - std::backtrace_rs::backtrace::trace_unsynchronized::h9c2852a457ad564e
[INFO] [stdout]                                at /rustc/84c898d65adf2f39a5a98507f1fe0ce10a2b8dbc/library/std/src/../../backtrace/src/backtrace/mod.rs:66:5
[INFO] [stdout]    2:     0x55f9263ad60a - std::sys_common::backtrace::_print_fmt::h457936fbfaa0070f
[INFO] [stdout]                                at /rustc/84c898d65adf2f39a5a98507f1fe0ce10a2b8dbc/library/std/src/sys_common/backtrace.rs:65:5
[INFO] [stdout]    3:     0x55f9263ad60a - <std::sys_common::backtrace::_print::DisplayBacktrace as core::fmt::Display>::fmt::h5779d7bf7f70cb0c
[INFO] [stdout]                                at /rustc/84c898d65adf2f39a5a98507f1fe0ce10a2b8dbc/library/std/src/sys_common/backtrace.rs:44:22
[INFO] [stdout]    4:     0x55f9263d23fe - core::fmt::write::h5a4baaff1bcd3eb5
[INFO] [stdout]                                at /rustc/84c898d65adf2f39a5a98507f1fe0ce10a2b8dbc/library/core/src/fmt/mod.rs:1232:17
[INFO] [stdout]    5:     0x55f9263aa6e5 - std::io::Write::write_fmt::h478f79c628ef31d1
[INFO] [stdout]                                at /rustc/84c898d65adf2f39a5a98507f1fe0ce10a2b8dbc/library/std/src/io/mod.rs:1684:15
[INFO] [stdout]    6:     0x55f9263ad3d5 - std::sys_common::backtrace::_print::h5fcdc36060f177e8
[INFO] [stdout]                                at /rustc/84c898d65adf2f39a5a98507f1fe0ce10a2b8dbc/library/std/src/sys_common/backtrace.rs:47:5
[INFO] [stdout]    7:     0x55f9263ad3d5 - std::sys_common::backtrace::print::h54ca9458b876c8bf
[INFO] [stdout]                                at /rustc/84c898d65adf2f39a5a98507f1fe0ce10a2b8dbc/library/std/src/sys_common/backtrace.rs:34:9
[INFO] [stdout]    8:     0x55f9263af21f - std::panicking::default_hook::{{closure}}::hbe471161c7664ed6
[INFO] [stdout]                                at /rustc/84c898d65adf2f39a5a98507f1fe0ce10a2b8dbc/library/std/src/panicking.rs:271:22
[INFO] [stdout]    9:     0x55f9263aeedf - std::panicking::default_hook::ha3500da57aa4ac4f
[INFO] [stdout]                                at /rustc/84c898d65adf2f39a5a98507f1fe0ce10a2b8dbc/library/std/src/panicking.rs:287:9
[INFO] [stdout]   10:     0x55f926363777 - <alloc::boxed::Box<F,A> as core::ops::function::Fn<Args>>::call::hdf1b89dd137ece34
[INFO] [stdout]                                at /rustc/84c898d65adf2f39a5a98507f1fe0ce10a2b8dbc/library/alloc/src/boxed.rs:2001:9
[INFO] [stdout]   11:     0x55f926363777 - test::test_main::{{closure}}::h9081a79f20e75698
[INFO] [stdout]                                at /rustc/84c898d65adf2f39a5a98507f1fe0ce10a2b8dbc/library/test/src/lib.rs:135:21
[INFO] [stdout]   12:     0x55f9263af94d - <alloc::boxed::Box<F,A> as core::ops::function::Fn<Args>>::call::h6507bddc3eebb4a5
[INFO] [stdout]                                at /rustc/84c898d65adf2f39a5a98507f1fe0ce10a2b8dbc/library/alloc/src/boxed.rs:2001:9
[INFO] [stdout]   13:     0x55f9263af94d - std::panicking::rust_panic_with_hook::h50c09d000dc561d2
[INFO] [stdout]                                at /rustc/84c898d65adf2f39a5a98507f1fe0ce10a2b8dbc/library/std/src/panicking.rs:696:13
[INFO] [stdout]   14:     0x55f9263af6c9 - std::panicking::begin_panic_handler::{{closure}}::h9e2b2176e00e0d9c
[INFO] [stdout]                                at /rustc/84c898d65adf2f39a5a98507f1fe0ce10a2b8dbc/library/std/src/panicking.rs:583:13
[INFO] [stdout]   15:     0x55f9263ada76 - std::sys_common::backtrace::__rust_end_short_backtrace::h5739b8e512c09d02
[INFO] [stdout]                                at /rustc/84c898d65adf2f39a5a98507f1fe0ce10a2b8dbc/library/std/src/sys_common/backtrace.rs:150:18
[INFO] [stdout]   16:     0x55f9263af3d2 - rust_begin_unwind
[INFO] [stdout]                                at /rustc/84c898d65adf2f39a5a98507f1fe0ce10a2b8dbc/library/std/src/panicking.rs:579:5
[INFO] [stdout]   17:     0x55f926332fc3 - core::panicking::panic_fmt::hf33a1475b4dc5c3e
[INFO] [stdout]                                at /rustc/84c898d65adf2f39a5a98507f1fe0ce10a2b8dbc/library/core/src/panicking.rs:64:14
[INFO] [stdout]   18:     0x55f92636edf3 - skeptic::rt::interpret_output::h31cfe0c7f119092c
[INFO] [stdout]                                at /opt/rustwide/cargo-home/registry/src/github.com-1ecc6299db9ec823/skeptic-0.7.1/lib.rs:391:13
[INFO] [stdout]   19:     0x55f92636e92e - skeptic::rt::compile_test_case::h4dd47ebcfcda5972
[INFO] [stdout]                                at /opt/rustwide/cargo-home/registry/src/github.com-1ecc6299db9ec823/skeptic-0.7.1/lib.rs:374:9
[INFO] [stdout]   20:     0x55f92636dd66 - skeptic::rt::run_test::h6772ee1ace95c9de
[INFO] [stdout]                                at /opt/rustwide/cargo-home/registry/src/github.com-1ecc6299db9ec823/skeptic-0.7.1/lib.rs:326:9
[INFO] [stdout]   21:     0x55f926333904 - skeptic::http_parsing_header_fields_0::h76d7fb6bc7392af3
[INFO] [stdout]                                at /opt/rustwide/target/debug/build/http-box-508d7813a8bedccf/out/skeptic-tests.rs:55:5
[INFO] [stdout]   22:     0x55f926333817 - skeptic::http_parsing_header_fields_0::{{closure}}::h1833d2622589c0e8
[INFO] [stdout]                                at /opt/rustwide/target/debug/build/http-box-508d7813a8bedccf/out/skeptic-tests.rs:22:43
[INFO] [stdout]   23:     0x55f926334045 - core::ops::function::FnOnce::call_once::hfaaaf8203a61d791
[INFO] [stdout]                                at /rustc/84c898d65adf2f39a5a98507f1fe0ce10a2b8dbc/library/core/src/ops/function.rs:250:5
[INFO] [stdout]   24:     0x55f926368b5f - core::ops::function::FnOnce::call_once::h7d969581be7d0075
[INFO] [stdout]                                at /rustc/84c898d65adf2f39a5a98507f1fe0ce10a2b8dbc/library/core/src/ops/function.rs:250:5
[INFO] [stdout]   25:     0x55f926368b5f - test::__rust_begin_short_backtrace::hca25a52684e56655
[INFO] [stdout]                                at /rustc/84c898d65adf2f39a5a98507f1fe0ce10a2b8dbc/library/test/src/lib.rs:656:18
[INFO] [stdout]   26:     0x55f92633a17c - test::run_test::{{closure}}::ha8ac744c4af1a4bb
[INFO] [stdout]                                at /rustc/84c898d65adf2f39a5a98507f1fe0ce10a2b8dbc/library/test/src/lib.rs:647:30
[INFO] [stdout]   27:     0x55f92633a17c - core::ops::function::FnOnce::call_once{{vtable.shim}}::h7b411a9ed45bdecf
[INFO] [stdout]                                at /rustc/84c898d65adf2f39a5a98507f1fe0ce10a2b8dbc/library/core/src/ops/function.rs:250:5
[INFO] [stdout]   28:     0x55f926367b26 - <alloc::boxed::Box<F,A> as core::ops::function::FnOnce<Args>>::call_once::hd05328869a8ed200
[INFO] [stdout]                                at /rustc/84c898d65adf2f39a5a98507f1fe0ce10a2b8dbc/library/alloc/src/boxed.rs:1987:9
[INFO] [stdout]   29:     0x55f926367b26 - <core::panic::unwind_safe::AssertUnwindSafe<F> as core::ops::function::FnOnce<()>>::call_once::h0c601ce20bd5b2be
[INFO] [stdout]                                at /rustc/84c898d65adf2f39a5a98507f1fe0ce10a2b8dbc/library/core/src/panic/unwind_safe.rs:271:9
[INFO] [stdout]   30:     0x55f926367b26 - std::panicking::try::do_call::ha4be5c164fe30854
[INFO] [stdout]                                at /rustc/84c898d65adf2f39a5a98507f1fe0ce10a2b8dbc/library/std/src/panicking.rs:487:40
[INFO] [stdout]   31:     0x55f926367b26 - std::panicking::try::h604546f3609af05f
[INFO] [stdout]                                at /rustc/84c898d65adf2f39a5a98507f1fe0ce10a2b8dbc/library/std/src/panicking.rs:451:19
[INFO] [stdout]   32:     0x55f926367b26 - std::panic::catch_unwind::h5bfa8afe44c9c2f9
[INFO] [stdout]                                at /rustc/84c898d65adf2f39a5a98507f1fe0ce10a2b8dbc/library/std/src/panic.rs:140:14
[INFO] [stdout]   33:     0x55f926367b26 - test::run_test_in_process::hd50dee55dd63e6aa
[INFO] [stdout]                                at /rustc/84c898d65adf2f39a5a98507f1fe0ce10a2b8dbc/library/test/src/lib.rs:679:27
[INFO] [stdout]   34:     0x55f926367b26 - test::run_test::run_test_inner::{{closure}}::h4aa0f433aa85cea8
[INFO] [stdout]                                at /rustc/84c898d65adf2f39a5a98507f1fe0ce10a2b8dbc/library/test/src/lib.rs:573:39
[INFO] [stdout]   35:     0x55f9263347f1 - test::run_test::run_test_inner::{{closure}}::had56431adf24b4d6
[INFO] [stdout]                                at /rustc/84c898d65adf2f39a5a98507f1fe0ce10a2b8dbc/library/test/src/lib.rs:600:37
[INFO] [stdout]   36:     0x55f9263347f1 - std::sys_common::backtrace::__rust_begin_short_backtrace::ha8d9890e0c73bf13
[INFO] [stdout]                                at /rustc/84c898d65adf2f39a5a98507f1fe0ce10a2b8dbc/library/std/src/sys_common/backtrace.rs:134:18
[INFO] [stdout]   37:     0x55f92633a20b - std::thread::Builder::spawn_unchecked_::{{closure}}::{{closure}}::h251832bcb4a95327
[INFO] [stdout]                                at /rustc/84c898d65adf2f39a5a98507f1fe0ce10a2b8dbc/library/std/src/thread/mod.rs:560:17
[INFO] [stdout]   38:     0x55f92633a20b - <core::panic::unwind_safe::AssertUnwindSafe<F> as core::ops::function::FnOnce<()>>::call_once::h8fdff598fa414831
[INFO] [stdout]                                at /rustc/84c898d65adf2f39a5a98507f1fe0ce10a2b8dbc/library/core/src/panic/unwind_safe.rs:271:9
[INFO] [stdout]   39:     0x55f92633a20b - std::panicking::try::do_call::h455dd2f7764a950f
[INFO] [stdout]                                at /rustc/84c898d65adf2f39a5a98507f1fe0ce10a2b8dbc/library/std/src/panicking.rs:487:40
[INFO] [stdout]   40:     0x55f92633a20b - std::panicking::try::had6f23b7b73ae72a
[INFO] [stdout]                                at /rustc/84c898d65adf2f39a5a98507f1fe0ce10a2b8dbc/library/std/src/panicking.rs:451:19
[INFO] [stdout]   41:     0x55f92633a20b - std::panic::catch_unwind::ha6a5ca3915b4dad0
[INFO] [stdout]                                at /rustc/84c898d65adf2f39a5a98507f1fe0ce10a2b8dbc/library/std/src/panic.rs:140:14
[INFO] [stdout]   42:     0x55f92633a20b - std::thread::Builder::spawn_unchecked_::{{closure}}::h883b72ef75da6231
[INFO] [stdout]                                at /rustc/84c898d65adf2f39a5a98507f1fe0ce10a2b8dbc/library/std/src/thread/mod.rs:559:30
[INFO] [stdout]   43:     0x55f92633a20b - core::ops::function::FnOnce::call_once{{vtable.shim}}::hb7dff73dc8bd2ccb
[INFO] [stdout]                                at /rustc/84c898d65adf2f39a5a98507f1fe0ce10a2b8dbc/library/core/src/ops/function.rs:250:5
[INFO] [stdout]   44:     0x55f9263b4e03 - <alloc::boxed::Box<F,A> as core::ops::function::FnOnce<Args>>::call_once::h39990b24eedef2ab
[INFO] [stdout]                                at /rustc/84c898d65adf2f39a5a98507f1fe0ce10a2b8dbc/library/alloc/src/boxed.rs:1987:9
[INFO] [stdout]   45:     0x55f9263b4e03 - <alloc::boxed::Box<F,A> as core::ops::function::FnOnce<Args>>::call_once::h01a027258444143b
[INFO] [stdout]                                at /rustc/84c898d65adf2f39a5a98507f1fe0ce10a2b8dbc/library/alloc/src/boxed.rs:1987:9
[INFO] [stdout]   46:     0x55f9263b4e03 - std::sys::unix::thread::Thread::new::thread_start::ha4f1cdd9c25884ba
[INFO] [stdout]                                at /rustc/84c898d65adf2f39a5a98507f1fe0ce10a2b8dbc/library/std/src/sys/unix/thread.rs:108:17
[INFO] [stdout]   47:     0x7f129ffb9b43 - <unknown>
[INFO] [stderr] error: test failed, to rerun pass `--test skeptic`
[INFO] [stdout]   48:     0x7f12a004abb4 - __clone
[INFO] [stdout]   49:                0x0 - <unknown>
[INFO] [stdout] 
[INFO] [stdout] ---- http1_head_parsing_0 stdout ----
[INFO] [stdout] thread 'http1_head_parsing_0' panicked at 'Command failed:
[INFO] [stdout] "rustc" "/tmp/rust-skeptic.kj3nKJ4wopmL/test.rs" "--verbose" "-o" "/tmp/rust-skeptic.kj3nKJ4wopmL/out.exe" "--crate-type=bin" "-L" "/opt/rustwide/target/debug" "-L" "/opt/rustwide/target/debug/deps" "--extern" "tempdir=/opt/rustwide/target/debug/deps/libtempdir-fbc640d85887a98b.rlib" "--extern" "cty=/opt/rustwide/target/debug/deps/libcty-098e3d68ce2248fa.rlib" "--extern" "tempfile=/opt/rustwide/target/debug/deps/libtempfile-aae6854e04c6e2dc.rlib" "--extern" "atty=/opt/rustwide/target/debug/deps/libatty-370c1b43e0c456b1.rlib" "--extern" "lazycell=/opt/rustwide/target/debug/deps/liblazycell-4de3c88d56557364.rlib" "--extern" "tiff=/opt/rustwide/target/debug/deps/libtiff-5afa91123f1118a9.rlib" "--extern" "which=/opt/rustwide/target/debug/deps/libwhich-7e64ea5f839b3c52.rlib" "--extern" "shlex=/opt/rustwide/target/debug/deps/libshlex-5e85ae70dfbf86fb.rlib" "--extern" "miniz_oxide=/opt/rustwide/target/debug/deps/libminiz_oxide-7a4f21ad0e0c31dd.rlib" "--extern" "hotg_rune_core=/opt/rustwide/target/debug/deps/libhotg_rune_core-f7041b968c2cfbae.rlib" "--extern" "crossbeam_utils=/opt/rustwide/target/debug/deps/libcrossbeam_utils-3546b3b1c787b86b.rlib" "--extern" "bitflags=/opt/rustwide/target/debug/deps/libbitflags-9671457bae43e199.rlib" "--extern" "unicode_ident=/opt/rustwide/target/debug/deps/libunicode_ident-b80adc97778cd786.rlib" "--extern" "clap=/opt/rustwide/target/debug/deps/libclap-c607de558dd6733c.rlib" "--extern" "image=/opt/rustwide/target/debug/deps/libimage-b9ea82a97f5b8cc1.rlib" "--extern" "hotg_rune_core=/opt/rustwide/target/debug/deps/libhotg_rune_core-54ec38459d04a682.rlib" "--extern" "env_logger=/opt/rustwide/target/debug/deps/libenv_logger-a74a0a96e1780e76.rlib" "--extern" "termcolor=/opt/rustwide/target/debug/deps/libtermcolor-20e563e1564785c2.rlib" "--extern" "rand_core=/opt/rustwide/target/debug/deps/librand_core-e5a8f0f991f76bbb.rlib" "--extern" "humantime=/opt/rustwide/target/debug/deps/libhumantime-4f131e4dd8112504.rlib" "--extern" "num_traits=/opt/rustwide/target/debug/deps/libnum_traits-b237925f6bfbb7f7.rlib" "--extern" "glob=/opt/rustwide/target/debug/deps/libglob-4707cbd2adfc2df0.rlib" "--extern" "rayon_core=/opt/rustwide/target/debug/deps/librayon_core-810548a7643b9071.rlib" "--extern" "rand_core=/opt/rustwide/target/debug/deps/librand_core-ebc2a136de28cec1.rlib" "--extern" "libc=/opt/rustwide/target/debug/deps/liblibc-90160b19f0e8bd32.rlib" "--extern" "which=/opt/rustwide/target/debug/deps/libwhich-d980caea8441388d.rlib" "--extern" "autocfg=/opt/rustwide/target/debug/deps/libautocfg-129bdff40ef07337.rlib" "--extern" "tempdir=/opt/rustwide/target/debug/deps/libtempdir-c59f320d557ec1d5.rlib" "--extern" "rand=/opt/rustwide/target/debug/deps/librand-8fe33c175abbb0bc.rlib" "--extern" "wasm3_sys=/opt/rustwide/target/debug/deps/libwasm3_sys-a830f1109eae35d4.rlib" "--extern" "byteorder=/opt/rustwide/target/debug/deps/libbyteorder-50c19e9bd62c942c.rlib" "--extern" "ppv_lite86=/opt/rustwide/target/debug/deps/libppv_lite86-c3ad053967cc551c.rlib" "--extern" "num_iter=/opt/rustwide/target/debug/deps/libnum_iter-8dbb15dbdfe8dde5.rlib" "--extern" "cfg_if=/opt/rustwide/target/debug/deps/libcfg_if-e5e118dd7d121aaa.rlib" "--extern" "hound=/opt/rustwide/target/debug/deps/libhound-e056f0fa79a9598d.rlib" "--extern" "getopts=/opt/rustwide/target/debug/deps/libgetopts-f41c972e6eb046bf.rlib" "--extern" "atty=/opt/rustwide/target/debug/deps/libatty-d3d6b4bbef2df183.rlib" "--extern" "cc=/opt/rustwide/target/debug/deps/libcc-6d71334a69aaf663.rlib" "--extern" "hotg_rune_wasm3_runtime=/opt/rustwide/target/debug/deps/libhotg_rune_wasm3_runtime-3c6784cf2a7462ef.rlib" "--extern" "bindgen=/opt/rustwide/target/debug/deps/libbindgen-bf19e77c3ac00232.rlib" "--extern" "image=/opt/rustwide/target/debug/deps/libimage-189589c4e823bd9e.rlib" "--extern" "anyhow=/opt/rustwide/target/debug/deps/libanyhow-2a8b4879abb5c883.rlib" "--extern" "adler32=/opt/rustwide/target/debug/deps/libadler32-83111893a069e541.rlib" "--extern" "aho_corasick=/opt/rustwide/target/debug/deps/libaho_corasick-2ce1759316b631e8.rlib" "--extern" "num_cpus=/opt/rustwide/target/debug/deps/libnum_cpus-99eb5bb783d8d3db.rlib" "--extern" "rayon=/opt/rustwide/target/debug/deps/librayon-68be80a72f46882b.rlib" "--extern" "linux_raw_sys=/opt/rustwide/target/debug/deps/liblinux_raw_sys-8cc4f4b00c14099c.rlib" "--extern" "clang_sys=/opt/rustwide/target/debug/deps/libclang_sys-6754249683dfc9c5.rlib" "--extern" "unicode_width=/opt/rustwide/target/debug/deps/libunicode_width-f75bb0008a5efcfa.rlib" "--extern" "skeptic=/opt/rustwide/target/debug/deps/libskeptic-de39e62bd5b21dd1.rlib" "--extern" "log=/opt/rustwide/target/debug/deps/liblog-3957226ca0d6354e.rlib" "--extern" "syn=/opt/rustwide/target/debug/deps/libsyn-13af2442622ddcb4.rlib" "--extern" "scopeguard=/opt/rustwide/target/debug/deps/libscopeguard-f471875f675163b5.rlib" "--extern" "wasm3_sys=/opt/rustwide/target/debug/deps/libwasm3_sys-73eec7691636fe0f.rlib" "--extern" "either=/opt/rustwide/target/debug/deps/libeither-e407352f1a2e3c73.rlib" "--extern" "wasm3=/opt/rustwide/target/debug/deps/libwasm3-34a425f7129b1ad1.rlib" "--extern" "getrandom=/opt/rustwide/target/debug/deps/libgetrandom-ea50d3a3c1361eef.rlib" "--extern" "rayon_core=/opt/rustwide/target/debug/deps/librayon_core-fa6b572babd43de7.rlib" "--extern" "clap=/opt/rustwide/target/debug/deps/libclap-4b4bb128b3672782.rlib" "--extern" "adler=/opt/rustwide/target/debug/deps/libadler-478247d24f5486f3.rlib" "--extern" "serde=/opt/rustwide/target/debug/deps/libserde-a4ba8264543c2d70.rlib" "--extern" "byte_slice=/opt/rustwide/target/debug/deps/libbyte_slice-f3318dc372518039.rlib" "--extern" "strsim=/opt/rustwide/target/debug/deps/libstrsim-34ab28aae96c9897.rlib" "--extern" "quote=/opt/rustwide/target/debug/deps/libquote-ad78e25cc9e71d7e.rlib" "--extern" "num_rational=/opt/rustwide/target/debug/deps/libnum_rational-b73d331b514e88fa.rlib" "--extern" "remove_dir_all=/opt/rustwide/target/debug/deps/libremove_dir_all-eff5dea3d8a02b70.rlib" "--extern" "ansi_term=/opt/rustwide/target/debug/deps/libansi_term-afff4adec1f3528f.rlib" "--extern" "miniz_oxide=/opt/rustwide/target/debug/deps/libminiz_oxide-883cb810e070b535.rlib" "--extern" "rand_chacha=/opt/rustwide/target/debug/deps/librand_chacha-1011df681e4d15da.rlib" "--extern" "http_box=/opt/rustwide/target/debug/deps/libhttp_box-a844bb2711ac033d.rlib" "--extern" "http_box=/opt/rustwide/target/debug/deps/libhttp_box-7d1f8fcf91c52675.rlib" "--extern" "env_logger=/opt/rustwide/target/debug/deps/libenv_logger-b82dabd603f94b3a.rlib" "--extern" "skeptic=/opt/rustwide/target/debug/deps/libskeptic-69680266080949e5.rlib" "--extern" "crossbeam_channel=/opt/rustwide/target/debug/deps/libcrossbeam_channel-c7cc992b117444ea.rlib" "--extern" "either=/opt/rustwide/target/debug/deps/libeither-f9228cdbdd25b059.rlib" "--extern" "remove_dir_all=/opt/rustwide/target/debug/deps/libremove_dir_all-53c16c1fad07eba0.rlib" "--extern" "rand=/opt/rustwide/target/debug/deps/librand-9a34e85b2ad0770a.rlib" "--extern" "deflate=/opt/rustwide/target/debug/deps/libdeflate-a6d7d666fffa97d9.rlib" "--extern" "jpeg_decoder=/opt/rustwide/target/debug/deps/libjpeg_decoder-3a0f997e3fe11d02.rlib" "--extern" "fastrand=/opt/rustwide/target/debug/deps/libfastrand-36b5f93a51c81f9b.rlib" "--extern" "bitflags=/opt/rustwide/target/debug/deps/libbitflags-82cc2d155c6eb112.rlib" "--extern" "nom=/opt/rustwide/target/debug/deps/libnom-4c13cc3e6611321e.rlib" "--extern" "rand=/opt/rustwide/target/debug/deps/librand-a95b5f9084c07716.rlib" "--extern" "log=/opt/rustwide/target/debug/deps/liblog-ea9d81a303188254.rlib" "--extern" "getrandom=/opt/rustwide/target/debug/deps/libgetrandom-5d46253a319b81ee.rlib" "--extern" "clang_sys=/opt/rustwide/target/debug/deps/libclang_sys-e16b0316253fcf2b.rlib" "--extern" "rayon=/opt/rustwide/target/debug/deps/librayon-fcf44988f44e78e3.rlib" "--extern" "peeking_take_while=/opt/rustwide/target/debug/deps/libpeeking_take_while-ea19703f2f8bfe52.rlib" "--extern" "proc_macro2=/opt/rustwide/target/debug/deps/libproc_macro2-28c79a6b7e0f474e.rlib" "--extern" "getopts=/opt/rustwide/target/debug/deps/libgetopts-3ebd4d3803f548fc.rlib" "--extern" "cexpr=/opt/rustwide/target/debug/deps/libcexpr-2e724870e86d230a.rlib" "--extern" "bitflags=/opt/rustwide/target/debug/deps/libbitflags-eac8cbd4e84c370d.rlib" "--extern" "crossbeam_epoch=/opt/rustwide/target/debug/deps/libcrossbeam_epoch-ce14d878c6b46754.rlib" "--extern" "weezl=/opt/rustwide/target/debug/deps/libweezl-b8d0d3d3ea86fdd3.rlib" "--extern" "rand=/opt/rustwide/target/debug/deps/librand-dd11e6c692a3bb8b.rlib" "--extern" "crossbeam_deque=/opt/rustwide/target/debug/deps/libcrossbeam_deque-c88c73a8dbd1207f.rlib" "--extern" "memoffset=/opt/rustwide/target/debug/deps/libmemoffset-cc94e166f136fd4e.rlib" "--extern" "thiserror=/opt/rustwide/target/debug/deps/libthiserror-e4ca7c641acd4c0d.rlib" "--extern" "rand_chacha=/opt/rustwide/target/debug/deps/librand_chacha-02db262bfffa7904.rlib" "--extern" "hotg_rune_runtime=/opt/rustwide/target/debug/deps/libhotg_rune_runtime-68c14b433001cf82.rlib" "--extern" "memchr=/opt/rustwide/target/debug/deps/libmemchr-df7f2b9f3dbcde12.rlib" "--extern" "pulldown_cmark=/opt/rustwide/target/debug/deps/libpulldown_cmark-aed3465b42698ad9.rlib" "--extern" "color_quant=/opt/rustwide/target/debug/deps/libcolor_quant-c4e6a74fd65e1c69.rlib" "--extern" "bytemuck=/opt/rustwide/target/debug/deps/libbytemuck-86ddde4110e746a7.rlib" "--extern" "libloading=/opt/rustwide/target/debug/deps/liblibloading-c7641815dba96aa5.rlib" "--extern" "bindgen=/opt/rustwide/target/debug/deps/libbindgen-b595f8ba3201c51b.rlib" "--extern" "wasm3=/opt/rustwide/target/debug/deps/libwasm3-4398acf4e17e3d37.rlib" "--extern" "jpeg_decoder=/opt/rustwide/target/debug/deps/libjpeg_decoder-a90da91646ca5c37.rlib" "--extern" "tiff=/opt/rustwide/target/debug/deps/libtiff-feab30c265364a8d.rlib" "--extern" "io_lifetimes=/opt/rustwide/target/debug/deps/libio_lifetimes-b81c2f4baa56ead1.rlib" "--extern" "regex=/opt/rustwide/target/debug/deps/libregex-81f71970547e2ac7.rlib" "--extern" "lazy_static=/opt/rustwide/target/debug/deps/liblazy_static-fffb742395d36153.rlib" "--extern" "num_integer=/opt/rustwide/target/debug/deps/libnum_integer-7d6121c00680145f.rlib" "--extern" "hotg_rune_runtime=/opt/rustwide/target/debug/deps/libhotg_rune_runtime-75ef34f8ccc365f6.rlib" "--extern" "rustc_hash=/opt/rustwide/target/debug/deps/librustc_hash-6f4995b07864623a.rlib" "--extern" "num_cpus=/opt/rustwide/target/debug/deps/libnum_cpus-955db27608b22469.rlib" "--extern" "vec_map=/opt/rustwide/target/debug/deps/libvec_map-584a390a74cf74b3.rlib" "--extern" "png=/opt/rustwide/target/debug/deps/libpng-ceae838327fdb14f.rlib" "--extern" "minimal_lexical=/opt/rustwide/target/debug/deps/libminimal_lexical-29da7407ff05078c.rlib" "--extern" "unicode_width=/opt/rustwide/target/debug/deps/libunicode_width-381b4a7539d39955.rlib" "--extern" "gif=/opt/rustwide/target/debug/deps/libgif-a18efa9c08b73864.rlib" "--extern" "shlex=/opt/rustwide/target/debug/deps/libshlex-d3a5f6886001229e.rlib" "--extern" "textwrap=/opt/rustwide/target/debug/deps/libtextwrap-664de7ad0e637f07.rlib" "--extern" "libc=/opt/rustwide/target/debug/deps/liblibc-1c44c26a4c16f4d2.rlib" "--extern" "regex_syntax=/opt/rustwide/target/debug/deps/libregex_syntax-f822b89ac454d915.rlib" "--extern" "crc32fast=/opt/rustwide/target/debug/deps/libcrc32fast-104e9b895f0c2d44.rlib" "--extern" "pulldown_cmark=/opt/rustwide/target/debug/deps/libpulldown_cmark-63d2e6b3734098b4.rlib" "--extern" "libc=/opt/rustwide/target/debug/deps/liblibc-b7b14a0fe316ec96.rlib" "--extern" "scoped_threadpool=/opt/rustwide/target/debug/deps/libscoped_threadpool-4f6c1420c01fda30.rlib" "--extern" "rustix=/opt/rustwide/target/debug/deps/librustix-a7b2b8ec2ac67b7d.rlib" "--extern" "hotg_rune_wasm3_runtime=/opt/rustwide/target/debug/deps/libhotg_rune_wasm3_runtime-a4df76b76820d741.rlib"', /opt/rustwide/cargo-home/registry/src/github.com-1ecc6299db9ec823/skeptic-0.7.1/lib.rs:391:13
[INFO] [stdout] stack backtrace:
[INFO] [stdout]    0:     0x55f9263ad60a - std::backtrace_rs::backtrace::libunwind::trace::ha9053a9a07ca49cb
[INFO] [stdout]                                at /rustc/84c898d65adf2f39a5a98507f1fe0ce10a2b8dbc/library/std/src/../../backtrace/src/backtrace/libunwind.rs:93:5
[INFO] [stdout]    1:     0x55f9263ad60a - std::backtrace_rs::backtrace::trace_unsynchronized::h9c2852a457ad564e
[INFO] [stdout]                                at /rustc/84c898d65adf2f39a5a98507f1fe0ce10a2b8dbc/library/std/src/../../backtrace/src/backtrace/mod.rs:66:5
[INFO] [stdout]    2:     0x55f9263ad60a - std::sys_common::backtrace::_print_fmt::h457936fbfaa0070f
[INFO] [stdout]                                at /rustc/84c898d65adf2f39a5a98507f1fe0ce10a2b8dbc/library/std/src/sys_common/backtrace.rs:65:5
[INFO] [stdout]    3:     0x55f9263ad60a - <std::sys_common::backtrace::_print::DisplayBacktrace as core::fmt::Display>::fmt::h5779d7bf7f70cb0c
[INFO] [stdout]                                at /rustc/84c898d65adf2f39a5a98507f1fe0ce10a2b8dbc/library/std/src/sys_common/backtrace.rs:44:22
[INFO] [stdout]    4:     0x55f9263d23fe - core::fmt::write::h5a4baaff1bcd3eb5
[INFO] [stdout]                                at /rustc/84c898d65adf2f39a5a98507f1fe0ce10a2b8dbc/library/core/src/fmt/mod.rs:1232:17
[INFO] [stdout]    5:     0x55f9263aa6e5 - std::io::Write::write_fmt::h478f79c628ef31d1
[INFO] [stdout]                                at /rustc/84c898d65adf2f39a5a98507f1fe0ce10a2b8dbc/library/std/src/io/mod.rs:1684:15
[INFO] [stdout]    6:     0x55f9263ad3d5 - std::sys_common::backtrace::_print::h5fcdc36060f177e8
[INFO] [stdout]                                at /rustc/84c898d65adf2f39a5a98507f1fe0ce10a2b8dbc/library/std/src/sys_common/backtrace.rs:47:5
[INFO] [stdout]    7:     0x55f9263ad3d5 - std::sys_common::backtrace::print::h54ca9458b876c8bf
[INFO] [stdout]                                at /rustc/84c898d65adf2f39a5a98507f1fe0ce10a2b8dbc/library/std/src/sys_common/backtrace.rs:34:9
[INFO] [stdout]    8:     0x55f9263af21f - std::panicking::default_hook::{{closure}}::hbe471161c7664ed6
[INFO] [stdout]                                at /rustc/84c898d65adf2f39a5a98507f1fe0ce10a2b8dbc/library/std/src/panicking.rs:271:22
[INFO] [stdout]    9:     0x55f9263aeedf - std::panicking::default_hook::ha3500da57aa4ac4f
[INFO] [stdout]                                at /rustc/84c898d65adf2f39a5a98507f1fe0ce10a2b8dbc/library/std/src/panicking.rs:287:9
[INFO] [stdout]   10:     0x55f926363777 - <alloc::boxed::Box<F,A> as core::ops::function::Fn<Args>>::call::hdf1b89dd137ece34
[INFO] [stdout]                                at /rustc/84c898d65adf2f39a5a98507f1fe0ce10a2b8dbc/library/alloc/src/boxed.rs:2001:9
[INFO] [stdout]   11:     0x55f926363777 - test::test_main::{{closure}}::h9081a79f20e75698
[INFO] [stdout]                                at /rustc/84c898d65adf2f39a5a98507f1fe0ce10a2b8dbc/library/test/src/lib.rs:135:21
[INFO] [stdout]   12:     0x55f9263af94d - <alloc::boxed::Box<F,A> as core::ops::function::Fn<Args>>::call::h6507bddc3eebb4a5
[INFO] [stdout]                                at /rustc/84c898d65adf2f39a5a98507f1fe0ce10a2b8dbc/library/alloc/src/boxed.rs:2001:9
[INFO] [stdout]   13:     0x55f9263af94d - std::panicking::rust_panic_with_hook::h50c09d000dc561d2
[INFO] [stdout]                                at /rustc/84c898d65adf2f39a5a98507f1fe0ce10a2b8dbc/library/std/src/panicking.rs:696:13
[INFO] [stdout]   14:     0x55f9263af6c9 - std::panicking::begin_panic_handler::{{closure}}::h9e2b2176e00e0d9c
[INFO] [stdout]                                at /rustc/84c898d65adf2f39a5a98507f1fe0ce10a2b8dbc/library/std/src/panicking.rs:583:13
[INFO] [stdout]   15:     0x55f9263ada76 - std::sys_common::backtrace::__rust_end_short_backtrace::h5739b8e512c09d02
[INFO] [stdout]                                at /rustc/84c898d65adf2f39a5a98507f1fe0ce10a2b8dbc/library/std/src/sys_common/backtrace.rs:150:18
[INFO] [stdout]   16:     0x55f9263af3d2 - rust_begin_unwind
[INFO] [stdout]                                at /rustc/84c898d65adf2f39a5a98507f1fe0ce10a2b8dbc/library/std/src/panicking.rs:579:5
[INFO] [stdout]   17:     0x55f926332fc3 - core::panicking::panic_fmt::hf33a1475b4dc5c3e
[INFO] [stdout]                                at /rustc/84c898d65adf2f39a5a98507f1fe0ce10a2b8dbc/library/core/src/panicking.rs:64:14
[INFO] [stdout]   18:     0x55f92636edf3 - skeptic::rt::interpret_output::h31cfe0c7f119092c
[INFO] [stdout]                                at /opt/rustwide/cargo-home/registry/src/github.com-1ecc6299db9ec823/skeptic-0.7.1/lib.rs:391:13
[INFO] [stdout]   19:     0x55f92636e92e - skeptic::rt::compile_test_case::h4dd47ebcfcda5972
[INFO] [stdout]                                at /opt/rustwide/cargo-home/registry/src/github.com-1ecc6299db9ec823/skeptic-0.7.1/lib.rs:374:9
[INFO] [stdout]   20:     0x55f92636dd66 - skeptic::rt::run_test::h6772ee1ace95c9de
[INFO] [stdout]                                at /opt/rustwide/cargo-home/registry/src/github.com-1ecc6299db9ec823/skeptic-0.7.1/lib.rs:326:9
[INFO] [stdout]   21:     0x55f926333e04 - skeptic::http1_head_parsing_0::h2c540777b315af9b
[INFO] [stdout]                                at /opt/rustwide/target/debug/build/http-box-508d7813a8bedccf/out/skeptic-tests.rs:395:5
[INFO] [stdout]   22:     0x55f926333d17 - skeptic::http1_head_parsing_0::{{closure}}::h70e40b71f71e017d
[INFO] [stdout]                                at /opt/rustwide/target/debug/build/http-box-508d7813a8bedccf/out/skeptic-tests.rs:189:35
[INFO] [stdout]   23:     0x55f926334005 - core::ops::function::FnOnce::call_once::he5e5537828508ca5
[INFO] [stdout]                                at /rustc/84c898d65adf2f39a5a98507f1fe0ce10a2b8dbc/library/core/src/ops/function.rs:250:5
[INFO] [stdout]   24:     0x55f926368b5f - core::ops::function::FnOnce::call_once::h7d969581be7d0075
[INFO] [stdout]                                at /rustc/84c898d65adf2f39a5a98507f1fe0ce10a2b8dbc/library/core/src/ops/function.rs:250:5
[INFO] [stdout]   25:     0x55f926368b5f - test::__rust_begin_short_backtrace::hca25a52684e56655
[INFO] [stdout]                                at /rustc/84c898d65adf2f39a5a98507f1fe0ce10a2b8dbc/library/test/src/lib.rs:656:18
[INFO] [stdout]   26:     0x55f92633a17c - test::run_test::{{closure}}::ha8ac744c4af1a4bb
[INFO] [stdout]                                at /rustc/84c898d65adf2f39a5a98507f1fe0ce10a2b8dbc/library/test/src/lib.rs:647:30
[INFO] [stdout]   27:     0x55f92633a17c - core::ops::function::FnOnce::call_once{{vtable.shim}}::h7b411a9ed45bdecf
[INFO] [stdout]                                at /rustc/84c898d65adf2f39a5a98507f1fe0ce10a2b8dbc/library/core/src/ops/function.rs:250:5
[INFO] [stdout]   28:     0x55f926367b26 - <alloc::boxed::Box<F,A> as core::ops::function::FnOnce<Args>>::call_once::hd05328869a8ed200
[INFO] [stdout]                                at /rustc/84c898d65adf2f39a5a98507f1fe0ce10a2b8dbc/library/alloc/src/boxed.rs:1987:9
[INFO] [stdout]   29:     0x55f926367b26 - <core::panic::unwind_safe::AssertUnwindSafe<F> as core::ops::function::FnOnce<()>>::call_once::h0c601ce20bd5b2be
[INFO] [stdout]                                at /rustc/84c898d65adf2f39a5a98507f1fe0ce10a2b8dbc/library/core/src/panic/unwind_safe.rs:271:9
[INFO] [stdout]   30:     0x55f926367b26 - std::panicking::try::do_call::ha4be5c164fe30854
[INFO] [stdout]                                at /rustc/84c898d65adf2f39a5a98507f1fe0ce10a2b8dbc/library/std/src/panicking.rs:487:40
[INFO] [stdout]   31:     0x55f926367b26 - std::panicking::try::h604546f3609af05f
[INFO] [stdout]                                at /rustc/84c898d65adf2f39a5a98507f1fe0ce10a2b8dbc/library/std/src/panicking.rs:451:19
[INFO] [stdout]   32:     0x55f926367b26 - std::panic::catch_unwind::h5bfa8afe44c9c2f9
[INFO] [stdout]                                at /rustc/84c898d65adf2f39a5a98507f1fe0ce10a2b8dbc/library/std/src/panic.rs:140:14
[INFO] [stdout]   33:     0x55f926367b26 - test::run_test_in_process::hd50dee55dd63e6aa
[INFO] [stdout]                                at /rustc/84c898d65adf2f39a5a98507f1fe0ce10a2b8dbc/library/test/src/lib.rs:679:27
[INFO] [stdout]   34:     0x55f926367b26 - test::run_test::run_test_inner::{{closure}}::h4aa0f433aa85cea8
[INFO] [stdout]                                at /rustc/84c898d65adf2f39a5a98507f1fe0ce10a2b8dbc/library/test/src/lib.rs:573:39
[INFO] [stdout]   35:     0x55f9263347f1 - test::run_test::run_test_inner::{{closure}}::had56431adf24b4d6
[INFO] [stdout]                                at /rustc/84c898d65adf2f39a5a98507f1fe0ce10a2b8dbc/library/test/src/lib.rs:600:37
[INFO] [stdout]   36:     0x55f9263347f1 - std::sys_common::backtrace::__rust_begin_short_backtrace::ha8d9890e0c73bf13
[INFO] [stdout]                                at /rustc/84c898d65adf2f39a5a98507f1fe0ce10a2b8dbc/library/std/src/sys_common/backtrace.rs:134:18
[INFO] [stdout]   37:     0x55f92633a20b - std::thread::Builder::spawn_unchecked_::{{closure}}::{{closure}}::h251832bcb4a95327
[INFO] [stdout]                                at /rustc/84c898d65adf2f39a5a98507f1fe0ce10a2b8dbc/library/std/src/thread/mod.rs:560:17
[INFO] [stdout]   38:     0x55f92633a20b - <core::panic::unwind_safe::AssertUnwindSafe<F> as core::ops::function::FnOnce<()>>::call_once::h8fdff598fa414831
[INFO] [stdout]                                at /rustc/84c898d65adf2f39a5a98507f1fe0ce10a2b8dbc/library/core/src/panic/unwind_safe.rs:271:9
[INFO] [stdout]   39:     0x55f92633a20b - std::panicking::try::do_call::h455dd2f7764a950f
[INFO] [stdout]                                at /rustc/84c898d65adf2f39a5a98507f1fe0ce10a2b8dbc/library/std/src/panicking.rs:487:40
[INFO] [stdout]   40:     0x55f92633a20b - std::panicking::try::had6f23b7b73ae72a
[INFO] [stdout]                                at /rustc/84c898d65adf2f39a5a98507f1fe0ce10a2b8dbc/library/std/src/panicking.rs:451:19
[INFO] [stdout]   41:     0x55f92633a20b - std::panic::catch_unwind::ha6a5ca3915b4dad0
[INFO] [stdout]                                at /rustc/84c898d65adf2f39a5a98507f1fe0ce10a2b8dbc/library/std/src/panic.rs:140:14
[INFO] [stdout]   42:     0x55f92633a20b - std::thread::Builder::spawn_unchecked_::{{closure}}::h883b72ef75da6231
[INFO] [stdout]                                at /rustc/84c898d65adf2f39a5a98507f1fe0ce10a2b8dbc/library/std/src/thread/mod.rs:559:30
[INFO] [stdout]   43:     0x55f92633a20b - core::ops::function::FnOnce::call_once{{vtable.shim}}::hb7dff73dc8bd2ccb
[INFO] [stdout]                                at /rustc/84c898d65adf2f39a5a98507f1fe0ce10a2b8dbc/library/core/src/ops/function.rs:250:5
[INFO] [stdout]   44:     0x55f9263b4e03 - <alloc::boxed::Box<F,A> as core::ops::function::FnOnce<Args>>::call_once::h39990b24eedef2ab
[INFO] [stdout]                                at /rustc/84c898d65adf2f39a5a98507f1fe0ce10a2b8dbc/library/alloc/src/boxed.rs:1987:9
[INFO] [stdout]   45:     0x55f9263b4e03 - <alloc::boxed::Box<F,A> as core::ops::function::FnOnce<Args>>::call_once::h01a027258444143b
[INFO] [stdout]                                at /rustc/84c898d65adf2f39a5a98507f1fe0ce10a2b8dbc/library/alloc/src/boxed.rs:1987:9
[INFO] [stdout]   46:     0x55f9263b4e03 - std::sys::unix::thread::Thread::new::thread_start::ha4f1cdd9c25884ba
[INFO] [stdout]                                at /rustc/84c898d65adf2f39a5a98507f1fe0ce10a2b8dbc/library/std/src/sys/unix/thread.rs:108:17
[INFO] [stdout]   47:     0x7f129ffb9b43 - <unknown>
[INFO] [stdout]   48:     0x7f12a004abb4 - __clone
[INFO] [stdout]   49:                0x0 - <unknown>
[INFO] [stdout] 
[INFO] [stdout] ---- http_parsing_query_strings_1 stdout ----
[INFO] [stdout] thread 'http_parsing_query_strings_1' panicked at 'Command failed:
[INFO] [stdout] "rustc" "/tmp/rust-skeptic.Oh2MzFxop35S/test.rs" "--verbose" "-o" "/tmp/rust-skeptic.Oh2MzFxop35S/out.exe" "--crate-type=bin" "-L" "/opt/rustwide/target/debug" "-L" "/opt/rustwide/target/debug/deps" "--extern" "tempdir=/opt/rustwide/target/debug/deps/libtempdir-fbc640d85887a98b.rlib" "--extern" "cty=/opt/rustwide/target/debug/deps/libcty-098e3d68ce2248fa.rlib" "--extern" "tempfile=/opt/rustwide/target/debug/deps/libtempfile-aae6854e04c6e2dc.rlib" "--extern" "atty=/opt/rustwide/target/debug/deps/libatty-370c1b43e0c456b1.rlib" "--extern" "lazycell=/opt/rustwide/target/debug/deps/liblazycell-4de3c88d56557364.rlib" "--extern" "tiff=/opt/rustwide/target/debug/deps/libtiff-5afa91123f1118a9.rlib" "--extern" "which=/opt/rustwide/target/debug/deps/libwhich-7e64ea5f839b3c52.rlib" "--extern" "shlex=/opt/rustwide/target/debug/deps/libshlex-5e85ae70dfbf86fb.rlib" "--extern" "miniz_oxide=/opt/rustwide/target/debug/deps/libminiz_oxide-7a4f21ad0e0c31dd.rlib" "--extern" "hotg_rune_core=/opt/rustwide/target/debug/deps/libhotg_rune_core-f7041b968c2cfbae.rlib" "--extern" "crossbeam_utils=/opt/rustwide/target/debug/deps/libcrossbeam_utils-3546b3b1c787b86b.rlib" "--extern" "bitflags=/opt/rustwide/target/debug/deps/libbitflags-9671457bae43e199.rlib" "--extern" "unicode_ident=/opt/rustwide/target/debug/deps/libunicode_ident-b80adc97778cd786.rlib" "--extern" "clap=/opt/rustwide/target/debug/deps/libclap-c607de558dd6733c.rlib" "--extern" "image=/opt/rustwide/target/debug/deps/libimage-b9ea82a97f5b8cc1.rlib" "--extern" "hotg_rune_core=/opt/rustwide/target/debug/deps/libhotg_rune_core-54ec38459d04a682.rlib" "--extern" "env_logger=/opt/rustwide/target/debug/deps/libenv_logger-a74a0a96e1780e76.rlib" "--extern" "termcolor=/opt/rustwide/target/debug/deps/libtermcolor-20e563e1564785c2.rlib" "--extern" "rand_core=/opt/rustwide/target/debug/deps/librand_core-e5a8f0f991f76bbb.rlib" "--extern" "humantime=/opt/rustwide/target/debug/deps/libhumantime-4f131e4dd8112504.rlib" "--extern" "num_traits=/opt/rustwide/target/debug/deps/libnum_traits-b237925f6bfbb7f7.rlib" "--extern" "glob=/opt/rustwide/target/debug/deps/libglob-4707cbd2adfc2df0.rlib" "--extern" "rayon_core=/opt/rustwide/target/debug/deps/librayon_core-810548a7643b9071.rlib" "--extern" "rand_core=/opt/rustwide/target/debug/deps/librand_core-ebc2a136de28cec1.rlib" "--extern" "libc=/opt/rustwide/target/debug/deps/liblibc-90160b19f0e8bd32.rlib" "--extern" "which=/opt/rustwide/target/debug/deps/libwhich-d980caea8441388d.rlib" "--extern" "autocfg=/opt/rustwide/target/debug/deps/libautocfg-129bdff40ef07337.rlib" "--extern" "tempdir=/opt/rustwide/target/debug/deps/libtempdir-c59f320d557ec1d5.rlib" "--extern" "rand=/opt/rustwide/target/debug/deps/librand-8fe33c175abbb0bc.rlib" "--extern" "wasm3_sys=/opt/rustwide/target/debug/deps/libwasm3_sys-a830f1109eae35d4.rlib" "--extern" "byteorder=/opt/rustwide/target/debug/deps/libbyteorder-50c19e9bd62c942c.rlib" "--extern" "ppv_lite86=/opt/rustwide/target/debug/deps/libppv_lite86-c3ad053967cc551c.rlib" "--extern" "num_iter=/opt/rustwide/target/debug/deps/libnum_iter-8dbb15dbdfe8dde5.rlib" "--extern" "cfg_if=/opt/rustwide/target/debug/deps/libcfg_if-e5e118dd7d121aaa.rlib" "--extern" "hound=/opt/rustwide/target/debug/deps/libhound-e056f0fa79a9598d.rlib" "--extern" "getopts=/opt/rustwide/target/debug/deps/libgetopts-f41c972e6eb046bf.rlib" "--extern" "atty=/opt/rustwide/target/debug/deps/libatty-d3d6b4bbef2df183.rlib" "--extern" "cc=/opt/rustwide/target/debug/deps/libcc-6d71334a69aaf663.rlib" "--extern" "hotg_rune_wasm3_runtime=/opt/rustwide/target/debug/deps/libhotg_rune_wasm3_runtime-3c6784cf2a7462ef.rlib" "--extern" "bindgen=/opt/rustwide/target/debug/deps/libbindgen-bf19e77c3ac00232.rlib" "--extern" "image=/opt/rustwide/target/debug/deps/libimage-189589c4e823bd9e.rlib" "--extern" "anyhow=/opt/rustwide/target/debug/deps/libanyhow-2a8b4879abb5c883.rlib" "--extern" "adler32=/opt/rustwide/target/debug/deps/libadler32-83111893a069e541.rlib" "--extern" "aho_corasick=/opt/rustwide/target/debug/deps/libaho_corasick-2ce1759316b631e8.rlib" "--extern" "num_cpus=/opt/rustwide/target/debug/deps/libnum_cpus-99eb5bb783d8d3db.rlib" "--extern" "rayon=/opt/rustwide/target/debug/deps/librayon-68be80a72f46882b.rlib" "--extern" "linux_raw_sys=/opt/rustwide/target/debug/deps/liblinux_raw_sys-8cc4f4b00c14099c.rlib" "--extern" "clang_sys=/opt/rustwide/target/debug/deps/libclang_sys-6754249683dfc9c5.rlib" "--extern" "unicode_width=/opt/rustwide/target/debug/deps/libunicode_width-f75bb0008a5efcfa.rlib" "--extern" "skeptic=/opt/rustwide/target/debug/deps/libskeptic-de39e62bd5b21dd1.rlib" "--extern" "log=/opt/rustwide/target/debug/deps/liblog-3957226ca0d6354e.rlib" "--extern" "syn=/opt/rustwide/target/debug/deps/libsyn-13af2442622ddcb4.rlib" "--extern" "scopeguard=/opt/rustwide/target/debug/deps/libscopeguard-f471875f675163b5.rlib" "--extern" "wasm3_sys=/opt/rustwide/target/debug/deps/libwasm3_sys-73eec7691636fe0f.rlib" "--extern" "either=/opt/rustwide/target/debug/deps/libeither-e407352f1a2e3c73.rlib" "--extern" "wasm3=/opt/rustwide/target/debug/deps/libwasm3-34a425f7129b1ad1.rlib" "--extern" "getrandom=/opt/rustwide/target/debug/deps/libgetrandom-ea50d3a3c1361eef.rlib" "--extern" "rayon_core=/opt/rustwide/target/debug/deps/librayon_core-fa6b572babd43de7.rlib" "--extern" "clap=/opt/rustwide/target/debug/deps/libclap-4b4bb128b3672782.rlib" "--extern" "adler=/opt/rustwide/target/debug/deps/libadler-478247d24f5486f3.rlib" "--extern" "serde=/opt/rustwide/target/debug/deps/libserde-a4ba8264543c2d70.rlib" "--extern" "byte_slice=/opt/rustwide/target/debug/deps/libbyte_slice-f3318dc372518039.rlib" "--extern" "strsim=/opt/rustwide/target/debug/deps/libstrsim-34ab28aae96c9897.rlib" "--extern" "quote=/opt/rustwide/target/debug/deps/libquote-ad78e25cc9e71d7e.rlib" "--extern" "num_rational=/opt/rustwide/target/debug/deps/libnum_rational-b73d331b514e88fa.rlib" "--extern" "remove_dir_all=/opt/rustwide/target/debug/deps/libremove_dir_all-eff5dea3d8a02b70.rlib" "--extern" "ansi_term=/opt/rustwide/target/debug/deps/libansi_term-afff4adec1f3528f.rlib" "--extern" "miniz_oxide=/opt/rustwide/target/debug/deps/libminiz_oxide-883cb810e070b535.rlib" "--extern" "rand_chacha=/opt/rustwide/target/debug/deps/librand_chacha-1011df681e4d15da.rlib" "--extern" "http_box=/opt/rustwide/target/debug/deps/libhttp_box-a844bb2711ac033d.rlib" "--extern" "http_box=/opt/rustwide/target/debug/deps/libhttp_box-7d1f8fcf91c52675.rlib" "--extern" "env_logger=/opt/rustwide/target/debug/deps/libenv_logger-b82dabd603f94b3a.rlib" "--extern" "skeptic=/opt/rustwide/target/debug/deps/libskeptic-69680266080949e5.rlib" "--extern" "crossbeam_channel=/opt/rustwide/target/debug/deps/libcrossbeam_channel-c7cc992b117444ea.rlib" "--extern" "either=/opt/rustwide/target/debug/deps/libeither-f9228cdbdd25b059.rlib" "--extern" "remove_dir_all=/opt/rustwide/target/debug/deps/libremove_dir_all-53c16c1fad07eba0.rlib" "--extern" "rand=/opt/rustwide/target/debug/deps/librand-9a34e85b2ad0770a.rlib" "--extern" "deflate=/opt/rustwide/target/debug/deps/libdeflate-a6d7d666fffa97d9.rlib" "--extern" "jpeg_decoder=/opt/rustwide/target/debug/deps/libjpeg_decoder-3a0f997e3fe11d02.rlib" "--extern" "fastrand=/opt/rustwide/target/debug/deps/libfastrand-36b5f93a51c81f9b.rlib" "--extern" "bitflags=/opt/rustwide/target/debug/deps/libbitflags-82cc2d155c6eb112.rlib" "--extern" "nom=/opt/rustwide/target/debug/deps/libnom-4c13cc3e6611321e.rlib" "--extern" "rand=/opt/rustwide/target/debug/deps/librand-a95b5f9084c07716.rlib" "--extern" "log=/opt/rustwide/target/debug/deps/liblog-ea9d81a303188254.rlib" "--extern" "getrandom=/opt/rustwide/target/debug/deps/libgetrandom-5d46253a319b81ee.rlib" "--extern" "clang_sys=/opt/rustwide/target/debug/deps/libclang_sys-e16b0316253fcf2b.rlib" "--extern" "rayon=/opt/rustwide/target/debug/deps/librayon-fcf44988f44e78e3.rlib" "--extern" "peeking_take_while=/opt/rustwide/target/debug/deps/libpeeking_take_while-ea19703f2f8bfe52.rlib" "--extern" "proc_macro2=/opt/rustwide/target/debug/deps/libproc_macro2-28c79a6b7e0f474e.rlib" "--extern" "getopts=/opt/rustwide/target/debug/deps/libgetopts-3ebd4d3803f548fc.rlib" "--extern" "cexpr=/opt/rustwide/target/debug/deps/libcexpr-2e724870e86d230a.rlib" "--extern" "bitflags=/opt/rustwide/target/debug/deps/libbitflags-eac8cbd4e84c370d.rlib" "--extern" "crossbeam_epoch=/opt/rustwide/target/debug/deps/libcrossbeam_epoch-ce14d878c6b46754.rlib" "--extern" "weezl=/opt/rustwide/target/debug/deps/libweezl-b8d0d3d3ea86fdd3.rlib" "--extern" "rand=/opt/rustwide/target/debug/deps/librand-dd11e6c692a3bb8b.rlib" "--extern" "crossbeam_deque=/opt/rustwide/target/debug/deps/libcrossbeam_deque-c88c73a8dbd1207f.rlib" "--extern" "memoffset=/opt/rustwide/target/debug/deps/libmemoffset-cc94e166f136fd4e.rlib" "--extern" "thiserror=/opt/rustwide/target/debug/deps/libthiserror-e4ca7c641acd4c0d.rlib" "--extern" "rand_chacha=/opt/rustwide/target/debug/deps/librand_chacha-02db262bfffa7904.rlib" "--extern" "hotg_rune_runtime=/opt/rustwide/target/debug/deps/libhotg_rune_runtime-68c14b433001cf82.rlib" "--extern" "memchr=/opt/rustwide/target/debug/deps/libmemchr-df7f2b9f3dbcde12.rlib" "--extern" "pulldown_cmark=/opt/rustwide/target/debug/deps/libpulldown_cmark-aed3465b42698ad9.rlib" "--extern" "color_quant=/opt/rustwide/target/debug/deps/libcolor_quant-c4e6a74fd65e1c69.rlib" "--extern" "bytemuck=/opt/rustwide/target/debug/deps/libbytemuck-86ddde4110e746a7.rlib" "--extern" "libloading=/opt/rustwide/target/debug/deps/liblibloading-c7641815dba96aa5.rlib" "--extern" "bindgen=/opt/rustwide/target/debug/deps/libbindgen-b595f8ba3201c51b.rlib" "--extern" "wasm3=/opt/rustwide/target/debug/deps/libwasm3-4398acf4e17e3d37.rlib" "--extern" "jpeg_decoder=/opt/rustwide/target/debug/deps/libjpeg_decoder-a90da91646ca5c37.rlib" "--extern" "tiff=/opt/rustwide/target/debug/deps/libtiff-feab30c265364a8d.rlib" "--extern" "io_lifetimes=/opt/rustwide/target/debug/deps/libio_lifetimes-b81c2f4baa56ead1.rlib" "--extern" "regex=/opt/rustwide/target/debug/deps/libregex-81f71970547e2ac7.rlib" "--extern" "lazy_static=/opt/rustwide/target/debug/deps/liblazy_static-fffb742395d36153.rlib" "--extern" "num_integer=/opt/rustwide/target/debug/deps/libnum_integer-7d6121c00680145f.rlib" "--extern" "hotg_rune_runtime=/opt/rustwide/target/debug/deps/libhotg_rune_runtime-75ef34f8ccc365f6.rlib" "--extern" "rustc_hash=/opt/rustwide/target/debug/deps/librustc_hash-6f4995b07864623a.rlib" "--extern" "num_cpus=/opt/rustwide/target/debug/deps/libnum_cpus-955db27608b22469.rlib" "--extern" "vec_map=/opt/rustwide/target/debug/deps/libvec_map-584a390a74cf74b3.rlib" "--extern" "png=/opt/rustwide/target/debug/deps/libpng-ceae838327fdb14f.rlib" "--extern" "minimal_lexical=/opt/rustwide/target/debug/deps/libminimal_lexical-29da7407ff05078c.rlib" "--extern" "unicode_width=/opt/rustwide/target/debug/deps/libunicode_width-381b4a7539d39955.rlib" "--extern" "gif=/opt/rustwide/target/debug/deps/libgif-a18efa9c08b73864.rlib" "--extern" "shlex=/opt/rustwide/target/debug/deps/libshlex-d3a5f6886001229e.rlib" "--extern" "textwrap=/opt/rustwide/target/debug/deps/libtextwrap-664de7ad0e637f07.rlib" "--extern" "libc=/opt/rustwide/target/debug/deps/liblibc-1c44c26a4c16f4d2.rlib" "--extern" "regex_syntax=/opt/rustwide/target/debug/deps/libregex_syntax-f822b89ac454d915.rlib" "--extern" "crc32fast=/opt/rustwide/target/debug/deps/libcrc32fast-104e9b895f0c2d44.rlib" "--extern" "pulldown_cmark=/opt/rustwide/target/debug/deps/libpulldown_cmark-63d2e6b3734098b4.rlib" "--extern" "libc=/opt/rustwide/target/debug/deps/liblibc-b7b14a0fe316ec96.rlib" "--extern" "scoped_threadpool=/opt/rustwide/target/debug/deps/libscoped_threadpool-4f6c1420c01fda30.rlib" "--extern" "rustix=/opt/rustwide/target/debug/deps/librustix-a7b2b8ec2ac67b7d.rlib" "--extern" "hotg_rune_wasm3_runtime=/opt/rustwide/target/debug/deps/libhotg_rune_wasm3_runtime-a4df76b76820d741.rlib"', /opt/rustwide/cargo-home/registry/src/github.com-1ecc6299db9ec823/skeptic-0.7.1/lib.rs:391:13
[INFO] [stdout] stack backtrace:
[INFO] [stdout]    0:     0x55f9263ad60a - std::backtrace_rs::backtrace::libunwind::trace::ha9053a9a07ca49cb
[INFO] [stdout]                                at /rustc/84c898d65adf2f39a5a98507f1fe0ce10a2b8dbc/library/std/src/../../backtrace/src/backtrace/libunwind.rs:93:5
[INFO] [stdout]    1:     0x55f9263ad60a - std::backtrace_rs::backtrace::trace_unsynchronized::h9c2852a457ad564e
[INFO] [stdout]                                at /rustc/84c898d65adf2f39a5a98507f1fe0ce10a2b8dbc/library/std/src/../../backtrace/src/backtrace/mod.rs:66:5
[INFO] [stdout]    2:     0x55f9263ad60a - std::sys_common::backtrace::_print_fmt::h457936fbfaa0070f
[INFO] [stdout]                                at /rustc/84c898d65adf2f39a5a98507f1fe0ce10a2b8dbc/library/std/src/sys_common/backtrace.rs:65:5
[INFO] [stdout]    3:     0x55f9263ad60a - <std::sys_common::backtrace::_print::DisplayBacktrace as core::fmt::Display>::fmt::h5779d7bf7f70cb0c
[INFO] [stdout]                                at /rustc/84c898d65adf2f39a5a98507f1fe0ce10a2b8dbc/library/std/src/sys_common/backtrace.rs:44:22
[INFO] [stdout]    4:     0x55f9263d23fe - core::fmt::write::h5a4baaff1bcd3eb5
[INFO] [stdout]                                at /rustc/84c898d65adf2f39a5a98507f1fe0ce10a2b8dbc/library/core/src/fmt/mod.rs:1232:17
[INFO] [stdout]    5:     0x55f9263aa6e5 - std::io::Write::write_fmt::h478f79c628ef31d1
[INFO] [stdout]                                at /rustc/84c898d65adf2f39a5a98507f1fe0ce10a2b8dbc/library/std/src/io/mod.rs:1684:15
[INFO] [stdout]    6:     0x55f9263ad3d5 - std::sys_common::backtrace::_print::h5fcdc36060f177e8
[INFO] [stdout]                                at /rustc/84c898d65adf2f39a5a98507f1fe0ce10a2b8dbc/library/std/src/sys_common/backtrace.rs:47:5
[INFO] [stdout]    7:     0x55f9263ad3d5 - std::sys_common::backtrace::print::h54ca9458b876c8bf
[INFO] [stdout]                                at /rustc/84c898d65adf2f39a5a98507f1fe0ce10a2b8dbc/library/std/src/sys_common/backtrace.rs:34:9
[INFO] [stdout]    8:     0x55f9263af21f - std::panicking::default_hook::{{closure}}::hbe471161c7664ed6
[INFO] [stdout]                                at /rustc/84c898d65adf2f39a5a98507f1fe0ce10a2b8dbc/library/std/src/panicking.rs:271:22
[INFO] [stdout]    9:     0x55f9263aeedf - std::panicking::default_hook::ha3500da57aa4ac4f
[INFO] [stdout]                                at /rustc/84c898d65adf2f39a5a98507f1fe0ce10a2b8dbc/library/std/src/panicking.rs:287:9
[INFO] [stdout]   10:     0x55f926363777 - <alloc::boxed::Box<F,A> as core::ops::function::Fn<Args>>::call::hdf1b89dd137ece34
[INFO] [stdout]                                at /rustc/84c898d65adf2f39a5a98507f1fe0ce10a2b8dbc/library/alloc/src/boxed.rs:2001:9
[INFO] [stdout]   11:     0x55f926363777 - test::test_main::{{closure}}::h9081a79f20e75698
[INFO] [stdout]                                at /rustc/84c898d65adf2f39a5a98507f1fe0ce10a2b8dbc/library/test/src/lib.rs:135:21
[INFO] [stdout]   12:     0x55f9263af94d - <alloc::boxed::Box<F,A> as core::ops::function::Fn<Args>>::call::h6507bddc3eebb4a5
[INFO] [stdout]                                at /rustc/84c898d65adf2f39a5a98507f1fe0ce10a2b8dbc/library/alloc/src/boxed.rs:2001:9
[INFO] [stdout]   13:     0x55f9263af94d - std::panicking::rust_panic_with_hook::h50c09d000dc561d2
[INFO] [stdout]                                at /rustc/84c898d65adf2f39a5a98507f1fe0ce10a2b8dbc/library/std/src/panicking.rs:696:13
[INFO] [stdout]   14:     0x55f9263af6c9 - std::panicking::begin_panic_handler::{{closure}}::h9e2b2176e00e0d9c
[INFO] [stdout]                                at /rustc/84c898d65adf2f39a5a98507f1fe0ce10a2b8dbc/library/std/src/panicking.rs:583:13
[INFO] [stdout]   15:     0x55f9263ada76 - std::sys_common::backtrace::__rust_end_short_backtrace::h5739b8e512c09d02
[INFO] [stdout]                                at /rustc/84c898d65adf2f39a5a98507f1fe0ce10a2b8dbc/library/std/src/sys_common/backtrace.rs:150:18
[INFO] [stdout]   16:     0x55f9263af3d2 - rust_begin_unwind
[INFO] [stdout]                                at /rustc/84c898d65adf2f39a5a98507f1fe0ce10a2b8dbc/library/std/src/panicking.rs:579:5
[INFO] [stdout]   17:     0x55f926332fc3 - core::panicking::panic_fmt::hf33a1475b4dc5c3e
[INFO] [stdout]                                at /rustc/84c898d65adf2f39a5a98507f1fe0ce10a2b8dbc/library/core/src/panicking.rs:64:14
[INFO] [stdout]   18:     0x55f92636edf3 - skeptic::rt::interpret_output::h31cfe0c7f119092c
[INFO] [stdout]                                at /opt/rustwide/cargo-home/registry/src/github.com-1ecc6299db9ec823/skeptic-0.7.1/lib.rs:391:13
[INFO] [stdout]   19:     0x55f92636e92e - skeptic::rt::compile_test_case::h4dd47ebcfcda5972
[INFO] [stdout]                                at /opt/rustwide/cargo-home/registry/src/github.com-1ecc6299db9ec823/skeptic-0.7.1/lib.rs:374:9
[INFO] [stdout]   20:     0x55f92636dd66 - skeptic::rt::run_test::h6772ee1ace95c9de
[INFO] [stdout]                                at /opt/rustwide/cargo-home/registry/src/github.com-1ecc6299db9ec823/skeptic-0.7.1/lib.rs:326:9
[INFO] [stdout]   21:     0x55f926333cc4 - skeptic::http_parsing_query_strings_1::h99a447620f54515c
[INFO] [stdout]                                at /opt/rustwide/target/debug/build/http-box-508d7813a8bedccf/out/skeptic-tests.rs:186:5
[INFO] [stdout]   22:     0x55f926333bd7 - skeptic::http_parsing_query_strings_1::{{closure}}::h10d097e20c005857
[INFO] [stdout]                                at /opt/rustwide/target/debug/build/http-box-508d7813a8bedccf/out/skeptic-tests.rs:142:43
[INFO] [stdout]   23:     0x55f926333fc5 - core::ops::function::FnOnce::call_once::hc649a02f1a7017b1
[INFO] [stdout]                                at /rustc/84c898d65adf2f39a5a98507f1fe0ce10a2b8dbc/library/core/src/ops/function.rs:250:5
[INFO] [stdout]   24:     0x55f926368b5f - core::ops::function::FnOnce::call_once::h7d969581be7d0075
[INFO] [stdout]                                at /rustc/84c898d65adf2f39a5a98507f1fe0ce10a2b8dbc/library/core/src/ops/function.rs:250:5
[INFO] [stdout]   25:     0x55f926368b5f - test::__rust_begin_short_backtrace::hca25a52684e56655
[INFO] [stdout]                                at /rustc/84c898d65adf2f39a5a98507f1fe0ce10a2b8dbc/library/test/src/lib.rs:656:18
[INFO] [stdout]   26:     0x55f92633a17c - test::run_test::{{closure}}::ha8ac744c4af1a4bb
[INFO] [stdout]                                at /rustc/84c898d65adf2f39a5a98507f1fe0ce10a2b8dbc/library/test/src/lib.rs:647:30
[INFO] [stdout]   27:     0x55f92633a17c - core::ops::function::FnOnce::call_once{{vtable.shim}}::h7b411a9ed45bdecf
[INFO] [stdout]                                at /rustc/84c898d65adf2f39a5a98507f1fe0ce10a2b8dbc/library/core/src/ops/function.rs:250:5
[INFO] [stdout]   28:     0x55f926367b26 - <alloc::boxed::Box<F,A> as core::ops::function::FnOnce<Args>>::call_once::hd05328869a8ed200
[INFO] [stdout]                                at /rustc/84c898d65adf2f39a5a98507f1fe0ce10a2b8dbc/library/alloc/src/boxed.rs:1987:9
[INFO] [stdout]   29:     0x55f926367b26 - <core::panic::unwind_safe::AssertUnwindSafe<F> as core::ops::function::FnOnce<()>>::call_once::h0c601ce20bd5b2be
[INFO] [stdout]                                at /rustc/84c898d65adf2f39a5a98507f1fe0ce10a2b8dbc/library/core/src/panic/unwind_safe.rs:271:9
[INFO] [stdout]   30:     0x55f926367b26 - std::panicking::try::do_call::ha4be5c164fe30854
[INFO] [stdout]                                at /rustc/84c898d65adf2f39a5a98507f1fe0ce10a2b8dbc/library/std/src/panicking.rs:487:40
[INFO] [stdout]   31:     0x55f926367b26 - std::panicking::try::h604546f3609af05f
[INFO] [stdout]                                at /rustc/84c898d65adf2f39a5a98507f1fe0ce10a2b8dbc/library/std/src/panicking.rs:451:19
[INFO] [stdout]   32:     0x55f926367b26 - std::panic::catch_unwind::h5bfa8afe44c9c2f9
[INFO] [stdout]                                at /rustc/84c898d65adf2f39a5a98507f1fe0ce10a2b8dbc/library/std/src/panic.rs:140:14
[INFO] [stdout]   33:     0x55f926367b26 - test::run_test_in_process::hd50dee55dd63e6aa
[INFO] [stdout]                                at /rustc/84c898d65adf2f39a5a98507f1fe0ce10a2b8dbc/library/test/src/lib.rs:679:27
[INFO] [stdout]   34:     0x55f926367b26 - test::run_test::run_test_inner::{{closure}}::h4aa0f433aa85cea8
[INFO] [stdout]                                at /rustc/84c898d65adf2f39a5a98507f1fe0ce10a2b8dbc/library/test/src/lib.rs:573:39
[INFO] [stdout]   35:     0x55f9263347f1 - test::run_test::run_test_inner::{{closure}}::had56431adf24b4d6
[INFO] [stdout]                                at /rustc/84c898d65adf2f39a5a98507f1fe0ce10a2b8dbc/library/test/src/lib.rs:600:37
[INFO] [stdout]   36:     0x55f9263347f1 - std::sys_common::backtrace::__rust_begin_short_backtrace::ha8d9890e0c73bf13
[INFO] [stdout]                                at /rustc/84c898d65adf2f39a5a98507f1fe0ce10a2b8dbc/library/std/src/sys_common/backtrace.rs:134:18
[INFO] [stdout]   37:     0x55f92633a20b - std::thread::Builder::spawn_unchecked_::{{closure}}::{{closure}}::h251832bcb4a95327
[INFO] [stdout]                                at /rustc/84c898d65adf2f39a5a98507f1fe0ce10a2b8dbc/library/std/src/thread/mod.rs:560:17
[INFO] [stdout]   38:     0x55f92633a20b - <core::panic::unwind_safe::AssertUnwindSafe<F> as core::ops::function::FnOnce<()>>::call_once::h8fdff598fa414831
[INFO] [stdout]                                at /rustc/84c898d65adf2f39a5a98507f1fe0ce10a2b8dbc/library/core/src/panic/unwind_safe.rs:271:9
[INFO] [stdout]   39:     0x55f92633a20b - std::panicking::try::do_call::h455dd2f7764a950f
[INFO] [stdout]                                at /rustc/84c898d65adf2f39a5a98507f1fe0ce10a2b8dbc/library/std/src/panicking.rs:487:40
[INFO] [stdout]   40:     0x55f92633a20b - std::panicking::try::had6f23b7b73ae72a
[INFO] [stdout]                                at /rustc/84c898d65adf2f39a5a98507f1fe0ce10a2b8dbc/library/std/src/panicking.rs:451:19
[INFO] [stdout]   41:     0x55f92633a20b - std::panic::catch_unwind::ha6a5ca3915b4dad0
[INFO] [stdout]                                at /rustc/84c898d65adf2f39a5a98507f1fe0ce10a2b8dbc/library/std/src/panic.rs:140:14
[INFO] [stdout]   42:     0x55f92633a20b - std::thread::Builder::spawn_unchecked_::{{closure}}::h883b72ef75da6231
[INFO] [stdout]                                at /rustc/84c898d65adf2f39a5a98507f1fe0ce10a2b8dbc/library/std/src/thread/mod.rs:559:30
[INFO] [stdout]   43:     0x55f92633a20b - core::ops::function::FnOnce::call_once{{vtable.shim}}::hb7dff73dc8bd2ccb
[INFO] [stdout]                                at /rustc/84c898d65adf2f39a5a98507f1fe0ce10a2b8dbc/library/core/src/ops/function.rs:250:5
[INFO] [stdout]   44:     0x55f9263b4e03 - <alloc::boxed::Box<F,A> as core::ops::function::FnOnce<Args>>::call_once::h39990b24eedef2ab
[INFO] [stdout]                                at /rustc/84c898d65adf2f39a5a98507f1fe0ce10a2b8dbc/library/alloc/src/boxed.rs:1987:9
[INFO] [stdout]   45:     0x55f9263b4e03 - <alloc::boxed::Box<F,A> as core::ops::function::FnOnce<Args>>::call_once::h01a027258444143b
[INFO] [stdout]                                at /rustc/84c898d65adf2f39a5a98507f1fe0ce10a2b8dbc/library/alloc/src/boxed.rs:1987:9
[INFO] [stdout]   46:     0x55f9263b4e03 - std::sys::unix::thread::Thread::new::thread_start::ha4f1cdd9c25884ba
[INFO] [stdout]                                at /rustc/84c898d65adf2f39a5a98507f1fe0ce10a2b8dbc/library/std/src/sys/unix/thread.rs:108:17
[INFO] [stdout]   47:     0x7f129ffb9b43 - <unknown>
[INFO] [stdout]   48:     0x7f12a004abb4 - __clone
[INFO] [stdout]   49:                0x0 - <unknown>
[INFO] [stdout] 
[INFO] [stdout] ---- http_parsing_query_strings_0 stdout ----
[INFO] [stdout] thread 'http_parsing_query_strings_0' panicked at 'Command failed:
[INFO] [stdout] "rustc" "/tmp/rust-skeptic.D0WyWEwaQFbY/test.rs" "--verbose" "-o" "/tmp/rust-skeptic.D0WyWEwaQFbY/out.exe" "--crate-type=bin" "-L" "/opt/rustwide/target/debug" "-L" "/opt/rustwide/target/debug/deps" "--extern" "tempdir=/opt/rustwide/target/debug/deps/libtempdir-fbc640d85887a98b.rlib" "--extern" "cty=/opt/rustwide/target/debug/deps/libcty-098e3d68ce2248fa.rlib" "--extern" "tempfile=/opt/rustwide/target/debug/deps/libtempfile-aae6854e04c6e2dc.rlib" "--extern" "atty=/opt/rustwide/target/debug/deps/libatty-370c1b43e0c456b1.rlib" "--extern" "lazycell=/opt/rustwide/target/debug/deps/liblazycell-4de3c88d56557364.rlib" "--extern" "tiff=/opt/rustwide/target/debug/deps/libtiff-5afa91123f1118a9.rlib" "--extern" "which=/opt/rustwide/target/debug/deps/libwhich-7e64ea5f839b3c52.rlib" "--extern" "shlex=/opt/rustwide/target/debug/deps/libshlex-5e85ae70dfbf86fb.rlib" "--extern" "miniz_oxide=/opt/rustwide/target/debug/deps/libminiz_oxide-7a4f21ad0e0c31dd.rlib" "--extern" "hotg_rune_core=/opt/rustwide/target/debug/deps/libhotg_rune_core-f7041b968c2cfbae.rlib" "--extern" "crossbeam_utils=/opt/rustwide/target/debug/deps/libcrossbeam_utils-3546b3b1c787b86b.rlib" "--extern" "bitflags=/opt/rustwide/target/debug/deps/libbitflags-9671457bae43e199.rlib" "--extern" "unicode_ident=/opt/rustwide/target/debug/deps/libunicode_ident-b80adc97778cd786.rlib" "--extern" "clap=/opt/rustwide/target/debug/deps/libclap-c607de558dd6733c.rlib" "--extern" "image=/opt/rustwide/target/debug/deps/libimage-b9ea82a97f5b8cc1.rlib" "--extern" "hotg_rune_core=/opt/rustwide/target/debug/deps/libhotg_rune_core-54ec38459d04a682.rlib" "--extern" "env_logger=/opt/rustwide/target/debug/deps/libenv_logger-a74a0a96e1780e76.rlib" "--extern" "termcolor=/opt/rustwide/target/debug/deps/libtermcolor-20e563e1564785c2.rlib" "--extern" "rand_core=/opt/rustwide/target/debug/deps/librand_core-e5a8f0f991f76bbb.rlib" "--extern" "humantime=/opt/rustwide/target/debug/deps/libhumantime-4f131e4dd8112504.rlib" "--extern" "num_traits=/opt/rustwide/target/debug/deps/libnum_traits-b237925f6bfbb7f7.rlib" "--extern" "glob=/opt/rustwide/target/debug/deps/libglob-4707cbd2adfc2df0.rlib" "--extern" "rayon_core=/opt/rustwide/target/debug/deps/librayon_core-810548a7643b9071.rlib" "--extern" "rand_core=/opt/rustwide/target/debug/deps/librand_core-ebc2a136de28cec1.rlib" "--extern" "libc=/opt/rustwide/target/debug/deps/liblibc-90160b19f0e8bd32.rlib" "--extern" "which=/opt/rustwide/target/debug/deps/libwhich-d980caea8441388d.rlib" "--extern" "autocfg=/opt/rustwide/target/debug/deps/libautocfg-129bdff40ef07337.rlib" "--extern" "tempdir=/opt/rustwide/target/debug/deps/libtempdir-c59f320d557ec1d5.rlib" "--extern" "rand=/opt/rustwide/target/debug/deps/librand-8fe33c175abbb0bc.rlib" "--extern" "wasm3_sys=/opt/rustwide/target/debug/deps/libwasm3_sys-a830f1109eae35d4.rlib" "--extern" "byteorder=/opt/rustwide/target/debug/deps/libbyteorder-50c19e9bd62c942c.rlib" "--extern" "ppv_lite86=/opt/rustwide/target/debug/deps/libppv_lite86-c3ad053967cc551c.rlib" "--extern" "num_iter=/opt/rustwide/target/debug/deps/libnum_iter-8dbb15dbdfe8dde5.rlib" "--extern" "cfg_if=/opt/rustwide/target/debug/deps/libcfg_if-e5e118dd7d121aaa.rlib" "--extern" "hound=/opt/rustwide/target/debug/deps/libhound-e056f0fa79a9598d.rlib" "--extern" "getopts=/opt/rustwide/target/debug/deps/libgetopts-f41c972e6eb046bf.rlib" "--extern" "atty=/opt/rustwide/target/debug/deps/libatty-d3d6b4bbef2df183.rlib" "--extern" "cc=/opt/rustwide/target/debug/deps/libcc-6d71334a69aaf663.rlib" "--extern" "hotg_rune_wasm3_runtime=/opt/rustwide/target/debug/deps/libhotg_rune_wasm3_runtime-3c6784cf2a7462ef.rlib" "--extern" "bindgen=/opt/rustwide/target/debug/deps/libbindgen-bf19e77c3ac00232.rlib" "--extern" "image=/opt/rustwide/target/debug/deps/libimage-189589c4e823bd9e.rlib" "--extern" "anyhow=/opt/rustwide/target/debug/deps/libanyhow-2a8b4879abb5c883.rlib" "--extern" "adler32=/opt/rustwide/target/debug/deps/libadler32-83111893a069e541.rlib" "--extern" "aho_corasick=/opt/rustwide/target/debug/deps/libaho_corasick-2ce1759316b631e8.rlib" "--extern" "num_cpus=/opt/rustwide/target/debug/deps/libnum_cpus-99eb5bb783d8d3db.rlib" "--extern" "rayon=/opt/rustwide/target/debug/deps/librayon-68be80a72f46882b.rlib" "--extern" "linux_raw_sys=/opt/rustwide/target/debug/deps/liblinux_raw_sys-8cc4f4b00c14099c.rlib" "--extern" "clang_sys=/opt/rustwide/target/debug/deps/libclang_sys-6754249683dfc9c5.rlib" "--extern" "unicode_width=/opt/rustwide/target/debug/deps/libunicode_width-f75bb0008a5efcfa.rlib" "--extern" "skeptic=/opt/rustwide/target/debug/deps/libskeptic-de39e62bd5b21dd1.rlib" "--extern" "log=/opt/rustwide/target/debug/deps/liblog-3957226ca0d6354e.rlib" "--extern" "syn=/opt/rustwide/target/debug/deps/libsyn-13af2442622ddcb4.rlib" "--extern" "scopeguard=/opt/rustwide/target/debug/deps/libscopeguard-f471875f675163b5.rlib" "--extern" "wasm3_sys=/opt/rustwide/target/debug/deps/libwasm3_sys-73eec7691636fe0f.rlib" "--extern" "either=/opt/rustwide/target/debug/deps/libeither-e407352f1a2e3c73.rlib" "--extern" "wasm3=/opt/rustwide/target/debug/deps/libwasm3-34a425f7129b1ad1.rlib" "--extern" "getrandom=/opt/rustwide/target/debug/deps/libgetrandom-ea50d3a3c1361eef.rlib" "--extern" "rayon_core=/opt/rustwide/target/debug/deps/librayon_core-fa6b572babd43de7.rlib" "--extern" "clap=/opt/rustwide/target/debug/deps/libclap-4b4bb128b3672782.rlib" "--extern" "adler=/opt/rustwide/target/debug/deps/libadler-478247d24f5486f3.rlib" "--extern" "serde=/opt/rustwide/target/debug/deps/libserde-a4ba8264543c2d70.rlib" "--extern" "byte_slice=/opt/rustwide/target/debug/deps/libbyte_slice-f3318dc372518039.rlib" "--extern" "strsim=/opt/rustwide/target/debug/deps/libstrsim-34ab28aae96c9897.rlib" "--extern" "quote=/opt/rustwide/target/debug/deps/libquote-ad78e25cc9e71d7e.rlib" "--extern" "num_rational=/opt/rustwide/target/debug/deps/libnum_rational-b73d331b514e88fa.rlib" "--extern" "remove_dir_all=/opt/rustwide/target/debug/deps/libremove_dir_all-eff5dea3d8a02b70.rlib" "--extern" "ansi_term=/opt/rustwide/target/debug/deps/libansi_term-afff4adec1f3528f.rlib" "--extern" "miniz_oxide=/opt/rustwide/target/debug/deps/libminiz_oxide-883cb810e070b535.rlib" "--extern" "rand_chacha=/opt/rustwide/target/debug/deps/librand_chacha-1011df681e4d15da.rlib" "--extern" "http_box=/opt/rustwide/target/debug/deps/libhttp_box-a844bb2711ac033d.rlib" "--extern" "http_box=/opt/rustwide/target/debug/deps/libhttp_box-7d1f8fcf91c52675.rlib" "--extern" "env_logger=/opt/rustwide/target/debug/deps/libenv_logger-b82dabd603f94b3a.rlib" "--extern" "skeptic=/opt/rustwide/target/debug/deps/libskeptic-69680266080949e5.rlib" "--extern" "crossbeam_channel=/opt/rustwide/target/debug/deps/libcrossbeam_channel-c7cc992b117444ea.rlib" "--extern" "either=/opt/rustwide/target/debug/deps/libeither-f9228cdbdd25b059.rlib" "--extern" "remove_dir_all=/opt/rustwide/target/debug/deps/libremove_dir_all-53c16c1fad07eba0.rlib" "--extern" "rand=/opt/rustwide/target/debug/deps/librand-9a34e85b2ad0770a.rlib" "--extern" "deflate=/opt/rustwide/target/debug/deps/libdeflate-a6d7d666fffa97d9.rlib" "--extern" "jpeg_decoder=/opt/rustwide/target/debug/deps/libjpeg_decoder-3a0f997e3fe11d02.rlib" "--extern" "fastrand=/opt/rustwide/target/debug/deps/libfastrand-36b5f93a51c81f9b.rlib" "--extern" "bitflags=/opt/rustwide/target/debug/deps/libbitflags-82cc2d155c6eb112.rlib" "--extern" "nom=/opt/rustwide/target/debug/deps/libnom-4c13cc3e6611321e.rlib" "--extern" "rand=/opt/rustwide/target/debug/deps/librand-a95b5f9084c07716.rlib" "--extern" "log=/opt/rustwide/target/debug/deps/liblog-ea9d81a303188254.rlib" "--extern" "getrandom=/opt/rustwide/target/debug/deps/libgetrandom-5d46253a319b81ee.rlib" "--extern" "clang_sys=/opt/rustwide/target/debug/deps/libclang_sys-e16b0316253fcf2b.rlib" "--extern" "rayon=/opt/rustwide/target/debug/deps/librayon-fcf44988f44e78e3.rlib" "--extern" "peeking_take_while=/opt/rustwide/target/debug/deps/libpeeking_take_while-ea19703f2f8bfe52.rlib" "--extern" "proc_macro2=/opt/rustwide/target/debug/deps/libproc_macro2-28c79a6b7e0f474e.rlib" "--extern" "getopts=/opt/rustwide/target/debug/deps/libgetopts-3ebd4d3803f548fc.rlib" "--extern" "cexpr=/opt/rustwide/target/debug/deps/libcexpr-2e724870e86d230a.rlib" "--extern" "bitflags=/opt/rustwide/target/debug/deps/libbitflags-eac8cbd4e84c370d.rlib" "--extern" "crossbeam_epoch=/opt/rustwide/target/debug/deps/libcrossbeam_epoch-ce14d878c6b46754.rlib" "--extern" "weezl=/opt/rustwide/target/debug/deps/libweezl-b8d0d3d3ea86fdd3.rlib" "--extern" "rand=/opt/rustwide/target/debug/deps/librand-dd11e6c692a3bb8b.rlib" "--extern" "crossbeam_deque=/opt/rustwide/target/debug/deps/libcrossbeam_deque-c88c73a8dbd1207f.rlib" "--extern" "memoffset=/opt/rustwide/target/debug/deps/libmemoffset-cc94e166f136fd4e.rlib" "--extern" "thiserror=/opt/rustwide/target/debug/deps/libthiserror-e4ca7c641acd4c0d.rlib" "--extern" "rand_chacha=/opt/rustwide/target/debug/deps/librand_chacha-02db262bfffa7904.rlib" "--extern" "hotg_rune_runtime=/opt/rustwide/target/debug/deps/libhotg_rune_runtime-68c14b433001cf82.rlib" "--extern" "memchr=/opt/rustwide/target/debug/deps/libmemchr-df7f2b9f3dbcde12.rlib" "--extern" "pulldown_cmark=/opt/rustwide/target/debug/deps/libpulldown_cmark-aed3465b42698ad9.rlib" "--extern" "color_quant=/opt/rustwide/target/debug/deps/libcolor_quant-c4e6a74fd65e1c69.rlib" "--extern" "bytemuck=/opt/rustwide/target/debug/deps/libbytemuck-86ddde4110e746a7.rlib" "--extern" "libloading=/opt/rustwide/target/debug/deps/liblibloading-c7641815dba96aa5.rlib" "--extern" "bindgen=/opt/rustwide/target/debug/deps/libbindgen-b595f8ba3201c51b.rlib" "--extern" "wasm3=/opt/rustwide/target/debug/deps/libwasm3-4398acf4e17e3d37.rlib" "--extern" "jpeg_decoder=/opt/rustwide/target/debug/deps/libjpeg_decoder-a90da91646ca5c37.rlib" "--extern" "tiff=/opt/rustwide/target/debug/deps/libtiff-feab30c265364a8d.rlib" "--extern" "io_lifetimes=/opt/rustwide/target/debug/deps/libio_lifetimes-b81c2f4baa56ead1.rlib" "--extern" "regex=/opt/rustwide/target/debug/deps/libregex-81f71970547e2ac7.rlib" "--extern" "lazy_static=/opt/rustwide/target/debug/deps/liblazy_static-fffb742395d36153.rlib" "--extern" "num_integer=/opt/rustwide/target/debug/deps/libnum_integer-7d6121c00680145f.rlib" "--extern" "hotg_rune_runtime=/opt/rustwide/target/debug/deps/libhotg_rune_runtime-75ef34f8ccc365f6.rlib" "--extern" "rustc_hash=/opt/rustwide/target/debug/deps/librustc_hash-6f4995b07864623a.rlib" "--extern" "num_cpus=/opt/rustwide/target/debug/deps/libnum_cpus-955db27608b22469.rlib" "--extern" "vec_map=/opt/rustwide/target/debug/deps/libvec_map-584a390a74cf74b3.rlib" "--extern" "png=/opt/rustwide/target/debug/deps/libpng-ceae838327fdb14f.rlib" "--extern" "minimal_lexical=/opt/rustwide/target/debug/deps/libminimal_lexical-29da7407ff05078c.rlib" "--extern" "unicode_width=/opt/rustwide/target/debug/deps/libunicode_width-381b4a7539d39955.rlib" "--extern" "gif=/opt/rustwide/target/debug/deps/libgif-a18efa9c08b73864.rlib" "--extern" "shlex=/opt/rustwide/target/debug/deps/libshlex-d3a5f6886001229e.rlib" "--extern" "textwrap=/opt/rustwide/target/debug/deps/libtextwrap-664de7ad0e637f07.rlib" "--extern" "libc=/opt/rustwide/target/debug/deps/liblibc-1c44c26a4c16f4d2.rlib" "--extern" "regex_syntax=/opt/rustwide/target/debug/deps/libregex_syntax-f822b89ac454d915.rlib" "--extern" "crc32fast=/opt/rustwide/target/debug/deps/libcrc32fast-104e9b895f0c2d44.rlib" "--extern" "pulldown_cmark=/opt/rustwide/target/debug/deps/libpulldown_cmark-63d2e6b3734098b4.rlib" "--extern" "libc=/opt/rustwide/target/debug/deps/liblibc-b7b14a0fe316ec96.rlib" "--extern" "scoped_threadpool=/opt/rustwide/target/debug/deps/libscoped_threadpool-4f6c1420c01fda30.rlib" "--extern" "rustix=/opt/rustwide/target/debug/deps/librustix-a7b2b8ec2ac67b7d.rlib" "--extern" "hotg_rune_wasm3_runtime=/opt/rustwide/target/debug/deps/libhotg_rune_wasm3_runtime-a4df76b76820d741.rlib"', /opt/rustwide/cargo-home/registry/src/github.com-1ecc6299db9ec823/skeptic-0.7.1/lib.rs:391:13
[INFO] [stdout] stack backtrace:
[INFO] [stdout]    0:     0x55f9263ad60a - std::backtrace_rs::backtrace::libunwind::trace::ha9053a9a07ca49cb
[INFO] [stdout]                                at /rustc/84c898d65adf2f39a5a98507f1fe0ce10a2b8dbc/library/std/src/../../backtrace/src/backtrace/libunwind.rs:93:5
[INFO] [stdout]    1:     0x55f9263ad60a - std::backtrace_rs::backtrace::trace_unsynchronized::h9c2852a457ad564e
[INFO] [stdout]                                at /rustc/84c898d65adf2f39a5a98507f1fe0ce10a2b8dbc/library/std/src/../../backtrace/src/backtrace/mod.rs:66:5
[INFO] [stdout]    2:     0x55f9263ad60a - std::sys_common::backtrace::_print_fmt::h457936fbfaa0070f
[INFO] [stdout]                                at /rustc/84c898d65adf2f39a5a98507f1fe0ce10a2b8dbc/library/std/src/sys_common/backtrace.rs:65:5
[INFO] [stdout]    3:     0x55f9263ad60a - <std::sys_common::backtrace::_print::DisplayBacktrace as core::fmt::Display>::fmt::h5779d7bf7f70cb0c
[INFO] [stdout]                                at /rustc/84c898d65adf2f39a5a98507f1fe0ce10a2b8dbc/library/std/src/sys_common/backtrace.rs:44:22
[INFO] [stdout]    4:     0x55f9263d23fe - core::fmt::write::h5a4baaff1bcd3eb5
[INFO] [stdout]                                at /rustc/84c898d65adf2f39a5a98507f1fe0ce10a2b8dbc/library/core/src/fmt/mod.rs:1232:17
[INFO] [stdout]    5:     0x55f9263aa6e5 - std::io::Write::write_fmt::h478f79c628ef31d1
[INFO] [stdout]                                at /rustc/84c898d65adf2f39a5a98507f1fe0ce10a2b8dbc/library/std/src/io/mod.rs:1684:15
[INFO] [stdout]    6:     0x55f9263ad3d5 - std::sys_common::backtrace::_print::h5fcdc36060f177e8
[INFO] [stdout]                                at /rustc/84c898d65adf2f39a5a98507f1fe0ce10a2b8dbc/library/std/src/sys_common/backtrace.rs:47:5
[INFO] [stdout]    7:     0x55f9263ad3d5 - std::sys_common::backtrace::print::h54ca9458b876c8bf
[INFO] [stdout]                                at /rustc/84c898d65adf2f39a5a98507f1fe0ce10a2b8dbc/library/std/src/sys_common/backtrace.rs:34:9
[INFO] [stdout]    8:     0x55f9263af21f - std::panicking::default_hook::{{closure}}::hbe471161c7664ed6
[INFO] [stdout]                                at /rustc/84c898d65adf2f39a5a98507f1fe0ce10a2b8dbc/library/std/src/panicking.rs:271:22
[INFO] [stdout]    9:     0x55f9263aeedf - std::panicking::default_hook::ha3500da57aa4ac4f
[INFO] [stdout]                                at /rustc/84c898d65adf2f39a5a98507f1fe0ce10a2b8dbc/library/std/src/panicking.rs:287:9
[INFO] [stdout]   10:     0x55f926363777 - <alloc::boxed::Box<F,A> as core::ops::function::Fn<Args>>::call::hdf1b89dd137ece34
[INFO] [stdout]                                at /rustc/84c898d65adf2f39a5a98507f1fe0ce10a2b8dbc/library/alloc/src/boxed.rs:2001:9
[INFO] [stdout]   11:     0x55f926363777 - test::test_main::{{closure}}::h9081a79f20e75698
[INFO] [stdout]                                at /rustc/84c898d65adf2f39a5a98507f1fe0ce10a2b8dbc/library/test/src/lib.rs:135:21
[INFO] [stdout]   12:     0x55f9263af94d - <alloc::boxed::Box<F,A> as core::ops::function::Fn<Args>>::call::h6507bddc3eebb4a5
[INFO] [stdout]                                at /rustc/84c898d65adf2f39a5a98507f1fe0ce10a2b8dbc/library/alloc/src/boxed.rs:2001:9
[INFO] [stdout]   13:     0x55f9263af94d - std::panicking::rust_panic_with_hook::h50c09d000dc561d2
[INFO] [stdout]                                at /rustc/84c898d65adf2f39a5a98507f1fe0ce10a2b8dbc/library/std/src/panicking.rs:696:13
[INFO] [stdout]   14:     0x55f9263af6c9 - std::panicking::begin_panic_handler::{{closure}}::h9e2b2176e00e0d9c
[INFO] [stdout]                                at /rustc/84c898d65adf2f39a5a98507f1fe0ce10a2b8dbc/library/std/src/panicking.rs:583:13
[INFO] [stdout]   15:     0x55f9263ada76 - std::sys_common::backtrace::__rust_end_short_backtrace::h5739b8e512c09d02
[INFO] [stdout]                                at /rustc/84c898d65adf2f39a5a98507f1fe0ce10a2b8dbc/library/std/src/sys_common/backtrace.rs:150:18
[INFO] [stdout]   16:     0x55f9263af3d2 - rust_begin_unwind
[INFO] [stdout]                                at /rustc/84c898d65adf2f39a5a98507f1fe0ce10a2b8dbc/library/std/src/panicking.rs:579:5
[INFO] [stdout]   17:     0x55f926332fc3 - core::panicking::panic_fmt::hf33a1475b4dc5c3e
[INFO] [stdout]                                at /rustc/84c898d65adf2f39a5a98507f1fe0ce10a2b8dbc/library/core/src/panicking.rs:64:14
[INFO] [stdout]   18:     0x55f92636edf3 - skeptic::rt::interpret_output::h31cfe0c7f119092c
[INFO] [stdout]                                at /opt/rustwide/cargo-home/registry/src/github.com-1ecc6299db9ec823/skeptic-0.7.1/lib.rs:391:13
[INFO] [stdout]   19:     0x55f92636e92e - skeptic::rt::compile_test_case::h4dd47ebcfcda5972
[INFO] [stdout]                                at /opt/rustwide/cargo-home/registry/src/github.com-1ecc6299db9ec823/skeptic-0.7.1/lib.rs:374:9
[INFO] [stdout]   20:     0x55f92636dd66 - skeptic::rt::run_test::h6772ee1ace95c9de
[INFO] [stdout]                                at /opt/rustwide/cargo-home/registry/src/github.com-1ecc6299db9ec823/skeptic-0.7.1/lib.rs:326:9
[INFO] [stdout]   21:     0x55f926333b84 - skeptic::http_parsing_query_strings_0::h2ddde8fd9f2d5638
[INFO] [stdout]                                at /opt/rustwide/target/debug/build/http-box-508d7813a8bedccf/out/skeptic-tests.rs:139:5
[INFO] [stdout]   22:     0x55f926333a97 - skeptic::http_parsing_query_strings_0::{{closure}}::h1b4bf59c5fa161e4
[INFO] [stdout]                                at /opt/rustwide/target/debug/build/http-box-508d7813a8bedccf/out/skeptic-tests.rs:96:43
[INFO] [stdout]   23:     0x55f926333eb5 - core::ops::function::FnOnce::call_once::h3df12ed6fca88f17
[INFO] [stdout]                                at /rustc/84c898d65adf2f39a5a98507f1fe0ce10a2b8dbc/library/core/src/ops/function.rs:250:5
[INFO] [stdout]   24:     0x55f926368b5f - core::ops::function::FnOnce::call_once::h7d969581be7d0075
[INFO] [stdout]                                at /rustc/84c898d65adf2f39a5a98507f1fe0ce10a2b8dbc/library/core/src/ops/function.rs:250:5
[INFO] [stdout]   25:     0x55f926368b5f - test::__rust_begin_short_backtrace::hca25a52684e56655
[INFO] [stdout]                                at /rustc/84c898d65adf2f39a5a98507f1fe0ce10a2b8dbc/library/test/src/lib.rs:656:18
[INFO] [stdout]   26:     0x55f92633a17c - test::run_test::{{closure}}::ha8ac744c4af1a4bb
[INFO] [stdout]                                at /rustc/84c898d65adf2f39a5a98507f1fe0ce10a2b8dbc/library/test/src/lib.rs:647:30
[INFO] [stdout]   27:     0x55f92633a17c - core::ops::function::FnOnce::call_once{{vtable.shim}}::h7b411a9ed45bdecf
[INFO] [stdout]                                at /rustc/84c898d65adf2f39a5a98507f1fe0ce10a2b8dbc/library/core/src/ops/function.rs:250:5
[INFO] [stdout]   28:     0x55f926367b26 - <alloc::boxed::Box<F,A> as core::ops::function::FnOnce<Args>>::call_once::hd05328869a8ed200
[INFO] [stdout]                                at /rustc/84c898d65adf2f39a5a98507f1fe0ce10a2b8dbc/library/alloc/src/boxed.rs:1987:9
[INFO] [stdout]   29:     0x55f926367b26 - <core::panic::unwind_safe::AssertUnwindSafe<F> as core::ops::function::FnOnce<()>>::call_once::h0c601ce20bd5b2be
[INFO] [stdout]                                at /rustc/84c898d65adf2f39a5a98507f1fe0ce10a2b8dbc/library/core/src/panic/unwind_safe.rs:271:9
[INFO] [stdout]   30:     0x55f926367b26 - std::panicking::try::do_call::ha4be5c164fe30854
[INFO] [stdout]                                at /rustc/84c898d65adf2f39a5a98507f1fe0ce10a2b8dbc/library/std/src/panicking.rs:487:40
[INFO] [stdout]   31:     0x55f926367b26 - std::panicking::try::h604546f3609af05f
[INFO] [stdout]                                at /rustc/84c898d65adf2f39a5a98507f1fe0ce10a2b8dbc/library/std/src/panicking.rs:451:19
[INFO] [stdout]   32:     0x55f926367b26 - std::panic::catch_unwind::h5bfa8afe44c9c2f9
[INFO] [stdout]                                at /rustc/84c898d65adf2f39a5a98507f1fe0ce10a2b8dbc/library/std/src/panic.rs:140:14
[INFO] [stdout]   33:     0x55f926367b26 - test::run_test_in_process::hd50dee55dd63e6aa
[INFO] [stdout]                                at /rustc/84c898d65adf2f39a5a98507f1fe0ce10a2b8dbc/library/test/src/lib.rs:679:27
[INFO] [stdout]   34:     0x55f926367b26 - test::run_test::run_test_inner::{{closure}}::h4aa0f433aa85cea8
[INFO] [stdout]                                at /rustc/84c898d65adf2f39a5a98507f1fe0ce10a2b8dbc/library/test/src/lib.rs:573:39
[INFO] [stdout]   35:     0x55f9263347f1 - test::run_test::run_test_inner::{{closure}}::had56431adf24b4d6
[INFO] [stdout]                                at /rustc/84c898d65adf2f39a5a98507f1fe0ce10a2b8dbc/library/test/src/lib.rs:600:37
[INFO] [stdout]   36:     0x55f9263347f1 - std::sys_common::backtrace::__rust_begin_short_backtrace::ha8d9890e0c73bf13
[INFO] [stdout]                                at /rustc/84c898d65adf2f39a5a98507f1fe0ce10a2b8dbc/library/std/src/sys_common/backtrace.rs:134:18
[INFO] [stdout]   37:     0x55f92633a20b - std::thread::Builder::spawn_unchecked_::{{closure}}::{{closure}}::h251832bcb4a95327
[INFO] [stdout]                                at /rustc/84c898d65adf2f39a5a98507f1fe0ce10a2b8dbc/library/std/src/thread/mod.rs:560:17
[INFO] [stdout]   38:     0x55f92633a20b - <core::panic::unwind_safe::AssertUnwindSafe<F> as core::ops::function::FnOnce<()>>::call_once::h8fdff598fa414831
[INFO] [stdout]                                at /rustc/84c898d65adf2f39a5a98507f1fe0ce10a2b8dbc/library/core/src/panic/unwind_safe.rs:271:9
[INFO] [stdout]   39:     0x55f92633a20b - std::panicking::try::do_call::h455dd2f7764a950f
[INFO] [stdout]                                at /rustc/84c898d65adf2f39a5a98507f1fe0ce10a2b8dbc/library/std/src/panicking.rs:487:40
[INFO] [stdout]   40:     0x55f92633a20b - std::panicking::try::had6f23b7b73ae72a
[INFO] [stdout]                                at /rustc/84c898d65adf2f39a5a98507f1fe0ce10a2b8dbc/library/std/src/panicking.rs:451:19
[INFO] [stdout]   41:     0x55f92633a20b - std::panic::catch_unwind::ha6a5ca3915b4dad0
[INFO] [stdout]                                at /rustc/84c898d65adf2f39a5a98507f1fe0ce10a2b8dbc/library/std/src/panic.rs:140:14
[INFO] [stdout]   42:     0x55f92633a20b - std::thread::Builder::spawn_unchecked_::{{closure}}::h883b72ef75da6231
[INFO] [stdout]                                at /rustc/84c898d65adf2f39a5a98507f1fe0ce10a2b8dbc/library/std/src/thread/mod.rs:559:30
[INFO] [stdout]   43:     0x55f92633a20b - core::ops::function::FnOnce::call_once{{vtable.shim}}::hb7dff73dc8bd2ccb
[INFO] [stdout]                                at /rustc/84c898d65adf2f39a5a98507f1fe0ce10a2b8dbc/library/core/src/ops/function.rs:250:5
[INFO] [stdout]   44:     0x55f9263b4e03 - <alloc::boxed::Box<F,A> as core::ops::function::FnOnce<Args>>::call_once::h39990b24eedef2ab
[INFO] [stdout]                                at /rustc/84c898d65adf2f39a5a98507f1fe0ce10a2b8dbc/library/alloc/src/boxed.rs:1987:9
[INFO] [stdout]   45:     0x55f9263b4e03 - <alloc::boxed::Box<F,A> as core::ops::function::FnOnce<Args>>::call_once::h01a027258444143b
[INFO] [stdout]                                at /rustc/84c898d65adf2f39a5a98507f1fe0ce10a2b8dbc/library/alloc/src/boxed.rs:1987:9
[INFO] [stdout]   46:     0x55f9263b4e03 - std::sys::unix::thread::Thread::new::thread_start::ha4f1cdd9c25884ba
[INFO] [stdout]                                at /rustc/84c898d65adf2f39a5a98507f1fe0ce10a2b8dbc/library/std/src/sys/unix/thread.rs:108:17
[INFO] [stdout]   47:     0x7f129ffb9b43 - <unknown>
[INFO] [stdout]   48:     0x7f12a004abb4 - __clone
[INFO] [stdout]   49:                0x0 - <unknown>
[INFO] [stdout] 
[INFO] [stdout] 
[INFO] [stdout] failures:
[INFO] [stdout]     http1_head_parsing_0
[INFO] [stdout]     http_decoding_url_encoded_data_0
[INFO] [stdout]     http_parsing_header_fields_0
[INFO] [stdout]     http_parsing_header_fields_1
[INFO] [stdout]     http_parsing_query_strings_0
[INFO] [stdout]     http_parsing_query_strings_1
[INFO] [stdout] 
[INFO] [stdout] test result: FAILED. 0 passed; 6 failed; 0 ignored; 0 measured; 0 filtered out; finished in 0.09s
[INFO] [stdout] 
[INFO] running `Command { std: "docker" "inspect" "b13a60877aac55e4e629866e34898397c8ed02059ae9b5e29ccdfc1c24b9cce2", kill_on_drop: false }`
[INFO] running `Command { std: "docker" "rm" "-f" "b13a60877aac55e4e629866e34898397c8ed02059ae9b5e29ccdfc1c24b9cce2", kill_on_drop: false }`
[INFO] [stdout] b13a60877aac55e4e629866e34898397c8ed02059ae9b5e29ccdfc1c24b9cce2
